000
CDUS41 KPHI 190544
CLIABE


CLIMATE REPORT
NATIONAL WEATHER SERVICE MOUNT HOLLY NJ
144 AM EDT THU OCT 19 2017


...................................

...THE ALLENTOWN PA CLIMATE SUMMARY FOR OCTOBER 18 2017...

CLIMATE NORMAL PERIOD 1981 TO 2010
CLIMATE RECORD PERIOD 1922 TO 2017


WEATHER ITEM   OBSERVED TIME   RECORD YEAR NORMAL DEPARTURE LAST
                VALUE   (LST)  VALUE       VALUE  FROM      YEAR
                                                  NORMAL
..................................................................
TEMPERATURE (F)
 YESTERDAY
  MAXIMUM         73    208 PM  85    2016  63     10       85
  MINIMUM         38    632 AM  28    1974  40     -2       52
                                      1937
  AVERAGE         56                        52      4       69

PRECIPITATION (IN)
  YESTERDAY        0.00          1.52 1975   0.12  -0.12     0.00
  MONTH TO DATE    1.33                      2.43  -1.10     0.35
  SINCE SEP 1      5.13                      7.05  -1.92     3.77
  SINCE JAN 1     44.27                     36.82   7.45    30.18

SNOWFALL (IN)
  YESTERDAY        0.0           0.2  1972   0.0    0.0      0.0
  MONTH TO DATE    0.0                       0.0    0.0      0.0
  SINCE SEP 1      0.0                       0.0    0.0      0.0
  SINCE JUL 1      0.0                       0.0    0.0      0.0
  SNOW DEPTH       0

DEGREE DAYS
 HEATING
  YESTERDAY        9                        13     -4        0
  MONTH TO DATE   78                       194   -116      130
  SINCE SEP 1    134                       298   -164      172
  SINCE JUL 1    138                       309   -171      172

 COOLING
  YESTERDAY        0                         0      0        4
  MONTH TO DATE   51                         3     48        5
  SINCE SEP 1    195                        74    121      181
  SINCE JAN 1   1003                       753    250     1213
..................................................................


WIND (MPH)
  HIGHEST WIND SPEED    13   HIGHEST WIND DIRECTION    SW (220)
  HIGHEST GUST SPEED    17   HIGHEST GUST DIRECTION    SW (230)
  AVERAGE WIND SPEED     4.2


SKY COVER
  POSSIBLE SUNSHINE  MM
  AVERAGE SKY COVER 0.0


WEATHER CONDITIONS
 THE FOLLOWING WEATHER WAS RECORDED YESTERDAY.
  NO SIGNIFICANT WEATHER WAS OBSERVED.


RELATIVE HUMIDITY (PERCENT)
 HIGHEST    86           400 AM
 LOWEST     40          1200 PM
 AVERAGE    63

..........................................................


THE ALLENTOWN PA CLIMATE NORMALS FOR TODAY
                         NORMAL    RECORD    YEAR
 MAXIMUM TEMPERATURE (F)   63        84      2016
 MINIMUM TEMPERATURE (F)   40        24      1974


SUNRISE AND SUNSET
OCTOBER 19 2017.......SUNRISE   717 AM EDT   SUNSET   615 PM EDT
OCTOBER 20 2017.......SUNRISE   719 AM EDT   SUNSET   614 PM EDT


-  INDICATES NEGATIVE NUMBERS.
R  INDICATES RECORD WAS SET OR TIED.
MM INDICATES DATA IS MISSING.
T  INDICATES TRACE AMOUNT.




$$
