000
CDUS41 KPHI 290729
CLIABE


CLIMATE REPORT
NATIONAL WEATHER SERVICE MOUNT HOLLY NJ
328 AM EDT FRI MAY 29 2015


...................................

...THE ALLENTOWN PA CLIMATE SUMMARY FOR MAY 28 2015...

CLIMATE NORMAL PERIOD 1981 TO 2010
CLIMATE RECORD PERIOD 1922 TO 2015


WEATHER ITEM   OBSERVED TIME   RECORD YEAR NORMAL DEPARTURE LAST
                VALUE   (LST)  VALUE       VALUE  FROM      YEAR
                                                  NORMAL
..................................................................
TEMPERATURE (F)
 YESTERDAY
  MAXIMUM         88    300 PM  93    1941  75     13       71
  MINIMUM         63   1250 AM  38    1997  52     11       56
  AVERAGE         76                        64     12       64

PRECIPITATION (IN)
  YESTERDAY        0.00          1.97 1982   0.14  -0.14      T
  MONTH TO DATE    0.22                      3.70  -3.48     4.27
  SINCE MAR 1      6.46                     10.65  -4.19    13.31
  SINCE JAN 1     11.01                     16.38  -5.37    22.30

SNOWFALL (IN)
  YESTERDAY        0.0           0.0    MM   0.0    0.0      0.0
  MONTH TO DATE    0.0                       0.0    0.0      0.0
  SINCE MAR 1     17.8                       5.9   11.9      1.4
  SINCE JUL 1     50.1                      32.9   17.2     68.1
  SNOW DEPTH       0

DEGREE DAYS
 HEATING
  YESTERDAY        0                         4     -4        1
  MONTH TO DATE   81                       189   -108      121
  SINCE MAR 1   1447                      1450     -3     1545
  SINCE JUL 1   5928                      5759    169     6143

 COOLING
  YESTERDAY       11                         2      9        0
  MONTH TO DATE  102                        30     72       30
  SINCE MAR 1    102                        35     67       37
  SINCE JAN 1    102                        35     67       37
..................................................................


WIND (MPH)
  HIGHEST WIND SPEED    15   HIGHEST WIND DIRECTION     W (250)
  HIGHEST GUST SPEED    21   HIGHEST GUST DIRECTION     W (260)
  AVERAGE WIND SPEED     5.0


SKY COVER
  POSSIBLE SUNSHINE  MM
  AVERAGE SKY COVER 0.5


WEATHER CONDITIONS
 THE FOLLOWING WEATHER WAS RECORDED YESTERDAY.
  FOG
  FOG W/VISIBILITY <= 1/4 MILE
  HAZE


RELATIVE HUMIDITY (PERCENT)
 HIGHEST   100           400 AM
 LOWEST     34           600 PM
 AVERAGE    67

..........................................................


THE ALLENTOWN PA CLIMATE NORMALS FOR TODAY
                         NORMAL    RECORD    YEAR
 MAXIMUM TEMPERATURE (F)   75        95      1969
 MINIMUM TEMPERATURE (F)   53        38      1949


SUNRISE AND SUNSET
MAY 29 2015...........SUNRISE   535 AM EDT   SUNSET   824 PM EDT
MAY 30 2015...........SUNRISE   534 AM EDT   SUNSET   825 PM EDT


-  INDICATES NEGATIVE NUMBERS.
R  INDICATES RECORD WAS SET OR TIED.
MM INDICATES DATA IS MISSING.
T  INDICATES TRACE AMOUNT.




$$
