000
CDUS41 KPHI 050628
CLIABE


CLIMATE REPORT
NATIONAL WEATHER SERVICE MOUNT HOLLY NJ
227 AM EDT SAT SEP 5 2015


...................................

...THE ALLENTOWN PA CLIMATE SUMMARY FOR SEPTEMBER 4 2015...

CLIMATE NORMAL PERIOD 1981 TO 2010
CLIMATE RECORD PERIOD 1922 TO 2015


WEATHER ITEM   OBSERVED TIME   RECORD YEAR NORMAL DEPARTURE LAST
                VALUE   (LST)  VALUE       VALUE  FROM      YEAR
                                                  NORMAL
..................................................................
TEMPERATURE (F)
 YESTERDAY
  MAXIMUM         90    204 PM  94    1937  79     11       90
                                      1929
  MINIMUM         69    121 AM  44    1946  57     12       57
  AVERAGE         80                        68     12       74

PRECIPITATION (IN)
  YESTERDAY        0.26          1.86 1988   0.14   0.12     0.00
  MONTH TO DATE    0.26                      0.51  -0.25     0.00
  SINCE SEP 1      0.26                      0.51  -0.25     0.00
  SINCE JAN 1     27.45                     30.28  -2.83    33.99

SNOWFALL (IN)
  YESTERDAY        0.0           0.0  2002   0.0    0.0      0.0
                                      2001
  MONTH TO DATE    0.0                       0.0    0.0      0.0
  SINCE SEP 1      0.0                       0.0    0.0      0.0
  SINCE JUL 1      0.0                       0.0    0.0      0.0
  SNOW DEPTH       0

DEGREE DAYS
 HEATING
  YESTERDAY        0                         1     -1        0
  MONTH TO DATE    0                         4     -4        0
  SINCE SEP 1      0                         4     -4        0
  SINCE JUL 1      0                        15    -15        4

 COOLING
  YESTERDAY       15                         4     11        9
  MONTH TO DATE   56                        18     38       45
  SINCE SEP 1     56                        18     38       45
  SINCE JAN 1    943                       697    246      732
..................................................................


WIND (MPH)
  HIGHEST WIND SPEED    22   HIGHEST WIND DIRECTION    NE (30)
  HIGHEST GUST SPEED    29   HIGHEST GUST DIRECTION    NE (30)
  AVERAGE WIND SPEED     7.2


SKY COVER
  POSSIBLE SUNSHINE  MM
  AVERAGE SKY COVER 0.2


WEATHER CONDITIONS
 THE FOLLOWING WEATHER WAS RECORDED YESTERDAY.
  THUNDERSTORM
  HEAVY RAIN
  RAIN
  HAZE


RELATIVE HUMIDITY (PERCENT)
 HIGHEST    90           500 AM
 LOWEST     55           200 PM
 AVERAGE    73

..........................................................


THE ALLENTOWN PA CLIMATE NORMALS FOR TODAY
                         NORMAL    RECORD    YEAR
 MAXIMUM TEMPERATURE (F)   79        92      1983
 MINIMUM TEMPERATURE (F)   57        44      1997


SUNRISE AND SUNSET
SEPTEMBER  5 2015.....SUNRISE   632 AM EDT   SUNSET   728 PM EDT
SEPTEMBER  6 2015.....SUNRISE   633 AM EDT   SUNSET   726 PM EDT


-  INDICATES NEGATIVE NUMBERS.
R  INDICATES RECORD WAS SET OR TIED.
MM INDICATES DATA IS MISSING.
T  INDICATES TRACE AMOUNT.




$$
