000
CDUS41 KPHI 060627
CLIABE


CLIMATE REPORT
NATIONAL WEATHER SERVICE MOUNT HOLLY NJ
227 AM EDT FRI MAY 6 2016


...................................

...THE ALLENTOWN PA CLIMATE SUMMARY FOR MAY 5 2016...

CLIMATE NORMAL PERIOD 1981 TO 2010
CLIMATE RECORD PERIOD 1922 TO 2016


WEATHER ITEM   OBSERVED TIME   RECORD YEAR NORMAL DEPARTURE LAST
                VALUE   (LST)  VALUE       VALUE  FROM      YEAR
                                                  NORMAL
..................................................................
TEMPERATURE (F)
 YESTERDAY
  MAXIMUM         60        MM  92    1949  68     -8       83
  MINIMUM         47        MM  31    1976  45      2       53
  AVERAGE         54                        56     -2       68

PRECIPITATION (IN)
  YESTERDAY        0.00          1.98 1922   0.13  -0.13      T
  MONTH TO DATE    1.28                      0.60   0.68      T
  SINCE MAR 1      4.03                      7.55  -3.52     6.24
  SINCE JAN 1     13.06                     13.28  -0.22    10.79

SNOWFALL (IN)
  YESTERDAY        0.0           0.0    MM   0.0    0.0      0.0
  MONTH TO DATE    0.0                       0.0    0.0      0.0
  SINCE MAR 1      0.3                       5.9   -5.6     17.8
  SINCE JUL 1     36.2                      32.9    3.3     50.1
  SNOW DEPTH       0

DEGREE DAYS
 HEATING
  YESTERDAY       11                         9      2        0
  MONTH TO DATE   60                        48     12       20
  SINCE MAR 1   1065                      1309   -244     1386
  SINCE JUL 1   4522                      5618  -1096     5867

 COOLING
  YESTERDAY        0                         0      0        3
  MONTH TO DATE    0                         0      0        4
  SINCE MAR 1      9                         5      4        4
  SINCE JAN 1      9                         5      4        4
..................................................................


WIND (MPH)
  HIGHEST WIND SPEED    14   HIGHEST WIND DIRECTION     E (70)
  HIGHEST GUST SPEED    18   HIGHEST GUST DIRECTION    NE (50)
  AVERAGE WIND SPEED     8.7


SKY COVER
  POSSIBLE SUNSHINE  MM
  AVERAGE SKY COVER 1.0


WEATHER CONDITIONS
 THE FOLLOWING WEATHER WAS RECORDED YESTERDAY.
  NO SIGNIFICANT WEATHER WAS OBSERVED.


RELATIVE HUMIDITY (PERCENT)
 HIGHEST    86          1200 AM
 LOWEST     57           200 PM
 AVERAGE    72

..........................................................


THE ALLENTOWN PA CLIMATE NORMALS FOR TODAY
                         NORMAL    RECORD    YEAR
 MAXIMUM TEMPERATURE (F)   69        92      1949
 MINIMUM TEMPERATURE (F)   45        36      2011
                                             1945


SUNRISE AND SUNSET
MAY  6 2016...........SUNRISE   554 AM EDT   SUNSET   803 PM EDT
MAY  7 2016...........SUNRISE   553 AM EDT   SUNSET   804 PM EDT


-  INDICATES NEGATIVE NUMBERS.
R  INDICATES RECORD WAS SET OR TIED.
MM INDICATES DATA IS MISSING.
T  INDICATES TRACE AMOUNT.




$$
