428
CDUS41 KPHI 270634
CLIABE


CLIMATE REPORT
NATIONAL WEATHER SERVICE MOUNT HOLLY NJ
229 AM EDT TUE SEP 27 2016


...................................

...THE ALLENTOWN PA CLIMATE SUMMARY FOR SEPTEMBER 26 2016...

CLIMATE NORMAL PERIOD 1981 TO 2010
CLIMATE RECORD PERIOD 1922 TO 2016


WEATHER ITEM   OBSERVED TIME   RECORD YEAR NORMAL DEPARTURE LAST
                VALUE   (LST)  VALUE       VALUE  FROM      YEAR
                                                  NORMAL
..................................................................
TEMPERATURE (F)
 YESTERDAY
  MAXIMUM         70   1150 AM  90    2007  71     -1       73
                                      1970
  MINIMUM         42    604 AM  35    1967  49     -7       53
                                      1947
                                      1932
  AVERAGE         56                        60     -4       63

PRECIPITATION (IN)
  YESTERDAY        0.02          2.00 1985   0.17  -0.15     0.00
  MONTH TO DATE    1.05                      3.91  -2.86     2.41
  SINCE SEP 1      1.05                      3.91  -2.86     2.41
  SINCE JAN 1     27.46                     33.68  -6.22    29.60

SNOWFALL (IN)
  YESTERDAY        0.0             0.0  2002 0.0    0.0      0.0
                                        2001
  MONTH TO DATE    0.0                       0.0    0.0      0.0
  SINCE SEP 1      0.0                       0.0    0.0      0.0
  SINCE JUL 1      0.0                       0.0    0.0      0.0
  SNOW DEPTH       0

DEGREE DAYS
 HEATING
  YESTERDAY        9                         6      3        2
  MONTH TO DATE   20                        76    -56       18
  SINCE SEP 1     20                        76    -56       18
  SINCE JUL 1     20                        87    -67       18

 COOLING
  YESTERDAY        0                         1     -1        0
  MONTH TO DATE  176                        68    108      148
  SINCE SEP 1    176                        68    108      148
  SINCE JAN 1   1208                       747    461     1035
..................................................................


WIND (MPH)
  HIGHEST WIND SPEED    15   HIGHEST WIND DIRECTION     S (200)
  HIGHEST GUST SPEED    22   HIGHEST GUST DIRECTION    SW (210)
  AVERAGE WIND SPEED     5.3


SKY COVER
  POSSIBLE SUNSHINE  MM
  AVERAGE SKY COVER 0.6


WEATHER CONDITIONS
 THE FOLLOWING WEATHER WAS RECORDED YESTERDAY.
  HEAVY RAIN
  RAIN
  LIGHT RAIN
  FOG


RELATIVE HUMIDITY (PERCENT)
 HIGHEST    89           400 AM
 LOWEST     49          1100 AM
 AVERAGE    69

..........................................................


THE ALLENTOWN PA CLIMATE NORMALS FOR TODAY
                         NORMAL    RECORD    YEAR
 MAXIMUM TEMPERATURE (F)   71        88      1998
 MINIMUM TEMPERATURE (F)   48        31      1947


SUNRISE AND SUNSET
SEPTEMBER 27 2016.....SUNRISE   655 AM EDT   SUNSET   650 PM EDT
SEPTEMBER 28 2016.....SUNRISE   656 AM EDT   SUNSET   648 PM EDT


-  INDICATES NEGATIVE NUMBERS.
R  INDICATES RECORD WAS SET OR TIED.
MM INDICATES DATA IS MISSING.
T  INDICATES TRACE AMOUNT.




$$
