000
CDUS41 KPHI 160552
CLIABE


CLIMATE REPORT
NATIONAL WEATHER SERVICE MOUNT HOLLY NJ
151 AM EDT WED AUG 16 2017


...................................

...THE ALLENTOWN PA CLIMATE SUMMARY FOR AUGUST 15 2017...

CLIMATE NORMAL PERIOD 1981 TO 2010
CLIMATE RECORD PERIOD 1922 TO 2017


WEATHER ITEM   OBSERVED TIME   RECORD YEAR NORMAL DEPARTURE LAST
                VALUE   (LST)  VALUE       VALUE  FROM      YEAR
                                                  NORMAL
..................................................................
TEMPERATURE (F)
 YESTERDAY
  MAXIMUM         78    515 PM  97    1988  83     -5       91
  MINIMUM         65   1154 PM  48    1964  61      4       71
  AVERAGE         72                        72      0       81

PRECIPITATION (IN)
  YESTERDAY        0.10          2.80 1918   0.12  -0.02     0.00
  MONTH TO DATE    5.01                      1.95   3.06     0.93
  SINCE JUN 1     18.52                     11.21   7.31     9.52
  SINCE JAN 1     35.70                     28.03   7.67    25.35

SNOWFALL (IN)
  YESTERDAY        0.0           0.0  2002   0.0    0.0      0.0
                                      2001
  MONTH TO DATE    0.0                       0.0    0.0      0.0
  SINCE JUN 1      0.0                       0.0    0.0      0.0
  SINCE JUL 1      0.0                       0.0    0.0      0.0
  SNOW DEPTH       0

DEGREE DAYS
 HEATING
  YESTERDAY        0                         0      0        0
  MONTH TO DATE    0                         0      0        0
  SINCE JUN 1     27                        36     -9        9
  SINCE JUL 1      0                         3     -3        0

 COOLING
  YESTERDAY        7                         7      0       16
  MONTH TO DATE  111                       117     -6      194
  SINCE JUN 1    655                       537    118      773
  SINCE JAN 1    715                       582    133      860
..................................................................


WIND (MPH)
  HIGHEST WIND SPEED    10   HIGHEST WIND DIRECTION    SW (230)
  HIGHEST GUST SPEED    14   HIGHEST GUST DIRECTION    SW (230)
  AVERAGE WIND SPEED     2.1


SKY COVER
  POSSIBLE SUNSHINE  MM
  AVERAGE SKY COVER 0.8


WEATHER CONDITIONS
 THE FOLLOWING WEATHER WAS RECORDED YESTERDAY.
  HEAVY RAIN
  RAIN
  LIGHT RAIN
  FOG
  FOG W/VISIBILITY <= 1/4 MILE
  HAZE


RELATIVE HUMIDITY (PERCENT)
 HIGHEST    90          1200 AM
 LOWEST     78           600 AM
 AVERAGE    84

..........................................................


THE ALLENTOWN PA CLIMATE NORMALS FOR TODAY
                         NORMAL    RECORD    YEAR
 MAXIMUM TEMPERATURE (F)   83        95      1944
                                             1935
 MINIMUM TEMPERATURE (F)   61        49      1945


SUNRISE AND SUNSET
AUGUST 16 2017........SUNRISE   613 AM EDT   SUNSET   758 PM EDT
AUGUST 17 2017........SUNRISE   614 AM EDT   SUNSET   756 PM EDT


-  INDICATES NEGATIVE NUMBERS.
R  INDICATES RECORD WAS SET OR TIED.
MM INDICATES DATA IS MISSING.
T  INDICATES TRACE AMOUNT.




$$
