000
CDUS41 KPHI 200630
CLIABE


CLIMATE REPORT
NATIONAL WEATHER SERVICE MOUNT HOLLY NJ
228 AM EDT SAT SEP 20 2014


...................................

...THE ALLENTOWN PA CLIMATE SUMMARY FOR SEPTEMBER 19 2014...

CLIMATE NORMAL PERIOD 1981 TO 2010
CLIMATE RECORD PERIOD 1922 TO 2014


WEATHER ITEM   OBSERVED TIME   RECORD YEAR NORMAL DEPARTURE LAST
                VALUE   (LST)  VALUE       VALUE  FROM      YEAR
                                                  NORMAL
..................................................................
TEMPERATURE (F)
 YESTERDAY
  MAXIMUM         70    418 PM  93    1983  74     -4       76
  MINIMUM         48    605 AM  37    1943  52     -4       42
  AVERAGE         59                        63     -4       59

PRECIPITATION (IN)
  YESTERDAY        0.00          1.61 1989   0.17  -0.17     0.00
  MONTH TO DATE    1.23                      2.73  -1.50     1.40
  SINCE SEP 1      1.23                      2.73  -1.50     1.40
  SINCE JAN 1     35.22                     32.50   2.72    36.24

SNOWFALL (IN)
  YESTERDAY        0.0           0.0  2002   0.0    0.0      0.0
                                      2001
  MONTH TO DATE    0.0                       0.0    0.0      0.0
  SINCE SEP 1      0.0                       0.0    0.0      0.0
  SINCE JUL 1      0.0                       0.0    0.0      0.0
  SNOW DEPTH       0

DEGREE DAYS
 HEATING
  YESTERDAY        6                         4      2        6
  MONTH TO DATE   45                        40      5       65
  SINCE SEP 1     45                        40      5       65
  SINCE JUL 1     49                        51     -2       69

 COOLING
  YESTERDAY        0                         2     -2        0
  MONTH TO DATE   94                        60     34       78
  SINCE SEP 1     94                        60     34       78
  SINCE JAN 1    781                       739     42      903
..................................................................


WIND (MPH)
  HIGHEST WIND SPEED    15   HIGHEST WIND DIRECTION    NE (50)
  HIGHEST GUST SPEED    20   HIGHEST GUST DIRECTION    NE (40)
  AVERAGE WIND SPEED     5.8


SKY COVER
  POSSIBLE SUNSHINE  MM
  AVERAGE SKY COVER 0.2


WEATHER CONDITIONS
 THE FOLLOWING WEATHER WAS RECORDED YESTERDAY.
  NO SIGNIFICANT WEATHER WAS OBSERVED.


RELATIVE HUMIDITY (PERCENT)
 HIGHEST    86           600 AM
 LOWEST     45           400 PM
 AVERAGE    66

..........................................................


THE ALLENTOWN PA CLIMATE NORMALS FOR TODAY
                         NORMAL    RECORD    YEAR
 MAXIMUM TEMPERATURE (F)   73        92      1983
 MINIMUM TEMPERATURE (F)   51        37      1993


SUNRISE AND SUNSET
SEPTEMBER 20 2014.....SUNRISE   647 AM EDT   SUNSET   702 PM EDT
SEPTEMBER 21 2014.....SUNRISE   648 AM EDT   SUNSET   701 PM EDT


-  INDICATES NEGATIVE NUMBERS.
R  INDICATES RECORD WAS SET OR TIED.
MM INDICATES DATA IS MISSING.
T  INDICATES TRACE AMOUNT.




$$
