000
CDUS44 KSJT 270658
CLIABI


CLIMATE REPORT
NATIONAL WEATHER SERVICE SAN ANGELO TX
157 AM CDT WED MAY 27 2015


...................................

...THE ABILENE CLIMATE SUMMARY FOR MAY 26 2015...

CLIMATE NORMAL PERIOD 1981 TO 2010
CLIMATE RECORD PERIOD 1886 TO 2015


WEATHER ITEM   OBSERVED TIME   RECORD YEAR NORMAL DEPARTURE LAST
                VALUE   (LST)  VALUE       VALUE  FROM      YEAR
                                                  NORMAL
..................................................................
TEMPERATURE (F)
 YESTERDAY
  MAXIMUM         91    249 PM  99    1896  87      4       84
  MINIMUM         60   1223 AM  48    1901  64     -4       63
  AVERAGE         76                        76      0       74

PRECIPITATION (IN)
  YESTERDAY        T             2.07 1914   0.13  -0.13     0.17
  MONTH TO DATE    3.97                      2.55   1.42     2.22
  SINCE MAR 1      7.75                      5.93   1.82     3.50
  SINCE JAN 1     11.26                      8.31   2.95     3.99

DEGREE DAYS
 HEATING
  YESTERDAY        0                         0      0        0
  MONTH TO DATE   12                        13     -1       24
  SINCE MAR 1    401                       422    -21      459
  SINCE JUL 1   2478                      2555    -77     2821

 COOLING
  YESTERDAY       11                        11      0        9
  MONTH TO DATE  177                       209    -32      259
  SINCE MAR 1    344                       337      7      454
  SINCE JAN 1    348                       342      6      459
..................................................................


WIND (MPH)
  HIGHEST WIND SPEED    30   HIGHEST WIND DIRECTION    SW (230)
  HIGHEST GUST SPEED    40   HIGHEST GUST DIRECTION    SW (230)
  AVERAGE WIND SPEED    14.4


SKY COVER
  POSSIBLE SUNSHINE  MM
  AVERAGE SKY COVER 0.1


WEATHER CONDITIONS
 THE FOLLOWING WEATHER WAS RECORDED YESTERDAY.
  NO SIGNIFICANT WEATHER WAS OBSERVED.


RELATIVE HUMIDITY (PERCENT)
 HIGHEST    97           100 AM
 LOWEST     37           500 PM
 AVERAGE    67

..........................................................


THE ABILENE CLIMATE NORMALS FOR TODAY
                         NORMAL    RECORD    YEAR
 MAXIMUM TEMPERATURE (F)   87       107      2011
 MINIMUM TEMPERATURE (F)   65        47      1901


SUNRISE AND SUNSET
MAY 27 2015...........SUNRISE   634 AM CDT   SUNSET   838 PM CDT
MAY 28 2015...........SUNRISE   634 AM CDT   SUNSET   838 PM CDT


-  INDICATES NEGATIVE NUMBERS.
R  INDICATES RECORD WAS SET OR TIED.
MM INDICATES DATA IS MISSING.
T  INDICATES TRACE AMOUNT.




$$
