000
CDUS44 KSJT 230653
CLIABI


CLIMATE REPORT
NATIONAL WEATHER SERVICE SAN ANGELO TX
151 AM CDT WED JUL 23 2014


...................................

...THE ABILENE CLIMATE SUMMARY FOR JULY 22 2014...

CLIMATE NORMAL PERIOD 1981 TO 2010
CLIMATE RECORD PERIOD 1886 TO 2014


WEATHER ITEM   OBSERVED TIME   RECORD YEAR NORMAL DEPARTURE LAST
                VALUE   (LST)  VALUE       VALUE  FROM      YEAR
                                                  NORMAL
..................................................................
TEMPERATURE (F)
 YESTERDAY
  MAXIMUM         98    406 PM 106    1943  95      3       93
  MINIMUM         76    631 AM  64    1970  72      4       75
  AVERAGE         87                        84      3       84

PRECIPITATION (IN)
  YESTERDAY        0.00          2.90 1902   0.05  -0.05     0.00
  MONTH TO DATE    2.09                      1.35   0.74     4.39
  SINCE JUN 1      5.84                      4.91   0.93     9.52
  SINCE JAN 1      9.83                     13.85  -4.02    15.74

DEGREE DAYS
 HEATING
  YESTERDAY        0                         0      0        0
  MONTH TO DATE    0                         0      0        0
  SINCE JUN 1      0                         1     -1        0
  SINCE JUL 1      0                         0      0        0

 COOLING
  YESTERDAY       22                        19      3       19
  MONTH TO DATE  400                       391      9      363
  SINCE JUN 1    867                       826     41      887
  SINCE JAN 1   1381                      1223    158     1368
..................................................................


WIND (MPH)
  HIGHEST WIND SPEED    13   HIGHEST WIND DIRECTION     E (110)
  HIGHEST GUST SPEED    16   HIGHEST GUST DIRECTION    SE (120)
  AVERAGE WIND SPEED     7.7


SKY COVER
  POSSIBLE SUNSHINE  MM
  AVERAGE SKY COVER 0.0


WEATHER CONDITIONS
 THE FOLLOWING WEATHER WAS RECORDED YESTERDAY.
  HAZE


RELATIVE HUMIDITY (PERCENT)
 HIGHEST    82           600 AM
 LOWEST     30           600 PM
 AVERAGE    56

..........................................................


THE ABILENE CLIMATE NORMALS FOR TODAY
                         NORMAL    RECORD    YEAR
 MAXIMUM TEMPERATURE (F)   95       107      1943
                                             1911
 MINIMUM TEMPERATURE (F)   73        62      1915


SUNRISE AND SUNSET
JULY 23 2014..........SUNRISE   647 AM CDT   SUNSET   843 PM CDT
JULY 24 2014..........SUNRISE   648 AM CDT   SUNSET   842 PM CDT


-  INDICATES NEGATIVE NUMBERS.
R  INDICATES RECORD WAS SET OR TIED.
MM INDICATES DATA IS MISSING.
T  INDICATES TRACE AMOUNT.




$$
