000
CDUS44 KSJT 021424 CCA
CLIABI

CLIMATE REPORT
NATIONAL WEATHER SERVICE SAN ANGELO TX
206 AM CST FRI DEC 2 2016


...................................

...THE ABILENE CLIMATE SUMMARY FOR DECEMBER 1 2016...

CLIMATE NORMAL PERIOD 1981 TO 2010
CLIMATE RECORD PERIOD 1886 TO 2016


WEATHER ITEM   OBSERVED TIME   RECORD YEAR NORMAL DEPARTURE LAST
                VALUE   (LST)  VALUE       VALUE  FROM      YEAR
                                                  NORMAL
..................................................................
TEMPERATURE (F)
 YESTERDAY
  MAXIMUM         65    432 PM  82    1950  60      5       55
                                      1917
  MINIMUM         36    149 AM  17    1896  37     -1       35
  AVERAGE         51                        48      3       45

PRECIPITATION (IN)
  YESTERDAY        0.00          0.73 2009   0.04  -0.04     0.00
  MONTH TO DATE    T                         0.04  -0.04     0.00
  SINCE DEC 1      T                         0.04  -0.04     0.00
  SINCE JAN 1     35.61                     23.63  11.98    38.21

SNOWFALL (IN)
  YESTERDAY        0.0           0.0  2002   0.0    0.0      0.0
  MONTH TO DATE    0.0                       0.0    0.0      0.0
  SINCE NOV 1      0.0                       0.7   -0.7       T
  SINCE JUL 1      0.0                       0.7   -0.7       T

DEGREE DAYS
 HEATING
  YESTERDAY       14                        17     -3       20
  MONTH TO DATE   14                        17     -3       20
  SINCE DEC 1     14                        17     -3       20
  SINCE JUL 1    205                       450   -245      363

 COOLING
  YESTERDAY        0                         0      0        0
  MONTH TO DATE    0                         0      0        0
  SINCE DEC 1      0                         0      0        0
  SINCE JAN 1   2601                      2408    193     2739
..................................................................


WIND (MPH)
  HIGHEST WIND SPEED    23   HIGHEST WIND DIRECTION     S (200)
  HIGHEST GUST SPEED    28   HIGHEST GUST DIRECTION     S (180)
  AVERAGE WIND SPEED    10.7


SKY COVER
  POSSIBLE SUNSHINE  MM
  AVERAGE SKY COVER 0.0


WEATHER CONDITIONS
 THE FOLLOWING WEATHER WAS RECORDED YESTERDAY.
  LIGHT RAIN


RELATIVE HUMIDITY (PERCENT)
 HIGHEST    71          1000 PM
 LOWEST     32          1200 PM
 AVERAGE    52

..........................................................


THE ABILENE CLIMATE NORMALS FOR TODAY
                         NORMAL    RECORD    YEAR
 MAXIMUM TEMPERATURE (F)   60        82      1995
 MINIMUM TEMPERATURE (F)   36        15      1985


SUNRISE AND SUNSET
DECEMBER  2 2016......SUNRISE   724 AM CST   SUNSET   533 PM CST
DECEMBER  3 2016......SUNRISE   724 AM CST   SUNSET   533 PM CST


-  INDICATES NEGATIVE NUMBERS.
R  INDICATES RECORD WAS SET OR TIED.
MM INDICATES DATA IS MISSING.
T  INDICATES TRACE AMOUNT.




$$
