000
CDUS44 KSJT 160841
CLIABI


CLIMATE REPORT
NATIONAL WEATHER SERVICE SAN ANGELO TX
240 AM CST TUE JAN 16 2018


...................................

...THE ABILENE CLIMATE SUMMARY FOR JANUARY 15 2018...

CLIMATE NORMAL PERIOD 1981 TO 2010
CLIMATE RECORD PERIOD 1886 TO 2018


WEATHER ITEM   OBSERVED TIME   RECORD YEAR NORMAL DEPARTURE LAST
                VALUE   (LST)  VALUE       VALUE  FROM      YEAR
                                                  NORMAL
..................................................................
TEMPERATURE (F)
 YESTERDAY
  MAXIMUM         61    127 PM  81    1901  57      4       54
  MINIMUM         24   1157 PM  -5    1888  33     -9       34
  AVERAGE         43                        45     -2       44

PRECIPITATION (IN)
  YESTERDAY        T             1.00 2017   0.04  -0.04     1.00
  MONTH TO DATE    T                         0.44  -0.44     1.50
  SINCE DEC 1      1.05                      1.67  -0.62     2.89
  SINCE JAN 1      T                         0.44  -0.44     1.50

SNOWFALL (IN)
  YESTERDAY        T             2.0  1964   0.1   -0.1      0.0
  MONTH TO DATE    T                         0.9   -0.9       T
  SINCE NOV 1      T                         2.7   -2.7       T
  SINCE JUL 1      T                         2.7   -2.7       T

DEGREE DAYS
 HEATING
  YESTERDAY       22                        20      2       21
  MONTH TO DATE  364                       310     54      304
  SINCE DEC 1    993                       922     71      870
  SINCE JUL 1   1388                      1355     33     1061

 COOLING
  YESTERDAY        0                         0      0        0
  MONTH TO DATE    0                         0      0        3
  SINCE DEC 1      1                         1      0        3
  SINCE JAN 1      0                         0      0        3
..................................................................


WIND (MPH)
  HIGHEST WIND SPEED    32   HIGHEST WIND DIRECTION     N (360)
  HIGHEST GUST SPEED    39   HIGHEST GUST DIRECTION     N (360)
  AVERAGE WIND SPEED    16.0


SKY COVER
  POSSIBLE SUNSHINE  MM
  AVERAGE SKY COVER 0.4


WEATHER CONDITIONS
 THE FOLLOWING WEATHER WAS RECORDED YESTERDAY.
  SLEET


RELATIVE HUMIDITY (PERCENT)
 HIGHEST    85           800 AM
 LOWEST     32          1000 PM
 AVERAGE    59

..........................................................


THE ABILENE CLIMATE NORMALS FOR TODAY
                         NORMAL    RECORD    YEAR
 MAXIMUM TEMPERATURE (F)   57        84      1938
 MINIMUM TEMPERATURE (F)   33         3      1888


SUNRISE AND SUNSET
JANUARY 16 2018.......SUNRISE   740 AM CST   SUNSET   557 PM CST
JANUARY 17 2018.......SUNRISE   740 AM CST   SUNSET   558 PM CST


-  INDICATES NEGATIVE NUMBERS.
R  INDICATES RECORD WAS SET OR TIED.
MM INDICATES DATA IS MISSING.
T  INDICATES TRACE AMOUNT.




$$
