000
CDUS44 KSJT 270022
CLIABI


CLIMATE REPORT
NATIONAL WEATHER SERVICE SAN ANGELO TX
622 PM CST THU FEB 26 2015


...................................

...THE ABILENE CLIMATE SUMMARY FOR FEBRUARY 26 2015...
VALID TODAY AS OF 0500 PM LOCAL TIME.

CLIMATE NORMAL PERIOD 1981 TO 2010
CLIMATE RECORD PERIOD 1886 TO 2015


WEATHER ITEM   OBSERVED TIME   RECORD YEAR NORMAL DEPARTURE LAST
                VALUE   (LST)  VALUE       VALUE  FROM      YEAR
                                                  NORMAL
..................................................................
TEMPERATURE (F)
 TODAY
  MAXIMUM         44    321 AM  93    2009  63    -19       41
  MINIMUM         25    115 PM  16    1891  39    -14       25
  AVERAGE         35                        51    -16       33

PRECIPITATION (IN)
  TODAY            0.08          1.61 1903   0.05   0.03     0.00
  MONTH TO DATE    1.55                      1.25   0.30     0.49
  SINCE DEC 1      3.85                      3.50   0.35     1.60
  SINCE JAN 1      3.32                      2.27   1.05     0.49

SNOWFALL (IN)
  TODAY            1.0 R         0.4  1984   0.1    0.9      0.0
  MONTH TO DATE    1.3                       0.8    0.5      1.8
  SINCE NOV 1      1.4                       4.1   -2.7      3.1
  SINCE JUL 1      1.4                       4.1   -2.7      3.1

DEGREE DAYS
 HEATING
  TODAY           30                        14     16       32
  MONTH TO DATE  449                       437     12      543
  SINCE DEC 1   1578                      1673    -95     1868
  SINCE JUL 1   1995                      2106   -111     2340

 COOLING
  TODAY            0                         0      0        0
  MONTH TO DATE    4                         0      4        5
  SINCE DEC 1      4                         2      2        6
  SINCE JAN 1      4                         1      3        5
..................................................................


WIND (MPH)
  HIGHEST WIND SPEED    26   HIGHEST WIND DIRECTION     N (20)
  HIGHEST GUST SPEED    34   HIGHEST GUST DIRECTION     N (20)
  AVERAGE WIND SPEED    14.2


SKY COVER
  POSSIBLE SUNSHINE  MM
  AVERAGE SKY COVER 0.8


WEATHER CONDITIONS
 THE FOLLOWING WEATHER WAS RECORDED TODAY.
  SNOW
  LIGHT SNOW
  FOG


RELATIVE HUMIDITY (PERCENT)
 HIGHEST    92           700 AM
 LOWEST     65          1200 AM
 AVERAGE    79

..........................................................


THE ABILENE CLIMATE NORMALS FOR TOMORROW
                         NORMAL    RECORD    YEAR
 MAXIMUM TEMPERATURE (F)   63        89      2011
 MINIMUM TEMPERATURE (F)   40        16      2002


SUNRISE AND SUNSET
FEBRUARY 26 2015......SUNRISE   710 AM CST   SUNSET   634 PM CST
FEBRUARY 27 2015......SUNRISE   709 AM CST   SUNSET   634 PM CST


-  INDICATES NEGATIVE NUMBERS.
R  INDICATES RECORD WAS SET OR TIED.
MM INDICATES DATA IS MISSING.
T  INDICATES TRACE AMOUNT.




$$
