000
CDUS44 KSJT 010659
CLIABI


CLIMATE REPORT
NATIONAL WEATHER SERVICE SAN ANGELO TX
158 AM CDT SAT OCT 1 2016


...................................

...THE ABILENE CLIMATE SUMMARY FOR SEPTEMBER 30 2016...

CLIMATE NORMAL PERIOD 1981 TO 2010
CLIMATE RECORD PERIOD 1886 TO 2016


WEATHER ITEM   OBSERVED TIME   RECORD YEAR NORMAL DEPARTURE LAST
                VALUE   (LST)  VALUE       VALUE  FROM      YEAR
                                                  NORMAL
..................................................................
TEMPERATURE (F)
 YESTERDAY
  MAXIMUM         77    503 PM 103    1977  82     -5       90
  MINIMUM         51    713 AM  40    1984  59     -8       61
  AVERAGE         64                        71     -7       76

PRECIPITATION (IN)
  YESTERDAY        0.00          2.57 1903   0.07  -0.07     0.00
  MONTH TO DATE    5.59                      2.24   3.35     1.09
  SINCE SEP 1      5.59                      2.24   3.35     1.09
  SINCE JAN 1     32.70                     19.20  13.50    26.26

DEGREE DAYS
 HEATING
  YESTERDAY        1                         1      0        0
  MONTH TO DATE    1                        11    -10        0
  SINCE SEP 1      1                        11    -10        0
  SINCE JUL 1      1                        11    -10        0

 COOLING
  YESTERDAY        0                         7     -7       11
  MONTH TO DATE  350                       326     24      471
  SINCE SEP 1    350                       326     24      471
  SINCE JAN 1   2349                      2271     78     2556
..................................................................


WIND (MPH)
  HIGHEST WIND SPEED     8   HIGHEST WIND DIRECTION     S (170)
  HIGHEST GUST SPEED    11   HIGHEST GUST DIRECTION     E (80)
  AVERAGE WIND SPEED     3.4


SKY COVER
  POSSIBLE SUNSHINE  MM
  AVERAGE SKY COVER 0.0


WEATHER CONDITIONS
 THE FOLLOWING WEATHER WAS RECORDED YESTERDAY.
  HAZE


RELATIVE HUMIDITY (PERCENT)
 HIGHEST    96           500 AM
 LOWEST     36           400 PM
 AVERAGE    66

..........................................................


THE ABILENE CLIMATE NORMALS FOR TODAY
                         NORMAL    RECORD    YEAR
 MAXIMUM TEMPERATURE (F)   82       103      1979
 MINIMUM TEMPERATURE (F)   59        42      1985


SUNRISE AND SUNSET
OCTOBER  1 2016.......SUNRISE   733 AM CDT   SUNSET   723 PM CDT
OCTOBER  2 2016.......SUNRISE   734 AM CDT   SUNSET   721 PM CDT


-  INDICATES NEGATIVE NUMBERS.
R  INDICATES RECORD WAS SET OR TIED.
MM INDICATES DATA IS MISSING.
T  INDICATES TRACE AMOUNT.




$$
