000
CDUS44 KSJT 202238
CLIABI


CLIMATE REPORT
NATIONAL WEATHER SERVICE SAN ANGELO TX
537 PM CDT SUN APR 20 2014


...................................

...THE ABILENE CLIMATE SUMMARY FOR APRIL 20 2014...
VALID TODAY AS OF 0500 PM LOCAL TIME.

CLIMATE NORMAL PERIOD 1981 TO 2010
CLIMATE RECORD PERIOD 1886 TO 2014


WEATHER ITEM   OBSERVED TIME   RECORD YEAR NORMAL DEPARTURE LAST
                VALUE   (LST)  VALUE       VALUE  FROM      YEAR
                                                  NORMAL
..................................................................
TEMPERATURE (F)
 TODAY
  MAXIMUM         69   1111 AM  96    1984  79    -10       75
  MINIMUM         63    143 PM  38    1953  53     10       47
  AVERAGE         66                        66      0       61

PRECIPITATION (IN)
  TODAY            0.35          1.22 1927   0.06   0.29     0.00
  MONTH TO DATE    0.56                      0.97  -0.41     1.72
  SINCE MAR 1      1.23                      2.71  -1.48     2.33
  SINCE JAN 1      1.72                      5.09  -3.37     4.22

SNOWFALL (IN)
  TODAY            0.0           0.0  2002   0.0    0.0      0.0
  MONTH TO DATE    T                         0.3   -0.3       T
  SINCE NOV 1      3.1                       4.7   -1.6      1.1
  SINCE JUL 1      3.1                       4.7   -1.6      1.1

DEGREE DAYS
 HEATING
  TODAY            0                         3     -3        4
  MONTH TO DATE   88                        91     -3      124
  SINCE MAR 1    428                       389     39      385
  SINCE JUL 1   2790                      2522    268     2220

 COOLING
  TODAY            1                         4     -3        0
  MONTH TO DATE   81                        54     27       85
  SINCE MAR 1    120                        83     37      125
  SINCE JAN 1    125                        88     37      131
..................................................................


WIND (MPH)
  HIGHEST WIND SPEED    18   HIGHEST WIND DIRECTION    SE (150)
  HIGHEST GUST SPEED    23   HIGHEST GUST DIRECTION     S (160)
  AVERAGE WIND SPEED     8.0


SKY COVER
  POSSIBLE SUNSHINE  MM
  AVERAGE SKY COVER 0.6


WEATHER CONDITIONS
 THE FOLLOWING WEATHER WAS RECORDED TODAY.
  THUNDERSTORM
  HEAVY RAIN
  RAIN
  LIGHT RAIN
  FOG


RELATIVE HUMIDITY (PERCENT)
 HIGHEST   100           400 PM
 LOWEST     56          1200 AM
 AVERAGE    78

..........................................................


THE ABILENE CLIMATE NORMALS FOR TOMORROW
                         NORMAL    RECORD    YEAR
 MAXIMUM TEMPERATURE (F)   79        98      1940
 MINIMUM TEMPERATURE (F)   53        35      1918


SUNRISE AND SUNSET
APRIL 20 2014.........SUNRISE   704 AM CDT   SUNSET   812 PM CDT
APRIL 21 2014.........SUNRISE   703 AM CDT   SUNSET   813 PM CDT


-  INDICATES NEGATIVE NUMBERS.
R  INDICATES RECORD WAS SET OR TIED.
MM INDICATES DATA IS MISSING.
T  INDICATES TRACE AMOUNT.




$$
