000
CDUS44 KSJT 230658
CLIABI


CLIMATE REPORT
NATIONAL WEATHER SERVICE SAN ANGELO TX
155 AM CDT TUE AUG 23 2016


...................................

...THE ABILENE CLIMATE SUMMARY FOR AUGUST 22 2016...

CLIMATE NORMAL PERIOD 1981 TO 2010
CLIMATE RECORD PERIOD 1886 TO 2016


WEATHER ITEM   OBSERVED TIME   RECORD YEAR NORMAL DEPARTURE LAST
                VALUE   (LST)  VALUE       VALUE  FROM      YEAR
                                                  NORMAL
..................................................................
TEMPERATURE (F)
 YESTERDAY
  MAXIMUM         87    148 PM 104    1917  94     -7       99
  MINIMUM         68    314 AM  58    1891  71     -3       74
  AVERAGE         78                        82     -4       87

PRECIPITATION (IN)
  YESTERDAY        0.97          2.51 1941   0.08   0.89     0.00
  MONTH TO DATE    4.27                      1.79   2.48     0.61
  SINCE JUN 1      8.04                      7.22   0.82    12.53
  SINCE JAN 1     25.84                     16.16   9.68    25.16

DEGREE DAYS
 HEATING
  YESTERDAY        0                         0      0        0
  MONTH TO DATE    0                         0      0        0
  SINCE JUN 1      0                         1     -1        0
  SINCE JUL 1      0                         0      0        0

 COOLING
  YESTERDAY       13                        17     -4       22
  MONTH TO DATE  418                       406     12      461
  SINCE JUN 1   1549                      1402    147     1533
  SINCE JAN 1   1858                      1799     59     1922
..................................................................


WIND (MPH)
  HIGHEST WIND SPEED    29   HIGHEST WIND DIRECTION    SW (230)
  HIGHEST GUST SPEED    41   HIGHEST GUST DIRECTION    SW (240)
  AVERAGE WIND SPEED     5.8


SKY COVER
  POSSIBLE SUNSHINE  MM
  AVERAGE SKY COVER 0.6


WEATHER CONDITIONS
 THE FOLLOWING WEATHER WAS RECORDED YESTERDAY.
  THUNDERSTORM
  HEAVY RAIN
  RAIN
  LIGHT RAIN
  FOG


RELATIVE HUMIDITY (PERCENT)
 HIGHEST   100           700 AM
 LOWEST     57           200 PM
 AVERAGE    79

..........................................................


THE ABILENE CLIMATE NORMALS FOR TODAY
                         NORMAL    RECORD    YEAR
 MAXIMUM TEMPERATURE (F)   93       104      2010
                                             1943
 MINIMUM TEMPERATURE (F)   71        55      1891


SUNRISE AND SUNSET
AUGUST 23 2016........SUNRISE   708 AM CDT   SUNSET   814 PM CDT
AUGUST 24 2016........SUNRISE   709 AM CDT   SUNSET   812 PM CDT


-  INDICATES NEGATIVE NUMBERS.
R  INDICATES RECORD WAS SET OR TIED.
MM INDICATES DATA IS MISSING.
T  INDICATES TRACE AMOUNT.




$$
