000
CDUS45 KABQ 080836
CLIABQ


CLIMATE REPORT
NATIONAL WEATHER SERVICE ALBUQUERQUE NM
130 AM MST THU DEC 8 2016


...................................

...THE ALBUQUERQUE  NM CLIMATE SUMMARY FOR DECEMBER 7 2016...

CLIMATE NORMAL PERIOD 1981 TO 2010
CLIMATE RECORD PERIOD 1891 TO 2016


WEATHER ITEM   OBSERVED TIME   RECORD YEAR NORMAL DEPARTURE LAST
                VALUE   (LST)  VALUE       VALUE  FROM      YEAR
                                                  NORMAL
..................................................................
TEMPERATURE (F)
 YESTERDAY
  MAXIMUM         45    249 PM  66    1981  47     -2       58
                                      1915
  MINIMUM         30   1159 PM   3    1912  27      3       27
  AVERAGE         38                        37      1       43

PRECIPITATION (IN)
  YESTERDAY        0.00          0.20 1998   0.01  -0.01
                                      1921
  MONTH TO DATE    T                         0.12  -0.12
  SINCE DEC 1      T                         0.12  -0.12
  SINCE JAN 1      6.17                      9.07  -2.90

SNOWFALL (IN)
  YESTERDAY        0.0
  MONTH TO DATE    0.1
  SINCE DEC 1      0.1
  SINCE JUL 1      0.2
  SNOW DEPTH       0

DEGREE DAYS
 HEATING
  YESTERDAY       27                        28     -1       22
  MONTH TO DATE  182                       188     -6      174
  SINCE DEC 1    182                       188     -6      174
  SINCE JUL 1    759                      1055   -296      891

 COOLING
  YESTERDAY        0                         0      0        0
  MONTH TO DATE    0                         0      0        0
  SINCE DEC 1      0                         0      0        0
  SINCE JAN 1   1525                      1322    203     1534
..................................................................


WIND (MPH)
  HIGHEST WIND SPEED    26   HIGHEST WIND DIRECTION     E (80)
  HIGHEST GUST SPEED    29   HIGHEST GUST DIRECTION     E (80)
  AVERAGE WIND SPEED     9.5


SKY COVER
  POSSIBLE SUNSHINE  MM
  AVERAGE SKY COVER 0.6


WEATHER CONDITIONS
 THE FOLLOWING WEATHER WAS RECORDED YESTERDAY.
  NO SIGNIFICANT WEATHER WAS OBSERVED.


RELATIVE HUMIDITY (PERCENT)
 HIGHEST    59           700 AM
 LOWEST     37           100 PM
 AVERAGE    48

..........................................................


THE ALBUQUERQUE  NM CLIMATE NORMALS FOR TODAY
                         NORMAL    RECORD    YEAR
 MAXIMUM TEMPERATURE (F)   47        68      1977
 MINIMUM TEMPERATURE (F)   27         5      1916


SUNRISE AND SUNSET
DECEMBER  8 2016......SUNRISE   703 AM MST   SUNSET   455 PM MST
DECEMBER  9 2016......SUNRISE   703 AM MST   SUNSET   455 PM MST


-  INDICATES NEGATIVE NUMBERS.
R  INDICATES RECORD WAS SET OR TIED.
MM INDICATES DATA IS MISSING.
T  INDICATES TRACE AMOUNT.

$$
