000
CDUS45 KABQ 150026
CLIABQ


CLIMATE REPORT
NATIONAL WEATHER SERVICE ALBUQUERQUE NM
626 PM MDT SUN SEP 14 2014


...................................

...THE ALBUQUERQUE  NM CLIMATE SUMMARY FOR SEPTEMBER 14 2014...
VALID TODAY AS OF 0500 PM LOCAL TIME.

CLIMATE NORMAL PERIOD 1981 TO 2010
CLIMATE RECORD PERIOD 1897 TO 2014


WEATHER ITEM   OBSERVED TIME   RECORD YEAR NORMAL DEPARTURE LAST
                VALUE   (LST)  VALUE       VALUE  FROM      YEAR
                                                  NORMAL
..................................................................
TEMPERATURE (F)
 TODAY
  MAXIMUM         82    356 PM  95    1956  82      0       73
  MINIMUM         61    649 AM  37    1913  59      2       58
  AVERAGE         72                        70      2       66

PRECIPITATION (IN)
  TODAY            0.00          1.22 2013   0.04  -0.04
  MONTH TO DATE    0.02                      0.51  -0.49
  SINCE SEP 1      0.02                      0.51  -0.49
  SINCE JAN 1      6.08                      6.79  -0.71

SNOWFALL (IN)
  TODAY            0.0
  MONTH TO DATE    0.0
  SINCE SEP 1      0.0
  SINCE JUL 1      0.0
  SNOW DEPTH       0

DEGREE DAYS
 HEATING
  TODAY            0                         0      0        0
  MONTH TO DATE    5                         0      5        0
  SINCE SEP 1      5                         0      5        0
  SINCE JUL 1      5                         0      5        0

 COOLING
  TODAY            7                         6      1        1
  MONTH TO DATE  121                       104     17      138
  SINCE SEP 1    121                       104     17      138
  SINCE JAN 1   1351                      1261     90     1513
..................................................................


WIND (MPH)
  HIGHEST WIND SPEED    21   HIGHEST WIND DIRECTION     S (190)
  HIGHEST GUST SPEED    27   HIGHEST GUST DIRECTION    SW (210)
  AVERAGE WIND SPEED     7.1


SKY COVER
  POSSIBLE SUNSHINE  MM
  AVERAGE SKY COVER 0.4



RELATIVE HUMIDITY (PERCENT)
 HIGHEST    67           700 AM
 LOWEST     36           300 PM
 AVERAGE    52

..........................................................


THE ALBUQUERQUE  NM CLIMATE NORMALS FOR TOMORROW
                         NORMAL    RECORD    YEAR
 MAXIMUM TEMPERATURE (F)   81        94      1956
 MINIMUM TEMPERATURE (F)   58        38      1894


SUNRISE AND SUNSET
SEPTEMBER 14 2014.....SUNRISE   649 AM MDT   SUNSET   715 PM MDT
SEPTEMBER 15 2014.....SUNRISE   649 AM MDT   SUNSET   713 PM MDT


-  INDICATES NEGATIVE NUMBERS.
R  INDICATES RECORD WAS SET OR TIED.
MM INDICATES DATA IS MISSING.
T  INDICATES TRACE AMOUNT.




$$
