000
CDUS45 KABQ 240831
CLIABQ


CLIMATE REPORT
NATIONAL WEATHER SERVICE ALBUQUERQUE NM
231 AM MDT TUE OCT 24 2017


...................................

...THE ALBUQUERQUE  NM CLIMATE SUMMARY FOR OCTOBER 23 2017...

CLIMATE NORMAL PERIOD 1981 TO 2010
CLIMATE RECORD PERIOD 1891 TO 2017


WEATHER ITEM   OBSERVED TIME   RECORD YEAR NORMAL DEPARTURE LAST
                VALUE   (LST)  VALUE       VALUE  FROM      YEAR
                                                  NORMAL
..................................................................
TEMPERATURE (F)
 YESTERDAY
  MAXIMUM         76    344 PM  80    2016  66     10       80
                                      2003
                                      1959
  MINIMUM         50    638 AM  19    1908  43      7       51
  AVERAGE         63                        55      8       66

PRECIPITATION (IN)
  YESTERDAY        0.00          1.15 1907   0.03  -0.03
  MONTH TO DATE    0.04                      0.83  -0.79
  SINCE SEP 1      2.24                      1.91   0.33
  SINCE JAN 1      7.67                      8.19  -0.52

SNOWFALL (IN)
  YESTERDAY        0.0
  MONTH TO DATE    0.0
  SINCE SEP 1      0.0
  SINCE JUL 1      0.0
  SNOW DEPTH       0

DEGREE DAYS
 HEATING
  YESTERDAY        2                        10     -8        0
  MONTH TO DATE   95                       145    -50       63
  SINCE SEP 1    116                       171    -55       77
  SINCE JUL 1    116                       171    -55       77

 COOLING
  YESTERDAY        0                         0      0        1
  MONTH TO DATE   27                         7     20       18
  SINCE SEP 1    247                       162     85      213
  SINCE JAN 1   1557                      1319    238     1525
..................................................................


WIND (MPH)
  HIGHEST WIND SPEED    30   HIGHEST WIND DIRECTION     E (100)
  HIGHEST GUST SPEED    37   HIGHEST GUST DIRECTION     E (100)
  AVERAGE WIND SPEED    12.9


SKY COVER
  POSSIBLE SUNSHINE  MM
  AVERAGE SKY COVER 0.2


WEATHER CONDITIONS
 THE FOLLOWING WEATHER WAS RECORDED YESTERDAY.
  NO SIGNIFICANT WEATHER WAS OBSERVED.


RELATIVE HUMIDITY (PERCENT)
 HIGHEST    43          1100 PM
 LOWEST     15           200 PM
 AVERAGE    29

..........................................................


THE ALBUQUERQUE  NM CLIMATE NORMALS FOR TODAY
                         NORMAL    RECORD    YEAR
 MAXIMUM TEMPERATURE (F)   66        80      2012
 MINIMUM TEMPERATURE (F)   43        25      1975
                                             1917
                                             1908


SUNRISE AND SUNSET
OCTOBER 24 2017.......SUNRISE   721 AM MDT   SUNSET   620 PM MDT
OCTOBER 25 2017.......SUNRISE   721 AM MDT   SUNSET   619 PM MDT


-  INDICATES NEGATIVE NUMBERS.
R  INDICATES RECORD WAS SET OR TIED.
MM INDICATES DATA IS MISSING.
T  INDICATES TRACE AMOUNT.




$$
