000
CDUS45 KABQ 010023
CLIABQ


CLIMATE REPORT
NATIONAL WEATHER SERVICE ALBUQUERQUE NM
622 PM MDT TUE MAY 31 2016


...................................

...THE ALBUQUERQUE  NM CLIMATE SUMMARY FOR MAY 31 2016...
VALID TODAY AS OF 0500 PM LOCAL TIME.

CLIMATE NORMAL PERIOD 1981 TO 2010
CLIMATE RECORD PERIOD 1891 TO 2016


WEATHER ITEM   OBSERVED TIME   RECORD YEAR NORMAL DEPARTURE LAST
                VALUE   (LST)  VALUE       VALUE  FROM      YEAR
                                                  NORMAL
..................................................................
TEMPERATURE (F)
 TODAY
  MAXIMUM         78   1128 AM  97    2002  84     -6       88
                                      1956
  MINIMUM         61    435 AM  33    1909  57      4       59
  AVERAGE         70                        70      0       74

PRECIPITATION (IN)
  TODAY            T             0.50 1914   0.02  -0.02
  MONTH TO DATE    0.11                      0.50  -0.39
  SINCE MAR 1      0.77                      1.68  -0.91
  SINCE JAN 1      1.19                      2.54  -1.35

SNOWFALL (IN)
  TODAY            0.0
  MONTH TO DATE    T
  SINCE MAR 1      T
  SINCE JUL 1      9.8
  SNOW DEPTH       0

DEGREE DAYS
 HEATING
  TODAY            0                         1     -1        0
  MONTH TO DATE   90                        72     18      125
  SINCE MAR 1    774                       872    -98      730
  SINCE JUL 1   3784                      4175   -391     3651

 COOLING
  TODAY            5                         6     -1        9
  MONTH TO DATE   66                        91    -25       33
  SINCE MAR 1     71                        98    -27       33
  SINCE JAN 1     71                        98    -27       33
..................................................................


WIND (MPH)
  HIGHEST WIND SPEED    28   HIGHEST WIND DIRECTION     E (90)
  HIGHEST GUST SPEED    35   HIGHEST GUST DIRECTION     E (90)
  AVERAGE WIND SPEED     9.6


SKY COVER
  POSSIBLE SUNSHINE  MM
  AVERAGE SKY COVER 0.7



RELATIVE HUMIDITY (PERCENT)
 HIGHEST    43           500 AM
 LOWEST     18           300 PM
 AVERAGE    31

..........................................................


THE ALBUQUERQUE  NM CLIMATE NORMALS FOR TOMORROW
                         NORMAL    RECORD    YEAR
 MAXIMUM TEMPERATURE (F)   84        96      2002
                                             1997
 MINIMUM TEMPERATURE (F)   57        37      1919
                                             1916


SUNRISE AND SUNSET
MAY 31 2016...........SUNRISE   554 AM MDT   SUNSET   815 PM MDT
JUNE  1 2016..........SUNRISE   553 AM MDT   SUNSET   816 PM MDT


-  INDICATES NEGATIVE NUMBERS.
R  INDICATES RECORD WAS SET OR TIED.
MM INDICATES DATA IS MISSING.
T  INDICATES TRACE AMOUNT.




$$
