000
CDUS45 KABQ 250832
CLIABQ


CLIMATE REPORT
NATIONAL WEATHER SERVICE ALBUQUERQUE NM
229 AM MDT TUE APR 25 2017


...................................

...THE ALBUQUERQUE  NM CLIMATE SUMMARY FOR APRIL 24 2017...

CLIMATE NORMAL PERIOD 1981 TO 2010
CLIMATE RECORD PERIOD 1891 TO 2017


WEATHER ITEM   OBSERVED TIME   RECORD YEAR NORMAL DEPARTURE LAST
                VALUE   (LST)  VALUE       VALUE  FROM      YEAR
                                                  NORMAL
..................................................................
TEMPERATURE (F)
 YESTERDAY
  MAXIMUM         82    322 PM  88    2012  72     10       76
                                      1996
  MINIMUM         49    452 AM  28    1913  46      3       46
  AVERAGE         66                        59      7       61

PRECIPITATION (IN)
  YESTERDAY        0.00          0.59 1980   0.01  -0.01
  MONTH TO DATE    0.21                      0.50  -0.29
  SINCE MAR 1      0.41                      1.07  -0.66
  SINCE JAN 1      1.80                      1.93  -0.13

SNOWFALL (IN)
  YESTERDAY        0.0
  MONTH TO DATE    T
  SINCE MAR 1      T
  SINCE JUL 1      2.9
  SNOW DEPTH       0

DEGREE DAYS
 HEATING
  YESTERDAY        0                         7     -7        4
  MONTH TO DATE  156                       242    -86      220
  SINCE MAR 1    464                       766   -302      632
  SINCE JUL 1   3146                      4069   -923     3642

 COOLING
  YESTERDAY        1                         0      1        0
  MONTH TO DATE    4                         0      4        4
  SINCE MAR 1      5                         0      5        4
  SINCE JAN 1      5                         0      5        4
..................................................................


WIND (MPH)
  HIGHEST WIND SPEED    35   HIGHEST WIND DIRECTION     W (280)
  HIGHEST GUST SPEED    44   HIGHEST GUST DIRECTION     W (270)
  AVERAGE WIND SPEED    15.3


SKY COVER
  POSSIBLE SUNSHINE  MM
  AVERAGE SKY COVER 0.6


WEATHER CONDITIONS
 THE FOLLOWING WEATHER WAS RECORDED YESTERDAY.
  NO SIGNIFICANT WEATHER WAS OBSERVED.


RELATIVE HUMIDITY (PERCENT)
 HIGHEST    46           500 AM
 LOWEST      8           100 PM
 AVERAGE    27

..........................................................


THE ALBUQUERQUE  NM CLIMATE NORMALS FOR TODAY
                         NORMAL    RECORD    YEAR
 MAXIMUM TEMPERATURE (F)   72        86      2012
                                             1981
 MINIMUM TEMPERATURE (F)   46        25      1921


SUNRISE AND SUNSET
APRIL 25 2017.........SUNRISE   622 AM MDT   SUNSET   747 PM MDT
APRIL 26 2017.........SUNRISE   621 AM MDT   SUNSET   748 PM MDT


-  INDICATES NEGATIVE NUMBERS.
R  INDICATES RECORD WAS SET OR TIED.
MM INDICATES DATA IS MISSING.
T  INDICATES TRACE AMOUNT.


$$
