000
CDUS45 KABQ 220015
CLIABQ


CLIMATE REPORT
NATIONAL WEATHER SERVICE ALBUQUERQUE NM
515 PM MST SUN JAN 21 2018


...................................

...THE ALBUQUERQUE  NM CLIMATE SUMMARY FOR JANUARY 21 2018...
VALID TODAY AS OF 0500 PM LOCAL TIME.

CLIMATE NORMAL PERIOD 1981 TO 2010
CLIMATE RECORD PERIOD 1891 TO 2018


WEATHER ITEM   OBSERVED TIME   RECORD YEAR NORMAL DEPARTURE LAST
                VALUE   (LST)  VALUE       VALUE  FROM      YEAR
                                                  NORMAL
..................................................................
TEMPERATURE (F)
 TODAY
  MAXIMUM         42    106 PM  68    1971  47     -5       46
  MINIMUM         27    646 AM  -2    1918  26      1       32
  AVERAGE         35                        37     -2       39

PRECIPITATION (IN)
  TODAY            T             0.22 1916   0.02  -0.02
  MONTH TO DATE    0.03                      0.26  -0.23
  SINCE DEC 1      0.03                      0.76  -0.73
  SINCE JAN 1      0.03                      0.26  -0.23

SNOWFALL (IN)
  TODAY           MM
  MONTH TO DATE    0.0
  SINCE DEC 1      T
  SINCE JUL 1      T
  SNOW DEPTH       0

DEGREE DAYS
 HEATING
  TODAY           30                        28      2       26
  MONTH TO DATE  533                       610    -77      504
  SINCE DEC 1   1287                      1500   -213     1295
  SINCE JUL 1   1856                      2367   -511     1872

 COOLING
  TODAY            0                         0      0        0
  MONTH TO DATE    0                         0      0        0
  SINCE DEC 1      0                         0      0        0
  SINCE JAN 1      0                         0      0        0
..................................................................


WIND (MPH)
  HIGHEST WIND SPEED    26   HIGHEST WIND DIRECTION     W (290)
  HIGHEST GUST SPEED    41   HIGHEST GUST DIRECTION     W (290)
  AVERAGE WIND SPEED    13.2


SKY COVER
  POSSIBLE SUNSHINE  MM
  AVERAGE SKY COVER 0.7



RELATIVE HUMIDITY (PERCENT)
 HIGHEST    89           100 AM
 LOWEST     33           100 PM
 AVERAGE    61

..........................................................


THE ALBUQUERQUE  NM CLIMATE NORMALS FOR TOMORROW
                         NORMAL    RECORD    YEAR
 MAXIMUM TEMPERATURE (F)   47        66      1950
 MINIMUM TEMPERATURE (F)   26         3      1918


SUNRISE AND SUNSET
JANUARY 21 2018.......SUNRISE   712 AM MST   SUNSET   524 PM MST
JANUARY 22 2018.......SUNRISE   711 AM MST   SUNSET   525 PM MST


-  INDICATES NEGATIVE NUMBERS.
R  INDICATES RECORD WAS SET OR TIED.
MM INDICATES DATA IS MISSING.
T  INDICATES TRACE AMOUNT.




$$
