000
CDUS43 KABR 221044
CLIABR


CLIMATE REPORT
NATIONAL WEATHER SERVICE ABERDEEN SD
442 AM CST SUN JAN 22 2017


...................................

...THE ABERDEEN SD CLIMATE SUMMARY FOR JANUARY 21 2017...

CLIMATE NORMAL PERIOD 1981 TO 2010
CLIMATE RECORD PERIOD 1893 TO 2017


WEATHER ITEM   OBSERVED TIME   RECORD YEAR NORMAL DEPARTURE LAST
                VALUE   (LST)  VALUE       VALUE  FROM      YEAR
                                                  NORMAL
..................................................................
TEMPERATURE (F)
 YESTERDAY
  MAXIMUM         33   1109 PM  57    1942  23     10       24
                                      1900
  MINIMUM         28    747 AM -31    1949   1     27       16
  AVERAGE         31                        12     19       20

PRECIPITATION (IN)
  YESTERDAY        T             0.65 1952   0.02  -0.02      T
  MONTH TO DATE    0.46                      0.34   0.12     0.11
  SINCE DEC 1      2.24                      0.86   1.38     0.75
  SINCE JAN 1      0.46                      0.34   0.12     0.11

SNOWFALL (IN)
  YESTERDAY        T             5.1  1952   0.2   -0.2       T
  MONTH TO DATE    8.5                       4.7    3.8      2.0
  SINCE OCT 1     24.5                      19.3    5.2     17.1
  SINCE JUL 1     24.5                      19.3    5.2     17.1
  SNOW DEPTH       3

DEGREE DAYS
 HEATING
  YESTERDAY       34                        53    -19       45
  MONTH TO DATE 1217                      1113    104     1093
  SINCE DEC 1   2814                      2641    173     2400
  SINCE JUL 1   4164                      4604   -440     3812

 COOLING
  YESTERDAY        0                         0      0        0
  MONTH TO DATE    0                         0      0        0
  SINCE DEC 1      0                         0      0        0
  SINCE JAN 1      0                         0      0        0
..................................................................


WIND (MPH)
  HIGHEST WIND SPEED    10   HIGHEST WIND DIRECTION    NW (310)
  HIGHEST GUST SPEED    14   HIGHEST GUST DIRECTION    NW (310)
  AVERAGE WIND SPEED     4.2


SKY COVER
  POSSIBLE SUNSHINE  MM
  AVERAGE SKY COVER 1.0


WEATHER CONDITIONS
 THE FOLLOWING WEATHER WAS RECORDED YESTERDAY.
  LIGHT SNOW
  FOG


RELATIVE HUMIDITY (PERCENT)
 HIGHEST    92           100 AM
 LOWEST     72           300 PM
 AVERAGE    82

..........................................................


THE ABERDEEN SD CLIMATE NORMALS FOR TODAY
                         NORMAL    RECORD    YEAR
 MAXIMUM TEMPERATURE (F)   23        58      1942
 MINIMUM TEMPERATURE (F)    1       -30      1937
                                             1936


SUNRISE AND SUNSET
JANUARY 22 2017.......SUNRISE   805 AM CST   SUNSET   527 PM CST
JANUARY 23 2017.......SUNRISE   804 AM CST   SUNSET   528 PM CST


-  INDICATES NEGATIVE NUMBERS.
R  INDICATES RECORD WAS SET OR TIED.
MM INDICATES DATA IS MISSING.
T  INDICATES TRACE AMOUNT.




$$
