000
CDUS43 KABR 251030
CLIABR


CLIMATE REPORT
NATIONAL WEATHER SERVICE ABERDEEN SD
430 AM CST SUN JAN 25 2015


...................................

...THE ABERDEEN SD CLIMATE SUMMARY FOR JANUARY 24 2015...

CLIMATE NORMAL PERIOD 1981 TO 2010
CLIMATE RECORD PERIOD 1893 TO 2015


WEATHER ITEM   OBSERVED TIME   RECORD YEAR NORMAL DEPARTURE LAST
                VALUE   (LST)  VALUE       VALUE  FROM      YEAR
                                                  NORMAL
..................................................................
TEMPERATURE (F)
 YESTERDAY
  MAXIMUM         40    219 PM  60    1981  23     17       38
  MINIMUM         25    708 AM -35    1915   1     24       14
  AVERAGE         33                        12     21       26

PRECIPITATION (IN)
  YESTERDAY        0.16          0.48 1956   0.02   0.14      T
  MONTH TO DATE    0.67                      0.38   0.29     0.12
  SINCE DEC 1      0.92                      0.90   0.02     1.00
  SINCE JAN 1      0.67                      0.38   0.29     0.12

SNOWFALL (IN)
  YESTERDAY        0.3
  MONTH TO DATE    4.5
  SINCE OCT 1     13.3
  SINCE JUL 1     13.3
  SNOW DEPTH       T

DEGREE DAYS
 HEATING
  YESTERDAY       32                        53    -21       39
  MONTH TO DATE 1195                      1272    -77     1313
  SINCE DEC 1   2508                      2800   -292     3118
  SINCE JUL 1   4554                      4763   -209     5109

 COOLING
  YESTERDAY        0                         0      0        0
  MONTH TO DATE    0                         0      0        0
  SINCE DEC 1      0                         0      0        0
  SINCE JAN 1      0                         0      0        0
..................................................................


WIND (MPH)
  HIGHEST WIND SPEED    21   HIGHEST WIND DIRECTION     N (350)
  HIGHEST GUST SPEED    26   HIGHEST GUST DIRECTION     N (10)
  AVERAGE WIND SPEED     7.5


SKY COVER
  POSSIBLE SUNSHINE  MM
  AVERAGE SKY COVER 0.5


WEATHER CONDITIONS
 THE FOLLOWING WEATHER WAS RECORDED YESTERDAY.
  LIGHT RAIN
  LIGHT SNOW
  FOG


RELATIVE HUMIDITY (PERCENT)
 HIGHEST    92           400 AM
 LOWEST     79           100 PM
 AVERAGE    86

..........................................................


THE ABERDEEN SD CLIMATE NORMALS FOR TODAY
                         NORMAL    RECORD    YEAR
 MAXIMUM TEMPERATURE (F)   23        54      1942
 MINIMUM TEMPERATURE (F)    2       -33      1904


SUNRISE AND SUNSET
JANUARY 25 2015.......SUNRISE   802 AM CST   SUNSET   530 PM CST
JANUARY 26 2015.......SUNRISE   801 AM CST   SUNSET   532 PM CST


-  INDICATES NEGATIVE NUMBERS.
R  INDICATES RECORD WAS SET OR TIED.
MM INDICATES DATA IS MISSING.
T  INDICATES TRACE AMOUNT.




$$
