000
CDUS43 KABR 042230
CLIABR


CLIMATE REPORT
NATIONAL WEATHER SERVICE ABERDEEN SD
528 PM CDT FRI SEP 4 2015


...................................

...THE ABERDEEN SD CLIMATE SUMMARY FOR SEPTEMBER 4 2015...
VALID TODAY AS OF 0500 PM LOCAL TIME.

CLIMATE NORMAL PERIOD 1981 TO 2010
CLIMATE RECORD PERIOD 1893 TO 2015


WEATHER ITEM   OBSERVED TIME   RECORD YEAR NORMAL DEPARTURE LAST
                VALUE   (LST)  VALUE       VALUE  FROM      YEAR
                                                  NORMAL
..................................................................
TEMPERATURE (F)
 TODAY
  MAXIMUM         88    350 PM 100    1931  77     11       74
                                      1922
  MINIMUM         71    858 AM  30    1961  51     20       55
  AVERAGE         80                        64     16       65

PRECIPITATION (IN)
  TODAY            0.02          1.75 1971   0.08  -0.06     0.00
  MONTH TO DATE    0.02                      0.30  -0.28     0.01
  SINCE SEP 1      0.02                      0.30  -0.28     0.01
  SINCE JAN 1     17.34                     16.59   0.75    15.64

DEGREE DAYS
 HEATING
  TODAY            0                         4     -4        0
  MONTH TO DATE    0                        14    -14        2
  SINCE SEP 1      0                        14    -14        2
  SINCE JUL 1     42                        65    -23       64

 COOLING
  TODAY           15                         3     12        0
  MONTH TO DATE   47                        12     35        1
  SINCE SEP 1     47                        12     35        1
  SINCE JAN 1    610                       495    115      305
..................................................................


WIND (MPH)
  HIGHEST WIND SPEED    17   HIGHEST WIND DIRECTION     S (180)
  HIGHEST GUST SPEED    21   HIGHEST GUST DIRECTION     S (180)
  AVERAGE WIND SPEED     8.7


SKY COVER
  POSSIBLE SUNSHINE  MM
  AVERAGE SKY COVER 0.2


WEATHER CONDITIONS
 THE FOLLOWING WEATHER WAS RECORDED TODAY.
  LIGHT RAIN


RELATIVE HUMIDITY (PERCENT)
 HIGHEST    93           600 AM
 LOWEST     55           200 PM
 AVERAGE    74

..........................................................


THE ABERDEEN SD CLIMATE NORMALS FOR TOMORROW
                         NORMAL    RECORD    YEAR
 MAXIMUM TEMPERATURE (F)   77       102      1945
 MINIMUM TEMPERATURE (F)   50        32      1962
                                             1896


SUNRISE AND SUNSET
SEPTEMBER  4 2015.....SUNRISE   659 AM CDT   SUNSET   806 PM CDT
SEPTEMBER  5 2015.....SUNRISE   700 AM CDT   SUNSET   804 PM CDT


-  INDICATES NEGATIVE NUMBERS.
R  INDICATES RECORD WAS SET OR TIED.
MM INDICATES DATA IS MISSING.
T  INDICATES TRACE AMOUNT.

&&

PEAK WIND WAS 21 MPH FROM THE SOUTH AT 754 AM CDT.




$$
