000
CDUS43 KABR 061009
CLIABR


CLIMATE REPORT
NATIONAL WEATHER SERVICE ABERDEEN SD
408 AM CST SAT FEB 6 2016


...................................

...THE ABERDEEN SD CLIMATE SUMMARY FOR FEBRUARY 5 2016...

CLIMATE NORMAL PERIOD 1981 TO 2010
CLIMATE RECORD PERIOD 1893 TO 2016


WEATHER ITEM   OBSERVED TIME   RECORD YEAR NORMAL DEPARTURE LAST
                VALUE   (LST)  VALUE       VALUE  FROM      YEAR
                                                  NORMAL
..................................................................
TEMPERATURE (F)
 YESTERDAY
  MAXIMUM         42    344 PM  57    1991  25     17       31
  MINIMUM         19   1159 PM -36    1907   4     15       -1
  AVERAGE         31                        14     17       15

PRECIPITATION (IN)
  YESTERDAY        0.01          1.00 1915   0.02  -0.01     0.00
  MONTH TO DATE    0.04                      0.08  -0.04     0.07
  SINCE DEC 1      0.82                      1.07  -0.25     1.00
  SINCE JAN 1      0.18                      0.55  -0.37     0.75

SNOWFALL (IN)
  YESTERDAY        0.1
  MONTH TO DATE    0.3
  SINCE OCT 1     17.7
  SINCE JUL 1     17.7
  SNOW DEPTH       T

DEGREE DAYS
 HEATING
  YESTERDAY       34                        51    -17       50
  MONTH TO DATE  190                       256    -66      296
  SINCE DEC 1   2961                      3427   -466     3050
  SINCE JUL 1   4373                      5390  -1017     5096

 COOLING
  YESTERDAY        0                         0      0        0
  MONTH TO DATE    0                         0      0        0
  SINCE DEC 1      0                         0      0        0
  SINCE JAN 1      0                         0      0        0
..................................................................


WIND (MPH)
  HIGHEST WIND SPEED    17   HIGHEST WIND DIRECTION    NW (330)
  HIGHEST GUST SPEED    21   HIGHEST GUST DIRECTION     N (340)
  AVERAGE WIND SPEED     7.8


SKY COVER
  POSSIBLE SUNSHINE  MM
  AVERAGE SKY COVER 0.4


WEATHER CONDITIONS
 THE FOLLOWING WEATHER WAS RECORDED YESTERDAY.
  LIGHT SNOW
  FOG
  HAZE


RELATIVE HUMIDITY (PERCENT)
 HIGHEST    84           100 AM
 LOWEST     41           400 PM
 AVERAGE    63

..........................................................


THE ABERDEEN SD CLIMATE NORMALS FOR TODAY
                         NORMAL    RECORD    YEAR
 MAXIMUM TEMPERATURE (F)   25        58      1987
 MINIMUM TEMPERATURE (F)    4       -33      1907


SUNRISE AND SUNSET
FEBRUARY  6 2016......SUNRISE   749 AM CST   SUNSET   547 PM CST
FEBRUARY  7 2016......SUNRISE   748 AM CST   SUNSET   549 PM CST


-  INDICATES NEGATIVE NUMBERS.
R  INDICATES RECORD WAS SET OR TIED.
MM INDICATES DATA IS MISSING.
T  INDICATES TRACE AMOUNT.




$$
