000
CDUS43 KABR 280100
CLIABR


CLIMATE REPORT
NATIONAL WEATHER SERVICE ABERDEEN SD
700 PM CST MON FEB 27 2017


...................................

...THE ABERDEEN SD CLIMATE SUMMARY FOR FEBRUARY 27 2017...
VALID TODAY AS OF 0500 PM LOCAL TIME.

CLIMATE NORMAL PERIOD 1981 TO 2010
CLIMATE RECORD PERIOD 1893 TO 2017


WEATHER ITEM   OBSERVED TIME   RECORD YEAR NORMAL DEPARTURE LAST
                VALUE   (LST)  VALUE       VALUE  FROM      YEAR
                                                  NORMAL
..................................................................
TEMPERATURE (F)
 TODAY
  MAXIMUM         43    427 PM  68    2016  32     11       68
  MINIMUM         19    706 AM -23    2001  12      7       28
  AVERAGE         31                        22      9       48

PRECIPITATION (IN)
  TODAY            0.00          1.55 1903   0.02  -0.02     0.00
  MONTH TO DATE    0.12                      0.52  -0.40     0.52
  SINCE DEC 1      2.41                      1.51   0.90     1.30
  SINCE JAN 1      0.63                      0.99  -0.36     0.66

SNOWFALL (IN)
  TODAY            0.0
  MONTH TO DATE    0.7
  SINCE OCT 1     26.9
  SINCE JUL 1     26.9
  SNOW DEPTH       0

DEGREE DAYS
 HEATING
  TODAY           34                        43     -9       17
  MONTH TO DATE 1018                      1287   -269      990
  SINCE DEC 1   4226                      4458   -232     3761
  SINCE JUL 1   5576                      6421   -845     5173
..................................................................


WIND (MPH)
  HIGHEST WIND SPEED    15   HIGHEST WIND DIRECTION     S (180)
  HIGHEST GUST SPEED    21   HIGHEST GUST DIRECTION     S (200)
  AVERAGE WIND SPEED     6.8


SKY COVER
  POSSIBLE SUNSHINE  MM
  AVERAGE SKY COVER 0.5


WEATHER CONDITIONS
 THE FOLLOWING WEATHER WAS RECORDED TODAY.
  NO SIGNIFICANT WEATHER WAS OBSERVED.


RELATIVE HUMIDITY (PERCENT)
 HIGHEST    92           100 AM
 LOWEST     36           300 PM
 AVERAGE    64

..........................................................


THE ABERDEEN SD CLIMATE NORMALS FOR TOMORROW
                         NORMAL    RECORD    YEAR
 MAXIMUM TEMPERATURE (F)   33        59      1934
 MINIMUM TEMPERATURE (F)   13       -27      1962


SUNRISE AND SUNSET
FEBRUARY 27 2017......SUNRISE   715 AM CST   SUNSET   618 PM CST
FEBRUARY 28 2017......SUNRISE   713 AM CST   SUNSET   620 PM CST


-  INDICATES NEGATIVE NUMBERS.
R  INDICATES RECORD WAS SET OR TIED.
MM INDICATES DATA IS MISSING.
T  INDICATES TRACE AMOUNT.




$$
