321
CDUS43 KABR 242231
CLIABR


CLIMATE REPORT
NATIONAL WEATHER SERVICE ABERDEEN SD
531 PM CDT SUN JUL 24 2016


...................................

...THE ABERDEEN SD CLIMATE SUMMARY FOR JULY 24 2016...
VALID TODAY AS OF 0500 PM LOCAL TIME.

CLIMATE NORMAL PERIOD 1981 TO 2010
CLIMATE RECORD PERIOD 1893 TO 2016


WEATHER ITEM   OBSERVED TIME   RECORD YEAR NORMAL DEPARTURE LAST
                VALUE   (LST)  VALUE       VALUE  FROM      YEAR
                                                  NORMAL
..................................................................
TEMPERATURE (F)
 TODAY
  MAXIMUM         86    339 PM 108    1931  84      2       88
  MINIMUM         60    400 AM  46    1905  60      0       65
                                      1895
  AVERAGE         73                        72      1       77

PRECIPITATION (IN)
  TODAY            0.00          1.47 1957   0.09  -0.09     0.00
  MONTH TO DATE    2.82                      2.43   0.39     3.21
  SINCE JUN 1      4.23                      6.13  -1.90     5.31
  SINCE JAN 1     11.17                     13.27  -2.10    13.53

DEGREE DAYS
 COOLING
  TODAY            8                         7      1       12
  MONTH TO DATE  174                       159     15      193
  SINCE JUN 1    366                       251    115      332
  SINCE JAN 1    399                       274    125      346
..................................................................


WIND (MPH)
  HIGHEST WIND SPEED    20   HIGHEST WIND DIRECTION    NW (330)
  HIGHEST GUST SPEED    25   HIGHEST GUST DIRECTION    NW (330)
  AVERAGE WIND SPEED    11.2


SKY COVER
  POSSIBLE SUNSHINE  MM
  AVERAGE SKY COVER 0.0


WEATHER CONDITIONS
 THE FOLLOWING WEATHER WAS RECORDED TODAY.
  FOG


RELATIVE HUMIDITY (PERCENT)
 HIGHEST    93          1200 AM
 LOWEST     37           300 PM
 AVERAGE    65

..........................................................


THE ABERDEEN SD CLIMATE NORMALS FOR TOMORROW
                         NORMAL    RECORD    YEAR
 MAXIMUM TEMPERATURE (F)   84       111      1931
 MINIMUM TEMPERATURE (F)   59        44      1911


SUNRISE AND SUNSET
JULY 24 2016..........SUNRISE   609 AM CDT   SUNSET   910 PM CDT
JULY 25 2016..........SUNRISE   611 AM CDT   SUNSET   909 PM CDT


-  INDICATES NEGATIVE NUMBERS.
R  INDICATES RECORD WAS SET OR TIED.
MM INDICATES DATA IS MISSING.
T  INDICATES TRACE AMOUNT.




$$
