781
CDUS43 KABR 272235
CLIABR


CLIMATE REPORT
NATIONAL WEATHER SERVICE ABERDEEN SD
531 PM CDT THU APR 27 2017


...................................

...THE ABERDEEN SD CLIMATE SUMMARY FOR APRIL 27 2017...
VALID TODAY AS OF 0500 PM LOCAL TIME.

CLIMATE NORMAL PERIOD 1981 TO 2010
CLIMATE RECORD PERIOD 1893 TO 2017


WEATHER ITEM   OBSERVED TIME   RECORD YEAR NORMAL DEPARTURE LAST
                VALUE   (LST)  VALUE       VALUE  FROM      YEAR
                                                  NORMAL
..................................................................
TEMPERATURE (F)
 TODAY
  MAXIMUM         50    359 PM  91    1897  63    -13       45
  MINIMUM         27   1218 AM  17    2005  37    -10       35
  AVERAGE         39                        50    -11       40

PRECIPITATION (IN)
  TODAY            0.00          2.28 1938   0.09  -0.09     0.57
  MONTH TO DATE    1.38                      1.59  -0.21     3.65
  SINCE MAR 1      2.05                      2.75  -0.70     4.11
  SINCE JAN 1      2.73                      3.77  -1.04     4.80

SNOWFALL (IN)
  TODAY            0.0
  MONTH TO DATE    1.8
  SINCE OCT 1     39.9
  SINCE JUL 1     39.9
  SNOW DEPTH       0

DEGREE DAYS
 HEATING
  TODAY           26                        15     11       25
  MONTH TO DATE  512                       577    -65      512
  SINCE MAR 1   1558                      1665   -107     1266
  SINCE JUL 1   7173                      8128   -955     6503

 COOLING
  TODAY            0                         0      0        0
  MONTH TO DATE    0                         0      0        1
  SINCE MAR 1      0                         0      0        1
  SINCE JAN 1      0                         0      0        1
..................................................................


WIND (MPH)
  HIGHEST WIND SPEED    21   HIGHEST WIND DIRECTION     N (350)
  HIGHEST GUST SPEED    25   HIGHEST GUST DIRECTION     N (350)
  AVERAGE WIND SPEED    11.9


SKY COVER
  POSSIBLE SUNSHINE  MM
  AVERAGE SKY COVER 0.7


WEATHER CONDITIONS
 THE FOLLOWING WEATHER WAS RECORDED TODAY.
  NO SIGNIFICANT WEATHER WAS OBSERVED.


RELATIVE HUMIDITY (PERCENT)
 HIGHEST    85           400 AM
 LOWEST     46           400 PM
 AVERAGE    66

..........................................................


THE ABERDEEN SD CLIMATE NORMALS FOR TOMORROW
                         NORMAL    RECORD    YEAR
 MAXIMUM TEMPERATURE (F)   63        90      1934
 MINIMUM TEMPERATURE (F)   37        19      2008


SUNRISE AND SUNSET
APRIL 27 2017.........SUNRISE   628 AM CDT   SUNSET   836 PM CDT
APRIL 28 2017.........SUNRISE   626 AM CDT   SUNSET   837 PM CDT


-  INDICATES NEGATIVE NUMBERS.
R  INDICATES RECORD WAS SET OR TIED.
MM INDICATES DATA IS MISSING.
T  INDICATES TRACE AMOUNT.


$$

PEAK WIND WAS 25 MPH FROM THE NORTH AT 1141 AM CDT.

$$
