000
CDUS43 KABR 012235
CLIABR


CLIMATE REPORT
NATIONAL WEATHER SERVICE ABERDEEN SD
534 PM CDT FRI AUG 1 2014


...................................

...THE ABERDEEN SD CLIMATE SUMMARY FOR AUGUST 1 2014...
VALID TODAY AS OF 0500 PM LOCAL TIME.

CLIMATE NORMAL PERIOD 1981 TO 2010
CLIMATE RECORD PERIOD 1893 TO 2014


WEATHER ITEM   OBSERVED TIME   RECORD YEAR NORMAL DEPARTURE LAST
                VALUE   (LST)  VALUE       VALUE  FROM      YEAR
                                                  NORMAL
..................................................................
TEMPERATURE (F)
 TODAY
  MAXIMUM         87    259 PM 111    1900  84      3       78
  MINIMUM         49    452 AM  44    1948  59    -10       49
  AVERAGE         68                        71     -3       64

PRECIPITATION (IN)
  TODAY            0.00          1.96 1942   0.08  -0.08     0.00
  MONTH TO DATE    0.00                      0.08  -0.08     0.00
  SINCE JUN 1      4.01                      6.80  -2.79     4.90
  SINCE JAN 1      9.44                     13.94  -4.50    13.42

DEGREE DAYS
 COOLING
  TODAY            3                         7     -4        0
  MONTH TO DATE    3                         7     -4        0
  SINCE JUN 1    163                       307   -144      290
  SINCE JAN 1    205                       330   -125      311
..................................................................


WIND (MPH)
  HIGHEST WIND SPEED    10   HIGHEST WIND DIRECTION    SE (140)
  HIGHEST GUST SPEED    16   HIGHEST GUST DIRECTION    SE (130)
  AVERAGE WIND SPEED     2.2


SKY COVER
  POSSIBLE SUNSHINE  MM
  AVERAGE SKY COVER 0.0


WEATHER CONDITIONS
 THE FOLLOWING WEATHER WAS RECORDED TODAY.
  FOG


RELATIVE HUMIDITY (PERCENT)
 HIGHEST   100           200 AM
 LOWEST     32           400 PM
 AVERAGE    66

..........................................................


THE ABERDEEN SD CLIMATE NORMALS FOR TOMORROW
                         NORMAL    RECORD    YEAR
 MAXIMUM TEMPERATURE (F)   84       105      1938
                                             1930
 MINIMUM TEMPERATURE (F)   59        40      1971


SUNRISE AND SUNSET
AUGUST  1 2014........SUNRISE   618 AM CDT   SUNSET   902 PM CDT
AUGUST  2 2014........SUNRISE   619 AM CDT   SUNSET   900 PM CDT


-  INDICATES NEGATIVE NUMBERS.
R  INDICATES RECORD WAS SET OR TIED.
MM INDICATES DATA IS MISSING.
T  INDICATES TRACE AMOUNT.

&&

PEAK WIND WAS 16 MPH FROM THE SOUTHEAST AT 306 PM CDT

$$
