000
CDUS43 KABR 231032
CLIABR


CLIMATE REPORT
NATIONAL WEATHER SERVICE ABERDEEN SD
531 AM CDT WED AUG 23 2017


...................................

...THE ABERDEEN SD CLIMATE SUMMARY FOR AUGUST 22 2017...

CLIMATE NORMAL PERIOD 1981 TO 2010
CLIMATE RECORD PERIOD 1893 TO 2017


WEATHER ITEM   OBSERVED TIME   RECORD YEAR NORMAL DEPARTURE LAST
                VALUE   (LST)  VALUE       VALUE  FROM      YEAR
                                                  NORMAL
..................................................................
TEMPERATURE (F)
 YESTERDAY
  MAXIMUM         78    438 PM 105    1971  81     -3       89
  MINIMUM         42    559 AM  36    1904  55    -13       59
  AVERAGE         60                        68     -8       74

PRECIPITATION (IN)
  YESTERDAY        0.00          1.84 1978   0.08  -0.08     0.00
  MONTH TO DATE    1.63                      1.72  -0.09     1.99
  SINCE JUN 1      7.62                      8.44  -0.82     7.09
  SINCE JAN 1     11.00                     15.58  -4.58    14.03

DEGREE DAYS
 HEATING
  YESTERDAY        5                         1      4        0
  MONTH TO DATE   16                        18     -2        8
  SINCE JUN 1     68                       108    -40       36
  SINCE JUL 1     16                        32    -16       16

 COOLING
  YESTERDAY        0                         4     -4        9
  MONTH TO DATE   28                       128   -100      158
  SINCE JUN 1    445                       428     17      580
  SINCE JAN 1    457                       451      6      613
..................................................................


WIND (MPH)
  HIGHEST WIND SPEED    20   HIGHEST WIND DIRECTION    NW (310)
  HIGHEST GUST SPEED    25   HIGHEST GUST DIRECTION    NW (310)
  AVERAGE WIND SPEED     7.4


SKY COVER
  POSSIBLE SUNSHINE  MM
  AVERAGE SKY COVER 0.0


WEATHER CONDITIONS
 THE FOLLOWING WEATHER WAS RECORDED YESTERDAY.
  NO SIGNIFICANT WEATHER WAS OBSERVED.


RELATIVE HUMIDITY (PERCENT)
 HIGHEST   100           600 AM
 LOWEST     27          1200 PM
 AVERAGE    64

..........................................................


THE ABERDEEN SD CLIMATE NORMALS FOR TODAY
                         NORMAL    RECORD    YEAR
 MAXIMUM TEMPERATURE (F)   81       106      2003
 MINIMUM TEMPERATURE (F)   55        39      1987
                                             1942


SUNRISE AND SUNSET
AUGUST 23 2017........SUNRISE   645 AM CDT   SUNSET   827 PM CDT
AUGUST 24 2017........SUNRISE   646 AM CDT   SUNSET   825 PM CDT


-  INDICATES NEGATIVE NUMBERS.
R  INDICATES RECORD WAS SET OR TIED.
MM INDICATES DATA IS MISSING.
T  INDICATES TRACE AMOUNT.




$$
