000
CDUS42 KTAE 280634
CLIABY


CLIMATE REPORT
NATIONAL WEATHER SERVICE TALLAHASSEE FL
133 AM EST TUE FEB 28 2017


...................................

...THE ALBANY CLIMATE SUMMARY FOR FEBRUARY 27 2017...

CLIMATE NORMAL PERIOD 1981 TO 2010
CLIMATE RECORD PERIOD 1930 TO 2017


WEATHER ITEM   OBSERVED TIME   RECORD YEAR NORMAL DEPARTURE LAST
                VALUE   (LST)  VALUE       VALUE  FROM      YEAR
                                                  NORMAL
..................................................................
TEMPERATURE (F)
 YESTERDAY
  MAXIMUM         78    242 PM  85    1944  68     10       64
  MINIMUM         42    536 AM  19    1967  42      0       31
  AVERAGE         60                        55      5       48

PRECIPITATION (IN)
  YESTERDAY        0.52                      0.17   0.35     0.00
  MONTH TO DATE    3.04                      3.99  -0.95     6.65
  SINCE DEC 1     22.50                     12.56   9.94    17.17
  SINCE JAN 1     11.82                      8.81   3.01    10.31

SNOWFALL (IN)
  YESTERDAY       MM

DEGREE DAYS
 HEATING
  YESTERDAY        5                        10     -5       17
  MONTH TO DATE  139                       346   -207      321
  SINCE DEC 1    662                      1280   -618      990
  SINCE JUL 1    803                      1550   -747     1114

 COOLING
  YESTERDAY        0                         1     -1        0
  MONTH TO DATE   16                         2     14        3
  SINCE DEC 1     59                        15     44       79
  SINCE JAN 1     36                         6     30        3
..................................................................


WIND (MPH)
  HIGHEST WIND SPEED    20   HIGHEST WIND DIRECTION    NW (300)
  HIGHEST GUST SPEED    25   HIGHEST GUST DIRECTION     W (280)
  AVERAGE WIND SPEED     8.3




RELATIVE HUMIDITY (PERCENT)
 HIGHEST   100
 LOWEST     46
 AVERAGE    73

..........................................................


THE ALBANY CLIMATE NORMALS FOR TODAY
                         NORMAL    RECORD    YEAR
 MAXIMUM TEMPERATURE (F)   68        84      2011
                                             1948
 MINIMUM TEMPERATURE (F)   43        18      2002


SUNRISE AND SUNSET
FEBRUARY 28 2017......SUNRISE   704 AM EST   SUNSET   634 PM EST
MARCH  1 2017.........SUNRISE   703 AM EST   SUNSET   635 PM EST


-  INDICATES NEGATIVE NUMBERS.
R  INDICATES RECORD WAS SET OR TIED.
MM INDICATES DATA IS MISSING.
T  INDICATES TRACE AMOUNT.




$$
