000
CDUS42 KTAE 280633
CLIABY


CLIMATE REPORT
NATIONAL WEATHER SERVICE TALLAHASSEE FL
232 AM EDT TUE JUL 28 2015


...................................

...THE ALBANY CLIMATE SUMMARY FOR JULY 27 2015...

CLIMATE NORMAL PERIOD 1981 TO 2010
CLIMATE RECORD PERIOD 1930 TO 2015


WEATHER ITEM   OBSERVED TIME   RECORD YEAR NORMAL DEPARTURE LAST
                VALUE   (LST)  VALUE       VALUE  FROM      YEAR
                                                  NORMAL
..................................................................
TEMPERATURE (F)
 YESTERDAY
  MAXIMUM         96    425 PM 102    1983  93      3       97
  MINIMUM         71    555 AM  65    1965  72     -1       76
  AVERAGE         84                        82      2       87

PRECIPITATION (IN)
  YESTERDAY        0.00                      0.16  -0.16     0.00
  MONTH TO DATE    3.55                      4.77  -1.22     0.53
  SINCE JUN 1      8.92                      9.71  -0.79     5.29
  SINCE JAN 1     24.78                     30.07  -5.29    24.35

SNOWFALL (IN)
  YESTERDAY        0.0

DEGREE DAYS
 HEATING
  YESTERDAY        0                         0      0        0
  MONTH TO DATE    0                         0      0        0
  SINCE JUN 1      0                         0      0        0
  SINCE JUL 1      0                         0      0        0

 COOLING
  YESTERDAY       19                        18      1       22
  MONTH TO DATE  503                       474     29      466
  SINCE JUN 1    985                       939     46      931
  SINCE JAN 1   1589                      1379    210     1325
..................................................................


WIND (MPH)
  HIGHEST WIND SPEED    14   HIGHEST WIND DIRECTION     E (70)
  HIGHEST GUST SPEED    18   HIGHEST GUST DIRECTION     E (70)
  AVERAGE WIND SPEED     4.2




RELATIVE HUMIDITY (PERCENT)
 HIGHEST    93
 LOWEST     40
 AVERAGE    67

..........................................................


THE ALBANY CLIMATE NORMALS FOR TODAY
                         NORMAL    RECORD    YEAR
 MAXIMUM TEMPERATURE (F)   93       101      2010
                                             1968
 MINIMUM TEMPERATURE (F)   72        66      1990


SUNRISE AND SUNSET
JULY 28 2015..........SUNRISE   650 AM EDT   SUNSET   836 PM EDT
JULY 29 2015..........SUNRISE   651 AM EDT   SUNSET   835 PM EDT


-  INDICATES NEGATIVE NUMBERS.
R  INDICATES RECORD WAS SET OR TIED.
MM INDICATES DATA IS MISSING.
T  INDICATES TRACE AMOUNT.




$$
