000
CDUS42 KTAE 260634
CLIABY


CLIMATE REPORT
NATIONAL WEATHER SERVICE TALLAHASSEE FL
233 AM EDT TUE SEP 26 2017


...................................

...THE ALBANY CLIMATE SUMMARY FOR SEPTEMBER 25 2017...

CLIMATE NORMAL PERIOD 1981 TO 2010
CLIMATE RECORD PERIOD 1930 TO 2017


WEATHER ITEM   OBSERVED TIME   RECORD YEAR NORMAL DEPARTURE LAST
                VALUE   (LST)  VALUE       VALUE  FROM      YEAR
                                                  NORMAL
..................................................................
TEMPERATURE (F)
 YESTERDAY
  MAXIMUM         91    343 PM  98    1931  86      5       95
  MINIMUM         68    647 AM  44    1990  64      4       70
  AVERAGE         80                        75      5       83

PRECIPITATION (IN)
  YESTERDAY        0.00                      0.09  -0.09     0.17
  MONTH TO DATE    2.89                      3.01  -0.12     3.28
  SINCE SEP 1      2.89                      3.01  -0.12     3.28
  SINCE JAN 1     35.66                     38.61  -2.95    37.33

SNOWFALL (IN)
  YESTERDAY        0.0

DEGREE DAYS
 HEATING
  YESTERDAY        0                         0      0        0
  MONTH TO DATE    0                         0      0        0
  SINCE SEP 1      0                         0      0        0
  SINCE JUL 1      0                         0      0        0

 COOLING
  YESTERDAY       15                        10      5       18
  MONTH TO DATE  327                       337    -10      411
  SINCE SEP 1    327                       337    -10      411
  SINCE JAN 1   2535                      2310    225     2648
..................................................................


WIND (MPH)
  HIGHEST WIND SPEED    13   HIGHEST WIND DIRECTION    NE (50)
  HIGHEST GUST SPEED    15   HIGHEST GUST DIRECTION    NE (40)
  AVERAGE WIND SPEED     4.1




RELATIVE HUMIDITY (PERCENT)
 HIGHEST    90
 LOWEST     43
 AVERAGE    67

..........................................................


THE ALBANY CLIMATE NORMALS FOR TODAY
                         NORMAL    RECORD    YEAR
 MAXIMUM TEMPERATURE (F)   86        97      1961
 MINIMUM TEMPERATURE (F)   64        44      1990


SUNRISE AND SUNSET
SEPTEMBER 26 2017.....SUNRISE   728 AM EDT   SUNSET   728 PM EDT
SEPTEMBER 27 2017.....SUNRISE   728 AM EDT   SUNSET   726 PM EDT


-  INDICATES NEGATIVE NUMBERS.
R  INDICATES RECORD WAS SET OR TIED.
MM INDICATES DATA IS MISSING.
T  INDICATES TRACE AMOUNT.




$$
