000
CDUS42 KTAE 160631
CLIABY


CLIMATE REPORT
NATIONAL WEATHER SERVICE TALLAHASSEE FL
130 AM EST TUE JAN 16 2018


...................................

...THE ALBANY CLIMATE SUMMARY FOR JANUARY 15 2018...

CLIMATE NORMAL PERIOD 1981 TO 2010
CLIMATE RECORD PERIOD 1930 TO 2018


WEATHER ITEM   OBSERVED TIME   RECORD YEAR NORMAL DEPARTURE LAST
                VALUE   (LST)  VALUE       VALUE  FROM      YEAR
                                                  NORMAL
..................................................................
TEMPERATURE (F)
 YESTERDAY
  MAXIMUM         56    414 PM  83    1932  61     -5       77
  MINIMUM         28    737 AM  16    1964  38    -10       48
  AVERAGE         42                        49     -7       63

PRECIPITATION (IN)
  YESTERDAY        0.00                      0.13  -0.13     0.00
  MONTH TO DATE    0.53                      1.96  -1.43     3.30
  SINCE DEC 1      3.65                      5.71  -2.06    13.98
  SINCE JAN 1      0.53                      1.96  -1.43     3.30

SNOWFALL (IN)
  YESTERDAY        0.0
  MONTH TO DATE    0.0
  SINCE DEC 1      0.0
  SINCE JUL 1      0.0

DEGREE DAYS
 HEATING
  YESTERDAY       23                        16      7        2
  MONTH TO DATE  314                       240     74      159
  SINCE DEC 1    675                       683     -8      412
  SINCE JUL 1    890                       953    -63      553

 COOLING
  YESTERDAY        0                         0      0        0
  MONTH TO DATE    5                         0      5        7
  SINCE DEC 1     18                         9      9       30
  SINCE JAN 1      5                         0      5        7
..................................................................


WIND (MPH)
  HIGHEST WIND SPEED     9   HIGHEST WIND DIRECTION     E (80)
  HIGHEST GUST SPEED    13   HIGHEST GUST DIRECTION     N (20)
  AVERAGE WIND SPEED     2.4




RELATIVE HUMIDITY (PERCENT)
 HIGHEST    92
 LOWEST     32
 AVERAGE    62

..........................................................


THE ALBANY CLIMATE NORMALS FOR TODAY
                         NORMAL    RECORD    YEAR
 MAXIMUM TEMPERATURE (F)   61        80      2013
 MINIMUM TEMPERATURE (F)   38        18      1972


SUNRISE AND SUNSET
JANUARY 16 2018.......SUNRISE   736 AM EST   SUNSET   557 PM EST
JANUARY 17 2018.......SUNRISE   736 AM EST   SUNSET   558 PM EST


-  INDICATES NEGATIVE NUMBERS.
R  INDICATES RECORD WAS SET OR TIED.
MM INDICATES DATA IS MISSING.
T  INDICATES TRACE AMOUNT.




$$
