000
CDUS44 KFWD 100647
CLIACT


CLIMATE REPORT
NATIONAL WEATHER SERVICE FORT WORTH TX
1242 AM CST SAT DEC 10 2016

...................................

...THE WACO CLIMATE SUMMARY FOR DECEMBER 9 2016...

CLIMATE NORMAL PERIOD 1981 TO 2010
CLIMATE RECORD PERIOD 1901 TO 2016

WEATHER ITEM   OBSERVED TIME   RECORD YEAR NORMAL DEPARTURE LAST
                VALUE   (LST)  VALUE       VALUE  FROM      YEAR
                                                  NORMAL
..................................................................
TEMPERATURE (F)
 YESTERDAY
  MAXIMUM         46    343 PM  81    2012  60    -14       71
  MINIMUM         29    328 AM  17    2005  38     -9       40
  AVERAGE         38                        49    -11       56

PRECIPITATION (IN)
  YESTERDAY        0.00          1.98 1926   0.09  -0.09     0.00
  MONTH TO DATE    1.13                      0.79   0.34     0.00
  SINCE DEC 1      1.13                      0.79   0.34     0.00
  SINCE JAN 1     38.41                     32.73   5.68    50.12

SNOWFALL (IN)
  YESTERDAY        0.0           T    2008   0.0    0.0      0.0
  MONTH TO DATE    0.0                       0.0    0.0      0.0
  SINCE DEC 1      0.0                       0.0    0.0      0.0
  SINCE JUL 1      0.0                       0.1   -0.1      0.0
  SNOW DEPTH       0

DEGREE DAYS
 HEATING
  YESTERDAY       27                        16     11        9
  MONTH TO DATE  159                       134     25      137
  SINCE DEC 1    159                       134     25      137
  SINCE JUL 1    302                       462   -160      372

 COOLING
  YESTERDAY        0                         0      0        0
  MONTH TO DATE    0                         0      0        0
  SINCE DEC 1      0                         0      0        0
  SINCE JAN 1   3041                      2792    249     3050
..................................................................

WIND (MPH)
  HIGHEST WIND SPEED    14   HIGHEST WIND DIRECTION    NE (40)
  HIGHEST GUST SPEED    16   HIGHEST GUST DIRECTION    NE (50)
  AVERAGE WIND SPEED     6.1


SKY COVER
  POSSIBLE SUNSHINE  MM
  AVERAGE SKY COVER 0.7


WEATHER CONDITIONS
 THE FOLLOWING WEATHER WAS RECORDED YESTERDAY.
  NO SIGNIFICANT WEATHER WAS OBSERVED.


RELATIVE HUMIDITY (PERCENT)
 HIGHEST    70          1100 PM
 LOWEST     33           200 PM
 AVERAGE    52

..........................................................

THE WACO CLIMATE NORMALS FOR TODAY
                         NORMAL    RECORD    YEAR
 MAXIMUM TEMPERATURE (F)   60        80      1938
 MINIMUM TEMPERATURE (F)   38        18      1919


SUNRISE AND SUNSET
DECEMBER 10 2016......SUNRISE   718 AM CST   SUNSET   526 PM CST
DECEMBER 11 2016......SUNRISE   719 AM CST   SUNSET   526 PM CST


-  INDICATES NEGATIVE NUMBERS.
R  INDICATES RECORD WAS SET OR TIED.
MM INDICATES DATA IS MISSING.
T  INDICATES TRACE AMOUNT.

$$
