000
CDUS44 KFWD 050702
CLIACT


CLIMATE REPORT
NATIONAL WEATHER SERVICE FORT WORTH TX
102 AM CST THU MAR 5 2015


...................................

...THE WACO CLIMATE SUMMARY FOR MARCH 4 2015...

CLIMATE NORMAL PERIOD 1981 TO 2010
CLIMATE RECORD PERIOD 1901 TO 2015


WEATHER ITEM   OBSERVED TIME   RECORD YEAR NORMAL DEPARTURE LAST
                VALUE   (LST)  VALUE       VALUE  FROM      YEAR
                                                  NORMAL
..................................................................
TEMPERATURE (F)
 YESTERDAY
  MAXIMUM         56    207 AM  89    1902  66    -10       50
  MINIMUM         32   1159 PM  23    2002  44    -12       26
  AVERAGE         44                        55    -11       38

PRECIPITATION (IN)
  YESTERDAY        0.35          3.90 1912   0.12   0.23     0.00
  MONTH TO DATE    0.55                      0.45   0.10     0.02
  SINCE MAR 1      0.55                      0.45   0.10     0.02
  SINCE JAN 1      5.28                      5.20   0.08     0.78

SNOWFALL (IN)
  YESTERDAY        T             0.9  1917   0.0    0.0      0.0
  MONTH TO DATE    T                         0.0    0.0      0.1
  SINCE MAR 1      T                         0.0    0.0      0.1
  SINCE JUL 1      0.7                       0.9   -0.2      0.1
  SNOW DEPTH       0

DEGREE DAYS
 HEATING
  YESTERDAY       21                        11     10       27
  MONTH TO DATE   93                        44     49       88
  SINCE MAR 1     93                        44     49       88
  SINCE JUL 1   2047                      1856    191     2231

 COOLING
  YESTERDAY        0                         1     -1        0
  MONTH TO DATE    0                         3     -3        0
  SINCE MAR 1      0                         3     -3        0
  SINCE JAN 1      0                        12    -12        0
..................................................................


WIND (MPH)
  HIGHEST WIND SPEED    32   HIGHEST WIND DIRECTION     N (360)
  HIGHEST GUST SPEED    40   HIGHEST GUST DIRECTION     N (10)
  AVERAGE WIND SPEED    12.7


SKY COVER
  POSSIBLE SUNSHINE  MM
  AVERAGE SKY COVER 1.0


WEATHER CONDITIONS
 THE FOLLOWING WEATHER WAS RECORDED YESTERDAY.
  RAIN
  LIGHT RAIN
  FREEZING RAIN
  LT FREEZING RAIN
  LIGHT SNOW
  FOG
  FOG W/VISIBILITY <= 1/4 MILE
  HAZE


RELATIVE HUMIDITY (PERCENT)
 HIGHEST   100          1200 AM
 LOWEST     85          1100 PM
 AVERAGE    93

..........................................................


THE WACO CLIMATE NORMALS FOR TODAY
                         NORMAL    RECORD    YEAR
 MAXIMUM TEMPERATURE (F)   66        97      1991
 MINIMUM TEMPERATURE (F)   45        23      1989


SUNRISE AND SUNSET
MARCH  5 2015.........SUNRISE   651 AM CST   SUNSET   630 PM CST
MARCH  6 2015.........SUNRISE   650 AM CST   SUNSET   630 PM CST


-  INDICATES NEGATIVE NUMBERS.
R  INDICATES RECORD WAS SET OR TIED.
MM INDICATES DATA IS MISSING.
T  INDICATES TRACE AMOUNT.




$$
