000
CDUS44 KFWD 010638
CLIACT

CLIMATE REPORT
NATIONAL WEATHER SERVICE FORT WORTH TX
1237 AM CST SUN FEB 1 2015


...................................

...THE WACO CLIMATE SUMMARY FOR JANUARY 31 2015...

CLIMATE NORMAL PERIOD 1981 TO 2010
CLIMATE RECORD PERIOD 1901 TO 2015


WEATHER ITEM   OBSERVED TIME   RECORD YEAR NORMAL DEPARTURE LAST
                VALUE   (LST)  VALUE       VALUE  FROM      YEAR
                                                  NORMAL
..................................................................
TEMPERATURE (F)
 YESTERDAY
  MAXIMUM         58   1159 PM  89    1911  60     -2       76
  MINIMUM         45    322 AM  -5    1949  37      8       52
  AVERAGE         52                        48      4       64

PRECIPITATION (IN)
  YESTERDAY        0.42          0.80 1916   0.08   0.34     0.00
  MONTH TO DATE    3.48                      2.12   1.36     0.30
  SINCE DEC 1      4.02                      4.87  -0.85     1.64
  SINCE JAN 1      3.48                      2.12   1.36     0.30

SNOWFALL (IN)
  YESTERDAY       MM             0.8  1951   0.0   MM        0.0
  MONTH TO DATE    T                         0.3   -0.3       T
  SINCE DEC 1      T                         0.3   -0.3       T
  SINCE JUL 1      T                         0.4   -0.4       T
  SNOW DEPTH       0

DEGREE DAYS
 HEATING
  YESTERDAY       13                        17     -4        1
  MONTH TO DATE  630                       556     74      604
  SINCE DEC 1   1062                      1080    -18     1256
  SINCE JUL 1   1444                      1408     36     1670

 COOLING
  YESTERDAY        0                         0      0        0
  MONTH TO DATE    0                         3     -3        0
  SINCE DEC 1      4                         8     -4        0
  SINCE JAN 1      0                         3     -3        0
..................................................................


WIND (MPH)
  HIGHEST WIND SPEED    20   HIGHEST WIND DIRECTION     S (160)
  HIGHEST GUST SPEED    26   HIGHEST GUST DIRECTION     S (160)
  AVERAGE WIND SPEED     8.2


SKY COVER
  POSSIBLE SUNSHINE  MM
  AVERAGE SKY COVER 0.8


WEATHER CONDITIONS
 THE FOLLOWING WEATHER WAS RECORDED YESTERDAY.
  HEAVY RAIN
  RAIN
  LIGHT RAIN
  FOG


RELATIVE HUMIDITY (PERCENT)
 HIGHEST   100           600 PM
 LOWEST     56           100 AM
 AVERAGE    78

..........................................................


THE WACO CLIMATE NORMALS FOR TODAY
                         NORMAL    RECORD    YEAR
 MAXIMUM TEMPERATURE (F)   60        85      1963
 MINIMUM TEMPERATURE (F)   37         5      1949


SUNRISE AND SUNSET
FEBRUARY  1 2015......SUNRISE   722 AM CST   SUNSET   603 PM CST
FEBRUARY  2 2015......SUNRISE   721 AM CST   SUNSET   604 PM CST


-  INDICATES NEGATIVE NUMBERS.
R  INDICATES RECORD WAS SET OR TIED.
MM INDICATES DATA IS MISSING.
T  INDICATES TRACE AMOUNT.




$$
