000
CDUS44 KFWD 210640
CLIACT


CLIMATE REPORT
NATIONAL WEATHER SERVICE FORT WORTH TX
1238 AM CST TUE NOV 21 2017


...................................

...THE WACO CLIMATE SUMMARY FOR NOVEMBER 20 2017...

CLIMATE NORMAL PERIOD 1981 TO 2010
CLIMATE RECORD PERIOD 1901 TO 2017


WEATHER ITEM   OBSERVED TIME   RECORD YEAR NORMAL DEPARTURE LAST
                VALUE   (LST)  VALUE       VALUE  FROM      YEAR
                                                  NORMAL
..................................................................
TEMPERATURE (F)
 YESTERDAY
  MAXIMUM         67    336 PM  85    1949  67      0       65
  MINIMUM         32    705 AM  23    1937  45    -13       29
  AVERAGE         50                        56     -6       47

PRECIPITATION (IN)
  YESTERDAY        0.00          2.02 1934   0.08  -0.08     0.00
  MONTH TO DATE    1.30                      1.98  -0.68     2.97
  SINCE SEP 1      2.95                      8.94  -5.99     3.91
  SINCE JAN 1     31.66                     31.10   0.56    35.89

SNOWFALL (IN)
  YESTERDAY        0.0           T    1906   0.0    0.0      0.0
  MONTH TO DATE    0.0                       0.0    0.0      0.0
  SINCE SEP 1      0.0                       0.0    0.0      0.0
  SINCE JUL 1      0.0                       0.0    0.0      0.0
  SNOW DEPTH       0

DEGREE DAYS
 HEATING
  YESTERDAY       15                        10      5       18
  MONTH TO DATE   83                       142    -59       56
  SINCE SEP 1    164                       209    -45       65
  SINCE JUL 1    164                       209    -45       65

 COOLING
  YESTERDAY        0                         1     -1        0
  MONTH TO DATE   88                        32     56       55
  SINCE SEP 1    716                       593    123      800
  SINCE JAN 1   3056                      2788    268     3040
..................................................................


WIND (MPH)
  HIGHEST WIND SPEED    21   HIGHEST WIND DIRECTION     S (170)
  HIGHEST GUST SPEED    25   HIGHEST GUST DIRECTION     S (170)
  AVERAGE WIND SPEED     8.6


SKY COVER
  POSSIBLE SUNSHINE  MM
  AVERAGE SKY COVER 0.0


WEATHER CONDITIONS
 THE FOLLOWING WEATHER WAS RECORDED YESTERDAY.
  FOG
  HAZE


RELATIVE HUMIDITY (PERCENT)
 HIGHEST    96           300 AM
 LOWEST     26           300 PM
 AVERAGE    61

..........................................................


THE WACO CLIMATE NORMALS FOR TODAY
                         NORMAL    RECORD    YEAR
 MAXIMUM TEMPERATURE (F)   66        85      1967
 MINIMUM TEMPERATURE (F)   44        24      1937


SUNRISE AND SUNSET
NOVEMBER 21 2017......SUNRISE   702 AM CST   SUNSET   527 PM CST
NOVEMBER 22 2017......SUNRISE   703 AM CST   SUNSET   527 PM CST


-  INDICATES NEGATIVE NUMBERS.
R  INDICATES RECORD WAS SET OR TIED.
MM INDICATES DATA IS MISSING.
T  INDICATES TRACE AMOUNT.




$$
