000
CDUS44 KFWD 250639
CLIACT

CLIMATE REPORT
NATIONAL WEATHER SERVICE FORT WORTH TX
140 AM CDT MON SEP 25 2017

...................................

...THE WACO CLIMATE SUMMARY FOR SEPTEMBER 24 2017...

CLIMATE NORMAL PERIOD 1981 TO 2010
CLIMATE RECORD PERIOD 1901 TO 2017


WEATHER ITEM   OBSERVED TIME   RECORD YEAR NORMAL DEPARTURE LAST
                VALUE   (LST)  VALUE       VALUE  FROM      YEAR
                                                  NORMAL
..................................................................
TEMPERATURE (F)
 YESTERDAY
  MAXIMUM         94    406 PM 102    1977  87      7       95
  MINIMUM         70    627 AM  46    1989  63      7       75
  AVERAGE         82                        75      7       85

PRECIPITATION (IN)
  YESTERDAY        0.00          2.36 1964   0.10  -0.10      T
  MONTH TO DATE    0.00                      2.43  -2.43     0.33
  SINCE SEP 1      0.00                      2.43  -2.43     0.33
  SINCE JAN 1     28.71                     24.59   4.12    32.31

DEGREE DAYS
 HEATING
  YESTERDAY        0                         0      0        0
  MONTH TO DATE    0                         0      0        0
  SINCE SEP 1      0                         0      0        0
  SINCE JUL 1      0                         0      0        0

 COOLING
  YESTERDAY       17                        11      6       20
  MONTH TO DATE  356                       341     15      435
  SINCE SEP 1    356                       341     15      435
  SINCE JAN 1   2696                      2536    160     2675
..................................................................


WIND (MPH)
  HIGHEST WIND SPEED    17   HIGHEST WIND DIRECTION    SE (120)
  HIGHEST GUST SPEED    22   HIGHEST GUST DIRECTION     S (160)
  AVERAGE WIND SPEED     9.9


SKY COVER
  POSSIBLE SUNSHINE  MM
  AVERAGE SKY COVER 0.2


WEATHER CONDITIONS
 THE FOLLOWING WEATHER WAS RECORDED YESTERDAY.
  NO SIGNIFICANT WEATHER WAS OBSERVED.


RELATIVE HUMIDITY (PERCENT)
 HIGHEST    93           500 AM
 LOWEST     33           400 PM
 AVERAGE    63

..........................................................


THE WACO CLIMATE NORMALS FOR TODAY
                         NORMAL    RECORD    YEAR
 MAXIMUM TEMPERATURE (F)   87       106      2011
 MINIMUM TEMPERATURE (F)   63        43      1989


SUNRISE AND SUNSET
SEPTEMBER 25 2017.....SUNRISE   719 AM CDT   SUNSET   721 PM CDT
SEPTEMBER 26 2017.....SUNRISE   720 AM CDT   SUNSET   720 PM CDT


-  INDICATES NEGATIVE NUMBERS.
R  INDICATES RECORD WAS SET OR TIED.
MM INDICATES DATA IS MISSING.
T  INDICATES TRACE AMOUNT.

$$
