000
CDUS44 KFWD 250639
CLIACT


CLIMATE REPORT
NATIONAL WEATHER SERVICE FORT WORTH TX
138 AM CDT TUE APR 25 2017


...................................

...THE WACO CLIMATE SUMMARY FOR APRIL 24 2017...

CLIMATE NORMAL PERIOD 1981 TO 2010
CLIMATE RECORD PERIOD 1901 TO 2017


WEATHER ITEM   OBSERVED TIME   RECORD YEAR NORMAL DEPARTURE LAST
                VALUE   (LST)  VALUE       VALUE  FROM      YEAR
                                                  NORMAL
..................................................................
TEMPERATURE (F)
 YESTERDAY
  MAXIMUM         79    334 PM  92    2003  80     -1       78
                                      1984
  MINIMUM         44    601 AM  39    2013  57    -13       59
                                      1995
  AVERAGE         62                        68     -6       69

PRECIPITATION (IN)
  YESTERDAY        0.00          5.07 2004   0.11  -0.11     0.00
  MONTH TO DATE    6.96                      2.04   4.92     5.43
  SINCE MAR 1     10.28                      5.19   5.09    10.76
  SINCE JAN 1     16.44                      9.94   6.50    13.21

SNOWFALL (IN)
  YESTERDAY        0.0           0.0         0.0    0.0      0.0
  MONTH TO DATE    0.0                       0.1   -0.1      0.0
  SINCE MAR 1      0.0                       0.2   -0.2      0.0
  SINCE JUL 1      T                         1.0   -1.0      0.0
  SNOW DEPTH       0

DEGREE DAYS
 HEATING
  YESTERDAY        3                         1      2        0
  MONTH TO DATE   29                        72    -43       52
  SINCE MAR 1    147                       318   -171      203
  SINCE JUL 1   1323                      2130   -807     1680

 COOLING
  YESTERDAY        0                         5     -5        4
  MONTH TO DATE  105                        78     27       51
  SINCE MAR 1    200                       112     88       82
  SINCE JAN 1    258                       121    137       90
..................................................................


WIND (MPH)
  HIGHEST WIND SPEED    23   HIGHEST WIND DIRECTION     S (180)
  HIGHEST GUST SPEED    30   HIGHEST GUST DIRECTION     S (180)
  AVERAGE WIND SPEED    10.0


SKY COVER
  POSSIBLE SUNSHINE  MM
  AVERAGE SKY COVER 0.0


WEATHER CONDITIONS
 THE FOLLOWING WEATHER WAS RECORDED YESTERDAY.
  NO SIGNIFICANT WEATHER WAS OBSERVED.


RELATIVE HUMIDITY (PERCENT)
 HIGHEST   100           100 AM
 LOWEST     40           300 PM
 AVERAGE    70

..........................................................


THE WACO CLIMATE NORMALS FOR TODAY
                         NORMAL    RECORD    YEAR
 MAXIMUM TEMPERATURE (F)   80        94      1996
 MINIMUM TEMPERATURE (F)   57        38      1910


SUNRISE AND SUNSET
APRIL 25 2017.........SUNRISE   649 AM CDT   SUNSET   805 PM CDT
APRIL 26 2017.........SUNRISE   648 AM CDT   SUNSET   805 PM CDT


-  INDICATES NEGATIVE NUMBERS.
R  INDICATES RECORD WAS SET OR TIED.
MM INDICATES DATA IS MISSING.
T  INDICATES TRACE AMOUNT.




$$
