000
CDUS41 KPHI 232127
CLIACY


CLIMATE REPORT
NATIONAL WEATHER SERVICE MOUNT HOLLY NJ
426 PM EST THU FEB 23 2017


...................................

...THE ATLANTIC CITY NJ CLIMATE SUMMARY FOR FEBRUARY 23 2017...
VALID TODAY AS OF 0400 PM LOCAL TIME.

CLIMATE NORMAL PERIOD 1981 TO 2010
CLIMATE RECORD PERIOD 1874 TO 2017


WEATHER ITEM   OBSERVED TIME   RECORD YEAR NORMAL DEPARTURE LAST
                VALUE   (LST)  VALUE       VALUE  FROM      YEAR
                                                  NORMAL
..................................................................
TEMPERATURE (F)
 TODAY
  MAXIMUM         72R   220 PM  72    1985  46     26       46
  MINIMUM         39    151 AM   8    1963  28     11       33
                                      1907
  AVERAGE         56                        37     19       40

PRECIPITATION (IN)
  TODAY            0.00          2.37 1998   0.12  -0.12     0.75
  MONTH TO DATE    0.97                      2.31  -1.34     3.83
  SINCE DEC 1      8.44                      9.22  -0.78    12.11
  SINCE JAN 1      5.15                      5.53  -0.38     6.67

SNOWFALL (IN)
  TODAY            0.0           6.5  1987   0.2   -0.2      0.0
  MONTH TO DATE    0.3                       5.8   -5.5      3.9
  SINCE DEC 1      7.5                      14.0   -6.5     20.6
  SINCE JUL 1      7.5                      14.2   -6.7     20.6
  SNOW DEPTH       0

DEGREE DAYS
 HEATING
  TODAY            9                        28    -19       25
  MONTH TO DATE  535                       693   -158      657
  SINCE DEC 1   2173                      2547   -374     2068
  SINCE JUL 1   2920                      3454   -534     2763

 COOLING
  TODAY            0                         0      0        0
  MONTH TO DATE    0                         0      0        0
  SINCE DEC 1      0                         0      0        3
  SINCE JAN 1      0                         0      0        0
..................................................................


WIND (MPH)
  HIGHEST WIND SPEED    16   HIGHEST WIND DIRECTION    SW (210)
  HIGHEST GUST SPEED    21   HIGHEST GUST DIRECTION     S (200)
  AVERAGE WIND SPEED     5.4


SKY COVER
  POSSIBLE SUNSHINE  MM
  AVERAGE SKY COVER 0.5


WEATHER CONDITIONS
 THE FOLLOWING WEATHER WAS RECORDED TODAY.
  FOG
  FOG W/VISIBILITY <= 1/4 MILE


RELATIVE HUMIDITY (PERCENT)
 HIGHEST   100           800 AM
 LOWEST     49           200 PM
 AVERAGE    75

..........................................................


THE ATLANTIC CITY NJ CLIMATE NORMALS FOR TOMORROW
                         NORMAL    RECORD    YEAR
 MAXIMUM TEMPERATURE (F)   46        75      1985
 MINIMUM TEMPERATURE (F)   28         2      1889


SUNRISE AND SUNSET
FEBRUARY 23 2017......SUNRISE   639 AM EST   SUNSET   544 PM EST
FEBRUARY 24 2017......SUNRISE   638 AM EST   SUNSET   545 PM EST


-  INDICATES NEGATIVE NUMBERS.
R  INDICATES RECORD WAS SET OR TIED.
MM INDICATES DATA IS MISSING.
T  INDICATES TRACE AMOUNT.




$$
