000
CDUS41 KPHI 170546
CLIACY


CLIMATE REPORT
NATIONAL WEATHER SERVICE MOUNT HOLLY NJ
1245 AM EST SUN DEC 17 2017


...................................

...THE ATLANTIC CITY NJ CLIMATE SUMMARY FOR DECEMBER 16 2017...

CLIMATE NORMAL PERIOD 1981 TO 2010
CLIMATE RECORD PERIOD 1874 TO 2017


WEATHER ITEM   OBSERVED TIME   RECORD YEAR NORMAL DEPARTURE LAST
                VALUE   (LST)  VALUE       VALUE  FROM      YEAR
                                                  NORMAL
..................................................................
TEMPERATURE (F)
 YESTERDAY
  MAXIMUM         42    401 PM  66    1971  46     -4       27
  MINIMUM         15    602 AM   8    1968  28    -13       13
  AVERAGE         29                        37     -8       20

PRECIPITATION (IN)
  YESTERDAY        0.00          1.90 1974   0.12  -0.12     0.00
  MONTH TO DATE    1.03                      1.97  -0.94     1.68
  SINCE DEC 1      1.03                      1.97  -0.94     1.68
  SINCE JAN 1     49.96                     40.03   9.93    43.41

SNOWFALL (IN)
  YESTERDAY        0.0           4.0  1896   0.2   -0.2      0.0
  MONTH TO DATE    5.2                       1.7    3.5       T
  SINCE DEC 1      5.2                       1.7    3.5       T
  SINCE JUL 1      5.2                       1.9    3.3       T
  SNOW DEPTH       T

DEGREE DAYS
 HEATING
  YESTERDAY       36                        28      8       45
  MONTH TO DATE  431                       413     18      423
  SINCE DEC 1    431                       413     18      423
  SINCE JUL 1   1134                      1320   -186     1170

 COOLING
  YESTERDAY        0                         0      0        0
  MONTH TO DATE    0                         0      0        0
  SINCE DEC 1      0                         0      0        0
  SINCE JAN 1   1264                      1055    209     1340
..................................................................


WIND (MPH)
  HIGHEST WIND SPEED    20   HIGHEST WIND DIRECTION     W (260)
  HIGHEST GUST SPEED    27   HIGHEST GUST DIRECTION     W (250)
  AVERAGE WIND SPEED     8.4


SKY COVER
  POSSIBLE SUNSHINE  MM
  AVERAGE SKY COVER 0.3


WEATHER CONDITIONS
 THE FOLLOWING WEATHER WAS RECORDED YESTERDAY.
  FOG


RELATIVE HUMIDITY (PERCENT)
 HIGHEST    96           800 AM
 LOWEST     50          1200 PM
 AVERAGE    73

..........................................................


THE ATLANTIC CITY NJ CLIMATE NORMALS FOR TODAY
                         NORMAL    RECORD    YEAR
 MAXIMUM TEMPERATURE (F)   45        65      1984
 MINIMUM TEMPERATURE (F)   28         6      1876


SUNRISE AND SUNSET
DECEMBER 17 2017......SUNRISE   713 AM EST   SUNSET   436 PM EST
DECEMBER 18 2017......SUNRISE   713 AM EST   SUNSET   437 PM EST


-  INDICATES NEGATIVE NUMBERS.
R  INDICATES RECORD WAS SET OR TIED.
MM INDICATES DATA IS MISSING.
T  INDICATES TRACE AMOUNT.




$$
