000
CDUS41 KPHI 190635
CLIACY


CLIMATE REPORT
NATIONAL WEATHER SERVICE MOUNT HOLLY NJ
235 AM EDT FRI SEP 19 2014


...................................

...THE ATLANTIC CITY NJ CLIMATE SUMMARY FOR SEPTEMBER 18 2014...

CLIMATE NORMAL PERIOD 1981 TO 2010
CLIMATE RECORD PERIOD 1874 TO 2014


WEATHER ITEM   OBSERVED TIME   RECORD YEAR NORMAL DEPARTURE LAST
                VALUE   (LST)  VALUE       VALUE  FROM      YEAR
                                                  NORMAL
..................................................................
TEMPERATURE (F)
 YESTERDAY
  MAXIMUM         75   1235 PM  89    1965  76     -1       71
  MINIMUM         50    610 AM  36    1990  57     -7       40
  AVERAGE         63                        66     -3       56

PRECIPITATION (IN)
  YESTERDAY        0.00          4.01 1936   0.11  -0.11     0.00
  MONTH TO DATE    1.05                      1.78  -0.73     0.71
  SINCE SEP 1      1.05                      1.78  -0.73     0.71
  SINCE JAN 1     37.77                     30.00   7.77    32.13

SNOWFALL (IN)
  YESTERDAY        0.0           0.0  1903   0.0    0.0      0.0
  MONTH TO DATE    0.0                       0.0    0.0      0.0
  SINCE SEP 1      0.0                       0.0    0.0      0.0
  SINCE JUL 1      0.0                       0.0    0.0      0.0
  SNOW DEPTH       0

DEGREE DAYS
 HEATING
  YESTERDAY        2                         2      0        9
  MONTH TO DATE   14                        19     -5       43
  SINCE SEP 1     14                        19     -5       43
  SINCE JUL 1     14                        22     -8       43

 COOLING
  YESTERDAY        0                         4     -4        0
  MONTH TO DATE  111                        98     13       96
  SINCE SEP 1    111                        98     13       96
  SINCE JAN 1    823                      1007   -184     1052
..................................................................


WIND (MPH)
  HIGHEST WIND SPEED    10   HIGHEST WIND DIRECTION    NW (330)
  HIGHEST GUST SPEED    16   HIGHEST GUST DIRECTION     N (10)
  AVERAGE WIND SPEED     3.3


SKY COVER
  POSSIBLE SUNSHINE  MM
  AVERAGE SKY COVER 0.3


WEATHER CONDITIONS
 THE FOLLOWING WEATHER WAS RECORDED YESTERDAY.
  NO SIGNIFICANT WEATHER WAS OBSERVED.


RELATIVE HUMIDITY (PERCENT)
 HIGHEST    96          1200 AM
 LOWEST     41           100 PM
 AVERAGE    69

..........................................................


THE ATLANTIC CITY NJ CLIMATE NORMALS FOR TODAY
                         NORMAL    RECORD    YEAR
 MAXIMUM TEMPERATURE (F)   76        91      1983
                                             1965
 MINIMUM TEMPERATURE (F)   56        40      1990
                                             1959


SUNRISE AND SUNSET
SEPTEMBER 19 2014.....SUNRISE   643 AM EDT   SUNSET   700 PM EDT
SEPTEMBER 20 2014.....SUNRISE   644 AM EDT   SUNSET   659 PM EDT


-  INDICATES NEGATIVE NUMBERS.
R  INDICATES RECORD WAS SET OR TIED.
MM INDICATES DATA IS MISSING.
T  INDICATES TRACE AMOUNT.




$$
