000
CDUS41 KPHI 300628
CLIACY


CLIMATE REPORT
NATIONAL WEATHER SERVICE MOUNT HOLLY NJ
228 AM EDT TUE SEP 30 2014


...................................

...THE ATLANTIC CITY NJ CLIMATE SUMMARY FOR SEPTEMBER 29 2014...

CLIMATE NORMAL PERIOD 1981 TO 2010
CLIMATE RECORD PERIOD 1874 TO 2014


WEATHER ITEM   OBSERVED TIME   RECORD YEAR NORMAL DEPARTURE LAST
                VALUE   (LST)  VALUE       VALUE  FROM      YEAR
                                                  NORMAL
..................................................................
TEMPERATURE (F)
 YESTERDAY
  MAXIMUM         77    106 PM  86    1884  72      5       71
  MINIMUM         60    152 AM  36    1969  52      8       47
  AVERAGE         69                        62      7       59

PRECIPITATION (IN)
  YESTERDAY        0.03          1.57 1964   0.12  -0.09     0.00
  MONTH TO DATE    3.47                      3.03   0.44     1.18
  SINCE SEP 1      3.47                      3.03   0.44     1.18
  SINCE JAN 1     40.19                     31.25   8.94    32.60

SNOWFALL (IN)
  YESTERDAY        0.0           0.0  1903   0.0    0.0      0.0
  MONTH TO DATE    0.0                       0.0    0.0      0.0
  SINCE SEP 1      0.0                       0.0    0.0      0.0
  SINCE JUL 1      0.0                       0.0    0.0      0.0
  SNOW DEPTH       0

DEGREE DAYS
 HEATING
  YESTERDAY        0                         5     -5        6
  MONTH TO DATE   38                        55    -17       97
  SINCE SEP 1     38                        55    -17       97
  SINCE JUL 1     38                        58    -20       97

 COOLING
  YESTERDAY        4                         2      2        0
  MONTH TO DATE  127                       124      3       96
  SINCE SEP 1    127                       124      3       96
  SINCE JAN 1    839                      1033   -194     1052
..................................................................


WIND (MPH)
  HIGHEST WIND SPEED    10   HIGHEST WIND DIRECTION     W (260)
  HIGHEST GUST SPEED    15   HIGHEST GUST DIRECTION     W (260)
  AVERAGE WIND SPEED     4.0


SKY COVER
  POSSIBLE SUNSHINE  MM
  AVERAGE SKY COVER 0.2


WEATHER CONDITIONS
 THE FOLLOWING WEATHER WAS RECORDED YESTERDAY.
  LIGHT RAIN
  FOG
  FOG W/VISIBILITY <= 1/4 MILE


RELATIVE HUMIDITY (PERCENT)
 HIGHEST   100          1200 AM
 LOWEST     58           100 PM
 AVERAGE    79

..........................................................


THE ATLANTIC CITY NJ CLIMATE NORMALS FOR TODAY
                         NORMAL    RECORD    YEAR
 MAXIMUM TEMPERATURE (F)   72        88      1986
 MINIMUM TEMPERATURE (F)   52        32      1969


SUNRISE AND SUNSET
SEPTEMBER 30 2014.....SUNRISE   653 AM EDT   SUNSET   642 PM EDT
OCTOBER  1 2014.......SUNRISE   654 AM EDT   SUNSET   641 PM EDT


-  INDICATES NEGATIVE NUMBERS.
R  INDICATES RECORD WAS SET OR TIED.
MM INDICATES DATA IS MISSING.
T  INDICATES TRACE AMOUNT.




$$
