000
CDUS41 KPHI 180550
CLIACY


CLIMATE REPORT
NATIONAL WEATHER SERVICE MOUNT HOLLY NJ
149 AM EDT FRI AUG 18 2017


...................................

...THE ATLANTIC CITY NJ CLIMATE SUMMARY FOR AUGUST 17 2017...

CLIMATE NORMAL PERIOD 1981 TO 2010
CLIMATE RECORD PERIOD 1874 TO 2017


WEATHER ITEM   OBSERVED TIME   RECORD YEAR NORMAL DEPARTURE LAST
                VALUE   (LST)  VALUE       VALUE  FROM      YEAR
                                                  NORMAL
..................................................................
TEMPERATURE (F)
 YESTERDAY
  MAXIMUM         85    409 PM  97    2002  84      1       93
  MINIMUM         67    526 AM  46    1979  65      2       72
  AVERAGE         76                        74      2       83

PRECIPITATION (IN)
  YESTERDAY        0.00          3.03 1992   0.14  -0.14     0.19
  MONTH TO DATE    2.64                      2.39   0.25     0.52
  SINCE JUN 1     15.32                      9.22   6.10    11.66
  SINCE JAN 1     36.98                     26.50  10.48    31.72

SNOWFALL (IN)
  YESTERDAY        0.0           0.0    MM   0.0    0.0      0.0
  MONTH TO DATE    0.0                       0.0    0.0      0.0
  SINCE JUN 1      0.0                       0.0    0.0      0.0
  SINCE JUL 1      0.0                       0.0    0.0      0.0
  SNOW DEPTH       0

DEGREE DAYS
 HEATING
  YESTERDAY        0                         0      0        0
  MONTH TO DATE    0                         0      0        0
  SINCE JUN 1     24                        27     -3        4
  SINCE JUL 1      0                         0      0        0

 COOLING
  YESTERDAY       11                        10      1       18
  MONTH TO DATE  165                       178    -13      255
  SINCE JUN 1    813                       728     85      859
  SINCE JAN 1    898                       792    106      938
..................................................................


WIND (MPH)
  HIGHEST WIND SPEED    13   HIGHEST WIND DIRECTION    SE (130)
  HIGHEST GUST SPEED    18   HIGHEST GUST DIRECTION     E (110)
  AVERAGE WIND SPEED     5.7


SKY COVER
  POSSIBLE SUNSHINE  MM
  AVERAGE SKY COVER 0.3


WEATHER CONDITIONS
 THE FOLLOWING WEATHER WAS RECORDED YESTERDAY.
  FOG
  FOG W/VISIBILITY <= 1/4 MILE


RELATIVE HUMIDITY (PERCENT)
 HIGHEST   100           100 AM
 LOWEST     55           200 PM
 AVERAGE    78

..........................................................


THE ATLANTIC CITY NJ CLIMATE NORMALS FOR TODAY
                         NORMAL    RECORD    YEAR
 MAXIMUM TEMPERATURE (F)   84        96      2002
 MINIMUM TEMPERATURE (F)   65        52      1981
                                             1979


SUNRISE AND SUNSET
AUGUST 18 2017........SUNRISE   614 AM EDT   SUNSET   750 PM EDT
AUGUST 19 2017........SUNRISE   615 AM EDT   SUNSET   748 PM EDT


-  INDICATES NEGATIVE NUMBERS.
R  INDICATES RECORD WAS SET OR TIED.
MM INDICATES DATA IS MISSING.
T  INDICATES TRACE AMOUNT.




$$
