000
CDUS41 KPHI 230631
CLIACY


CLIMATE REPORT
NATIONAL WEATHER SERVICE MOUNT HOLLY NJ
230 AM EDT SAT MAY 23 2015


...................................

...THE ATLANTIC CITY NJ CLIMATE SUMMARY FOR MAY 22 2015...

CLIMATE NORMAL PERIOD 1981 TO 2010
CLIMATE RECORD PERIOD 1874 TO 2015


WEATHER ITEM   OBSERVED TIME   RECORD YEAR NORMAL DEPARTURE LAST
                VALUE   (LST)  VALUE       VALUE  FROM      YEAR
                                                  NORMAL
..................................................................
TEMPERATURE (F)
 YESTERDAY
  MAXIMUM         77    242 PM  91    1992  73      4       71
  MINIMUM         53   1159 PM  36    2002  53      0       58
  AVERAGE         65                        63      2       65

PRECIPITATION (IN)
  YESTERDAY        0.00          1.19 1909   0.12  -0.12     0.64
  MONTH TO DATE    0.71                      2.30  -1.59     1.66
  SINCE MAR 1      9.90                     10.14  -0.24    11.03
  SINCE JAN 1     17.96                     16.23   1.73    19.58

SNOWFALL (IN)
  YESTERDAY        0.0           0.0  1903   0.0    0.0      0.0
  MONTH TO DATE    0.0                       0.0    0.0      0.0
  SINCE MAR 1      7.4                       1.4    6.0     15.6
  SINCE JUL 1     22.4                      16.5    5.9     43.8
  SNOW DEPTH       0

DEGREE DAYS
 HEATING
  YESTERDAY        0                         4     -4        0
  MONTH TO DATE   69                       145    -76       98
  SINCE MAR 1   1268                      1258     10     1411
  SINCE JUL 1   5143                      4849    294     5274

 COOLING
  YESTERDAY        0                         2     -2        0
  MONTH TO DATE   72                        30     42       14
  SINCE MAR 1     72                        39     33       14
  SINCE JAN 1     72                        39     33       14
..................................................................


WIND (MPH)
  HIGHEST WIND SPEED    28   HIGHEST WIND DIRECTION     W (290)
  HIGHEST GUST SPEED    38   HIGHEST GUST DIRECTION    NW (300)
  AVERAGE WIND SPEED    11.1


SKY COVER
  POSSIBLE SUNSHINE  MM
  AVERAGE SKY COVER 0.2


WEATHER CONDITIONS
 THE FOLLOWING WEATHER WAS RECORDED YESTERDAY.
  FOG


RELATIVE HUMIDITY (PERCENT)
 HIGHEST   100           200 AM
 LOWEST     29           200 PM
 AVERAGE    65

..........................................................


THE ATLANTIC CITY NJ CLIMATE NORMALS FOR TODAY
                         NORMAL    RECORD    YEAR
 MAXIMUM TEMPERATURE (F)   73        95      1925
 MINIMUM TEMPERATURE (F)   53        39      1981


SUNRISE AND SUNSET
MAY 23 2015...........SUNRISE   538 AM EDT   SUNSET   812 PM EDT
MAY 24 2015...........SUNRISE   538 AM EDT   SUNSET   813 PM EDT


-  INDICATES NEGATIVE NUMBERS.
R  INDICATES RECORD WAS SET OR TIED.
MM INDICATES DATA IS MISSING.
T  INDICATES TRACE AMOUNT.




$$
