000
CDUS41 KPHI 312133
CLIACY


CLIMATE REPORT
NATIONAL WEATHER SERVICE MOUNT HOLLY NJ
532 PM EDT FRI JUL 31 2015


...................................

...THE ATLANTIC CITY NJ CLIMATE SUMMARY FOR JULY 31 2015...
VALID TODAY AS OF 0500 PM LOCAL TIME.

CLIMATE NORMAL PERIOD 1981 TO 2010
CLIMATE RECORD PERIOD 1874 TO 2015


WEATHER ITEM   OBSERVED TIME   RECORD YEAR NORMAL DEPARTURE LAST
                VALUE   (LST)  VALUE       VALUE  FROM      YEAR
                                                  NORMAL
..................................................................
TEMPERATURE (F)
 TODAY
  MAXIMUM         89    323 PM  99    1917  85      4       84
  MINIMUM         70    541 AM  54    2001  67      3       56
  AVERAGE         80                        76      4       70

PRECIPITATION (IN)
  TODAY            0.00          2.33 1925   0.13  -0.13     0.00
  MONTH TO DATE    6.59                      3.72   2.87     5.09
  SINCE JUN 1     14.95                      6.83   8.12     6.63
  SINCE JAN 1     31.20                     24.11   7.09    26.81

SNOWFALL (IN)
  TODAY            0.0           0.0  1903   0.0    0.0      0.0
  MONTH TO DATE    0.0                       0.0    0.0      0.0
  SINCE JUN 1      0.0                       0.0    0.0      0.0
  SINCE JUL 1      0.0                       0.0    0.0      0.0
  SNOW DEPTH       0

DEGREE DAYS
 HEATING
  TODAY            0                         0      0        0
  MONTH TO DATE    0                         0      0        0
  SINCE JUN 1     26                        27     -1       10
  SINCE JUL 1      0                         0      0        0

 COOLING
  TODAY           15                        11      4        5
  MONTH TO DATE  360                       347     13      291
  SINCE JUN 1    605                       550     55      487
  SINCE JAN 1    739                       614    125      523
..................................................................


WIND (MPH)
  HIGHEST WIND SPEED    13   HIGHEST WIND DIRECTION     W (290)
  HIGHEST GUST SPEED    21   HIGHEST GUST DIRECTION    NW (330)
  AVERAGE WIND SPEED     7.2


SKY COVER
  POSSIBLE SUNSHINE  MM
  AVERAGE SKY COVER 0.1


WEATHER CONDITIONS
 THE FOLLOWING WEATHER WAS RECORDED TODAY.
  FOG


RELATIVE HUMIDITY (PERCENT)
 HIGHEST   100           200 AM
 LOWEST     39           200 PM
 AVERAGE    70

..........................................................


THE ATLANTIC CITY NJ CLIMATE NORMALS FOR TOMORROW
                         NORMAL    RECORD    YEAR
 MAXIMUM TEMPERATURE (F)   85        97      2006
                                             1999
 MINIMUM TEMPERATURE (F)   67        53      2001


SUNRISE AND SUNSET
JULY 31 2015..........SUNRISE   557 AM EDT   SUNSET   812 PM EDT
AUGUST  1 2015........SUNRISE   558 AM EDT   SUNSET   811 PM EDT


-  INDICATES NEGATIVE NUMBERS.
R  INDICATES RECORD WAS SET OR TIED.
MM INDICATES DATA IS MISSING.
T  INDICATES TRACE AMOUNT.




$$
