000
CDUS41 KPHI 270632
CLIACY


CLIMATE REPORT
NATIONAL WEATHER SERVICE MOUNT HOLLY NJ
131 AM EST THU NOV 27 2014


...................................

...THE ATLANTIC CITY NJ CLIMATE SUMMARY FOR NOVEMBER 26 2014...

CLIMATE NORMAL PERIOD 1981 TO 2010
CLIMATE RECORD PERIOD 1874 TO 2014


WEATHER ITEM   OBSERVED TIME   RECORD YEAR NORMAL DEPARTURE LAST
                VALUE   (LST)  VALUE       VALUE  FROM      YEAR
                                                  NORMAL
..................................................................
TEMPERATURE (F)
 YESTERDAY
  MAXIMUM         47    224 AM  71    2011  52     -5       58
  MINIMUM         35    809 PM  17    2005  34      1       32
  AVERAGE         41                        43     -2       45

PRECIPITATION (IN)
  YESTERDAY        1.07          1.73 2000   0.11   0.96     0.63
  MONTH TO DATE    5.37                      2.81   2.56     1.41
  SINCE SEP 1     12.11                      9.38   2.73     7.50
  SINCE JAN 1     48.83                     37.60  11.23    38.92

SNOWFALL (IN)
  YESTERDAY        T   R         T    1977   0.0    0.0      0.0
                                      1957
                                      1955
  MONTH TO DATE    T                         0.1   -0.1       T
  SINCE SEP 1      T                         0.1   -0.1       T
  SINCE JUL 1      T                         0.1   -0.1       T
  SNOW DEPTH       0

DEGREE DAYS
 HEATING
  YESTERDAY       24                        22      2       20
  MONTH TO DATE  523                       458     65      520
  SINCE SEP 1    797                       813    -16      885
  SINCE JUL 1    797                       816    -19      885

 COOLING
  YESTERDAY        0                         0      0        0
  MONTH TO DATE    0                         0      0        0
  SINCE SEP 1    145                       145      0      132
  SINCE JAN 1    857                      1054   -197     1088
..................................................................


WIND (MPH)
  HIGHEST WIND SPEED    25   HIGHEST WIND DIRECTION     N (10)
  HIGHEST GUST SPEED    32   HIGHEST GUST DIRECTION     N (20)
  AVERAGE WIND SPEED    13.5


SKY COVER
  POSSIBLE SUNSHINE  MM
  AVERAGE SKY COVER 1.0


WEATHER CONDITIONS
 THE FOLLOWING WEATHER WAS RECORDED YESTERDAY.
  HEAVY RAIN
  RAIN
  LIGHT RAIN
  LIGHT SNOW
  FOG


RELATIVE HUMIDITY (PERCENT)
 HIGHEST   100          1200 PM
 LOWEST     71          1200 AM
 AVERAGE    86

..........................................................


THE ATLANTIC CITY NJ CLIMATE NORMALS FOR TODAY
                         NORMAL    RECORD    YEAR
 MAXIMUM TEMPERATURE (F)   52        69      1981
 MINIMUM TEMPERATURE (F)   34        16      1991
                                             1903


SUNRISE AND SUNSET
NOVEMBER 27 2014......SUNRISE   655 AM EST   SUNSET   436 PM EST
NOVEMBER 28 2014......SUNRISE   656 AM EST   SUNSET   436 PM EST


-  INDICATES NEGATIVE NUMBERS.
R  INDICATES RECORD WAS SET OR TIED.
MM INDICATES DATA IS MISSING.
T  INDICATES TRACE AMOUNT.




$$
