975
CDUS41 KPHI 120629
CLIACY


CLIMATE REPORT
NATIONAL WEATHER SERVICE MOUNT HOLLY NJ
128 AM EST FRI FEB 12 2016


...................................

...THE ATLANTIC CITY NJ CLIMATE SUMMARY FOR FEBRUARY 11 2016...

CLIMATE NORMAL PERIOD 1981 TO 2010
CLIMATE RECORD PERIOD 1874 TO 2016


WEATHER ITEM   OBSERVED TIME   RECORD YEAR NORMAL DEPARTURE LAST
                VALUE   (LST)  VALUE       VALUE  FROM      YEAR
                                                  NORMAL
..................................................................
TEMPERATURE (F)
 YESTERDAY
  MAXIMUM         28    307 PM  69    2009  43    -15       38
  MINIMUM         20   1159 PM  -8    1979  26     -6       20
  AVERAGE         24                        35    -11       29

PRECIPITATION (IN)
  YESTERDAY        0.00          1.70 1886   0.10  -0.10     0.00
  MONTH TO DATE    1.64                      1.07   0.57     1.10
  SINCE DEC 1      9.92                      7.98   1.94    11.91
  SINCE JAN 1      4.48                      4.29   0.19     6.38

SNOWFALL (IN)
  YESTERDAY        0.0          11.8  1983   0.3   -0.3      0.0
  MONTH TO DATE    2.8                       2.8    0.0       T
  SINCE DEC 1     19.5                      11.0    8.5      5.2
  SINCE JUL 1     19.5                      11.2    8.3      5.2
  SNOW DEPTH       0

DEGREE DAYS
 HEATING
  YESTERDAY       41                        30     11       36
  MONTH TO DATE  291                       342    -51      366
  SINCE DEC 1   1702                      2196   -494     2206
  SINCE JUL 1   2397                      3103   -706     3113

 COOLING
  YESTERDAY        0                         0      0        0
  MONTH TO DATE    0                         0      0        0
  SINCE DEC 1      3                         0      3        0
  SINCE JAN 1      0                         0      0        0
..................................................................


WIND (MPH)
  HIGHEST WIND SPEED    32   HIGHEST WIND DIRECTION     W (260)
  HIGHEST GUST SPEED    42   HIGHEST GUST DIRECTION     W (290)
  AVERAGE WIND SPEED    17.0


SKY COVER
  POSSIBLE SUNSHINE  MM
  AVERAGE SKY COVER 0.4


WEATHER CONDITIONS
 THE FOLLOWING WEATHER WAS RECORDED YESTERDAY.
  NO SIGNIFICANT WEATHER WAS OBSERVED.


RELATIVE HUMIDITY (PERCENT)
 HIGHEST    63           100 AM
 LOWEST     32          1200 PM
 AVERAGE    48

..........................................................


THE ATLANTIC CITY NJ CLIMATE NORMALS FOR TODAY
                         NORMAL    RECORD    YEAR
 MAXIMUM TEMPERATURE (F)   44        62      1999
 MINIMUM TEMPERATURE (F)   26       -11      1979


SUNRISE AND SUNSET
FEBRUARY 12 2016......SUNRISE   655 AM EST   SUNSET   531 PM EST
FEBRUARY 13 2016......SUNRISE   653 AM EST   SUNSET   532 PM EST


-  INDICATES NEGATIVE NUMBERS.
R  INDICATES RECORD WAS SET OR TIED.
MM INDICATES DATA IS MISSING.
T  INDICATES TRACE AMOUNT.




$$
