000
CDAK48 PADQ 281249
CLIADQ

CLIMATE REPORT
NATIONAL WEATHER SERVICE KODIAK, AK
449 AM AKDT FRI AUG 28 2015

...................................
...THE KODIAK AP CLIMATE SUMMARY FOR AUGUST 27 2015...

CLIMATE NORMAL PERIOD  1981 TO  2010
CLIMATE RECORD PERIOD  1913 TO  2015

WEATHER ITEM   OBSERVED TIME    RECORD YEAR NORMAL DEPARTURE LAST
               VALUE    (LST)   VALUE       VALUE  FROM      YEAR
                                                   NORMAL
...................................................................
TEMPERATURE
YESTERDAY
 MAXIMUM            67  0309 PM    81  1930     61       6     57
 MINIMUM            56  1159 PM    35  1998     48       8     48
 AVERAGE            62                          54       8     53

PRECIPITATION
(INCHES)
 YESTERDAY        0.00           2.25  1988   0.17   -0.17   0.57
 MONTH TO DATE    1.85                        3.88   -2.03   6.89
 SINCE JUN 1      8.25                       14.72   -6.47  15.69
 SINCE JAN 1     47.37                       46.11    1.26  49.22

SNOWFALL
(INCHES)
 YESTERDAY         0.0            0.0  2015    0.0     0.0    0.0
 MONTH TO DATE     0.0                         0.0     0.0    0.0
 SINCE JUN 1       0.0                         0.0     0.0    0.0
 SINCE JUL 1       0.0                         0.0     0.0    0.0
 SNOW DEPTH (IN)     0                                          0

DEGREE DAYS
 HEATING
  YESTERDAY          3                          11      -8     12
  MONTH TO DATE    148                         259    -111    217
  SINCE JUN 1      686                        1046    -360    879
  SINCE JUL 1      375                         585    -210    457

 COOLING
  YESTERDAY          0                           0       0      0
  MONTH TO DATE      0                           0       0      0
  SINCE JUN 1        1                           0       1      0
  SINCE JAN 1        1                           0       1      4
...................................................................

WIND (MPH)
 HIGHEST WIND SPEED    49     HIGHEST WIND DIRECTION    280
 HIGHEST GUST SPEED    65     HIGHEST GUST DIRECTION    280
 AVERAGE WIND SPEED  22.6

SKY COVER
  POSSIBLE SUNSHINE    MM          AVERAGE SKY COVER     MM

WEATHER CONDITIONS
 THE FOLLOWING WEATHER WAS RECORDED YESTERDAY.
  NO SIGNIFICANT WEATHER WAS OBSERVED.

RELATIVE HUMIDITY
 HIGHEST RH     MM PERCENT       MM
 LOWEST  RH     MM PERCENT       MM
 AVERAGE RH     MM PERCENT       MM
...................................................................

THE KODIAK CLIMATE NORMALS FOR TODAY
                           NORMAL    RECORD   YEAR
 MAXIMUM TEMPERATURE (F)     60        80     1930
 MINIMUM TEMPERATURE (F)     48        36     1994

SUNRISE AND SUNSET
 AUG 28 2015..........SUNRISE  7:02 AM      SUNSET  9:19 PM
 AUG 29 2015..........SUNRISE  7:05 AM      SUNSET  9:17 PM

-  INDICATES NEGATIVE NUMBERS.
R  INDICATES RECORD HAS BEEN SET OR TIED.
MM INDICATES DATA IS MISSING.
T  INDICATES TRACE OF PRECIPITATION.

&&
-------------------------------------------------------------------

AMOUNT OF DAYLIGHT TODAY  (HOUR:MIN)........14 HOURS 17 MINUTES
GAIN/LOSS SINCE YESTERDAY (HOUR:MIN:SEC)....-0:04:50

$$
LRM AUG 15
