450
CDAK48 PAFC 181303
CLIADQ


CLIMATE REPORT
NATIONAL WEATHER SERVICE ANCHORAGE, AK
403 AM AKST THU JAN 18 2018


...................................

...THE KODIAK CLIMATE SUMMARY FOR JANUARY 17 2018...

CLIMATE NORMAL PERIOD 1981 TO 2010
CLIMATE RECORD PERIOD 1913 TO 2018


WEATHER ITEM   OBSERVED TIME   RECORD YEAR NORMAL DEPARTURE LAST
                VALUE   (LST)  VALUE       VALUE  FROM      YEAR
                                                  NORMAL
..................................................................
TEMPERATURE (F)
 YESTERDAY
  MAXIMUM         42    230 PM  46    2014  35      7       22
                                      1930
  MINIMUM         38    741 AM   3    1934  26     12        7
  AVERAGE         40                        30     10       15

PRECIPITATION (IN)
  YESTERDAY        0.44          2.74 2014   0.27   0.17      T
  MONTH TO DATE    5.81                      4.70   1.11     0.53
  SINCE SEP 1     33.00                     35.91  -2.91    30.52
  SINCE JAN 1      5.81                      4.70   1.11     0.53

SNOWFALL (IN)
  YESTERDAY        0.0           5.3  2012   0.5   -0.5      0.1
  MONTH TO DATE    1.5                       6.6   -5.1      0.6
  SINCE SEP 1     11.4                      27.9  -16.5      6.2
  SINCE JUL 1     11.4                      27.9  -16.5      6.2
  SNOW DEPTH       0

DEGREE DAYS
 HEATING
  YESTERDAY       25                        35    -10       50
  MONTH TO DATE  490                       583    -93      622
  SINCE DEC 1   1375                      1631   -256     1655
  SINCE JUL 1   3938                      4426   -488     3857

 COOLING
  YESTERDAY        0                         0      0        0
  MONTH TO DATE    0                         0      0        0
  SINCE DEC 1      0                         0      0        0
  SINCE JAN 1      0                         0      0        0
..................................................................


WIND (MPH)
  RESULTANT WIND SPEED   3   RESULTANT WIND DIRECTION  NE (50)
  HIGHEST WIND SPEED    13   HIGHEST WIND DIRECTION     E (90)
  HIGHEST GUST SPEED    15   HIGHEST GUST DIRECTION    NW (300)
  AVERAGE WIND SPEED     4.6



WEATHER CONDITIONS
 THE FOLLOWING WEATHER WAS RECORDED YESTERDAY.
  RAIN
  LIGHT RAIN
  FOG
  FOG W/VISIBILITY <= 1/4 MILE


RELATIVE HUMIDITY (PERCENT)
 HIGHEST   100
 LOWEST     92
 AVERAGE    96

..........................................................


THE KODIAK CLIMATE NORMALS FOR TODAY
                         NORMAL    RECORD    YEAR
 MAXIMUM TEMPERATURE (F)   35        46      1962
 MINIMUM TEMPERATURE (F)   26        -1      1947


SUNRISE AND SUNSET
JANUARY 18 2018.......SUNRISE   937 AM AKST  SUNSET   505 PM AKST
JANUARY 19 2018.......SUNRISE   936 AM AKST  SUNSET   507 PM AKST


-  INDICATES NEGATIVE NUMBERS.
R  INDICATES RECORD WAS SET OR TIED.
MM INDICATES DATA IS MISSING.
T  INDICATES TRACE AMOUNT.




$$
