000
CDAK48 PADQ 260912
CLIADQ

CLIMATE REPORT
NATIONAL WEATHER SERVICE KODIAK, AK
1212 AM AKST WED NOV 26 2014

...................................
...THE KODIAK AP CLIMATE SUMMARY FOR NOVEMBER 25 2014...

CLIMATE NORMAL PERIOD  1981 TO  2010
CLIMATE RECORD PERIOD  1949 TO  2014

WEATHER ITEM   OBSERVED TIME    RECORD YEAR NORMAL DEPARTURE LAST
               VALUE    (LST)   VALUE       VALUE  FROM      YEAR
                                                   NORMAL
...................................................................
TEMPERATURE
YESTERDAY
 MAXIMUM            41  0255 PM    54  1970     37       4     42
 MINIMUM            28  1151 PM     5  2005     27       1     31
 AVERAGE            35                          32       3     37

PRECIPITATION
(INCHES)
 YESTERDAY        0.00           1.85  1982   0.24   -0.24   0.12
 MONTH TO DATE   12.80                        5.60    7.20   3.60
 SINCE SEP 1     26.22                       21.21    5.01  21.10
 SINCE JAN 1     75.45                       68.00    7.45  61.01

SNOWFALL
(INCHES)
 YESTERDAY         0.0            2.6  1976    0.3    -0.3    0.0
 MONTH TO DATE     0.0                         4.6    -4.6    7.3
 SINCE SEP 1       0.7                         5.7    -5.0    7.3
 SINCE JUL 1       0.7                         5.7    -5.0    7.3
 SNOW DEPTH (IN)     0                                          0

DEGREE DAYS
 HEATING
  YESTERDAY         30                          33      -3     28
  MONTH TO DATE    595                         769    -174    682
  SINCE SEP 1     1743                        1997    -254   1751
  SINCE JUL 1     2244                        2627    -383   2230

 COOLING
  YESTERDAY          0                           0       0      0
  MONTH TO DATE      0                           0       0      0
  SINCE SEP 1        0                           0       0      0
  SINCE JAN 1        4                           0       4      6
...................................................................

WIND (MPH)
 HIGHEST WIND SPEED    12     HIGHEST WIND DIRECTION    300
 HIGHEST GUST SPEED    14     HIGHEST GUST DIRECTION    300
 AVERAGE WIND SPEED   5.7

SKY COVER
  POSSIBLE SUNSHINE    MM          AVERAGE SKY COVER     MM

WEATHER CONDITIONS
 THE FOLLOWING WEATHER WAS RECORDED YESTERDAY.
  NO SIGNIFICANT WEATHER WAS OBSERVED.

RELATIVE HUMIDITY
 HIGHEST RH     MM PERCENT       MM
 LOWEST  RH     MM PERCENT       MM
 AVERAGE RH     MM PERCENT       MM
...................................................................

THE KODIAK CLIMATE NORMALS FOR TODAY
                           NORMAL    RECORD   YEAR
 MAXIMUM TEMPERATURE (F)     37        51     1981
 MINIMUM TEMPERATURE (F)     27         7     2011

SUNRISE AND SUNSET
 NOV 26 2014..........SUNRISE  9:20 AM      SUNSET  4:36 PM
 NOV 27 2014..........SUNRISE  9:22 AM      SUNSET  4:34 PM

-  INDICATES NEGATIVE NUMBERS.
R  INDICATES RECORD HAS BEEN SET OR TIED.
MM INDICATES DATA IS MISSING.
T  INDICATES TRACE OF PRECIPITATION.

&&
-------------------------------------------------------------------

AMOUNT OF DAYLIGHT TODAY  (HOUR:MIN)........7 HOURS 16 MINUTES
GAIN/LOSS SINCE YESTERDAY (HOUR:MIN:SEC)....-0:03:20

$$
*** NOV 14
