000
CDAK48 PADQ 291255
CLIADQ


CLIMATE REPORT
NATIONAL WEATHER SERVICE ANCHORAGE, AK
454 AM AKDT MON MAY 29 2017


...................................

...THE KODIAK CLIMATE SUMMARY FOR MAY 28 2017...

CLIMATE NORMAL PERIOD 1981 TO 2010
CLIMATE RECORD PERIOD 1913 TO 2017


WEATHER ITEM   OBSERVED TIME   RECORD YEAR NORMAL DEPARTURE LAST
                VALUE   (LST)  VALUE       VALUE  FROM      YEAR
                                                  NORMAL
..................................................................
TEMPERATURE (F)
 YESTERDAY
  MAXIMUM         50    309 PM  68    1993  52     -2       58
  MINIMUM         41    534 AM  30    1977  41      0       41
  AVERAGE         46                        46      0       50

PRECIPITATION (IN)
  YESTERDAY        0.28          2.62 1992   0.20   0.08     0.00
  MONTH TO DATE    7.17                      5.00   2.17     2.63
  SINCE MAR 1     15.22                     16.34  -1.12    18.87
  SINCE JAN 1     20.76                     30.77 -10.01    41.47

SNOWFALL (IN)
  YESTERDAY        0.0          MM      MM   0.0    0.0      0.0
  MONTH TO DATE    0.0                       0.2   -0.2      0.0
  SINCE MAR 1      2.6                      19.5  -16.9      3.6
  SINCE JUL 1     28.4                      68.9  -40.5     20.6
  SNOW DEPTH       0

DEGREE DAYS
 HEATING
  YESTERDAY       19                        19      0       15
  MONTH TO DATE  544                       588    -44      433
  SINCE MAR 1   2404                      2408     -4     1565
  SINCE JUL 1   7745                      8280   -535     6073

 COOLING
  YESTERDAY        0                         0      0        0
  MONTH TO DATE    0                         0      0        0
  SINCE MAR 1      0                         0      0        0
  SINCE JAN 1      0                         0      0        0
..................................................................


WIND (MPH)
  RESULTANT WIND SPEED   6   RESULTANT WIND DIRECTION  SE (140)
  HIGHEST WIND SPEED    17   HIGHEST WIND DIRECTION     S (160)
  HIGHEST GUST SPEED    21   HIGHEST GUST DIRECTION     S (160)
  AVERAGE WIND SPEED     7.5



WEATHER CONDITIONS
 THE FOLLOWING WEATHER WAS RECORDED YESTERDAY.
  LIGHT RAIN
  FOG


RELATIVE HUMIDITY (PERCENT)
 HIGHEST   100
 LOWEST     61
 AVERAGE    81

..........................................................


THE KODIAK CLIMATE NORMALS FOR TODAY
                         NORMAL    RECORD    YEAR
 MAXIMUM TEMPERATURE (F)   52        76      1993
 MINIMUM TEMPERATURE (F)   41        31      1966


SUNRISE AND SUNSET
MAY 29 2017...........SUNRISE   522 AM AKDT  SUNSET  1054 PM AKDT
MAY 30 2017...........SUNRISE   521 AM AKDT  SUNSET  1055 PM AKDT


-  INDICATES NEGATIVE NUMBERS.
R  INDICATES RECORD WAS SET OR TIED.
MM INDICATES DATA IS MISSING.
T  INDICATES TRACE AMOUNT.




$$
