867
CDAK48 PAFC 251328
CLIADQ

CLIMATE REPORT
NATIONAL WEATHER SERVICE ANCHORAGE, AK
426 AM AKST SAT FEB 25 2017


...................................

...THE KODIAK CLIMATE SUMMARY FOR FEBRUARY 24 2017...

CLIMATE NORMAL PERIOD 1981 TO 2010
CLIMATE RECORD PERIOD 1913 TO 2017


WEATHER ITEM   OBSERVED TIME   RECORD YEAR NORMAL DEPARTURE LAST
                VALUE   (LST)  VALUE       VALUE  FROM      YEAR
                                                  NORMAL
..................................................................
TEMPERATURE (F)
 YESTERDAY
  MAXIMUM         44    254 PM  54    1936  36      8       43
  MINIMUM         24    824 AM   0    1975  26     -2       37
  AVERAGE         34                        31      3       40

PRECIPITATION (IN)
  YESTERDAY        T             2.14 1934   0.21  -0.21     0.45
  MONTH TO DATE    2.54                      5.30  -2.76    10.25
  SINCE DEC 1      9.60                     22.32 -12.72    32.35
  SINCE JAN 1      5.49                     13.59  -8.10    20.08

SNOWFALL (IN)
  YESTERDAY        0.0           5.2  1966   0.5   -0.5      0.0
  MONTH TO DATE    7.5                      13.0   -5.5      1.0
  SINCE DEC 1     18.5                      39.8  -21.3     16.0
  SINCE JUL 1     20.5                      47.3  -26.8     17.0
  SNOW DEPTH       2

DEGREE DAYS
 HEATING
  YESTERDAY       31                        34     -3       25
  MONTH TO DATE  811                       825    -14      510
  SINCE DEC 1   2976                      2944     32     2167
  SINCE JUL 1   5178                      5739   -561     4385

 COOLING
  YESTERDAY        0                         0      0        0
  MONTH TO DATE    0                         0      0        0
  SINCE DEC 1      0                         0      0        0
  SINCE JAN 1      0                         0      0        0
..................................................................


WIND (MPH)
  RESULTANT WIND SPEED   6   RESULTANT WIND DIRECTION   W (280)
  HIGHEST WIND SPEED    24   HIGHEST WIND DIRECTION     W (270)
  HIGHEST GUST SPEED    32   HIGHEST GUST DIRECTION    NW (300)
  AVERAGE WIND SPEED     8.4



WEATHER CONDITIONS
 THE FOLLOWING WEATHER WAS RECORDED YESTERDAY.
  LIGHT RAIN


RELATIVE HUMIDITY (PERCENT)
 HIGHEST   100
 LOWEST     59
 AVERAGE    80

..........................................................


THE KODIAK CLIMATE NORMALS FOR TODAY
                         NORMAL    RECORD    YEAR
 MAXIMUM TEMPERATURE (F)   36        48      2011
 MINIMUM TEMPERATURE (F)   27         1      1986


SUNRISE AND SUNSET
FEBRUARY 25 2017......SUNRISE   814 AM AKST  SUNSET   633 PM AKST
FEBRUARY 26 2017......SUNRISE   811 AM AKST  SUNSET   636 PM AKST

CIVIL TWILIGHT
FEBRUARY 25 2017        START    734 AM GMT     END    713 PM GMT
FEBRUARY 26 2017        START    732 AM GMT     END    716 PM GMT



-  INDICATES NEGATIVE NUMBERS.
R  INDICATES RECORD WAS SET OR TIED.
MM INDICATES DATA IS MISSING.
T  INDICATES TRACE AMOUNT.




$$
&&
------------------------------------------------------
AMOUNT OF DAYLIGHT TODAY  (HOUR:MIN)........10:19
GAIN/LOSS SINCE YESTERDAY (HOUR:MIN:SEC)....+0:04:56

$$
