000
CDAK48 PADQ 240052
CLIADQ


CLIMATE REPORT
NATIONAL WEATHER SERVICE ANCHORAGE, AK
452 PM AKDT THU MAR 23 2017


...................................

...THE KODIAK CLIMATE SUMMARY FOR MARCH 23 2017...
VALID TODAY AS OF 0400 PM LOCAL TIME.

CLIMATE NORMAL PERIOD 1981 TO 2010
CLIMATE RECORD PERIOD 1913 TO 2017


WEATHER ITEM   OBSERVED TIME   RECORD YEAR NORMAL DEPARTURE LAST
                VALUE   (LST)  VALUE       VALUE  FROM      YEAR
                                                  NORMAL
..................................................................
TEMPERATURE (F)
 TODAY
  MAXIMUM         38    100 PM  50    1979  39     -1       45
  MINIMUM         26        MM   5    2003  28     -2       41
  AVERAGE         32                        33     -1       43

PRECIPITATION (IN)
  TODAY            0.00          1.68 2009   0.19  -0.19     0.95
  MONTH TO DATE    T                         4.12  -4.12     5.74
  SINCE MAR 1      T                         4.12  -4.12     5.74
  SINCE JAN 1      5.54                     18.55 -13.01    28.34

SNOWFALL (IN)
  TODAY            0.0          12.7  2009   0.3   -0.3      0.0
  MONTH TO DATE    0.2                       8.4   -8.2      3.6
  SINCE MAR 1      0.2                       8.4   -8.2      3.6
  SINCE JUL 1     26.0                      57.8  -31.8     20.6
  SNOW DEPTH       0

DEGREE DAYS
 HEATING
  TODAY           33                        32      1       22
  MONTH TO DATE  854                       749    105      421
  SINCE MAR 1    854                       749    105      421
  SINCE JUL 1   6195                      6621   -426     4929

 COOLING
  TODAY            0                         0      0        0
  MONTH TO DATE    0                         0      0        0
  SINCE MAR 1      0                         0      0        0
  SINCE JAN 1      0                         0      0        0
..................................................................


WIND (MPH)
  RESULTANT WIND SPEED  13   RESULTANT WIND DIRECTION  NW (300)
  HIGHEST WIND SPEED    18   HIGHEST WIND DIRECTION    NW (300)
  HIGHEST GUST SPEED    30   HIGHEST GUST DIRECTION     W (270)
  AVERAGE WIND SPEED    13.3



WEATHER CONDITIONS
 THE FOLLOWING WEATHER WAS RECORDED TODAY.
  NO SIGNIFICANT WEATHER WAS OBSERVED.


RELATIVE HUMIDITY (PERCENT)
 HIGHEST    63
 LOWEST     44
 AVERAGE    54

..........................................................


THE KODIAK CLIMATE NORMALS FOR TOMORROW
                         NORMAL    RECORD    YEAR
 MAXIMUM TEMPERATURE (F)   39        57      1963
 MINIMUM TEMPERATURE (F)   28         2      1935


SUNRISE AND SUNSET
MARCH 23 2017.........SUNRISE   802 AM AKDT  SUNSET   832 PM AKDT
MARCH 24 2017.........SUNRISE   759 AM AKDT  SUNSET   834 PM AKDT


-  INDICATES NEGATIVE NUMBERS.
R  INDICATES RECORD WAS SET OR TIED.
MM INDICATES DATA IS MISSING.
T  INDICATES TRACE AMOUNT.




$$
