000
CDAK48 PADQ 050905
CLIADQ

CLIMATE REPORT
NATIONAL WEATHER SERVICE KODIAK, AK
1206 AM AKST THU MAR 5 2015

...................................
...THE KODIAK AP CLIMATE SUMMARY FOR MARCH 4 2015...

CLIMATE NORMAL PERIOD  1981 TO  2010
CLIMATE RECORD PERIOD  1949 TO  2015

WEATHER ITEM   OBSERVED TIME    RECORD YEAR NORMAL DEPARTURE LAST
               VALUE    (LST)   VALUE       VALUE  FROM      YEAR
                                                   NORMAL
...................................................................
TEMPERATURE
YESTERDAY
 MAXIMUM            44  0317 PM    47  1996     37       7     38
 MINIMUM            39  0505 AM     2  1971     27      12     33
 AVERAGE            42                          32      10     36

PRECIPITATION
(INCHES)
 YESTERDAY        0.02           0.83  1955   0.18   -0.16      T
 MONTH TO DATE    1.74                        0.73    1.01   0.01
 SINCE MAR 1      1.74                        0.73    1.01   0.01
 SINCE JAN 1     20.66                       15.16    5.50  21.26

SNOWFALL
(INCHES)
 YESTERDAY         0.0            3.7  1975    0.4    -0.4      T
 MONTH TO DATE     0.0                         1.6    -1.6      T
 SINCE MAR 1       0.0                         1.6    -1.6    0.0
 SINCE JUL 1      15.4                        51.0   -35.6   31.0
 SNOW DEPTH (IN)     0                                          0

DEGREE DAYS
 HEATING
  YESTERDAY         23                          33     -10     29
  MONTH TO DATE    104                         132     -28    126
  SINCE MAR 1      104                         132     -28    126
  SINCE JUL 1     5022                        6005    -983   5412

 COOLING
  YESTERDAY          0                           0       0      0
  MONTH TO DATE      0                           0       0      0
  SINCE MAR 1        0                           0       0      0
  SINCE JAN 1        0                           0       0      0
...................................................................

WIND (MPH)
 HIGHEST WIND SPEED    13     HIGHEST WIND DIRECTION    300
 HIGHEST GUST SPEED    18     HIGHEST GUST DIRECTION    330
 AVERAGE WIND SPEED   5.4

SKY COVER
  POSSIBLE SUNSHINE    MM          AVERAGE SKY COVER     MM

WEATHER CONDITIONS
 THE FOLLOWING WEATHER WAS RECORDED YESTERDAY.
  FOG
RAIN


RELATIVE HUMIDITY
 HIGHEST RH     MM PERCENT       MM
 LOWEST  RH     MM PERCENT       MM
 AVERAGE RH     MM PERCENT       MM
...................................................................

THE KODIAK CLIMATE NORMALS FOR TODAY
                           NORMAL    RECORD   YEAR
 MAXIMUM TEMPERATURE (F)     37        47     1957
 MINIMUM TEMPERATURE (F)     27        -6     1971

SUNRISE AND SUNSET
 MAR 5 2015..........SUNRISE  7:54 AM      SUNSET  6:51 PM
 MAR 6 2015..........SUNRISE  7:51 AM      SUNSET  6:53 PM

-  INDICATES NEGATIVE NUMBERS.
R  INDICATES RECORD HAS BEEN SET OR TIED.
MM INDICATES DATA IS MISSING.
T  INDICATES TRACE OF PRECIPITATION.

&&
-------------------------------------------------------------------

AMOUNT OF DAYLIGHT TODAY  (HOUR:MIN)........10 HOURS 57 MINUTES
GAIN/LOSS SINCE YESTERDAY (HOUR:MIN:SEC)....+0:04:59

$$
*** MAR 15
