538
CDAK48 PAFC 090050
CLIADQ


CLIMATE REPORT
NATIONAL WEATHER SERVICE ANCHORAGE, AK
350 PM AKST THU DEC 8 2016


...................................

...THE KODIAK CLIMATE SUMMARY FOR DECEMBER 8 2016...
VALID TODAY AS OF 0300 PM LOCAL TIME.

CLIMATE NORMAL PERIOD 1981 TO 2010
CLIMATE RECORD PERIOD 1913 TO 2016


WEATHER ITEM   OBSERVED TIME   RECORD YEAR NORMAL DEPARTURE LAST
                VALUE   (LST)  VALUE       VALUE  FROM      YEAR
                                                  NORMAL
..................................................................
TEMPERATURE (F)
 TODAY
  MAXIMUM         37        MM  48    1922  36      1       43
  MINIMUM         34        MM   6    1975  27      7       38
  AVERAGE         36                        31      5       41

PRECIPITATION (IN)
  TODAY            0.10          2.24 1985   0.29  -0.19     1.26
  MONTH TO DATE    0.50                      2.23  -1.73     3.51
  SINCE DEC 1      0.50                      2.23  -1.73     3.51
  SINCE JAN 1     77.68                     71.50   6.18    73.73

SNOWFALL (IN)
  TODAY            0.5          13.1  1996   0.5    0.0      0.0
  MONTH TO DATE    3.6                       3.6    0.0       T
  SINCE DEC 1      3.6                       3.6    0.0       T
  SINCE JUL 1      5.6                      11.1   -5.5      1.0
  SNOW DEPTH       3

DEGREE DAYS
 HEATING
  TODAY           29                        34     -5       24
  MONTH TO DATE  291                       267     24      228
  SINCE DEC 1    291                       267     24      228
  SINCE JUL 1   2493                      3062   -569     2446

 COOLING
  TODAY            0                         0      0        0
  MONTH TO DATE    0                         0      0        0
  SINCE DEC 1      0                         0      0        0
  SINCE JAN 1     29                         1     28        1
..................................................................


WIND (MPH)
  RESULTANT WIND SPEED  10   RESULTANT WIND DIRECTION  NW (320)
  HIGHEST WIND SPEED    14   HIGHEST WIND DIRECTION    NW (310)
  HIGHEST GUST SPEED    MM   HIGHEST GUST DIRECTION    MM
  AVERAGE WIND SPEED     9.9



WEATHER CONDITIONS
 THE FOLLOWING WEATHER WAS RECORDED TODAY.
  LIGHT RAIN
  SNOW
  LIGHT SNOW
  FOG


RELATIVE HUMIDITY (PERCENT)
 HIGHEST    92
 LOWEST     89
 AVERAGE    91

..........................................................


THE KODIAK CLIMATE NORMALS FOR TOMORROW
                         NORMAL    RECORD    YEAR
 MAXIMUM TEMPERATURE (F)   36        47      1972
 MINIMUM TEMPERATURE (F)   26         4      1975


SUNRISE AND SUNSET
DECEMBER  8 2016......SUNRISE   941 AM AKST  SUNSET   424 PM AKST
DECEMBER  9 2016......SUNRISE   942 AM AKST  SUNSET   423 PM AKST


-  INDICATES NEGATIVE NUMBERS.
R  INDICATES RECORD WAS SET OR TIED.
MM INDICATES DATA IS MISSING.
T  INDICATES TRACE AMOUNT.




$$
