000
CDAK48 PAFC 261238
CLIADQ


CLIMATE REPORT
NATIONAL WEATHER SERVICE ANCHORAGE, AK
438 AM AKDT TUE SEP 26 2017


...................................

...THE KODIAK CLIMATE SUMMARY FOR SEPTEMBER 25 2017...

CLIMATE NORMAL PERIOD 1981 TO 2010
CLIMATE RECORD PERIOD 1913 TO 2017


WEATHER ITEM   OBSERVED TIME   RECORD YEAR NORMAL DEPARTURE LAST
                VALUE   (LST)  VALUE       VALUE  FROM      YEAR
                                                  NORMAL
..................................................................
TEMPERATURE (F)
 YESTERDAY
  MAXIMUM         52    300 PM  61    1915  53     -1       54
  MINIMUM         36        MM  27    1992  40     -4       36
  AVERAGE         44                        47     -3       45

PRECIPITATION (IN)
  YESTERDAY        0.01          2.00 1934   0.28  -0.27     0.00
  MONTH TO DATE    5.63                      5.91  -0.28     4.99
  SINCE SEP 1      5.63                      5.91  -0.28     4.99
  SINCE JAN 1     46.15                     52.70  -6.55    56.29

SNOWFALL (IN)
  YESTERDAY        0.0          MM      MM   0.0    0.0      0.0
  MONTH TO DATE    0.0                       0.0    0.0      0.0
  SINCE SEP 1      0.0                       0.0    0.0      0.0
  SINCE JUL 1      0.0                       0.0    0.0      0.0
  SNOW DEPTH       0

DEGREE DAYS
 HEATING
  YESTERDAY       21                        18      3       20
  MONTH TO DATE  367                       371     -4      297
  SINCE SEP 1    367                       371     -4      297
  SINCE JUL 1    972                      1004    -32      638

 COOLING
  YESTERDAY        0                         0      0        0
  MONTH TO DATE    0                         0      0        0
  SINCE SEP 1      0                         0      0        0
  SINCE JAN 1      0                         1     -1       29
..................................................................


WIND (MPH)
  RESULTANT WIND SPEED   2   RESULTANT WIND DIRECTION   N (20)
  HIGHEST WIND SPEED    12   HIGHEST WIND DIRECTION    NE (50)
  HIGHEST GUST SPEED    MM   HIGHEST GUST DIRECTION    MM
  AVERAGE WIND SPEED     5.4



WEATHER CONDITIONS
 THE FOLLOWING WEATHER WAS RECORDED YESTERDAY.
  LIGHT RAIN


RELATIVE HUMIDITY (PERCENT)
 HIGHEST   100
 LOWEST     66
 AVERAGE    83

..........................................................


THE KODIAK CLIMATE NORMALS FOR TODAY
                         NORMAL    RECORD    YEAR
 MAXIMUM TEMPERATURE (F)   52        62      1993
 MINIMUM TEMPERATURE (F)   40        26      1992


SUNRISE AND SUNSET
SEPTEMBER 26 2017.....SUNRISE   804 AM AKDT  SUNSET   757 PM AKDT
SEPTEMBER 27 2017.....SUNRISE   807 AM AKDT  SUNSET   754 PM AKDT


-  INDICATES NEGATIVE NUMBERS.
R  INDICATES RECORD WAS SET OR TIED.
MM INDICATES DATA IS MISSING.
T  INDICATES TRACE AMOUNT.




$$
