000
CDAK48 PADQ 220941
CLIADQ


CLIMATE REPORT
NATIONAL WEATHER SERVICE ANCHORAGE, AK
141 AM AKDT SAT JUL 22 2017


...................................

...THE KODIAK CLIMATE SUMMARY FOR JULY 21 2017...

CLIMATE NORMAL PERIOD 1981 TO 2010
CLIMATE RECORD PERIOD 1913 TO 2017


WEATHER ITEM   OBSERVED TIME   RECORD YEAR NORMAL DEPARTURE LAST
                VALUE   (LST)  VALUE       VALUE  FROM      YEAR
                                                  NORMAL
..................................................................
TEMPERATURE (F)
 YESTERDAY
  MAXIMUM         62        MM  80    1955  61      1       74
  MINIMUM         50        MM  41    1920  50      0       59
  AVERAGE         56                        55      1       67

PRECIPITATION (IN)
  YESTERDAY        0.04          2.46 1950   0.17  -0.13     0.00
  MONTH TO DATE    3.53                      3.43   0.10     1.08
  SINCE JUN 1     11.51                      9.34   2.17     4.55
  SINCE JAN 1     32.27                     40.73  -8.46    46.64

SNOWFALL (IN)
  YESTERDAY        0.0          MM      MM   0.0    0.0      0.0
  MONTH TO DATE    0.0                       0.0    0.0      0.0
  SINCE JUN 1      0.0                       0.0    0.0      0.0
  SINCE JUL 1      0.0                       0.0    0.0      0.0
  SNOW DEPTH       0

DEGREE DAYS
 HEATING
  YESTERDAY        9                        10     -1        0
  MONTH TO DATE  197                       232    -35       93
  SINCE JUN 1    613                       693    -80      388
  SINCE JUL 1    197                       232    -35       93

 COOLING
  YESTERDAY        0                         0      0        2
  MONTH TO DATE    0                         0      0       20
  SINCE JUN 1      0                         0      0       20
  SINCE JAN 1      0                         0      0       20
..................................................................


WIND (MPH)
  RESULTANT WIND SPEED  11   RESULTANT WIND DIRECTION   N (20)
  HIGHEST WIND SPEED    21   HIGHEST WIND DIRECTION     N (10)
  HIGHEST GUST SPEED    31   HIGHEST GUST DIRECTION     N (10)
  AVERAGE WIND SPEED    12.0



WEATHER CONDITIONS
 THE FOLLOWING WEATHER WAS RECORDED YESTERDAY.
  LIGHT RAIN
  FOG


RELATIVE HUMIDITY (PERCENT)
 HIGHEST   100
 LOWEST     67
 AVERAGE    84

..........................................................


THE KODIAK CLIMATE NORMALS FOR TODAY
                         NORMAL    RECORD    YEAR
 MAXIMUM TEMPERATURE (F)   61        82      1967
 MINIMUM TEMPERATURE (F)   50        42      1938


SUNRISE AND SUNSET
JULY 22 2017..........SUNRISE   546 AM AKDT  SUNSET  1046 PM AKDT
JULY 23 2017..........SUNRISE   548 AM AKDT  SUNSET  1044 PM AKDT


-  INDICATES NEGATIVE NUMBERS.
R  INDICATES RECORD WAS SET OR TIED.
MM INDICATES DATA IS MISSING.
T  INDICATES TRACE AMOUNT.




$$
