000
CDAK48 PADQ 231310
CLIADQ


CLIMATE REPORT
NATIONAL WEATHER SERVICE ANCHORAGE, AK
509 AM AKDT SUN APR 23 2017


...................................

...THE KODIAK CLIMATE SUMMARY FOR APRIL 22 2017...

CLIMATE NORMAL PERIOD 1981 TO 2010
CLIMATE RECORD PERIOD 1913 TO 2017


WEATHER ITEM   OBSERVED TIME   RECORD YEAR NORMAL DEPARTURE LAST
                VALUE   (LST)  VALUE       VALUE  FROM      YEAR
                                                  NORMAL
..................................................................
TEMPERATURE (F)
 YESTERDAY
  MAXIMUM         44    432 PM  70    1918  45     -1       49
  MINIMUM         42   1159 PM  19    1984  34      8       41
  AVERAGE         43                        39      4       45

PRECIPITATION (IN)
  YESTERDAY        1.23          1.70 1929   0.19   1.04     0.03
  MONTH TO DATE    6.50                      4.31   2.19     5.11
  SINCE MAR 1      7.20                      9.84  -2.64    12.45
  SINCE JAN 1     12.74                     24.27 -11.53    35.05

SNOWFALL (IN)
  YESTERDAY        0.0          MM      MM   0.1   -0.1      0.0
  MONTH TO DATE    1.1                       7.0   -5.9      0.0
  SINCE MAR 1      2.6                      18.3  -15.7      3.6
  SINCE JUL 1     28.4                      67.7  -39.3     20.6
  SNOW DEPTH       0

DEGREE DAYS
 HEATING
  YESTERDAY       22                        26     -4       20
  MONTH TO DATE  558                       623    -65      412
  SINCE MAR 1   1671                      1621     50      979
  SINCE JUL 1   7012                      7493   -481     5487

 COOLING
  YESTERDAY        0                         0      0        0
  MONTH TO DATE    0                         0      0        0
  SINCE MAR 1      0                         0      0        0
  SINCE JAN 1      0                         0      0        0
..................................................................


WIND (MPH)
  RESULTANT WIND SPEED  22   RESULTANT WIND DIRECTION  NE (50)
  HIGHEST WIND SPEED    29   HIGHEST WIND DIRECTION    NE (60)
  HIGHEST GUST SPEED    36   HIGHEST GUST DIRECTION    NE (60)
  AVERAGE WIND SPEED    20.7



WEATHER CONDITIONS
 THE FOLLOWING WEATHER WAS RECORDED YESTERDAY.
  RAIN
  LIGHT RAIN
  FOG


RELATIVE HUMIDITY (PERCENT)
 HIGHEST   100
 LOWEST     92
 AVERAGE    96

..........................................................


THE KODIAK CLIMATE NORMALS FOR TODAY
                         NORMAL    RECORD    YEAR
 MAXIMUM TEMPERATURE (F)   45        60      1918
 MINIMUM TEMPERATURE (F)   34        20      1986


SUNRISE AND SUNSET
APRIL 23 2017.........SUNRISE   638 AM AKDT  SUNSET   940 PM AKDT
APRIL 24 2017.........SUNRISE   635 AM AKDT  SUNSET   943 PM AKDT


-  INDICATES NEGATIVE NUMBERS.
R  INDICATES RECORD WAS SET OR TIED.
MM INDICATES DATA IS MISSING.
T  INDICATES TRACE AMOUNT.




$$
