000
CDUS44 KLCH 252208
CLIAEX


CLIMATE REPORT
NATIONAL WEATHER SERVICE LAKE CHARLES, LA
508 PM CDT MON SEP 25 2017


...................................

...THE ALEXANDRIA CLIMATE SUMMARY FOR SEPTEMBER 25 2017...
VALID TODAY AS OF 0500 PM LOCAL TIME.

CLIMATE NORMAL PERIOD 1981 TO 2010
CLIMATE RECORD PERIOD 1892 TO 2017


WEATHER ITEM   OBSERVED TIME   RECORD YEAR NORMAL DEPARTURE LAST
                VALUE   (LST)  VALUE       VALUE  FROM      YEAR
                                                  NORMAL
..................................................................
TEMPERATURE (F)
 TODAY
  MAXIMUM         91    152 PM  99    1905  85      6       92
  MINIMUM         65    617 AM  48    1897  63      2       69
  AVERAGE         78                        74      4       81

PRECIPITATION (IN)
  TODAY            0.00          1.42 2007   0.12  -0.12     0.00
  MONTH TO DATE    0.09                      2.17  -2.08     3.46
  SINCE SEP 1      0.09                      2.17  -2.08     3.46
  SINCE JAN 1     43.32                     38.40   4.92    44.20

DEGREE DAYS
 HEATING
  TODAY            0                         0      0        0
  MONTH TO DATE    0                         0      0        0
  SINCE SEP 1      0                         0      0        0
  SINCE JUL 1      0                         0      0        0

 COOLING
  TODAY           13                         9      4       16
  MONTH TO DATE  307                       320    -13      431
  SINCE SEP 1    307                       320    -13      431
  SINCE JAN 1   2336                      2307     29     2534
..................................................................


WIND (MPH)
  HIGHEST WIND SPEED    13   HIGHEST WIND DIRECTION    NE (60)
  HIGHEST GUST SPEED    16   HIGHEST GUST DIRECTION    NE (60)
  AVERAGE WIND SPEED     3.8


SKY COVER
  POSSIBLE SUNSHINE  MM
  AVERAGE SKY COVER 0.1


WEATHER CONDITIONS
 THE FOLLOWING WEATHER WAS RECORDED TODAY.
  FOG


RELATIVE HUMIDITY (PERCENT)
 HIGHEST   100           300 AM
 LOWEST     43          1200 PM
 AVERAGE    72

..........................................................


THE ALEXANDRIA CLIMATE NORMALS FOR TOMORROW
                         NORMAL    RECORD    YEAR
 MAXIMUM TEMPERATURE (F)   85        98      2005
 MINIMUM TEMPERATURE (F)   62        41      1899


SUNRISE AND SUNSET
SEPTEMBER 25 2017.....SUNRISE   700 AM CDT   SUNSET   703 PM CDT
SEPTEMBER 26 2017.....SUNRISE   701 AM CDT   SUNSET   701 PM CDT


-  INDICATES NEGATIVE NUMBERS.
R  INDICATES RECORD WAS SET OR TIED.
MM INDICATES DATA IS MISSING.
T  INDICATES TRACE AMOUNT.




$$
