000
CDUS44 KLCH 182203
CLIAEX


CLIMATE REPORT
NATIONAL WEATHER SERVICE LAKE CHARLES, LA
403 PM CST SUN FEB 18 2018


...................................

...THE ALEXANDRIA CLIMATE SUMMARY FOR FEBRUARY 18 2018...
VALID TODAY AS OF 0400 PM LOCAL TIME.

CLIMATE NORMAL PERIOD 1981 TO 2010
CLIMATE RECORD PERIOD 1892 TO 2018


WEATHER ITEM   OBSERVED TIME   RECORD YEAR NORMAL DEPARTURE LAST
                VALUE   (LST)  VALUE       VALUE  FROM      YEAR
                                                  NORMAL
..................................................................
TEMPERATURE (F)
 TODAY
  MAXIMUM         66    359 PM  83    1907  64      2       70
  MINIMUM         51    822 AM  16    1900  42      9       55
  AVERAGE         59                        53      6       63

PRECIPITATION (IN)
  TODAY            T             1.90 2012   0.17  -0.17     0.00
  MONTH TO DATE    4.27                      2.83   1.44     0.31
  SINCE DEC 1     11.69                     14.17  -2.48    15.13
  SINCE JAN 1      9.36                      8.05   1.31     6.08

SNOWFALL (IN)
  TODAY            0.0           T    1910  MM     MM        0.0
  MONTH TO DATE    0.0                      MM     MM        0.0
  SINCE DEC 1      2.9                      MM     MM        0.5
  SINCE JUL 1      2.9                      MM     MM        0.5
  SNOW DEPTH       0

DEGREE DAYS
 HEATING
  TODAY            6                        13     -7        2
  MONTH TO DATE  190                       259    -69      114
  SINCE DEC 1   1340                      1225    115      779
  SINCE JUL 1   1610                      1550     60      954
..................................................................


WIND (MPH)
  HIGHEST WIND SPEED     9   HIGHEST WIND DIRECTION     S (160)
  HIGHEST GUST SPEED    13   HIGHEST GUST DIRECTION    SE (140)
  AVERAGE WIND SPEED     6.2


SKY COVER
  POSSIBLE SUNSHINE  MM
  AVERAGE SKY COVER 1.0


WEATHER CONDITIONS
 THE FOLLOWING WEATHER WAS RECORDED TODAY.
  FOG


RELATIVE HUMIDITY (PERCENT)
 HIGHEST   100           600 AM
 LOWEST     84           200 PM
 AVERAGE    92

..........................................................


THE ALEXANDRIA CLIMATE NORMALS FOR TOMORROW
                         NORMAL    RECORD    YEAR
 MAXIMUM TEMPERATURE (F)   64        82      2000
                                             1961
 MINIMUM TEMPERATURE (F)   42        19      1910


SUNRISE AND SUNSET
FEBRUARY 18 2018......SUNRISE   649 AM CST   SUNSET   600 PM CST
FEBRUARY 19 2018......SUNRISE   648 AM CST   SUNSET   601 PM CST


-  INDICATES NEGATIVE NUMBERS.
R  INDICATES RECORD WAS SET OR TIED.
MM INDICATES DATA IS MISSING.
T  INDICATES TRACE AMOUNT.




$$
