000
CDUS44 KLCH 301245
CLIAEX


CLIMATE REPORT
NATIONAL WEATHER SERVICE LAKE CHARLES, LA
745 AM CDT TUE AUG 30 2016


...................................

...THE ALEXANDRIA CLIMATE SUMMARY FOR AUGUST 29 2016...

CLIMATE NORMAL PERIOD 1981 TO 2010
CLIMATE RECORD PERIOD 1892 TO 2016


WEATHER ITEM   OBSERVED TIME   RECORD YEAR NORMAL DEPARTURE LAST
                VALUE   (LST)  VALUE       VALUE  FROM      YEAR
                                                  NORMAL
..................................................................
TEMPERATURE (F)
 YESTERDAY
  MAXIMUM         94    246 PM 103    1954  93      1       94
  MINIMUM         73   1159 PM  55    1896  70      3       61
  AVERAGE         84                        82      2       78

PRECIPITATION (IN)
  YESTERDAY        0.55          5.30 2010   0.11   0.44     0.00
  MONTH TO DATE   10.35                      3.27   7.08     0.97
  SINCE JUN 1     18.39                     12.00   6.39     9.31
  SINCE JAN 1     40.74                     36.00   4.74    34.56

DEGREE DAYS
 COOLING
  YESTERDAY       19                        17      2       13
  MONTH TO DATE  528                       513     15      530
  SINCE JUN 1   1598                      1505     93     1623
  SINCE JAN 1   2065                      1959    106     2145
..................................................................


WIND (MPH)
  HIGHEST WIND SPEED    33   HIGHEST WIND DIRECTION    SE (130)
  HIGHEST GUST SPEED    43   HIGHEST GUST DIRECTION    SE (140)
  AVERAGE WIND SPEED     3.2


SKY COVER
  POSSIBLE SUNSHINE  MM
  AVERAGE SKY COVER 0.1


WEATHER CONDITIONS
 THE FOLLOWING WEATHER WAS RECORDED YESTERDAY.
  THUNDERSTORM
  HEAVY RAIN
  RAIN
  LIGHT RAIN
  FOG


RELATIVE HUMIDITY (PERCENT)
 HIGHEST   100           300 AM
 LOWEST     52           200 PM
 AVERAGE    76

..........................................................


THE ALEXANDRIA CLIMATE NORMALS FOR TODAY
                         NORMAL    RECORD    YEAR
 MAXIMUM TEMPERATURE (F)   93       105      1954
 MINIMUM TEMPERATURE (F)   70        57      1986
                                             1906
                                             1893


SUNRISE AND SUNSET
AUGUST 30 2016........SUNRISE   645 AM CDT   SUNSET   735 PM CDT
AUGUST 31 2016........SUNRISE   646 AM CDT   SUNSET   734 PM CDT


-  INDICATES NEGATIVE NUMBERS.
R  INDICATES RECORD WAS SET OR TIED.
MM INDICATES DATA IS MISSING.
T  INDICATES TRACE AMOUNT.




$$
