000
CDUS44 KLCH 041245
CLIAEX


CLIMATE REPORT
NATIONAL WEATHER SERVICE LAKE CHARLES, LA
745 AM CDT FRI SEP 4 2015


...................................

...THE ALEXANDRIA CLIMATE SUMMARY FOR SEPTEMBER 3 2015...

CLIMATE NORMAL PERIOD 1981 TO 2010
CLIMATE RECORD PERIOD 1892 TO 2015


WEATHER ITEM   OBSERVED TIME   RECORD YEAR NORMAL DEPARTURE LAST
                VALUE   (LST)  VALUE       VALUE  FROM      YEAR
                                                  NORMAL
..................................................................
TEMPERATURE (F)
 YESTERDAY
  MAXIMUM         95    426 PM 106    2000  92      3       93
  MINIMUM         67    455 AM  54    1893  70     -3       71
  AVERAGE         81                        81      0       82

PRECIPITATION (IN)
  YESTERDAY        0.00          3.80 1985   0.07  -0.07     0.00
  MONTH TO DATE    0.09                      0.21  -0.12     0.13
  SINCE SEP 1      0.09                      0.21  -0.12     0.13
  SINCE JAN 1     34.65                     36.44  -1.79    31.48

DEGREE DAYS
 HEATING
  YESTERDAY        0                         0      0        0
  MONTH TO DATE    0                         0      0        0
  SINCE SEP 1      0                         0      0        0
  SINCE JUL 1      0                         0      0        0

 COOLING
  YESTERDAY       16                        16      0       17
  MONTH TO DATE   50                        48      2       53
  SINCE SEP 1     50                        48      2       53
  SINCE JAN 1   2225                      2035    190     1961
..................................................................


WIND (MPH)
  HIGHEST WIND SPEED    12   HIGHEST WIND DIRECTION     E (100)
  HIGHEST GUST SPEED    15   HIGHEST GUST DIRECTION    SE (120)
  AVERAGE WIND SPEED     4.1


SKY COVER
  POSSIBLE SUNSHINE  MM
  AVERAGE SKY COVER 0.1


WEATHER CONDITIONS
 THE FOLLOWING WEATHER WAS RECORDED YESTERDAY.
  FOG


RELATIVE HUMIDITY (PERCENT)
 HIGHEST   100           200 AM
 LOWEST     41           400 PM
 AVERAGE    71

..........................................................


THE ALEXANDRIA CLIMATE NORMALS FOR TODAY
                         NORMAL    RECORD    YEAR
 MAXIMUM TEMPERATURE (F)   92       107      2000
 MINIMUM TEMPERATURE (F)   69        55      1974


SUNRISE AND SUNSET
SEPTEMBER  4 2015.....SUNRISE   648 AM CDT   SUNSET   730 PM CDT
SEPTEMBER  5 2015.....SUNRISE   648 AM CDT   SUNSET   729 PM CDT


-  INDICATES NEGATIVE NUMBERS.
R  INDICATES RECORD WAS SET OR TIED.
MM INDICATES DATA IS MISSING.
T  INDICATES TRACE AMOUNT.




$$
