000
CDUS44 KLCH 070845
CLIAEX


CLIMATE REPORT
NATIONAL WEATHER SERVICE LAKE CHARLES, LA
345 AM CDT TUE JUL 7 2015


...................................

...THE ALEXANDRIA CLIMATE SUMMARY FOR JULY 6 2015...

CLIMATE NORMAL PERIOD 1981 TO 2010
CLIMATE RECORD PERIOD 1892 TO 2015


WEATHER ITEM   OBSERVED TIME   RECORD YEAR NORMAL DEPARTURE LAST
                VALUE   (LST)  VALUE       VALUE  FROM      YEAR
                                                  NORMAL
..................................................................
TEMPERATURE (F)
 YESTERDAY
  MAXIMUM         91    345 PM 101    1921  92     -1       93
  MINIMUM         70    120 AM  62    1972  73     -3       64
  AVERAGE         81                        82     -1       79

PRECIPITATION (IN)
  YESTERDAY        0.00          3.44 1995   0.15  -0.15     0.00
  MONTH TO DATE    2.08                      0.98   1.10      T
  SINCE JUN 1      6.88                      6.08   0.80     2.88
  SINCE JAN 1     32.13                     30.08   2.05    21.10

DEGREE DAYS
 COOLING
  YESTERDAY       16                        17     -1       14
  MONTH TO DATE   95                       102     -7       91
  SINCE JUN 1    580                       555     25      564
  SINCE JAN 1   1102                      1009     93      975
..................................................................


WIND (MPH)
  HIGHEST WIND SPEED    13   HIGHEST WIND DIRECTION     S (190)
  HIGHEST GUST SPEED    17   HIGHEST GUST DIRECTION    SW (210)
  AVERAGE WIND SPEED     6.4


SKY COVER
  POSSIBLE SUNSHINE  MM
  AVERAGE SKY COVER 0.0


WEATHER CONDITIONS
 THE FOLLOWING WEATHER WAS RECORDED YESTERDAY.
  NO SIGNIFICANT WEATHER WAS OBSERVED.


RELATIVE HUMIDITY (PERCENT)
 HIGHEST    97          1200 AM
 LOWEST     56           500 PM
 AVERAGE    77

..........................................................


THE ALEXANDRIA CLIMATE NORMALS FOR TODAY
                         NORMAL    RECORD    YEAR
 MAXIMUM TEMPERATURE (F)   92       102      1907
 MINIMUM TEMPERATURE (F)   73        62      1924
                                             1905


SUNRISE AND SUNSET
JULY  7 2015..........SUNRISE   612 AM CDT   SUNSET   818 PM CDT
JULY  8 2015..........SUNRISE   613 AM CDT   SUNSET   818 PM CDT


-  INDICATES NEGATIVE NUMBERS.
R  INDICATES RECORD WAS SET OR TIED.
MM INDICATES DATA IS MISSING.
T  INDICATES TRACE AMOUNT.




$$
