000
CDUS44 KLCH 240938
CLIAEX


CLIMATE REPORT
NATIONAL WEATHER SERVICE LAKE CHARLES, LA
337 AM CST TUE JAN 24 2017


...................................

...THE ALEXANDRIA CLIMATE SUMMARY FOR JANUARY 23 2017...

CLIMATE NORMAL PERIOD 1981 TO 2010
CLIMATE RECORD PERIOD 1892 TO 2017


WEATHER ITEM   OBSERVED TIME   RECORD YEAR NORMAL DEPARTURE LAST
                VALUE   (LST)  VALUE       VALUE  FROM      YEAR
                                                  NORMAL
..................................................................
TEMPERATURE (F)
 YESTERDAY
  MAXIMUM         65    433 PM  81    1943  60      5       49
  MINIMUM         46   1152 PM  14    1948  38      8       30
  AVERAGE         56                        49      7       40

PRECIPITATION (IN)
  YESTERDAY        0.00          3.01 1980   0.17  -0.17     0.00
  MONTH TO DATE    5.77                      3.65   2.12     2.83
  SINCE DEC 1     14.82                      9.77   5.05    10.89
  SINCE JAN 1      5.77                      3.65   2.12     2.83

SNOWFALL (IN)
  YESTERDAY        0.0           8.2  1940  MM     MM        0.0
  MONTH TO DATE    0.5                      MM     MM        0.0
  SINCE DEC 1      0.5                      MM     MM        0.0
  SINCE JUL 1      0.5                      MM     MM        0.0
  SNOW DEPTH       0

DEGREE DAYS
 HEATING
  YESTERDAY        9                        16     -7       25
  MONTH TO DATE  200                       368   -168      405
  SINCE DEC 1    571                       832   -261      652
  SINCE JUL 1    746                      1157   -411      803
..................................................................


WIND (MPH)
  HIGHEST WIND SPEED    25   HIGHEST WIND DIRECTION    NW (310)
  HIGHEST GUST SPEED    33   HIGHEST GUST DIRECTION    NW (320)
  AVERAGE WIND SPEED     8.8


SKY COVER
  POSSIBLE SUNSHINE  MM
  AVERAGE SKY COVER 0.0


WEATHER CONDITIONS
 THE FOLLOWING WEATHER WAS RECORDED YESTERDAY.
  HAZE


RELATIVE HUMIDITY (PERCENT)
 HIGHEST    82          1100 PM
 LOWEST     43           400 PM
 AVERAGE    63

..........................................................


THE ALEXANDRIA CLIMATE NORMALS FOR TODAY
                         NORMAL    RECORD    YEAR
 MAXIMUM TEMPERATURE (F)   60        81      1950
 MINIMUM TEMPERATURE (F)   38         4      1948


SUNRISE AND SUNSET
JANUARY 24 2017.......SUNRISE   707 AM CST   SUNSET   538 PM CST
JANUARY 25 2017.......SUNRISE   706 AM CST   SUNSET   539 PM CST


-  INDICATES NEGATIVE NUMBERS.
R  INDICATES RECORD WAS SET OR TIED.
MM INDICATES DATA IS MISSING.
T  INDICATES TRACE AMOUNT.




$$
