290
CDUS42 KCAE 160610
CLIAGS


CLIMATE REPORT
NATIONAL WEATHER SERVICE COLUMBIA SC
109 AM EST MON JAN 16 2017


...................................

...THE AUGUSTA REGIONAL BUSH FIELD GA CLIMATE SUMMARY FOR JANUARY 15 2017...

CLIMATE NORMAL PERIOD 1981 TO 2010
CLIMATE RECORD PERIOD 1873 TO 2017


WEATHER ITEM   OBSERVED TIME   RECORD YEAR NORMAL DEPARTURE LAST
                VALUE   (LST)  VALUE       VALUE  FROM      YEAR
                                                  NORMAL
..................................................................
TEMPERATURE (F)
 YESTERDAY
  MAXIMUM         79R   313 PM  78    2013  58     21       62
                                      1932
  MINIMUM         49    756 AM  14    1964  33     16       37
  AVERAGE         64                        45     19       50

PRECIPITATION (IN)
  YESTERDAY        0.00          1.91 1966   0.12  -0.12     0.68
  MONTH TO DATE    6.43                      1.85   4.58     0.84
  SINCE DEC 1     10.84                      5.24   5.60     7.76
  SINCE JAN 1      6.43                      1.85   4.58     0.84

SNOWFALL (IN)
  YESTERDAY        0.0          MM      MM   0.0             0.0
  MONTH TO DATE    T                         0.2             0.0
  SINCE DEC 1      T                         0.3             0.0
  SINCE JUL 1      T                         0.3             0.0

DEGREE DAYS
 HEATING
  YESTERDAY        1                        20    -19       15
  MONTH TO DATE  177                       300   -123      297
  SINCE DEC 1    543                       853   -310      514
  SINCE JUL 1    814                      1275   -461      801

 COOLING
  YESTERDAY        0                         0      0        0
  MONTH TO DATE    3                         0      3        0
  SINCE DEC 1     10                         3      7       47
  SINCE JAN 1      3                         0      3        0
..................................................................


WIND (MPH)
  HIGHEST WIND SPEED     8   HIGHEST WIND DIRECTION     W (270)
  HIGHEST GUST SPEED    11   HIGHEST GUST DIRECTION    SW (210)
  AVERAGE WIND SPEED     0.6


SKY COVER
  AVERAGE SKY COVER 0.4


WEATHER CONDITIONS
 THE FOLLOWING WEATHER WAS RECORDED YESTERDAY.
  FOG
  FOG W/VISIBILITY <= 1/4 MILE
  HAZE


RELATIVE HUMIDITY (PERCENT)
 HIGHEST    96           200 AM
 LOWEST     39           300 PM
 AVERAGE    68

..........................................................


THE AUGUSTA REGIONAL BUSH FIELD GA CLIMATE NORMALS FOR TODAY
                         NORMAL    RECORD    YEAR
 MAXIMUM TEMPERATURE (F)   58        80      2013
 MINIMUM TEMPERATURE (F)   33        12      1893


SUNRISE AND SUNSET
JANUARY 16 2017.......SUNRISE   731 AM EST   SUNSET   544 PM EST
JANUARY 17 2017.......SUNRISE   731 AM EST   SUNSET   545 PM EST


-  INDICATES NEGATIVE NUMBERS.
R  INDICATES RECORD WAS SET OR TIED.
MM INDICATES DATA IS MISSING.
T  INDICATES TRACE AMOUNT.




$$
