000
CDUS42 KCAE 270620
CLIAGS


CLIMATE REPORT
NATIONAL WEATHER SERVICE COLUMBIA SC
119 AM EST SAT DEC 27 2014


...................................

...THE AUGUSTA REGIONAL BUSH FIELD GA CLIMATE SUMMARY FOR DECEMBER 26 2014...

CLIMATE NORMAL PERIOD 1981 TO 2010
CLIMATE RECORD PERIOD 1873 TO 2014


WEATHER ITEM   OBSERVED TIME   RECORD YEAR NORMAL DEPARTURE LAST
                VALUE   (LST)  VALUE       VALUE  FROM      YEAR
                                                  NORMAL
..................................................................
TEMPERATURE (F)
 YESTERDAY
  MAXIMUM         62    308 PM  80    1964  58      4       53
  MINIMUM         29    445 AM   9    1983  33     -4       32
  AVERAGE         46                        45      1       43

PRECIPITATION (IN)
  YESTERDAY        0.00          1.45 1881   0.12  -0.12      T
  MONTH TO DATE    4.09                      2.83   1.26     4.61
  SINCE DEC 1      4.09                      2.83   1.26     4.61
  SINCE JAN 1     38.57                     43.01  -4.44    53.23

SNOWFALL (IN)
  YESTERDAY        0.0          MM      MM   0.0             0.0
  MONTH TO DATE    0.0                       0.1             0.0
  SINCE DEC 1      0.0                       0.1             0.0
  SINCE JUL 1      0.0                       0.1             0.0

DEGREE DAYS
 HEATING
  YESTERDAY       19                        20     -1       22
  MONTH TO DATE  390                       455    -65      363
  SINCE DEC 1    390                       455    -65      363
  SINCE JUL 1    954                       877     77      822

 COOLING
  YESTERDAY        0                         0      0        0
  MONTH TO DATE    0                         0      0       11
  SINCE DEC 1      0                         0      0       11
  SINCE JAN 1   2099                      2086     13     1876
..................................................................


WIND (MPH)
  HIGHEST WIND SPEED     7   HIGHEST WIND DIRECTION     S (180)
  HIGHEST GUST SPEED    11   HIGHEST GUST DIRECTION     N (360)
  AVERAGE WIND SPEED     1.6


SKY COVER
  AVERAGE SKY COVER 0.2


WEATHER CONDITIONS
 THE FOLLOWING WEATHER WAS RECORDED YESTERDAY.
  FOG
  FOG W/VISIBILITY <= 1/4 MILE


RELATIVE HUMIDITY (PERCENT)
 HIGHEST   100          1200 AM
 LOWEST     39           300 PM
 AVERAGE    70

..........................................................


THE AUGUSTA REGIONAL BUSH FIELD GA CLIMATE NORMALS FOR TODAY
                         NORMAL    RECORD    YEAR
 MAXIMUM TEMPERATURE (F)   58        76      1971
 MINIMUM TEMPERATURE (F)   33        18      1935


SUNRISE AND SUNSET
DECEMBER 27 2014......SUNRISE   730 AM EST   SUNSET   528 PM EST
DECEMBER 28 2014......SUNRISE   731 AM EST   SUNSET   528 PM EST


-  INDICATES NEGATIVE NUMBERS.
R  INDICATES RECORD WAS SET OR TIED.
MM INDICATES DATA IS MISSING.
T  INDICATES TRACE AMOUNT.




$$
