000
CDUS42 KCAE 270536
CLIAGS


CLIMATE REPORT
NATIONAL WEATHER SERVICE COLUMBIA SC
135 AM EDT TUE JUN 27 2017


...................................

...THE AUGUSTA REGIONAL BUSH FIELD GA CLIMATE SUMMARY FOR JUNE 26 2017...

CLIMATE NORMAL PERIOD 1981 TO 2010
CLIMATE RECORD PERIOD 1873 TO 2017


WEATHER ITEM   OBSERVED TIME   RECORD YEAR NORMAL DEPARTURE LAST
                VALUE   (LST)  VALUE       VALUE  FROM      YEAR
                                                  NORMAL
..................................................................
TEMPERATURE (F)
 YESTERDAY
  MAXIMUM         90    420 PM 105    1952  92     -2       93
  MINIMUM         67   1154 PM  59    2012  68     -1       73
                                      1974
  AVERAGE         79                        80     -1       83

PRECIPITATION (IN)
  YESTERDAY        0.00          3.04 1926   0.15  -0.15      T
  MONTH TO DATE    3.10                      4.14  -1.04     2.33
  SINCE JUN 1      3.10                      4.14  -1.04     2.33
  SINCE JAN 1     23.05                     21.64   1.41    21.06

SNOWFALL (IN)
  YESTERDAY        0.0          MM      MM   0.0             0.0
  MONTH TO DATE    0.0                       0.0             0.0
  SINCE JUN 1      0.0                       0.0             0.0
  SINCE JUL 1      T                         0.9             0.5

DEGREE DAYS
 HEATING
  YESTERDAY        0                         0      0        0
  MONTH TO DATE    0                         0      0        0
  SINCE JUN 1      0                         0      0        0
  SINCE JUL 1   1407                      2471  -1064     1856

 COOLING
  YESTERDAY       14                        15     -1       18
  MONTH TO DATE  399                       346     53      405
  SINCE JUN 1    399                       346     53      405
  SINCE JAN 1    940                       629    311      720
..................................................................


WIND (MPH)
  HIGHEST WIND SPEED    14   HIGHEST WIND DIRECTION    NE (40)
  HIGHEST GUST SPEED    20   HIGHEST GUST DIRECTION     N (360)
  AVERAGE WIND SPEED     5.0


SKY COVER
  AVERAGE SKY COVER 0.2


WEATHER CONDITIONS
 THE FOLLOWING WEATHER WAS RECORDED YESTERDAY.
  NO SIGNIFICANT WEATHER WAS OBSERVED.


RELATIVE HUMIDITY (PERCENT)
 HIGHEST    90          1000 PM
 LOWEST     34           200 PM
 AVERAGE    62

..........................................................


THE AUGUSTA REGIONAL BUSH FIELD GA CLIMATE NORMALS FOR TODAY
                         NORMAL    RECORD    YEAR
 MAXIMUM TEMPERATURE (F)   93       104      1952
                                             1950
 MINIMUM TEMPERATURE (F)   68        56      2012


SUNRISE AND SUNSET
JUNE 27 2017..........SUNRISE   621 AM EDT   SUNSET   841 PM EDT
JUNE 28 2017..........SUNRISE   621 AM EDT   SUNSET   841 PM EDT


-  INDICATES NEGATIVE NUMBERS.
R  INDICATES RECORD WAS SET OR TIED.
MM INDICATES DATA IS MISSING.
T  INDICATES TRACE AMOUNT.




$$
