623
CDUS42 KCAE 260631
CLIAGS


CLIMATE REPORT
NATIONAL WEATHER SERVICE COLUMBIA SC
131 AM EST SUN FEB 26 2017


...................................

...THE AUGUSTA REGIONAL BUSH FIELD GA CLIMATE SUMMARY FOR FEBRUARY 25 2017...

CLIMATE NORMAL PERIOD 1981 TO 2010
CLIMATE RECORD PERIOD 1873 TO 2017


WEATHER ITEM   OBSERVED TIME   RECORD YEAR NORMAL DEPARTURE LAST
                VALUE   (LST)  VALUE       VALUE  FROM      YEAR
                                                  NORMAL
..................................................................
TEMPERATURE (F)
 YESTERDAY
  MAXIMUM         80    349 PM  84    1890  65     15       56
  MINIMUM         55   1159 PM  14    1967  38     17       42
  AVERAGE         68                        51     17       49

PRECIPITATION (IN)
  YESTERDAY        0.00          2.26 1919   0.15  -0.15     0.00
  MONTH TO DATE    2.05                      3.49  -1.44     3.76
  SINCE DEC 1     16.59                     10.79   5.80    12.34
  SINCE JAN 1     12.18                      7.40   4.78     5.42

SNOWFALL (IN)
  YESTERDAY        0.0          MM      MM   0.0             0.0
  MONTH TO DATE    0.0                       0.4             0.0
  SINCE DEC 1      T                         0.9             0.5
  SINCE JUL 1      T                         0.9             0.5

DEGREE DAYS
 HEATING
  YESTERDAY        0                        14    -14       16
  MONTH TO DATE  174                       406   -232      375
  SINCE DEC 1    840                      1569   -729     1229
  SINCE JUL 1   1111                      1991   -880     1516

 COOLING
  YESTERDAY        3                         0      3        0
  MONTH TO DATE   15                         0     15        3
  SINCE DEC 1     36                         4     32       50
  SINCE JAN 1     29                         1     28        3
..................................................................


WIND (MPH)
  HIGHEST WIND SPEED    25   HIGHEST WIND DIRECTION     W (260)
  HIGHEST GUST SPEED    32   HIGHEST GUST DIRECTION     W (250)
  AVERAGE WIND SPEED    10.9


SKY COVER
  AVERAGE SKY COVER 0.3


WEATHER CONDITIONS
 THE FOLLOWING WEATHER WAS RECORDED YESTERDAY.
  NO SIGNIFICANT WEATHER WAS OBSERVED.


RELATIVE HUMIDITY (PERCENT)
 HIGHEST    93           600 AM
 LOWEST     13           400 PM
 AVERAGE    53

..........................................................


THE AUGUSTA REGIONAL BUSH FIELD GA CLIMATE NORMALS FOR TODAY
                         NORMAL    RECORD    YEAR
 MAXIMUM TEMPERATURE (F)   65        85      1996
 MINIMUM TEMPERATURE (F)   38        12      1967


SUNRISE AND SUNSET
FEBRUARY 26 2017......SUNRISE   659 AM EST   SUNSET   622 PM EST
FEBRUARY 27 2017......SUNRISE   658 AM EST   SUNSET   623 PM EST


-  INDICATES NEGATIVE NUMBERS.
R  INDICATES RECORD WAS SET OR TIED.
MM INDICATES DATA IS MISSING.
T  INDICATES TRACE AMOUNT.




$$
