000
CDUS42 KCAE 210527
CLIAGS


CLIMATE REPORT
NATIONAL WEATHER SERVICE COLUMBIA SC
127 AM EDT MON APR 21 2014


...................................

...THE AUGUSTA REGIONAL BUSH FIELD GA CLIMATE SUMMARY FOR APRIL 20 2014...

CLIMATE NORMAL PERIOD 1981 TO 2010
CLIMATE RECORD PERIOD 1873 TO 2014


WEATHER ITEM   OBSERVED TIME   RECORD YEAR NORMAL DEPARTURE LAST
                VALUE   (LST)  VALUE       VALUE  FROM      YEAR
                                                  NORMAL
..................................................................
TEMPERATURE (F)
 YESTERDAY
  MAXIMUM         74    424 PM  94    1925  78     -4       68
  MINIMUM         50   1153 PM  27    1983  49      1       43
  AVERAGE         62                        64     -2       56

PRECIPITATION (IN)
  YESTERDAY        0.02          2.37 1900   0.09  -0.07     0.00
  MONTH TO DATE    4.24                      2.00   2.24     1.63
  SINCE MAR 1      6.80                      6.18   0.62     4.74
  SINCE JAN 1     13.01                     14.01  -1.00    14.74

SNOWFALL (IN)
  YESTERDAY        0.0          MM      MM   0.0             0.0
  MONTH TO DATE    0.0                       0.0             0.0
  SINCE MAR 1      0.0                       0.0             0.0
  SINCE JUL 1      3.3                       0.9             0.0

DEGREE DAYS
 HEATING
  YESTERDAY        3                         3      0        9
  MONTH TO DATE   95                        98     -3       85
  SINCE MAR 1    495                       394    101      520
  SINCE JUL 1   2657                      2426    231     2324

 COOLING
  YESTERDAY        0                         2     -2        0
  MONTH TO DATE   18                        28    -10       37
  SINCE MAR 1     18                        43    -25       43
  SINCE JAN 1     20                        46    -26       58
..................................................................


WIND (MPH)
  HIGHEST WIND SPEED    18   HIGHEST WIND DIRECTION    NE (50)
  HIGHEST GUST SPEED    25   HIGHEST GUST DIRECTION    NE (30)
  AVERAGE WIND SPEED     9.6


SKY COVER
  AVERAGE SKY COVER 0.8


WEATHER CONDITIONS
 THE FOLLOWING WEATHER WAS RECORDED YESTERDAY.
  LIGHT RAIN
  FOG


RELATIVE HUMIDITY (PERCENT)
 HIGHEST    89          1200 AM
 LOWEST     35           200 PM
 AVERAGE    62

..........................................................


THE AUGUSTA REGIONAL BUSH FIELD GA CLIMATE NORMALS FOR TODAY
                         NORMAL    RECORD    YEAR
 MAXIMUM TEMPERATURE (F)   79        92      2002
 MINIMUM TEMPERATURE (F)   49        30      1953


SUNRISE AND SUNSET
APRIL 21 2014.........SUNRISE   651 AM EDT   SUNSET   803 PM EDT
APRIL 22 2014.........SUNRISE   649 AM EDT   SUNSET   804 PM EDT


-  INDICATES NEGATIVE NUMBERS.
R  INDICATES RECORD WAS SET OR TIED.
MM INDICATES DATA IS MISSING.
T  INDICATES TRACE AMOUNT.




$$
