988
CDUS42 KCAE 242126
CLIAGS


CLIMATE REPORT
NATIONAL WEATHER SERVICE COLUMBIA SC
525 PM EDT FRI MAR 24 2017


...................................

...THE AUGUSTA BUSH FIELD GA CLIMATE SUMMARY FOR MARCH 24 2017...
VALID TODAY AS OF 0500 PM LOCAL TIME.

CLIMATE NORMAL PERIOD 1981 TO 2010
CLIMATE RECORD PERIOD 1873 TO 2017


WEATHER ITEM   OBSERVED TIME   RECORD YEAR NORMAL DEPARTURE LAST
                VALUE   (LST)  VALUE       VALUE  FROM      YEAR
                                                  NORMAL
..................................................................
TEMPERATURE (F)
 TODAY
  MAXIMUM         80    349 PM  92    1929  72      8       81
  MINIMUM         45    707 AM  26    1885  44      1       43
  AVERAGE         63                        58      5       62

PRECIPITATION (IN)
  TODAY            0.00          2.06 1904   0.12  -0.12     0.00
  MONTH TO DATE    1.48                      3.29  -1.81     1.48
  SINCE MAR 1      1.48                      3.29  -1.81     1.48
  SINCE JAN 1     13.72                     11.12   2.60     6.90

SNOWFALL (IN)
  TODAY            0.0          MM      MM   0.0             0.0
  MONTH TO DATE    0.0                       0.0             0.0
  SINCE MAR 1      0.0                       0.0             0.0
  SINCE JUL 1      T                         0.9             0.5

DEGREE DAYS
 HEATING
  TODAY            2                         8     -6        3
  MONTH TO DATE  238                       247     -9      157
  SINCE MAR 1    238                       247     -9      157
  SINCE JUL 1   1373                      2279   -906     1734

 COOLING
  TODAY            0                         1     -1        0
  MONTH TO DATE   12                        10      2       39
  SINCE MAR 1     12                        10      2       39
  SINCE JAN 1     42                        13     29       42
..................................................................


WIND (MPH)
  HIGHEST WIND SPEED    17   HIGHEST WIND DIRECTION     S (170)
  HIGHEST GUST SPEED    22   HIGHEST GUST DIRECTION     S (160)
  AVERAGE WIND SPEED     5.5


SKY COVER
  AVERAGE SKY COVER 0.3


WEATHER CONDITIONS
 THE FOLLOWING WEATHER WAS RECORDED TODAY.
  NO SIGNIFICANT WEATHER WAS OBSERVED.


RELATIVE HUMIDITY (PERCENT)
 HIGHEST    76           600 AM
 LOWEST     30           200 PM
 AVERAGE    53

..........................................................


THE AUGUSTA BUSH FIELD GA CLIMATE NORMALS FOR TOMORROW
                         NORMAL    RECORD    YEAR
 MAXIMUM TEMPERATURE (F)   72        93      1929
 MINIMUM TEMPERATURE (F)   44        29      2008
                                             1983
                                             1956


SUNRISE AND SUNSET
MARCH 24 2017.........SUNRISE   726 AM EDT   SUNSET   743 PM EDT
MARCH 25 2017.........SUNRISE   725 AM EDT   SUNSET   743 PM EDT


-  INDICATES NEGATIVE NUMBERS.
R  INDICATES RECORD WAS SET OR TIED.
MM INDICATES DATA IS MISSING.
T  INDICATES TRACE AMOUNT.




$$
