776
CDUS42 KCAE 100613
CLIAGS


CLIMATE REPORT
NATIONAL WEATHER SERVICE COLUMBIA SC
113 AM EST WED FEB 10 2016


...................................

...THE AUGUSTA REGIONAL BUSH FIELD GA CLIMATE SUMMARY FOR FEBRUARY 9 2016...

CLIMATE NORMAL PERIOD 1981 TO 2010
CLIMATE RECORD PERIOD 1873 TO 2016


WEATHER ITEM   OBSERVED TIME   RECORD YEAR NORMAL DEPARTURE LAST
                VALUE   (LST)  VALUE       VALUE  FROM      YEAR
                                                  NORMAL
..................................................................
TEMPERATURE (F)
 YESTERDAY
  MAXIMUM         42   1213 PM  81    1957  61    -19       68
  MINIMUM         31   1159 PM  13    1895  35     -4       46
  AVERAGE         37                        48    -11       57

PRECIPITATION (IN)
  YESTERDAY        0.00          1.78 1881   0.13  -0.13     0.33
  MONTH TO DATE    2.14                      1.18   0.96     0.56
  SINCE DEC 1     10.72                      8.48   2.24     6.87
  SINCE JAN 1      3.80                      5.09  -1.29     2.66

SNOWFALL (IN)
  YESTERDAY        0.0           8.0  1973   0.0             0.0
  MONTH TO DATE    0.0                       0.1             0.0
  SINCE DEC 1      0.5                       0.6             0.0
  SINCE JUL 1      0.5                       0.6             0.0

DEGREE DAYS
 HEATING
  YESTERDAY       28                        17     11        8
  MONTH TO DATE  128                       159    -31      172
  SINCE DEC 1    982                      1322   -340     1279
  SINCE JUL 1   1269                      1744   -475     1843

 COOLING
  YESTERDAY        0                         0      0        0
  MONTH TO DATE    3                         0      3        0
  SINCE DEC 1     50                         4     46        0
  SINCE JAN 1      3                         1      2        0
..................................................................


WIND (MPH)
  HIGHEST WIND SPEED    26   HIGHEST WIND DIRECTION    NW (310)
  HIGHEST GUST SPEED    35   HIGHEST GUST DIRECTION    NW (310)
  AVERAGE WIND SPEED    12.9


SKY COVER
  AVERAGE SKY COVER 0.6


WEATHER CONDITIONS
 THE FOLLOWING WEATHER WAS RECORDED YESTERDAY.
  NO SIGNIFICANT WEATHER WAS OBSERVED.


RELATIVE HUMIDITY (PERCENT)
 HIGHEST    69           500 AM
 LOWEST     44           400 PM
 AVERAGE    57

..........................................................


THE AUGUSTA REGIONAL BUSH FIELD GA CLIMATE NORMALS FOR TODAY
                         NORMAL    RECORD    YEAR
 MAXIMUM TEMPERATURE (F)   61        79      1959
 MINIMUM TEMPERATURE (F)   35        14      1971


SUNRISE AND SUNSET
FEBRUARY 10 2016......SUNRISE   717 AM EST   SUNSET   608 PM EST
FEBRUARY 11 2016......SUNRISE   716 AM EST   SUNSET   609 PM EST


-  INDICATES NEGATIVE NUMBERS.
R  INDICATES RECORD WAS SET OR TIED.
MM INDICATES DATA IS MISSING.
T  INDICATES TRACE AMOUNT.




$$
