000
CDUS42 KCAE 270632
CLIAGS


CLIMATE REPORT
NATIONAL WEATHER SERVICE COLUMBIA SC
232 AM EDT THU APR 27 2017


...................................

...THE AUGUSTA REGIONAL BUSH FIELD GA CLIMATE SUMMARY FOR APRIL 26 2017...

CLIMATE NORMAL PERIOD 1981 TO 2010
CLIMATE RECORD PERIOD 1873 TO 2017


WEATHER ITEM   OBSERVED TIME   RECORD YEAR NORMAL DEPARTURE LAST
                VALUE   (LST)  VALUE       VALUE  FROM      YEAR
                                                  NORMAL
..................................................................
TEMPERATURE (F)
 YESTERDAY
  MAXIMUM         86    438 PM  91    2011  80      6       86
                                      1986
                                      1925
  MINIMUM         54    525 AM  36    1910  51      3       53
  AVERAGE         70                        65      5       70

PRECIPITATION (IN)
  YESTERDAY        0.00          1.33 1967   0.08  -0.08     0.00
  MONTH TO DATE    2.58                      2.51   0.07     4.41
  SINCE MAR 1      4.35                      6.69  -2.34     7.59
  SINCE JAN 1     16.59                     14.52   2.07    13.01

SNOWFALL (IN)
  YESTERDAY        0.0          MM      MM   0.0             0.0
  MONTH TO DATE    0.0                       0.0             0.0
  SINCE MAR 1      0.0                       0.0             0.0
  SINCE JUL 1      T                         0.9             0.5

DEGREE DAYS
 HEATING
  YESTERDAY        0                         2     -2        0
  MONTH TO DATE   31                       115    -84       93
  SINCE MAR 1    269                       411   -142      266
  SINCE JUL 1   1404                      2443  -1039     1843

 COOLING
  YESTERDAY        5                         3      2        5
  MONTH TO DATE  119                        42     77       24
  SINCE MAR 1    172                        57    115       75
  SINCE JAN 1    202                        60    142       78
..................................................................


WIND (MPH)
  HIGHEST WIND SPEED    13   HIGHEST WIND DIRECTION     S (200)
  HIGHEST GUST SPEED    20   HIGHEST GUST DIRECTION     S (200)
  AVERAGE WIND SPEED     4.4


SKY COVER
  AVERAGE SKY COVER 0.3


WEATHER CONDITIONS
 THE FOLLOWING WEATHER WAS RECORDED YESTERDAY.
  FOG
  FOG W/VISIBILITY <= 1/4 MILE


RELATIVE HUMIDITY (PERCENT)
 HIGHEST   100           100 AM
 LOWEST     42           300 PM
 AVERAGE    71

..........................................................


THE AUGUSTA REGIONAL BUSH FIELD GA CLIMATE NORMALS FOR TODAY
                         NORMAL    RECORD    YEAR
 MAXIMUM TEMPERATURE (F)   80        96      1986
 MINIMUM TEMPERATURE (F)   51        38      2000
                                             1977
                                             1972


SUNRISE AND SUNSET
APRIL 27 2017.........SUNRISE   644 AM EDT   SUNSET   808 PM EDT
APRIL 28 2017.........SUNRISE   643 AM EDT   SUNSET   809 PM EDT


-  INDICATES NEGATIVE NUMBERS.
R  INDICATES RECORD WAS SET OR TIED.
MM INDICATES DATA IS MISSING.
T  INDICATES TRACE AMOUNT.




$$
