000
CDUS42 KCAE 292143
CLIAGS


CLIMATE REPORT
NATIONAL WEATHER SERVICE COLUMBIA SC
541 PM EDT FRI APR 29 2016


...................................

...THE AUGUSTA BUSH FIELD GA CLIMATE SUMMARY FOR APRIL 29 2016...
VALID TODAY AS OF 0500 PM LOCAL TIME.

CLIMATE NORMAL PERIOD 1981 TO 2010
CLIMATE RECORD PERIOD 1873 TO 2016


WEATHER ITEM   OBSERVED TIME   RECORD YEAR NORMAL DEPARTURE LAST
                VALUE   (LST)  VALUE       VALUE  FROM      YEAR
                                                  NORMAL
..................................................................
TEMPERATURE (F)
 TODAY
  MAXIMUM         91R   204 PM  91    2012  81     10       63
                                      1970
                                      1888
  MINIMUM         58    603 AM  38    1973  52      6       48
                                      1967
  AVERAGE         75                        66      9       56

PRECIPITATION (IN)
  TODAY            0.00          2.96 1937   0.08  -0.08     0.36
  MONTH TO DATE    4.42                      2.76   1.66     4.86
  SINCE MAR 1      7.60                      6.94   0.66     7.90
  SINCE JAN 1     13.02                     14.77  -1.75    14.70

SNOWFALL (IN)
  TODAY            0.0          MM      MM   0.0             0.0
  MONTH TO DATE    0.0                       0.0             0.0
  SINCE MAR 1      0.0                       0.0             0.0
  SINCE JUL 1      0.5                       0.9              T

DEGREE DAYS
 HEATING
  TODAY            0                         2     -2        9
  MONTH TO DATE   93                       121    -28       50
  SINCE MAR 1    266                       417   -151      263
  SINCE JUL 1   1843                      2449   -606     2549

 COOLING
  TODAY           10                         3      7        0
  MONTH TO DATE   54                        51      3      102
  SINCE MAR 1    105                        66     39      114
  SINCE JAN 1    108                        69     39      114
..................................................................


WIND (MPH)
  HIGHEST WIND SPEED    10   HIGHEST WIND DIRECTION    SE (120)
  HIGHEST GUST SPEED    13   HIGHEST GUST DIRECTION     E (100)
  AVERAGE WIND SPEED     3.7


SKY COVER
  AVERAGE SKY COVER 0.0


WEATHER CONDITIONS
 THE FOLLOWING WEATHER WAS RECORDED TODAY.
  FOG
  FOG W/VISIBILITY <= 1/4 MILE


RELATIVE HUMIDITY (PERCENT)
 HIGHEST   100           400 AM
 LOWEST     29           300 PM
 AVERAGE    65

..........................................................


THE AUGUSTA BUSH FIELD GA CLIMATE NORMALS FOR TOMORROW
                         NORMAL    RECORD    YEAR
 MAXIMUM TEMPERATURE (F)   81        93      1987
 MINIMUM TEMPERATURE (F)   52        37      2008


SUNRISE AND SUNSET
APRIL 29 2016.........SUNRISE   641 AM EDT   SUNSET   809 PM EDT
APRIL 30 2016.........SUNRISE   640 AM EDT   SUNSET   810 PM EDT


-  INDICATES NEGATIVE NUMBERS.
R  INDICATES RECORD WAS SET OR TIED.
MM INDICATES DATA IS MISSING.
T  INDICATES TRACE AMOUNT.




$$
