000
CDUS42 KFFC 250921
CLIAHN


CLIMATE REPORT
NATIONAL WEATHER SERVICE PEACHTREE CITY GA
421 AM EST SUN JAN 25 2015


...................................

...THE ATHENS CLIMATE SUMMARY FOR JANUARY 24 2015...

CLIMATE NORMAL PERIOD 1981 TO 2010
CLIMATE RECORD PERIOD 1898 TO 2015


WEATHER ITEM   OBSERVED TIME   RECORD YEAR NORMAL DEPARTURE LAST
                VALUE   (LST)  VALUE       VALUE  FROM      YEAR
                                                  NORMAL
..................................................................
TEMPERATURE (F)
 YESTERDAY
  MAXIMUM         50    415 PM  78    1927  54     -4       34
  MINIMUM         36   1158 PM   4    1963  33      3       12
  AVERAGE         43                        44     -1       23

PRECIPITATION (IN)
  YESTERDAY        0.05          3.15 1885   0.14  -0.09     0.00
  MONTH TO DATE    2.98                      3.06  -0.08     4.56
  SINCE DEC 1      7.67                      6.79   0.88    12.18
  SINCE JAN 1      2.98                      3.06  -0.08     4.56

SNOWFALL (IN)
  YESTERDAY        0.0           0.0  2002   0.0    0.0      0.0
  MONTH TO DATE    0.0                       1.1   -1.1      0.0
  SINCE DEC 1      0.0                       1.2   -1.2      0.0
  SINCE JUL 1      0.0                       1.2   -1.2      0.0
  SNOW DEPTH       0

DEGREE DAYS
 HEATING
  YESTERDAY       22                        21      1       42
  MONTH TO DATE  546                       523     23      656
  SINCE DEC 1   1049                      1133    -84     1195
  SINCE JUL 1   1662                      1613     49     1757
..................................................................


WIND (MPH)
  RESULTANT WIND SPEED   9   RESULTANT WIND DIRECTION   W (290)
  HIGHEST WIND SPEED    22   HIGHEST WIND DIRECTION     W (290)
  HIGHEST GUST SPEED    35   HIGHEST GUST DIRECTION    NW (300)
  AVERAGE WIND SPEED     9.4


SKY COVER
  POSSIBLE SUNSHINE  MM
  AVERAGE SKY COVER 0.4


WEATHER CONDITIONS
 THE FOLLOWING WEATHER WAS RECORDED YESTERDAY.
  RAIN
  LIGHT RAIN
  FOG


RELATIVE HUMIDITY (PERCENT)
 HIGHEST   100           100 AM
 LOWEST     36           400 PM
 AVERAGE    68

..........................................................


THE ATHENS CLIMATE NORMALS FOR TODAY
                         NORMAL    RECORD    YEAR
 MAXIMUM TEMPERATURE (F)   55        78      1943
 MINIMUM TEMPERATURE (F)   33         9      1905


SUNRISE AND SUNSET
JANUARY 25 2015.......SUNRISE   735 AM EST   SUNSET   557 PM EST
JANUARY 26 2015.......SUNRISE   734 AM EST   SUNSET   558 PM EST


-  INDICATES NEGATIVE NUMBERS.
R  INDICATES RECORD WAS SET OR TIED.
MM INDICATES DATA IS MISSING.
T  INDICATES TRACE AMOUNT.




$$
