000
CDUS42 KFFC 160022
CLIAHN


CLIMATE REPORT
NATIONAL WEATHER SERVICE PEACHTREE CITY GA
822 PM EDT MON SEP 15 2014


...................................

...THE ATHENS CLIMATE SUMMARY FOR SEPTEMBER 15 2014...
VALID AS OF 0800 PM LOCAL TIME.

CLIMATE NORMAL PERIOD 1981 TO 2010
CLIMATE RECORD PERIOD 1898 TO 2014


WEATHER ITEM   OBSERVED TIME   RECORD YEAR NORMAL DEPARTURE LAST
                VALUE   (LST)  VALUE       VALUE  FROM      YEAR
                                                  NORMAL
..................................................................
TEMPERATURE (F)
 TODAY
  MAXIMUM         76    319 PM 102    1927  84     -8       85
  MINIMUM         65    356 AM  50    1985  63      2       61
  AVERAGE         71                        74     -3       73

PRECIPITATION (IN)
  TODAY            T             2.52 1924   0.13  -0.13     0.00
  MONTH TO DATE    4.57                      1.78   2.79     0.34
  SINCE SEP 1      4.57                      1.78   2.79     0.34
  SINCE JAN 1     34.06                     33.07   0.99    46.50

SNOWFALL (IN)
  TODAY            0.0           0.0  2002   0.0    0.0      0.0
                                      2001
  MONTH TO DATE    0.0                       0.0    0.0      0.0
  SINCE SEP 1      0.0                       0.0    0.0      0.0
  SINCE JUL 1      0.0                       0.0    0.0      0.0
  SNOW DEPTH       0

DEGREE DAYS
 HEATING
  TODAY            0                         0      0        0
  MONTH TO DATE    0                         0      0        0
  SINCE SEP 1      0                         0      0        0
  SINCE JUL 1      0                         0      0        3

 COOLING
  TODAY            6                         9     -3        8
  MONTH TO DATE  214                       162     52      188
  SINCE SEP 1    214                       162     52      188
  SINCE JAN 1   1799                      1717     82     1515
..................................................................


WIND (MPH)
  HIGHEST WIND SPEED     7   HIGHEST WIND DIRECTION     E (80)
  HIGHEST GUST SPEED     9   HIGHEST GUST DIRECTION    NE (40)
  AVERAGE WIND SPEED     1.7


SKY COVER
  AVERAGE SKY COVER 1.0


WEATHER CONDITIONS
 THE FOLLOWING WEATHER WAS RECORDED TODAY.
  NO SIGNIFICANT WEATHER WAS OBSERVED.


RELATIVE HUMIDITY (PERCENT)
 HIGHEST    93           400 AM
 LOWEST     79           100 PM

..........................................................


THE ATHENS CLIMATE NORMALS FOR TOMORROW
                         NORMAL    RECORD    YEAR
 MAXIMUM TEMPERATURE (F)   84       102      1927
 MINIMUM TEMPERATURE (F)   63        46      1913


SUNRISE AND SUNSET
SEPTEMBER 15 2014.....SUNRISE   716 AM EDT   SUNSET   740 PM EDT
SEPTEMBER 16 2014.....SUNRISE   717 AM EDT   SUNSET   738 PM EDT


-  INDICATES NEGATIVE NUMBERS.
R  INDICATES RECORD WAS SET OR TIED.
MM INDICATES DATA IS MISSING.
T  INDICATES TRACE AMOUNT.




$$
