000
CDUS42 KFFC 250818
CLIAHN


CLIMATE REPORT
NATIONAL WEATHER SERVICE PEACHTREE CITY GA
418 AM EDT MON MAY 25 2015


...................................

...THE ATHENS CLIMATE SUMMARY FOR MAY 24 2015...

CLIMATE NORMAL PERIOD 1981 TO 2010
CLIMATE RECORD PERIOD 1898 TO 2015


WEATHER ITEM   OBSERVED TIME   RECORD YEAR NORMAL DEPARTURE LAST
                VALUE   (LST)  VALUE       VALUE  FROM      YEAR
                                                  NORMAL
..................................................................
TEMPERATURE (F)
 YESTERDAY
  MAXIMUM         86    409 PM  96    1912  84      2       86
  MINIMUM         57    600 AM  42    1931  61     -4       65
  AVERAGE         72                        72      0       76

PRECIPITATION (IN)
  YESTERDAY        0.00          1.75 1885   0.09  -0.09     0.00
  MONTH TO DATE    0.05                      2.32  -2.27     3.10
  SINCE MAR 1     10.85                      9.90   0.95    10.64
  SINCE JAN 1     17.82                     18.43  -0.61    19.28

DEGREE DAYS
 COOLING
  YESTERDAY        7                         8     -1       11
  MONTH TO DATE  173                       122     51      142
  SINCE MAR 1    252                       179     73      193
  SINCE JAN 1    252                       180     72      194
..................................................................


WIND (MPH)
  RESULTANT WIND SPEED   4   RESULTANT WIND DIRECTION   E (100)
  HIGHEST WIND SPEED    12   HIGHEST WIND DIRECTION     E (80)
  HIGHEST GUST SPEED    16   HIGHEST GUST DIRECTION     E (80)
  AVERAGE WIND SPEED     4.4


SKY COVER
  POSSIBLE SUNSHINE  MM
  AVERAGE SKY COVER 0.2


WEATHER CONDITIONS
 THE FOLLOWING WEATHER WAS RECORDED YESTERDAY.
  NO SIGNIFICANT WEATHER WAS OBSERVED.


RELATIVE HUMIDITY (PERCENT)
 HIGHEST    93           400 AM
 LOWEST     35           400 PM
 AVERAGE    64

..........................................................


THE ATHENS CLIMATE NORMALS FOR TODAY
                         NORMAL    RECORD    YEAR
 MAXIMUM TEMPERATURE (F)   84       100      1926
 MINIMUM TEMPERATURE (F)   61        46      2013
                                             1979


SUNRISE AND SUNSET
MAY 25 2015...........SUNRISE   626 AM EDT   SUNSET   835 PM EDT
MAY 26 2015...........SUNRISE   626 AM EDT   SUNSET   835 PM EDT


-  INDICATES NEGATIVE NUMBERS.
R  INDICATES RECORD WAS SET OR TIED.
MM INDICATES DATA IS MISSING.
T  INDICATES TRACE AMOUNT.




$$
