879
CDUS42 KFFC 300023
CLIAHN


CLIMATE REPORT
NATIONAL WEATHER SERVICE PEACHTREE CITY GA
823 PM EDT MON AUG 29 2016


...................................

...THE ATHENS CLIMATE SUMMARY FOR AUGUST 29 2016...
VALID AS OF 0800 PM LOCAL TIME.

CLIMATE NORMAL PERIOD 1981 TO 2010
CLIMATE RECORD PERIOD 1898 TO 2016


WEATHER ITEM   OBSERVED TIME   RECORD YEAR NORMAL DEPARTURE LAST
                VALUE   (LST)  VALUE       VALUE  FROM      YEAR
                                                  NORMAL
..................................................................
TEMPERATURE (F)
 TODAY
  MAXIMUM         91    236 PM 101    1924  89      2       85
  MINIMUM         71    617 AM  53    1927  68      3       67
  AVERAGE         81                        78      3       76

PRECIPITATION (IN)
  TODAY            0.00          1.20 1964   0.10  -0.10     0.00
  MONTH TO DATE   10.10                      3.33   6.77     6.21
  SINCE JUN 1     15.79                     11.98   3.81    14.05
  SINCE JAN 1     30.97                     31.09  -0.12    34.45

SNOWFALL (IN)
  TODAY            0.0           0.0  2002   0.0    0.0      0.0
                                      2001
  MONTH TO DATE    0.0                       0.0    0.0      0.0
  SINCE JUN 1      0.0                       0.0    0.0      0.0
  SINCE JUL 1      0.0                       0.0    0.0      0.0
  SNOW DEPTH       0

DEGREE DAYS
 HEATING
  TODAY            0                         0      0        0
  MONTH TO DATE    0                         0      0        0
  SINCE JUN 1      0                         1     -1        0
  SINCE JUL 1      0                         0      0        0

 COOLING
  TODAY           16                        13      3       11
  MONTH TO DATE  507                       425     82      449
  SINCE JUN 1   1583                      1287    296     1455
  SINCE JAN 1   1884                      1527    357     1780
..................................................................


WIND (MPH)
  HIGHEST WIND SPEED    13   HIGHEST WIND DIRECTION    NE (50)
  HIGHEST GUST SPEED    18   HIGHEST GUST DIRECTION    NE (60)
  AVERAGE WIND SPEED     4.9


SKY COVER
  AVERAGE SKY COVER 0.3


WEATHER CONDITIONS
 THE FOLLOWING WEATHER WAS RECORDED TODAY.
  NO SIGNIFICANT WEATHER WAS OBSERVED.


RELATIVE HUMIDITY (PERCENT)
 HIGHEST    90           300 AM
 LOWEST     52           400 PM

..........................................................


THE ATHENS CLIMATE NORMALS FOR TOMORROW
                         NORMAL    RECORD    YEAR
 MAXIMUM TEMPERATURE (F)   88       100      1932
 MINIMUM TEMPERATURE (F)   68        56      1986
                                             1968


SUNRISE AND SUNSET
AUGUST 29 2016........SUNRISE   705 AM EDT   SUNSET   802 PM EDT
AUGUST 30 2016........SUNRISE   706 AM EDT   SUNSET   801 PM EDT


-  INDICATES NEGATIVE NUMBERS.
R  INDICATES RECORD WAS SET OR TIED.
MM INDICATES DATA IS MISSING.
T  INDICATES TRACE AMOUNT.




$$
