000
CDUS42 KFFC 240919
CLIAHN


CLIMATE REPORT
NATIONAL WEATHER SERVICE PEACHTREE CITY GA
417 AM EST MON NOV 24 2014


...................................

...THE ATHENS CLIMATE SUMMARY FOR NOVEMBER 23 2014...

CLIMATE NORMAL PERIOD 1981 TO 2010
CLIMATE RECORD PERIOD 1898 TO 2014


WEATHER ITEM   OBSERVED TIME   RECORD YEAR NORMAL DEPARTURE LAST
                VALUE   (LST)  VALUE       VALUE  FROM      YEAR
                                                  NORMAL
..................................................................
TEMPERATURE (F)
 YESTERDAY
  MAXIMUM         59   1159 PM  78    1982  63     -4       68
                                      1921
  MINIMUM         43    622 AM  20    1970  40      3       42
                                      1937
  AVERAGE         51                        51      0       55

PRECIPITATION (IN)
  YESTERDAY        1.72          1.73 1891   0.14   1.58     0.06
  MONTH TO DATE    2.70                      2.88  -0.18     0.89
  SINCE SEP 1     10.93                     10.37   0.56     4.58
  SINCE JAN 1     40.42                     41.66  -1.24    50.74

SNOWFALL (IN)
  YESTERDAY        0.0           0.0  2001   0.0    0.0      0.0
  MONTH TO DATE    0.0                       0.0    0.0      0.0
  SINCE SEP 1      0.0                       0.0    0.0      0.0
  SINCE JUL 1      0.0                       0.0    0.0      0.0
  SNOW DEPTH       0

DEGREE DAYS
 HEATING
  YESTERDAY       14                        14      0       10
  MONTH TO DATE  393                       240    153      270
  SINCE SEP 1    502                       375    127      379
  SINCE JUL 1    502                       375    127      382
..................................................................


WIND (MPH)
  RESULTANT WIND SPEED   8   RESULTANT WIND DIRECTION   E (70)
  HIGHEST WIND SPEED    16   HIGHEST WIND DIRECTION     E (70)
  HIGHEST GUST SPEED    21   HIGHEST GUST DIRECTION     S (180)
  AVERAGE WIND SPEED     8.6


SKY COVER
  POSSIBLE SUNSHINE  MM
  AVERAGE SKY COVER 1.0


WEATHER CONDITIONS
 THE FOLLOWING WEATHER WAS RECORDED YESTERDAY.
  HEAVY RAIN
  RAIN
  LIGHT RAIN
  FOG


RELATIVE HUMIDITY (PERCENT)
 HIGHEST   100           800 AM
 LOWEST     38           100 AM
 AVERAGE    69

..........................................................


THE ATHENS CLIMATE NORMALS FOR TODAY
                         NORMAL    RECORD    YEAR
 MAXIMUM TEMPERATURE (F)   62        77      1958
                                             1931
 MINIMUM TEMPERATURE (F)   40        15      1970


SUNRISE AND SUNSET
NOVEMBER 24 2014......SUNRISE   714 AM EST   SUNSET   526 PM EST
NOVEMBER 25 2014......SUNRISE   715 AM EST   SUNSET   525 PM EST


-  INDICATES NEGATIVE NUMBERS.
R  INDICATES RECORD WAS SET OR TIED.
MM INDICATES DATA IS MISSING.
T  INDICATES TRACE AMOUNT.




$$
