000
CDUS42 KFFC 250817
CLIAHN


CLIMATE REPORT
NATIONAL WEATHER SERVICE PEACHTREE CITY GA
417 AM EDT THU MAY 25 2017


...................................

...THE ATHENS CLIMATE SUMMARY FOR MAY 24 2017...

CLIMATE NORMAL PERIOD 1981 TO 2010
CLIMATE RECORD PERIOD 1898 TO 2017


WEATHER ITEM   OBSERVED TIME   RECORD YEAR NORMAL DEPARTURE LAST
                VALUE   (LST)  VALUE       VALUE  FROM      YEAR
                                                  NORMAL
..................................................................
TEMPERATURE (F)
 YESTERDAY
  MAXIMUM         77   1243 PM  96    1912  84     -7       85
  MINIMUM         59   1159 PM  42    1931  61     -2       56
  AVERAGE         68                        72     -4       71

PRECIPITATION (IN)
  YESTERDAY        0.25          1.75 1885   0.09   0.16     0.00
  MONTH TO DATE    5.47                      2.32   3.15     2.33
  SINCE MAR 1     16.64                      9.90   6.74     6.85
  SINCE JAN 1     24.34                     18.43   5.91    15.02

DEGREE DAYS
 COOLING
  YESTERDAY        3                         8     -5        6
  MONTH TO DATE  146                       122     24      119
  SINCE MAR 1    302                       179    123      226
  SINCE JAN 1    311                       180    131      226
..................................................................


WIND (MPH)
  RESULTANT WIND SPEED   1   RESULTANT WIND DIRECTION  SE (120)
  HIGHEST WIND SPEED    10   HIGHEST WIND DIRECTION    NW (310)
  HIGHEST GUST SPEED    21   HIGHEST GUST DIRECTION     S (190)
  AVERAGE WIND SPEED     3.2


SKY COVER
  POSSIBLE SUNSHINE  MM
  AVERAGE SKY COVER 0.7


WEATHER CONDITIONS
 THE FOLLOWING WEATHER WAS RECORDED YESTERDAY.
  THUNDERSTORM
  HEAVY RAIN
  RAIN
  LIGHT RAIN
  FOG


RELATIVE HUMIDITY (PERCENT)
 HIGHEST   100          1200 AM
 LOWEST     74           100 PM
 AVERAGE    87

..........................................................


THE ATHENS CLIMATE NORMALS FOR TODAY
                         NORMAL    RECORD    YEAR
 MAXIMUM TEMPERATURE (F)   84       100      1926
 MINIMUM TEMPERATURE (F)   61        46      2013
                                             1979


SUNRISE AND SUNSET
MAY 25 2017...........SUNRISE   626 AM EDT   SUNSET   835 PM EDT
MAY 26 2017...........SUNRISE   625 AM EDT   SUNSET   836 PM EDT


-  INDICATES NEGATIVE NUMBERS.
R  INDICATES RECORD WAS SET OR TIED.
MM INDICATES DATA IS MISSING.
T  INDICATES TRACE AMOUNT.




$$
