000
CDUS42 KFFC 270822
CLIAHN


CLIMATE REPORT
NATIONAL WEATHER SERVICE PEACHTREE CITY GA
421 AM EDT FRI MAY 27 2016


...................................

...THE ATHENS CLIMATE SUMMARY FOR MAY 26 2016...

CLIMATE NORMAL PERIOD 1981 TO 2010
CLIMATE RECORD PERIOD 1898 TO 2016


WEATHER ITEM   OBSERVED TIME   RECORD YEAR NORMAL DEPARTURE LAST
                VALUE   (LST)  VALUE       VALUE  FROM      YEAR
                                                  NORMAL
..................................................................
TEMPERATURE (F)
 YESTERDAY
  MAXIMUM         88   1239 PM  99    1911  84      4       86
  MINIMUM         64    358 AM  41    1979  61      3       66
  AVERAGE         76                        73      3       76

PRECIPITATION (IN)
  YESTERDAY        0.00          5.47 1959   0.09  -0.09     0.79
  MONTH TO DATE    2.33                      2.50  -0.17     0.85
  SINCE MAR 1      6.85                     10.08  -3.23    11.65
  SINCE JAN 1     15.02                     18.61  -3.59    18.62

DEGREE DAYS
 COOLING
  YESTERDAY       11                         8      3       11
  MONTH TO DATE  138                       138      0      192
  SINCE MAR 1    245                       195     50      271
  SINCE JAN 1    245                       196     49      271
..................................................................


WIND (MPH)
  RESULTANT WIND SPEED   1   RESULTANT WIND DIRECTION  SE (120)
  HIGHEST WIND SPEED     8   HIGHEST WIND DIRECTION     S (190)
  HIGHEST GUST SPEED    13   HIGHEST GUST DIRECTION    SW (210)
  AVERAGE WIND SPEED     2.3


SKY COVER
  POSSIBLE SUNSHINE  MM
  AVERAGE SKY COVER 0.1


WEATHER CONDITIONS
 THE FOLLOWING WEATHER WAS RECORDED YESTERDAY.
  NO SIGNIFICANT WEATHER WAS OBSERVED.


RELATIVE HUMIDITY (PERCENT)
 HIGHEST    93           500 AM
 LOWEST     45          1200 PM
 AVERAGE    69

..........................................................


THE ATHENS CLIMATE NORMALS FOR TODAY
                         NORMAL    RECORD    YEAR
 MAXIMUM TEMPERATURE (F)   85        97      1916
 MINIMUM TEMPERATURE (F)   62        40      1961


SUNRISE AND SUNSET
MAY 27 2016...........SUNRISE   625 AM EDT   SUNSET   836 PM EDT
MAY 28 2016...........SUNRISE   624 AM EDT   SUNSET   837 PM EDT


-  INDICATES NEGATIVE NUMBERS.
R  INDICATES RECORD WAS SET OR TIED.
MM INDICATES DATA IS MISSING.
T  INDICATES TRACE AMOUNT.




$$
