000
CDUS42 KFFC 030819
CLIAHN


CLIMATE REPORT
NATIONAL WEATHER SERVICE PEACHTREE CITY GA
418 AM EDT MON AUG 3 2015


...................................

...THE ATHENS CLIMATE SUMMARY FOR AUGUST 2 2015...

CLIMATE NORMAL PERIOD 1981 TO 2010
CLIMATE RECORD PERIOD 1898 TO 2015


WEATHER ITEM   OBSERVED TIME   RECORD YEAR NORMAL DEPARTURE LAST
                VALUE   (LST)  VALUE       VALUE  FROM      YEAR
                                                  NORMAL
..................................................................
TEMPERATURE (F)
 YESTERDAY
  MAXIMUM         96    434 PM 100    2011  91      5       81
  MINIMUM         68    450 AM  60    1997  70     -2       67
  AVERAGE         82                        80      2       74

PRECIPITATION (IN)
  YESTERDAY        0.00          2.07 1911   0.13  -0.13      T
  MONTH TO DATE    0.00                      0.25  -0.25     0.02
  SINCE JUN 1      7.84                      8.90  -1.06     7.98
  SINCE JAN 1     28.24                     28.01   0.23    27.62

DEGREE DAYS
 COOLING
  YESTERDAY       17                        16      1        9
  MONTH TO DATE   35                        32      3       18
  SINCE JUN 1   1041                       894    147      885
  SINCE JAN 1   1366                      1134    232     1155
..................................................................


WIND (MPH)
  RESULTANT WIND SPEED   3   RESULTANT WIND DIRECTION   E (70)
  HIGHEST WIND SPEED    12   HIGHEST WIND DIRECTION     E (100)
  HIGHEST GUST SPEED    17   HIGHEST GUST DIRECTION     E (110)
  AVERAGE WIND SPEED     4.1


SKY COVER
  POSSIBLE SUNSHINE  MM
  AVERAGE SKY COVER 0.2


WEATHER CONDITIONS
 THE FOLLOWING WEATHER WAS RECORDED YESTERDAY.
  NO SIGNIFICANT WEATHER WAS OBSERVED.


RELATIVE HUMIDITY (PERCENT)
 HIGHEST    84           200 AM
 LOWEST     26           300 PM
 AVERAGE    55

..........................................................


THE ATHENS CLIMATE NORMALS FOR TODAY
                         NORMAL    RECORD    YEAR
 MAXIMUM TEMPERATURE (F)   91       102      2011
 MINIMUM TEMPERATURE (F)   70        58      1998


SUNRISE AND SUNSET
AUGUST  3 2015........SUNRISE   646 AM EDT   SUNSET   832 PM EDT
AUGUST  4 2015........SUNRISE   647 AM EDT   SUNSET   831 PM EDT


-  INDICATES NEGATIVE NUMBERS.
R  INDICATES RECORD WAS SET OR TIED.
MM INDICATES DATA IS MISSING.
T  INDICATES TRACE AMOUNT.




$$
