000
CDUS42 KFFC 250818
CLIAHN


CLIMATE REPORT
NATIONAL WEATHER SERVICE PEACHTREE CITY GA
418 AM EDT TUE JUL 25 2017


...................................

...THE ATHENS CLIMATE SUMMARY FOR JULY 24 2017...

CLIMATE NORMAL PERIOD 1981 TO 2010
CLIMATE RECORD PERIOD 1898 TO 2017


WEATHER ITEM   OBSERVED TIME   RECORD YEAR NORMAL DEPARTURE LAST
                VALUE   (LST)  VALUE       VALUE  FROM      YEAR
                                                  NORMAL
..................................................................
TEMPERATURE (F)
 YESTERDAY
  MAXIMUM         93   1253 PM 102    1952  91      2      100
  MINIMUM         72    604 AM  60    1947  70      2       72
  AVERAGE         83                        81      2       86

PRECIPITATION (IN)
  YESTERDAY        0.01          2.60 1890   0.14  -0.13     0.00
  MONTH TO DATE    2.62                      3.48  -0.86     0.35
  SINCE JUN 1     10.95                      7.66   3.29     4.44
  SINCE JAN 1     36.06                     26.77   9.29    19.62

DEGREE DAYS
 COOLING
  YESTERDAY       18                        16      2       21
  MONTH TO DATE  397                       377     20      450
  SINCE JUN 1    740                       755    -15      930
  SINCE JAN 1   1105                       995    110     1231
..................................................................


WIND (MPH)
  RESULTANT WIND SPEED   1   RESULTANT WIND DIRECTION  SE (130)
  HIGHEST WIND SPEED     8   HIGHEST WIND DIRECTION    SW (230)
  HIGHEST GUST SPEED    16   HIGHEST GUST DIRECTION    SW (220)
  AVERAGE WIND SPEED     3.2


SKY COVER
  POSSIBLE SUNSHINE  MM
  AVERAGE SKY COVER 0.3


WEATHER CONDITIONS
 THE FOLLOWING WEATHER WAS RECORDED YESTERDAY.
  THUNDERSTORM
  LIGHT RAIN
  FOG


RELATIVE HUMIDITY (PERCENT)
 HIGHEST   100           200 AM
 LOWEST     49           100 PM
 AVERAGE    75

..........................................................


THE ATHENS CLIMATE NORMALS FOR TODAY
                         NORMAL    RECORD    YEAR
 MAXIMUM TEMPERATURE (F)   91       101      2016
                                             1981
 MINIMUM TEMPERATURE (F)   70        61      1947
                                             1911


SUNRISE AND SUNSET
JULY 25 2017..........SUNRISE   640 AM EDT   SUNSET   839 PM EDT
JULY 26 2017..........SUNRISE   641 AM EDT   SUNSET   838 PM EDT


-  INDICATES NEGATIVE NUMBERS.
R  INDICATES RECORD WAS SET OR TIED.
MM INDICATES DATA IS MISSING.
T  INDICATES TRACE AMOUNT.




$$
