000
CDUS45 KCYS 280726
CLIAIA


CLIMATE REPORT
NATIONAL WEATHER SERVICE CHEYENNE WY
126 AM MDT SUN AUG 28 2016


...................................

...THE ALLIANCE NE AIRPORT CLIMATE SUMMARY FOR AUGUST 27 2016...

CLIMATE NORMAL PERIOD 1981 TO 2010
CLIMATE RECORD PERIOD 1896 TO 2016


WEATHER ITEM   OBSERVED TIME   RECORD YEAR NORMAL DEPARTURE LAST
                VALUE   (LST)  VALUE       VALUE  FROM      YEAR
                                                  NORMAL
..................................................................
TEMPERATURE (F)
 YESTERDAY
  MAXIMUM         84    309 PM 101    2012  84      0       85
  MINIMUM         54    628 AM  38    2004  52      2       52
  AVERAGE         69                        68      1       69

PRECIPITATION (IN)
  YESTERDAY        0.00          1.36 1952   0.06  -0.06     0.00
  MONTH TO DATE    1.67                      1.49   0.18     0.83
  SINCE JAN 1     13.80                     12.20   1.60    18.57

DEGREE DAYS
 HEATING
  YESTERDAY        0                         1     -1        0
  MONTH TO DATE   35                        16     19       37
  SINCE JUN 1     61                       121    -60       61
  SINCE JUL 1     38                        28     10       52

 COOLING
  YESTERDAY        4                         4      0        4
  MONTH TO DATE  135                       175    -40      169
  SINCE JUN 1    542                       497     45      447
  SINCE JAN 1    542                       507     35      447
..................................................................


WIND (MPH)
  HIGHEST WIND SPEED    17   HIGHEST WIND DIRECTION     S (160)
  HIGHEST GUST SPEED    21   HIGHEST GUST DIRECTION     S (170)
  AVERAGE WIND SPEED     9.9


SKY COVER
  AVERAGE SKY COVER 0.4


WEATHER CONDITIONS
 THE FOLLOWING WEATHER WAS RECORDED YESTERDAY.
  FOG
  FOG W/VISIBILITY <= 1/4 MILE


RELATIVE HUMIDITY (PERCENT)
 HIGHEST   100           400 AM
 LOWEST     24           200 PM
 AVERAGE    62

..........................................................


THE ALLIANCE NE AIRPORT CLIMATE NORMALS FOR TODAY
                         NORMAL    RECORD    YEAR
 MAXIMUM TEMPERATURE (F)   84       103      2012
 MINIMUM TEMPERATURE (F)   51        33      2004


SUNRISE AND SUNSET
AUGUST 28 2016........SUNRISE   613 AM MDT   SUNSET   731 PM MDT
AUGUST 29 2016........SUNRISE   614 AM MDT   SUNSET   729 PM MDT


-  INDICATES NEGATIVE NUMBERS.
R  INDICATES RECORD WAS SET OR TIED.
MM INDICATES DATA IS MISSING.
T  INDICATES TRACE AMOUNT.




$$
