456
CDUS45 KCYS 302136
CLIAIA


CLIMATE REPORT
NATIONAL WEATHER SERVICE CHEYENNE WY
336 PM MDT FRI SEP 30 2016


...................................

...THE ALLIANCE NE AIRPORT CLIMATE SUMMARY FOR SEPTEMBER 30 2016...
VALID AS OF 0300 PM LOCAL TIME.

CLIMATE NORMAL PERIOD 1981 TO 2010
CLIMATE RECORD PERIOD 1896 TO 2016


WEATHER ITEM   OBSERVED TIME   RECORD YEAR NORMAL DEPARTURE LAST
                VALUE   (LST)  VALUE       VALUE  FROM      YEAR
                                                  NORMAL
..................................................................
TEMPERATURE (F)
 TODAY
  MAXIMUM         69    159 PM  90    1980  69      0       68
  MINIMUM         43    549 AM  18    1985  36      7       52
                                      1999
  AVERAGE         56                        52      4       60

PRECIPITATION (IN)
  TODAY            0.00          0.84 1904   0.04  -0.04     0.00
  MONTH TO DATE    1.44                      1.39   0.05     1.16
  SINCE JAN 1     15.27                     13.80   1.47    19.73

DEGREE DAYS
 HEATING
  TODAY            9                        13     -4        5
  MONTH TO DATE  140                       209    -69       76
  SINCE SEP 1    140                       208    -68       76
  SINCE JUL 1    178                       245    -67      128

 COOLING
  TODAY            0                         0      0        0
  MONTH TO DATE   34                        40     -6       88
  SINCE SEP 1     34                        40     -6       88
  SINCE JAN 1    587                       563     24      566
..................................................................


WIND (MPH)
  HIGHEST WIND SPEED    17   HIGHEST WIND DIRECTION     S (170)
  HIGHEST GUST SPEED    21   HIGHEST GUST DIRECTION     S (170)
  AVERAGE WIND SPEED    11.5


SKY COVER
  AVERAGE SKY COVER 0.0


WEATHER CONDITIONS
 THE FOLLOWING WEATHER WAS RECORDED TODAY.
  NO SIGNIFICANT WEATHER WAS OBSERVED.


RELATIVE HUMIDITY (PERCENT)
 HIGHEST    83           500 AM
 LOWEST     42           100 PM
 AVERAGE    63

..........................................................


THE ALLIANCE NE AIRPORT CLIMATE NORMALS FOR TOMORROW
                         NORMAL    RECORD    YEAR
 MAXIMUM TEMPERATURE (F)   69        91      2005
                                             1953
 MINIMUM TEMPERATURE (F)   35        20      1999


SUNRISE AND SUNSET
SEPTEMBER 30 2016.....SUNRISE   648 AM MDT   SUNSET   634 PM MDT
OCTOBER  1 2016.......SUNRISE   649 AM MDT   SUNSET   632 PM MDT


-  INDICATES NEGATIVE NUMBERS.
R  INDICATES RECORD WAS SET OR TIED.
MM INDICATES DATA IS MISSING.
T  INDICATES TRACE AMOUNT.




$$
