000
CDUS45 KCYS 190728
CLIAIA


CLIMATE REPORT
NATIONAL WEATHER SERVICE CHEYENNE WY
128 AM MDT SAT APR 19 2014


...................................

...THE ALLIANCE NE AIRPORT CLIMATE SUMMARY FOR APRIL 18 2014...

CLIMATE NORMAL PERIOD 1981 TO 2010
CLIMATE RECORD PERIOD 1896 TO 2014


WEATHER ITEM   OBSERVED TIME   RECORD YEAR NORMAL DEPARTURE LAST
                VALUE   (LST)  VALUE       VALUE  FROM      YEAR
                                                  NORMAL
..................................................................
TEMPERATURE (F)
 YESTERDAY
  MAXIMUM         80    409 PM  85    1994  60     20       30
  MINIMUM         34    428 AM  17    2008  30      4       18
  AVERAGE         57                        45     12       24

PRECIPITATION (IN)
  YESTERDAY        0.00          1.35 1957   0.06  -0.06     0.01
  MONTH TO DATE    0.02                      0.83  -0.81     1.14
  SINCE JAN 1      1.76                      2.24  -0.48     1.71

DEGREE DAYS
 HEATING
  YESTERDAY        8                        20    -12       41
  MONTH TO DATE  420                       391     29      541
  SINCE MAR 1   1337                      1273     64     1460
  SINCE JUL 1   6901                      6677    224     6573

 COOLING
  YESTERDAY        0                         0      0        0
  MONTH TO DATE    0                         0      0        0
  SINCE MAR 1      0                         0      0        0
  SINCE JAN 1      0                         0      0        0
..................................................................


WIND (MPH)
  HIGHEST WIND SPEED    29   HIGHEST WIND DIRECTION     S (180)
  HIGHEST GUST SPEED    36   HIGHEST GUST DIRECTION     S (170)
  AVERAGE WIND SPEED    14.4


SKY COVER
  AVERAGE SKY COVER 0.0


WEATHER CONDITIONS
 THE FOLLOWING WEATHER WAS RECORDED YESTERDAY.
  NO SIGNIFICANT WEATHER WAS OBSERVED.


RELATIVE HUMIDITY (PERCENT)
 HIGHEST    92           400 AM
 LOWEST     19           300 PM
 AVERAGE    56

..........................................................


THE ALLIANCE NE AIRPORT CLIMATE NORMALS FOR TODAY
                         NORMAL    RECORD    YEAR
 MAXIMUM TEMPERATURE (F)   61        85      1987
 MINIMUM TEMPERATURE (F)   31         6      1966


SUNRISE AND SUNSET
APRIL 19 2014.........SUNRISE   604 AM MDT   SUNSET   737 PM MDT
APRIL 20 2014.........SUNRISE   603 AM MDT   SUNSET   738 PM MDT


-  INDICATES NEGATIVE NUMBERS.
R  INDICATES RECORD WAS SET OR TIED.
MM INDICATES DATA IS MISSING.
T  INDICATES TRACE AMOUNT.




$$
