002
CDAK48 PAFC 250042 RRA
CLIAKN

CLIMATE REPORT
NATIONAL WEATHER SERVICE ANCHORAGE, AK
435 PM AKDT SAT SEP 24 2016


...................................

...THE KING SALMON CLIMATE SUMMARY FOR SEPTEMBER 24 2016...
VALID TODAY AS OF 0400 PM LOCAL TIME.

CLIMATE NORMAL PERIOD 1981 TO 2010
CLIMATE RECORD PERIOD 1917 TO 2016


WEATHER ITEM   OBSERVED TIME   RECORD YEAR NORMAL DEPARTURE LAST
                VALUE   (LST)  VALUE       VALUE  FROM      YEAR
                                                  NORMAL
..................................................................
TEMPERATURE (F)
 TODAY
  MAXIMUM         52        MM  67    1929  52      0       48
  MINIMUM         40    200 AM  17    1992  36      4       26
  AVERAGE         46                        44      2       37

PRECIPITATION (IN)
  TODAY            0.06          0.79 1996   0.10  -0.04     0.02
  MONTH TO DATE    4.77                      2.59   2.18     2.61
  SINCE SEP 1      4.77                      2.59   2.18     2.61
  SINCE JAN 1     22.74                     14.19   8.55    15.55

SNOWFALL (IN)
  TODAY           MM            MM      MM   0.0   MM       MM
  MONTH TO DATE    0.0                       0.0    0.0      0.0
  SINCE SEP 1      0.0                       0.0    0.0      0.0
  SINCE JUL 1      0.0                       0.0    0.0      0.0
  SNOW DEPTH       0

DEGREE DAYS
 HEATING
  TODAY           19                        21     -2       28
  MONTH TO DATE  284                       388   -104      377
  SINCE SEP 1    284                       388   -104      377
  SINCE JUL 1    601                      1004   -403      864

 COOLING
  TODAY            0                         0      0        0
  MONTH TO DATE    0                         0      0        0
  SINCE SEP 1      0                         0      0        0
  SINCE JAN 1      0                         1     -1        2
..................................................................


WIND (MPH)
  RESULTANT WIND SPEED   1   RESULTANT WIND DIRECTION   W (260)
  HIGHEST WIND SPEED    10   HIGHEST WIND DIRECTION    NW (300)
  HIGHEST GUST SPEED    MM   HIGHEST GUST DIRECTION    MM
  AVERAGE WIND SPEED     5.9



WEATHER CONDITIONS
 THE FOLLOWING WEATHER WAS RECORDED TODAY.
  LIGHT RAIN
  FOG


RELATIVE HUMIDITY (PERCENT)
 HIGHEST   100
 LOWEST     71
 AVERAGE    86

..........................................................


THE KING SALMON CLIMATE NORMALS FOR TOMORROW
                         NORMAL    RECORD    YEAR
 MAXIMUM TEMPERATURE (F)   52        67      1944
 MINIMUM TEMPERATURE (F)   36        17      1983


SUNRISE AND SUNSET
SEPTEMBER 24 2016.....SUNRISE   817 AM AKDT  SUNSET   818 PM AKDT
SEPTEMBER 25 2016.....SUNRISE   820 AM AKDT  SUNSET   815 PM AKDT

CIVIL TWILIGHT
SEPTEMBER 24 2016       START   708 AM AKDT     END   835 PM AKDT
SEPTEMBER 25 2016       START   711 AM AKDT     END   831 PM AKDT



-  INDICATES NEGATIVE NUMBERS.
R  INDICATES RECORD WAS SET OR TIED.
MM INDICATES DATA IS MISSING.
T  INDICATES TRACE AMOUNT.




$$
&&
------------------------------------------------------
AMOUNT OF DAYLIGHT TODAY  (HOUR:MIN)........12:00
GAIN/LOSS SINCE YESTERDAY (HOUR:MIN:SEC)....-0:05:39

-
