000
CDAK48 PAKN 051207
CLIAKN

CLIMATE REPORT
NATIONAL WEATHER SERVICE KING SALMON, AK
307 AM AKST THU MAR 5 2015

...................................
...THE KING SALMON AP CLIMATE SUMMARY FOR MARCH 4 2015...

CLIMATE NORMAL PERIOD  1981 TO  2010
CLIMATE RECORD PERIOD  1917 TO  2015

WEATHER ITEM   OBSERVED TIME    RECORD YEAR NORMAL DEPARTURE LAST
               VALUE    (LST)   VALUE       VALUE  FROM      YEAR
                                                   NORMAL
...................................................................
TEMPERATURE
YESTERDAY
 MAXIMUM            37  0234 PM    52  1943     30       7     32
 MINIMUM            30  1159 PM   -27  2012     13      17     12
 AVERAGE            34                          22      12     22

PRECIPITATION
(INCHES)
 YESTERDAY           T           0.58  1931   0.03   -0.03      T
 MONTH TO DATE    0.25                        0.10    0.15      T
 SINCE MAR 1      0.25                        0.10    0.15   0.00
 SINCE JAN 1      1.04                        1.88   -0.84   1.81

SNOWFALL
(INCHES)
 YESTERDAY           T            2.3  1951    0.2    -0.2      T
 MONTH TO DATE       T                         0.9    -0.9      T
 SINCE MAR 1       0.0                         0.9    -0.9    0.0
 SINCE JUL 1      13.7                        36.4   -22.7   26.7
 SNOW DEPTH (IN)     0                                          0

DEGREE DAYS
 HEATING
  YESTERDAY         31                          43     -12     43
  MONTH TO DATE    116                         174     -58    146
  SINCE MAR 1      116                         174     -58    146
  SINCE JUL 1     6313                        7792   -1479   6506

 COOLING
  YESTERDAY          0                           0       0      0
  MONTH TO DATE      0                           0       0      0
  SINCE MAR 1        0                           0       0      0
  SINCE JAN 1        0                           0       0      0
...................................................................

WIND (MPH)
 HIGHEST WIND SPEED    13     HIGHEST WIND DIRECTION    240
 HIGHEST GUST SPEED    16     HIGHEST GUST DIRECTION    200
 AVERAGE WIND SPEED   5.8

SKY COVER
  POSSIBLE SUNSHINE    MM          AVERAGE SKY COVER     MM

WEATHER CONDITIONS
 THE FOLLOWING WEATHER WAS RECORDED YESTERDAY.
  SNOW


RELATIVE HUMIDITY
 HIGHEST RH     MM PERCENT       MM
 LOWEST  RH     MM PERCENT       MM
 AVERAGE RH     MM PERCENT       MM
...................................................................

THE KING SALMON CLIMATE NORMALS FOR TODAY
                           NORMAL    RECORD   YEAR
 MAXIMUM TEMPERATURE (F)     30        51     1943
 MINIMUM TEMPERATURE (F)     14       -26     1994

SUNRISE AND SUNSET
 MAR 5 2015..........SUNRISE  8:12 AM      SUNSET  7:07 PM
 MAR 6 2015..........SUNRISE  8:09 AM      SUNSET  7:09 PM

-  INDICATES NEGATIVE NUMBERS.
R  INDICATES RECORD HAS BEEN SET OR TIED.
MM INDICATES DATA IS MISSING.
T  INDICATES TRACE OF PRECIPITATION.

&&
-------------------------------------------------------------------

AMOUNT OF DAYLIGHT TODAY  (HOUR:MIN)........10 HOURS 55 MINUTES
GAIN SINCE YESTERDAY (HOUR:MIN:SEC).........+0:05:10

$$
AM MAR 15
