956
CDAK48 PAKN 060010
CLIAKN

CLIMATE REPORT
NATIONAL WEATHER SERVICE KING SALMON, AK
310 PM AKST FRI FEB 5 2016

...................................
...THE KING SALMON AP CLIMATE SUMMARY FOR FEBRUARY 5 2016...
VALID TODAY AS OF 2:00 PM LOCAL TIME

CLIMATE NORMAL PERIOD  1981 TO  2010
CLIMATE RECORD PERIOD  1917 TO  2016

WEATHER ITEM   OBSERVED TIME    RECORD YEAR NORMAL DEPARTURE LAST
               VALUE    (LST)   VALUE       VALUE  FROM      YEAR
                                                   NORMAL
...................................................................
TEMPERATURE
TODAY
 MAXIMUM            41  0159 PM    46  1981     25      16     15
 MINIMUM            33  0306 AM   -34  1990     10      23      4
 AVERAGE            37                          17      20     10

PRECIPITATION
(INCHES)
 TODAY            0.01           0.69  1981   0.03   -0.02   0.00
 MONTH TO DATE    0.13                        0.15   -0.02   0.00
 SINCE DEC 1      2.96                        2.40    0.56   2.48
 SINCE JAN 1      0.61                        1.17   -0.56   0.52

SNOWFALL
(INCHES)
 TODAY             0.0            3.7  1970    0.2    -0.2    0.0
 MONTH TO DATE     0.1                         1.2    -1.1    0.0
 SINCE DEC 1      16.9                        20.9    -4.0    8.2
 SINCE JUL 1      30.0                        30.7    -0.7   11.7
 SNOW DEPTH (IN)     0                                          T

DEGREE DAYS
 HEATING
  TODAY             28                          48     -20     55
  MONTH TO DATE    154                         240     -86    255
  SINCE DEC 1     2443                        3191    -748   2638
  SINCE JUL 1     5221                        6566   -1345   5390

 COOLING
  TODAY              0                           0       0      0
  MONTH TO DATE      0                           0       0      0
  SINCE DEC 1        0                           0       0      0
  SINCE JAN 1        0                           0       0      0
...................................................................

WIND (MPH)
 HIGHEST WIND SPEED    24     HIGHEST WIND DIRECTION    140
 HIGHEST GUST SPEED    35     HIGHEST GUST DIRECTION    140
 AVERAGE WIND SPEED    MM

SKY COVER
  POSSIBLE SUNSHINE  MM            AVERAGE SKY COVER MM

WEATHER CONDITIONS
 THE FOLLOWING WEATHER WAS RECORDED TODAY.
 RAIN


RELATIVE HUMIDITY
 HIGHEST RH     MM PERCENT       MM
 LOWEST  RH     MM PERCENT       MM
 AVERAGE RH     MM PERCENT       MM
...................................................................

THE KING SALMON CLIMATE NORMALS FOR TOMORROW
                        NORMAL    RECORD   YEAR
 MAXIMUM TEMPERATURE      25        51     1982
 MINIMUM TEMPERATURE      10       -31     1991

SUNRISE AND SUNSET
 FEB 5 2016..........SUNRISE  9:25 AM      SUNSET  5:58 PM
 FEB 6 2016..........SUNRISE  9:23 AM      SUNSET  6:00 PM

-  INDICATES NEGATIVE NUMBERS.
R  INDICATES RECORD HAS BEEN SET OR TIED.
MM INDICATES DATA IS MISSING.
T  INDICATES TRACE OF PRECIPITATION.

&&
-------------------------------------------------------------------

AMOUNT OF DAYLIGHT TODAY  (HOUR:MIN)........8 HOURS 33 MINUTES
GAIN/LOSS SINCE YESTERDAY (HOUR:MIN:SEC)....+0:04:46

$$
JML FEB 16
