000
CDAK48 PAKN 260020
CLIAKN

CLIMATE REPORT
NATIONAL WEATHER SERVICE KING SALMON, AK
420 PM AKDT THU AUG 25 2016

...................................
...THE KING SALMON AP CLIMATE SUMMARY FOR AUGUST 25 2016...
VALID TODAY AS OF 2:00 PM LOCAL TIME

CLIMATE NORMAL PERIOD  1981 TO  2010
CLIMATE RECORD PERIOD  1917 TO  2016

WEATHER ITEM   OBSERVED TIME    RECORD YEAR NORMAL DEPARTURE LAST
               VALUE    (LST)   VALUE       VALUE  FROM      YEAR
                                                   NORMAL
...................................................................
TEMPERATURE
TODAY
 MAXIMUM            71  0230 PM    79  1987     62       9     55
 MINIMUM            59  0753 AM    32  1965     46      13     51
 AVERAGE            65                          54      11     53

PRECIPITATION
(INCHES)
 TODAY               T           0.81  1945   0.10   -0.10   0.02
 MONTH TO DATE    4.84                        2.34    2.50   1.37
 SINCE JUN 1     10.64                        6.29    4.35   5.32
 SINCE JAN 1     18.05                       10.99    7.06  12.56

SNOWFALL
(INCHES)
 TODAY             0.0            0.0  2016    0.0     0.0    0.0
 MONTH TO DATE     0.0                         0.0     0.0    0.0
 SINCE JUN 1       0.0                         0.0     0.0    0.0
 SINCE JUL 1       0.0                         0.0     0.0    0.0
 SNOW DEPTH (IN)     0                                          0

DEGREE DAYS
 HEATING
  TODAY              0                          11     -11     12
  MONTH TO DATE    129                         251    -122    202
  SINCE JUN 1      576                         948    -372    681
  SINCE JUL 1      305                         541    -236    432

 COOLING
  TODAY              0                           0       0      0
  MONTH TO DATE      0                           0       0      0
  SINCE JUN 1        0                           0       0      2
  SINCE JAN 1        0                           0       0      2
...................................................................

WIND (MPH)
 HIGHEST WIND SPEED    13     HIGHEST WIND DIRECTION    240
 HIGHEST GUST SPEED    18     HIGHEST GUST DIRECTION    240
 AVERAGE WIND SPEED    MM

SKY COVER
  POSSIBLE SUNSHINE  MM            AVERAGE SKY COVER MM

WEATHER CONDITIONS
 THE FOLLOWING WEATHER WAS RECORDED TODAY.
FOG
RAIN


RELATIVE HUMIDITY
 HIGHEST RH     MM PERCENT       MM
 LOWEST  RH     MM PERCENT       MM
 AVERAGE RH     MM PERCENT       MM
...................................................................

THE KING SALMON CLIMATE NORMALS FOR TOMORROW
                        NORMAL    RECORD   YEAR
 MAXIMUM TEMPERATURE      62        80     1981
 MINIMUM TEMPERATURE      46        30     2009

SUNRISE AND SUNSET
 AUG 25 2016..........SUNRISE  7:12 AM      SUNSET  9:45 PM
 AUG 26 2016..........SUNRISE  7:14 AM      SUNSET  9:42 PM

-  INDICATES NEGATIVE NUMBERS.
R  INDICATES RECORD HAS BEEN SET OR TIED.
MM INDICATES DATA IS MISSING.
T  INDICATES TRACE OF PRECIPITATION.

&&
-------------------------------------------------------------------

AMOUNT OF DAYLIGHT TODAY  (HOUR:MIN)........14 HOURS 33 MINUTES
GAIN/LOSS SINCE YESTERDAY (HOUR:MIN:SEC)....-0:05:01

$$
DJH AUG 16
