000
CDAK48 PAKN 231319
CLIAKN


CLIMATE REPORT
NATIONAL WEATHER SERVICE ANCHORAGE, AK
518 AM AKDT TUE MAY 23 2017


...................................

...THE KING SALMON CLIMATE SUMMARY FOR MAY 22 2017...

CLIMATE NORMAL PERIOD 1981 TO 2010
CLIMATE RECORD PERIOD 1917 TO 2017


WEATHER ITEM   OBSERVED TIME   RECORD YEAR NORMAL DEPARTURE LAST
                VALUE   (LST)  VALUE       VALUE  FROM      YEAR
                                                  NORMAL
..................................................................
TEMPERATURE (F)
 YESTERDAY
  MAXIMUM         50        MM  75    1934  56     -6       50
  MINIMUM         38        MM  26    1975  36      2       35
  AVERAGE         44                        46     -2       43

PRECIPITATION (IN)
  YESTERDAY        0.07          0.46 2000   0.04   0.03     0.26
  MONTH TO DATE    0.46                      0.84  -0.38     3.05
  SINCE MAR 1      1.26                      2.51  -1.25     5.85
  SINCE JAN 1      2.46                      4.29  -1.83     7.29

SNOWFALL (IN)
  YESTERDAY       MM            MM      MM   0.0   MM       MM
  MONTH TO DATE    0.0                       0.7   -0.7      0.0
  SINCE MAR 1      3.3                      11.0   -7.7      0.0
  SINCE JUL 1     26.0                      46.5  -20.5     13.1
  SNOW DEPTH       0

DEGREE DAYS
 HEATING
  YESTERDAY       21                        19      2       22
  MONTH TO DATE  433                       484    -51      333
  SINCE MAR 1   2832                      2689    143     1929
  SINCE JUL 1   9965                     10309   -344     7620

 COOLING
  YESTERDAY        0                         0      0        0
  MONTH TO DATE    0                         0      0        0
  SINCE MAR 1      0                         0      0        0
  SINCE JAN 1      0                         0      0        0
..................................................................


WIND (MPH)
  RESULTANT WIND SPEED   7   RESULTANT WIND DIRECTION  SW (220)
  HIGHEST WIND SPEED    16   HIGHEST WIND DIRECTION    SW (230)
  HIGHEST GUST SPEED    22   HIGHEST GUST DIRECTION    SW (240)
  AVERAGE WIND SPEED     7.8



WEATHER CONDITIONS
 THE FOLLOWING WEATHER WAS RECORDED YESTERDAY.
  LIGHT RAIN
  FOG


RELATIVE HUMIDITY (PERCENT)
 HIGHEST   100
 LOWEST     76
 AVERAGE    88

..........................................................


THE KING SALMON CLIMATE NORMALS FOR TODAY
                         NORMAL    RECORD    YEAR
 MAXIMUM TEMPERATURE (F)   56        74      2006
 MINIMUM TEMPERATURE (F)   36        25      1964


SUNRISE AND SUNSET
MAY 23 2017...........SUNRISE   541 AM AKDT  SUNSET  1107 PM AKDT
MAY 24 2017...........SUNRISE   539 AM AKDT  SUNSET  1109 PM AKDT


-  INDICATES NEGATIVE NUMBERS.
R  INDICATES RECORD WAS SET OR TIED.
MM INDICATES DATA IS MISSING.
T  INDICATES TRACE AMOUNT.




$$
