000
CDAK48 PAKN 041206
CLIAKN

CLIMATE REPORT
NATIONAL WEATHER SERVICE KING SALMON, AK
406 AM AKDT WED MAY 4 2016

...................................
...THE KING SALMON AP CLIMATE SUMMARY FOR MAY 3 2016...

CLIMATE NORMAL PERIOD  1981 TO  2010
CLIMATE RECORD PERIOD  1917 TO  2016

WEATHER ITEM   OBSERVED TIME    RECORD YEAR NORMAL DEPARTURE LAST
               VALUE    (LST)   VALUE       VALUE  FROM      YEAR
                                                   NORMAL
...................................................................
TEMPERATURE
YESTERDAY
 MAXIMUM            53  1209 PM    73  2009     50       3     48
 MINIMUM            35  0354 AM     5  1949     31       4     37
 AVERAGE            44                          40       4     43

PRECIPITATION
(INCHES)
 YESTERDAY        0.36           0.61  2015   0.03    0.33   0.61
 MONTH TO DATE    0.67                        0.10    0.57   0.70
 SINCE MAR 1      3.47                        1.77    1.70   3.83
 SINCE JAN 1      4.91                        3.55    1.36   4.62

SNOWFALL
(INCHES)
 YESTERDAY         0.0            1.2  1975    0.0     0.0    0.0
 MONTH TO DATE     0.0                         0.1    -0.1    0.0
 SINCE MAR 1       4.2                        10.4    -6.2   12.4
 SINCE JUL 1      38.8                        45.9    -7.1   26.1
 SNOW DEPTH (IN)     0                                          0

DEGREE DAYS
 HEATING
  YESTERDAY         21                          25      -4     22
  MONTH TO DATE     59                          75     -16     67
  SINCE MAR 1     1691                        2280    -589   1992
  SINCE JUL 1     7625                        9898   -2273   8190

 COOLING
  YESTERDAY          0                           0       0      0
  MONTH TO DATE      0                           0       0      0
  SINCE MAR 1        0                           0       0      0
  SINCE JAN 1        0                           0       0      0
...................................................................

WIND (MPH)
 HIGHEST WIND SPEED    17     HIGHEST WIND DIRECTION    170
 HIGHEST GUST SPEED    21     HIGHEST GUST DIRECTION    200
 AVERAGE WIND SPEED   5.6

SKY COVER
  POSSIBLE SUNSHINE    MM          AVERAGE SKY COVER     MM

WEATHER CONDITIONS
 THE FOLLOWING WEATHER WAS RECORDED YESTERDAY.
  RAIN


RELATIVE HUMIDITY
 HIGHEST RH     MM PERCENT       MM
 LOWEST  RH     MM PERCENT       MM
 AVERAGE RH     MM PERCENT       MM
...................................................................

THE KING SALMON CLIMATE NORMALS FOR TODAY
                           NORMAL    RECORD   YEAR
 MAXIMUM TEMPERATURE (F)     50        63     1961
 MINIMUM TEMPERATURE (F)     32         4     1945

SUNRISE AND SUNSET
 MAY 4 2016..........SUNRISE  6:22 AM      SUNSET 10:27 PM
 MAY 5 2016..........SUNRISE  6:20 AM      SUNSET 10:29 PM

-  INDICATES NEGATIVE NUMBERS.
R  INDICATES RECORD HAS BEEN SET OR TIED.
MM INDICATES DATA IS MISSING.
T  INDICATES TRACE OF PRECIPITATION.

&&
-------------------------------------------------------------------

AMOUNT OF DAYLIGHT TODAY  (HOUR:MIN)........16 HOURS 5 MINUTES
GAIN/LOSS SINCE YESTERDAY (HOUR:MIN:SEC)....+0:04:45

$$
FS MAY 16
