000
CDUS45 KBOU 180725
CLIAKO


CLIMATE REPORT
NATIONAL WEATHER SERVICE BOULDER, CO
125 AM MDT FRI APR 18 2014


...................................

...THE AKRON CO CLIMATE SUMMARY FOR APRIL 17 2014...

CLIMATE NORMAL PERIOD 1981 TO 2010
CLIMATE RECORD PERIOD 9999 TO 9999


WEATHER ITEM   OBSERVED TIME   RECORD YEAR NORMAL DEPARTURE LAST
                VALUE   (LST)  VALUE       VALUE  FROM      YEAR
                                                  NORMAL
..................................................................
TEMPERATURE (F)
 YESTERDAY
  MAXIMUM         61    425 PM  87    1948  61      0
  MINIMUM         30    228 AM  13    1944  34     -4
  AVERAGE         46                        47     -1

PRECIPITATION (IN)
  YESTERDAY        0.00          0.72 1970   0.06  -0.06     0.03
  MONTH TO DATE    0.54                      0.79  -0.25     0.73
  SINCE MAR 1      0.97                      1.66  -0.69     2.22
  SINCE JAN 1      1.40                      2.40  -1.00     2.34

DEGREE DAYS
 HEATING
  YESTERDAY       19
  MONTH TO DATE  341

 COOLING
  YESTERDAY        0
  MONTH TO DATE    0
..................................................................


WIND (MPH)
  HIGHEST WIND SPEED    26   HIGHEST WIND DIRECTION     S (170)
  HIGHEST GUST SPEED    37   HIGHEST GUST DIRECTION     S (170)




RELATIVE HUMIDITY (PERCENT)
 HIGHEST   100
 LOWEST     29
 AVERAGE    65

..........................................................


THE AKRON CO CLIMATE NORMALS FOR TODAY
                         NORMAL    RECORD    YEAR
 MAXIMUM TEMPERATURE (F)   61        87      1987
 MINIMUM TEMPERATURE (F)   34         5      1953


SUNRISE AND SUNSET
APRIL 18 2014.........SUNRISE   610 AM MDT   SUNSET   735 PM MDT
APRIL 19 2014.........SUNRISE   609 AM MDT   SUNSET   736 PM MDT


-  INDICATES NEGATIVE NUMBERS.
R  INDICATES RECORD WAS SET OR TIED.
MM INDICATES DATA IS MISSING.
T  INDICATES TRACE AMOUNT.




$$
