000
CDUS45 KBOU 310725
CLIAKO


CLIMATE REPORT
NATIONAL WEATHER SERVICE BOULDER, CO
125 AM MDT MON AUG 31 2015


...................................

...THE AKRON CO CLIMATE SUMMARY FOR AUGUST 30 2015...

CLIMATE NORMAL PERIOD 1981 TO 2010
CLIMATE RECORD PERIOD 9999 TO 9999


WEATHER ITEM   OBSERVED TIME   RECORD YEAR NORMAL DEPARTURE LAST
                VALUE   (LST)  VALUE       VALUE  FROM      YEAR
                                                  NORMAL
..................................................................
TEMPERATURE (F)
 YESTERDAY
  MAXIMUM         96    243 PM  99    1990  83     13
  MINIMUM         62    435 AM  43    1964  56      6
  AVERAGE         79                        70      9

PRECIPITATION (IN)
  YESTERDAY        0.00          0.72 1954   0.06  -0.06      T
  MONTH TO DATE    0.65                      2.24  -1.59     4.81
  SINCE JUN 1      3.52                      7.25  -3.73    10.90
  SINCE JAN 1     11.53                     13.43  -1.90    15.60

DEGREE DAYS
 HEATING
  YESTERDAY        0
  MONTH TO DATE   14

 COOLING
  YESTERDAY       14
  MONTH TO DATE  281
..................................................................


WIND (MPH)
  HIGHEST WIND SPEED    23   HIGHEST WIND DIRECTION    SW (210)
  HIGHEST GUST SPEED    29   HIGHEST GUST DIRECTION     S (160)




RELATIVE HUMIDITY (PERCENT)
 HIGHEST    52
 LOWEST     16
 AVERAGE    34

..........................................................


THE AKRON CO CLIMATE NORMALS FOR TODAY
                         NORMAL    RECORD    YEAR
 MAXIMUM TEMPERATURE (F)   83        98      2011
 MINIMUM TEMPERATURE (F)   55        39        MM
                                             1944


SUNRISE AND SUNSET
AUGUST 31 2015........SUNRISE   619 AM MDT   SUNSET   726 PM MDT
SEPTEMBER  1 2015.....SUNRISE   620 AM MDT   SUNSET   725 PM MDT


-  INDICATES NEGATIVE NUMBERS.
R  INDICATES RECORD WAS SET OR TIED.
MM INDICATES DATA IS MISSING.
T  INDICATES TRACE AMOUNT.




$$
