000
CDUS45 KBOU 261210 RRB
CLIAKO

CLIMATE REPORT
NATIONAL WEATHER SERVICE BOULDER, CO
1225 AM MST THU FEB 26 2015


...................................

...THE AKRON CO CLIMATE SUMMARY FOR FEBRUARY 25 2015...

CLIMATE NORMAL PERIOD 1981 TO 2010

WEATHER ITEM   OBSERVED TIME   RECORD YEAR NORMAL DEPARTURE LAST
                VALUE   (LST)  VALUE       VALUE  FROM      YEAR
                                                  NORMAL
..................................................................
TEMPERATURE (F)
 YESTERDAY
  MAXIMUM         44    203 PM  73    1986  46     -2
  MINIMUM         15   1159 PM -12    1960  22     -7
  AVERAGE         30                        34     -4

PRECIPITATION (IN)
  YESTERDAY        0.01          0.19 1942   0.02  -0.01     0.04
  MONTH TO DATE    0.09                      0.38  -0.29     0.19
  SINCE DEC 1      0.52                      1.08  -0.56     0.45
  SINCE JAN 1      0.28                      0.68  -0.40     0.43

DEGREE DAYS
 HEATING
  YESTERDAY       35
  MONTH TO DATE  739

 COOLING
  YESTERDAY        0
  MONTH TO DATE    0
..................................................................


WIND (MPH)
  HIGHEST WIND SPEED    38   HIGHEST WIND DIRECTION     N (360)
  HIGHEST GUST SPEED    46   HIGHEST GUST DIRECTION     N (360)




RELATIVE HUMIDITY (PERCENT)
 HIGHEST    92
 LOWEST     45
 AVERAGE    69

..........................................................


THE AKRON CO CLIMATE NORMALS FOR TODAY
                         NORMAL    RECORD    YEAR
 MAXIMUM TEMPERATURE (F)   47        70      1950
 MINIMUM TEMPERATURE (F)   22       -11      1962


SUNRISE AND SUNSET
FEBRUARY 26 2015......SUNRISE   631 AM MST   SUNSET   541 PM MST
FEBRUARY 27 2015......SUNRISE   630 AM MST   SUNSET   542 PM MST


-  INDICATES NEGATIVE NUMBERS.
R  INDICATES RECORD WAS SET OR TIED.
MM INDICATES DATA IS MISSING.
T  INDICATES TRACE AMOUNT.




$$
