000
CDUS45 KBOU 290725
CLIAKO


CLIMATE REPORT
NATIONAL WEATHER SERVICE BOULDER, CO
1225 AM MST THU JAN 29 2015


...................................

...THE AKRON CO CLIMATE SUMMARY FOR JANUARY 28 2015...

CLIMATE NORMAL PERIOD 1981 TO 2010
CLIMATE RECORD PERIOD 9999 TO 9999


WEATHER ITEM   OBSERVED TIME   RECORD YEAR NORMAL DEPARTURE LAST
                VALUE   (LST)  VALUE       VALUE  FROM      YEAR
                                                  NORMAL
..................................................................
TEMPERATURE (F)
 YESTERDAY
  MAXIMUM         60    129 PM  63    2011  40     20
  MINIMUM         36    140 AM -24    1948  17     19
  AVERAGE         48                        29     19

PRECIPITATION (IN)
  YESTERDAY        0.00          0.36 1989   0.01  -0.01      T
  MONTH TO DATE    0.16                      0.26  -0.10     0.12
  SINCE DEC 1      0.40                      0.66  -0.26     0.14
  SINCE JAN 1      0.16                      0.26  -0.10     0.12

DEGREE DAYS
 HEATING
  YESTERDAY       17
  MONTH TO DATE 1031

 COOLING
  YESTERDAY        0
  MONTH TO DATE    0
..................................................................


WIND (MPH)
  HIGHEST WIND SPEED    41   HIGHEST WIND DIRECTION    NW (330)
  HIGHEST GUST SPEED    51   HIGHEST GUST DIRECTION    NW (300)




RELATIVE HUMIDITY (PERCENT)
 HIGHEST    85
 LOWEST     28
 AVERAGE    57

..........................................................


THE AKRON CO CLIMATE NORMALS FOR TODAY
                         NORMAL    RECORD    YEAR
 MAXIMUM TEMPERATURE (F)   40        63      1976
 MINIMUM TEMPERATURE (F)   17       -15      1949


SUNRISE AND SUNSET
JANUARY 29 2015.......SUNRISE   705 AM MST   SUNSET   508 PM MST
JANUARY 30 2015.......SUNRISE   704 AM MST   SUNSET   509 PM MST


-  INDICATES NEGATIVE NUMBERS.
R  INDICATES RECORD WAS SET OR TIED.
MM INDICATES DATA IS MISSING.
T  INDICATES TRACE AMOUNT.




$$
