000
CDUS45 KBOU 180812
CLIAKO


CLIMATE REPORT
NATIONAL WEATHER SERVICE DENVER/BOULDER CO
110 AM MST MON DEC 18 2017


...................................

...THE AKRON CO CLIMATE SUMMARY FOR DECEMBER 17 2017...

CLIMATE NORMAL PERIOD 1981 TO 2010
CLIMATE RECORD PERIOD 9999 TO 9999


WEATHER ITEM   OBSERVED TIME   RECORD YEAR NORMAL DEPARTURE LAST
                VALUE   (LST)  VALUE       VALUE  FROM      YEAR
                                                  NORMAL
..................................................................
TEMPERATURE (F)
 YESTERDAY
  MAXIMUM         38    223 PM  69    1980  39     -1
  MINIMUM         24    640 PM -17    1964  16      8
  AVERAGE         31                        28      3

PRECIPITATION (IN)
  YESTERDAY        T             0.07 1944   0.01  -0.01      T
  MONTH TO DATE    0.01                      0.25  -0.24     0.01
  SINCE DEC 1      0.01                      0.25  -0.24     0.01
  SINCE JAN 1     13.68                     16.59  -2.91    16.66

SNOWFALL (IN)
  YESTERDAY       MM
  SNOW DEPTH       0

DEGREE DAYS
 HEATING
  YESTERDAY       34
  MONTH TO DATE  469

 COOLING
  YESTERDAY        0
  MONTH TO DATE    0
..................................................................


WIND (MPH)
  HIGHEST WIND SPEED    14   HIGHEST WIND DIRECTION    SW (220)
  HIGHEST GUST SPEED    19   HIGHEST GUST DIRECTION    SW (220)




RELATIVE HUMIDITY (PERCENT)
 HIGHEST   100
 LOWEST     59
 AVERAGE    80

..........................................................


THE AKRON CO CLIMATE NORMALS FOR TODAY
                         NORMAL    RECORD    YEAR
 MAXIMUM TEMPERATURE (F)   39        61      2013
 MINIMUM TEMPERATURE (F)   16       -13      1945


SUNRISE AND SUNSET
DECEMBER 18 2017......SUNRISE   710 AM MST   SUNSET   429 PM MST
DECEMBER 19 2017......SUNRISE   711 AM MST   SUNSET   430 PM MST


-  INDICATES NEGATIVE NUMBERS.
R  INDICATES RECORD WAS SET OR TIED.
MM INDICATES DATA IS MISSING.
T  INDICATES TRACE AMOUNT.




$$
