000
CDUS45 KBOU 270725
CLIAKO


CLIMATE REPORT
NATIONAL WEATHER SERVICE DENVER/BOULDER CO
125 AM MDT SAT AUG 27 2016


...................................

...THE AKRON CO CLIMATE SUMMARY FOR AUGUST 26 2016...

CLIMATE NORMAL PERIOD 1981 TO 2010
CLIMATE RECORD PERIOD 9999 TO 9999


WEATHER ITEM   OBSERVED TIME   RECORD YEAR NORMAL DEPARTURE LAST
                VALUE   (LST)  VALUE       VALUE  FROM      YEAR
                                                  NORMAL
..................................................................
TEMPERATURE (F)
 YESTERDAY
  MAXIMUM         73    333 PM  99    2015  84    -11
  MINIMUM         54   1140 PM  47    1967  57     -3
  AVERAGE         64                        70     -6

PRECIPITATION (IN)
  YESTERDAY        0.03          1.29 1946   0.06  -0.03     0.00
  MONTH TO DATE    1.39                      2.01  -0.62     0.64
  SINCE JUN 1      8.02                      7.02   1.00     3.51
  SINCE JAN 1     14.53                     13.20   1.33    11.52

DEGREE DAYS
 HEATING
  YESTERDAY        1
  MONTH TO DATE   16

 COOLING
  YESTERDAY        0
  MONTH TO DATE  181
..................................................................


WIND (MPH)
  HIGHEST WIND SPEED    18   HIGHEST WIND DIRECTION    NE (50)
  HIGHEST GUST SPEED    23   HIGHEST GUST DIRECTION    NE (40)




RELATIVE HUMIDITY (PERCENT)
 HIGHEST    93
 LOWEST     49
 AVERAGE    71

..........................................................


THE AKRON CO CLIMATE NORMALS FOR TODAY
                         NORMAL    RECORD    YEAR
 MAXIMUM TEMPERATURE (F)   84        98      2010
 MINIMUM TEMPERATURE (F)   56        44      1944


SUNRISE AND SUNSET
AUGUST 27 2016........SUNRISE   616 AM MDT   SUNSET   731 PM MDT
AUGUST 28 2016........SUNRISE   617 AM MDT   SUNSET   730 PM MDT


-  INDICATES NEGATIVE NUMBERS.
R  INDICATES RECORD WAS SET OR TIED.
MM INDICATES DATA IS MISSING.
T  INDICATES TRACE AMOUNT.




$$
