000
CDUS41 KALY 210622
CLIALB


CLIMATE REPORT
NATIONAL WEATHER SERVICE ALBANY NY
222 AM EDT SUN SEP 21 2014


...................................

...THE ALBANY NY CLIMATE SUMMARY FOR SEPTEMBER 20 2014...

CLIMATE NORMAL PERIOD 1981 TO 2010
CLIMATE RECORD PERIOD 1874 TO 2014


WEATHER ITEM   OBSERVED TIME   RECORD YEAR NORMAL DEPARTURE LAST
                VALUE   (LST)  VALUE       VALUE  FROM      YEAR
                                                  NORMAL
..................................................................
TEMPERATURE (F)
 YESTERDAY
  MAXIMUM         75    241 PM  90    1946  71      4       79
  MINIMUM         51    216 AM  30    1979  50      1       47
  AVERAGE         63                        60      3       63

PRECIPITATION (IN)
  YESTERDAY        0.00          1.54 1977   0.12  -0.12     0.00
  MONTH TO DATE    0.88                      2.10  -1.22     4.12
  SINCE SEP 1      0.88                      2.10  -1.22     4.12
  SINCE JAN 1     27.66                     28.25  -0.59    35.63

DEGREE DAYS
 HEATING
  YESTERDAY        2                         6     -4        2
  MONTH TO DATE   85                        64     21       89
  SINCE SEP 1     85                        64     21       89
  SINCE JUL 1     93                        87      6       95

 COOLING
  YESTERDAY        0                         1     -1        0
  MONTH TO DATE   65                        44     21       64
  SINCE SEP 1     65                        44     21       64
  SINCE JAN 1    632                       587     45      762
..................................................................


WIND (MPH)
  HIGHEST WIND SPEED    24   HIGHEST WIND DIRECTION     S (180)
  HIGHEST GUST SPEED    33   HIGHEST GUST DIRECTION     S (170)
  AVERAGE WIND SPEED    13.8


SKY COVER
  AVERAGE SKY COVER 0.5



RELATIVE HUMIDITY (PERCENT)
 HIGHEST    77
 LOWEST     53
 AVERAGE    65

..........................................................


THE ALBANY NY CLIMATE NORMALS FOR TODAY
                         NORMAL    RECORD    YEAR
 MAXIMUM TEMPERATURE (F)   70        95      1895
 MINIMUM TEMPERATURE (F)   50        29      1973


SUNRISE AND SUNSET
SEPTEMBER 21 2014.....SUNRISE   641 AM EDT   SUNSET   654 PM EDT
SEPTEMBER 22 2014.....SUNRISE   642 AM EDT   SUNSET   653 PM EDT


-  INDICATES NEGATIVE NUMBERS.
R  INDICATES RECORD WAS SET OR TIED.
MM INDICATES DATA IS MISSING.
T  INDICATES TRACE AMOUNT.




$$
