000
CDUS41 KALY 182215
CLIALB

CLIMATE REPORT
NATIONAL WEATHER SERVICE ALBANY NY
515 PM EST SUN FEB 18 2018


...................................

...THE ALBANY NY CLIMATE SUMMARY FOR FEBRUARY 18 2018...
VALID TODAY AS OF 0400 PM LOCAL TIME.

CLIMATE NORMAL PERIOD 1981 TO 2010
CLIMATE RECORD PERIOD 1874 TO 2018


WEATHER ITEM   OBSERVED TIME   RECORD YEAR NORMAL DEPARTURE LAST
                VALUE   (LST)  VALUE       VALUE  FROM      YEAR
                                                  NORMAL
..................................................................
TEMPERATURE (F)
 TODAY
  MAXIMUM         40    239 PM  63    1981  35      5       52
  MINIMUM         27    504 AM -21    1973  18      9       18
  AVERAGE         34                        27      7       35

PRECIPITATION (IN)
  TODAY            0.05          1.32 1931   0.08  -0.03     0.00
  MONTH TO DATE    1.56                      1.38   0.18     2.14
  SINCE DEC 1      5.88                      6.90  -1.02     7.02
  SINCE JAN 1      3.95                      3.97  -0.02     5.27

SNOWFALL (IN)
  TODAY           1.2             6.3  2000   0.4   0.8      0.0
  MONTH TO DATE   10.1                       8.1    2.0     22.2
  SINCE DEC 1     35.0                      39.7   -4.7     38.9
  SINCE JUL 1     35.0                      42.8   -7.8     41.2
  SNOW DEPTH       1

DEGREE DAYS
 HEATING
  TODAY           31                        38     -7       30
  MONTH TO DATE  662                       724    -62      671
  SINCE DEC 1   3186                      3171     15     2798
  SINCE JUL 1   4300                      4575   -275     3954

 COOLING
  TODAY            0                         0      0        0
  MONTH TO DATE    0                         0      0        0
  SINCE DEC 1      0                         0      0        0
  SINCE JAN 1      0                         0      0        0
..................................................................


WIND (MPH)
  HIGHEST WIND SPEED    21   HIGHEST WIND DIRECTION    NW (330)
  HIGHEST GUST SPEED    27   HIGHEST GUST DIRECTION     N (340)
  AVERAGE WIND SPEED     9.3


SKY COVER
  AVERAGE SKY COVER 0.9



RELATIVE HUMIDITY (PERCENT)
 HIGHEST    92           300 AM
 LOWEST     59           200 PM
 AVERAGE    76

..........................................................


THE ALBANY NY CLIMATE NORMALS FOR TOMORROW
                         NORMAL    RECORD    YEAR
 MAXIMUM TEMPERATURE (F)   36        66      1981
 MINIMUM TEMPERATURE (F)   18        -7      1878


SUNRISE AND SUNSET
FEBRUARY 18 2018......SUNRISE   648 AM EST   SUNSET   531 PM EST
FEBRUARY 19 2018......SUNRISE   647 AM EST   SUNSET   532 PM EST


-  INDICATES NEGATIVE NUMBERS.
R  INDICATES RECORD WAS SET OR TIED.
MM INDICATES DATA IS MISSING.
T  INDICATES TRACE AMOUNT.




$$
