000
CDUS43 KDMX 302233 RRA
CLIALO

CLIMATE REPORT
NATIONAL WEATHER SERVICE DES MOINES IA
530 PM CDT THU MAR 30 2017


...................................

...THE WATERLOO IA CLIMATE SUMMARY FOR MARCH 30 2017...
VALID TODAY AS OF 0500 PM LOCAL TIME.

CLIMATE NORMAL PERIOD 1981 TO 2010
CLIMATE RECORD PERIOD 1895 TO 2017


WEATHER ITEM   OBSERVED TIME   RECORD YEAR NORMAL DEPARTURE LAST
                VALUE   (LST)  VALUE       VALUE  FROM      YEAR
                                                  NORMAL
..................................................................
TEMPERATURE (F)
 TODAY
  MAXIMUM         42    259 PM  84    1967  53    -11       66
  MINIMUM         40   1218 PM   1    1964  31      9       44
  AVERAGE         41                        42     -1       55

PRECIPITATION (IN)
  TODAY            0.04          1.95 1998   0.08  -0.04     0.35
  MONTH TO DATE    2.03                      1.97   0.06     2.69
  SINCE MAR 1      2.03                      1.97   0.06     2.69
  SINCE JAN 1      5.96                      3.79   2.17     4.46

SNOWFALL (IN)
  TODAY            0.0           5.9  1939   0.1   -0.1      0.0
  MONTH TO DATE   10.6                       4.5    6.1      2.9
  SINCE MAR 1     10.6                       4.5    6.1      2.9
  SINCE JUL 1     26.2                      33.4   -7.2     46.0
  SNOW DEPTH       0

DEGREE DAYS
 HEATING
  TODAY           24                        23      1       10
  MONTH TO DATE  888                       883      5      721
  SINCE MAR 1    888                       883      5      721
  SINCE JUL 1   5350                      6302   -952     5421

 COOLING
  TODAY            0                         0      0        0
  MONTH TO DATE    0                         0      0        0
  SINCE MAR 1      0                         0      0        0
  SINCE JAN 1      0                         0      0        0
..................................................................


WIND (MPH)
  HIGHEST WIND SPEED    26   HIGHEST WIND DIRECTION     E (90)
  HIGHEST GUST SPEED    33   HIGHEST GUST DIRECTION     E (90)
  AVERAGE WIND SPEED    17.0


SKY COVER
  POSSIBLE SUNSHINE  MM
  AVERAGE SKY COVER 0.9


WEATHER CONDITIONS
 THE FOLLOWING WEATHER WAS RECORDED TODAY.
  LIGHT RAIN
  FOG


RELATIVE HUMIDITY (PERCENT)
 HIGHEST    92           100 AM
 LOWEST     86           200 AM
 AVERAGE    89

..........................................................


THE WATERLOO IA CLIMATE NORMALS FOR TOMORROW
                         NORMAL    RECORD    YEAR
 MAXIMUM TEMPERATURE (F)   53        82      1986
 MINIMUM TEMPERATURE (F)   31         6      1923


SUNRISE AND SUNSET
MARCH 30 2017.........SUNRISE   655 AM CDT   SUNSET   734 PM CDT
MARCH 31 2017.........SUNRISE   653 AM CDT   SUNSET   735 PM CDT


-  INDICATES NEGATIVE NUMBERS.
R  INDICATES RECORD WAS SET OR TIED.
MM INDICATES DATA IS MISSING.
T  INDICATES TRACE AMOUNT.

$$
