000
CDUS43 KDMX 272229
CLIALO

CLIMATE REPORT
NATIONAL WEATHER SERVICE DES MOINES IA
528 PM CDT TUE SEP 27 2016

...................................

...THE WATERLOO IA CLIMATE SUMMARY FOR SEPTEMBER 27 2016...
VALID TODAY AS OF 0500 PM LOCAL TIME.

CLIMATE NORMAL PERIOD 1981 TO 2010
CLIMATE RECORD PERIOD 1895 TO 2016


WEATHER ITEM   OBSERVED TIME   RECORD YEAR NORMAL DEPARTURE LAST
                VALUE   (LST)  VALUE       VALUE  FROM      YEAR
                                                  NORMAL
..................................................................
TEMPERATURE (F)
 TODAY
  MAXIMUM         72    359 PM  89    1954  71      1       81
  MINIMUM         45    615 AM  28    1928  45      0       55
  AVERAGE         59                        58      1       68

PRECIPITATION (IN)
  TODAY            0.00          1.53 1965   0.08  -0.08     0.00
  MONTH TO DATE    7.32                      2.38   4.94     1.39
  SINCE SEP 1      7.32                      2.38   4.94     1.39
  SINCE JAN 1     36.01                     28.66   7.35    26.62

SNOWFALL (IN)
  TODAY            0.0          MM      MM   0.0    0.0      0.0
  MONTH TO DATE    0.0                       0.0    0.0      0.0
  SINCE SEP 1      0.0                       0.0    0.0      0.0
  SINCE JUL 1      0.0                       0.0    0.0      0.0
  SNOW DEPTH       0

DEGREE DAYS
 HEATING
  TODAY            6                         8     -2        0
  MONTH TO DATE   23                       112    -89       43
  SINCE SEP 1     23                       112    -89       43
  SINCE JUL 1     28                       132   -104       74

 COOLING
  TODAY            0                         1     -1        3
  MONTH TO DATE  104                        75     29      163
  SINCE SEP 1    104                        75     29      163
  SINCE JAN 1    857                       787     70      737
..................................................................


WIND (MPH)
  HIGHEST WIND SPEED    22   HIGHEST WIND DIRECTION    NW (300)
  HIGHEST GUST SPEED    29   HIGHEST GUST DIRECTION    NW (310)
  AVERAGE WIND SPEED    11.0


SKY COVER
  POSSIBLE SUNSHINE  MM
  AVERAGE SKY COVER 0.0


WEATHER CONDITIONS
 THE FOLLOWING WEATHER WAS RECORDED TODAY.
  NO SIGNIFICANT WEATHER WAS OBSERVED.


RELATIVE HUMIDITY (PERCENT)
 HIGHEST    76           400 AM
 LOWEST     19           400 PM
 AVERAGE    48

..........................................................


THE WATERLOO IA CLIMATE NORMALS FOR TOMORROW
                         NORMAL    RECORD    YEAR
 MAXIMUM TEMPERATURE (F)   70        91      1953
                                             1939
                                             1898
 MINIMUM TEMPERATURE (F)   45        21      1942


SUNRISE AND SUNSET
SEPTEMBER 27 2016.....SUNRISE   703 AM CDT   SUNSET   657 PM CDT
SEPTEMBER 28 2016.....SUNRISE   704 AM CDT   SUNSET   655 PM CDT


-  INDICATES NEGATIVE NUMBERS.
R  INDICATES RECORD WAS SET OR TIED.
MM INDICATES DATA IS MISSING.
T  INDICATES TRACE AMOUNT.




$$
