346
CDUS43 KDMX 192229
CLIALO

CLIMATE REPORT
NATIONAL WEATHER SERVICE DES MOINES IA
527 PM CDT THU OCT 19 2017


...................................

...THE WATERLOO IA CLIMATE SUMMARY FOR OCTOBER 19 2017...
VALID TODAY AS OF 0500 PM LOCAL TIME.

CLIMATE NORMAL PERIOD 1981 TO 2010
CLIMATE RECORD PERIOD 1895 TO 2017


WEATHER ITEM   OBSERVED TIME   RECORD YEAR NORMAL DEPARTURE LAST
                VALUE   (LST)  VALUE       VALUE  FROM      YEAR
                                                  NORMAL
..................................................................
TEMPERATURE (F)
 TODAY
  MAXIMUM         71    339 PM  84    1910  61     10       68
  MINIMUM         34    652 AM  14    1972  38     -4       43
  AVERAGE         53                        49      4       56

PRECIPITATION (IN)
  TODAY            0.00          0.49 1969   0.08  -0.08     0.00
  MONTH TO DATE    4.40                      1.56   2.84     0.38
  SINCE SEP 1      5.19                      4.19   1.00     7.70
  SINCE JAN 1     27.87                     30.47  -2.60    36.39

SNOWFALL (IN)
  TODAY            0.0           0.1  1976   0.0    0.0      0.0
  MONTH TO DATE    0.0                       0.1   -0.1      0.0
  SINCE SEP 1      0.0                       0.1   -0.1      0.0
  SINCE JUL 1      0.0                       0.1   -0.1      0.0
  SNOW DEPTH       0

DEGREE DAYS
 HEATING
  TODAY           12                        16     -4        9
  MONTH TO DATE  146                       246   -100      133
  SINCE SEP 1    225                       384   -159      176
  SINCE JUL 1    242                       404   -162      181

 COOLING
  TODAY            0                         0      0        0
  MONTH TO DATE   10                         8      2       12
  SINCE SEP 1    129                        86     43      116
  SINCE JAN 1    720                       798    -78      869
..................................................................


WIND (MPH)
  HIGHEST WIND SPEED    16   HIGHEST WIND DIRECTION     S (160)
  HIGHEST GUST SPEED    22   HIGHEST GUST DIRECTION    SE (150)
  AVERAGE WIND SPEED     5.2


SKY COVER
  POSSIBLE SUNSHINE  MM
  AVERAGE SKY COVER 0.0


WEATHER CONDITIONS
 THE FOLLOWING WEATHER WAS RECORDED TODAY.
  NO SIGNIFICANT WEATHER WAS OBSERVED.


RELATIVE HUMIDITY (PERCENT)
 HIGHEST   100          1200 AM
 LOWEST     25           200 PM
 AVERAGE    63

..........................................................


THE WATERLOO IA CLIMATE NORMALS FOR TOMORROW
                         NORMAL    RECORD    YEAR
 MAXIMUM TEMPERATURE (F)   60        87      2003
 MINIMUM TEMPERATURE (F)   38        17      1952
                                             1930


SUNRISE AND SUNSET
OCTOBER 19 2017.......SUNRISE   728 AM CDT   SUNSET   621 PM CDT
OCTOBER 20 2017.......SUNRISE   729 AM CDT   SUNSET   619 PM CDT


-  INDICATES NEGATIVE NUMBERS.
R  INDICATES RECORD WAS SET OR TIED.
MM INDICATES DATA IS MISSING.
T  INDICATES TRACE AMOUNT.




$$
