000
CDUS43 KDMX 052231 RRA
CLIALO

CLIMATE REPORT
NATIONAL WEATHER SERVICE DES MOINES IA
525 PM CDT SUN JUL 5 2015


...................................

...THE WATERLOO IA CLIMATE SUMMARY FOR JULY 5 2015...
VALID TODAY AS OF 0500 PM LOCAL TIME.

CLIMATE NORMAL PERIOD 1981 TO 2010
CLIMATE RECORD PERIOD 1895 TO 2015


WEATHER ITEM   OBSERVED TIME   RECORD YEAR NORMAL DEPARTURE LAST
                VALUE   (LST)  VALUE       VALUE  FROM      YEAR
                                                  NORMAL
..................................................................
TEMPERATURE (F)
 TODAY
  MAXIMUM         85    300 PM 109    1911  85      0       70
  MINIMUM         63    440 AM  45    1972  63      0       61
                                      1967
  AVERAGE         74                        74      0       66

PRECIPITATION (IN)
  TODAY            0.00          2.07 2010   0.18  -0.18     0.02
  MONTH TO DATE    T                         0.87  -0.87     0.08
  SINCE JUN 1      5.47                      5.85  -0.38     9.71
  SINCE JAN 1     16.34                     17.97  -1.63    23.74

SNOWFALL (IN)
  TODAY            0.0          MM      MM   0.0    0.0      0.0
  MONTH TO DATE    0.0                       0.0    0.0      0.0
  SINCE JUN 1      0.0                       0.0    0.0      0.0
  SINCE JUL 1      0.0                       0.0    0.0      0.0
  SNOW DEPTH       0

DEGREE DAYS
 HEATING
  TODAY            0                         0      0        0
  MONTH TO DATE    6                         0      6       11
  SINCE JUN 1     18                        26     -8       18
  SINCE JUL 1      6                         0      6       11

 COOLING
  TODAY            9                         9      0        1
  MONTH TO DATE   12                        45    -33        4
  SINCE JUN 1    162                       222    -60      175
  SINCE JAN 1    209                       278    -69      242
..................................................................


WIND (MPH)
  HIGHEST WIND SPEED    18   HIGHEST WIND DIRECTION     S (180)
  HIGHEST GUST SPEED    23   HIGHEST GUST DIRECTION     S (160)
  AVERAGE WIND SPEED    10.0


SKY COVER
  POSSIBLE SUNSHINE  MM
  AVERAGE SKY COVER 0.0


WEATHER CONDITIONS
 THE FOLLOWING WEATHER WAS RECORDED TODAY.
  HAZE


RELATIVE HUMIDITY (PERCENT)
 HIGHEST    93           400 AM
 LOWEST     55           200 PM
 AVERAGE    74

..........................................................


THE WATERLOO IA CLIMATE NORMALS FOR TOMORROW
                         NORMAL    RECORD    YEAR
 MAXIMUM TEMPERATURE (F)   85       105      1936
 MINIMUM TEMPERATURE (F)   63        47      1967


SUNRISE AND SUNSET
JULY  5 2015..........SUNRISE   538 AM CDT   SUNSET   850 PM CDT
JULY  6 2015..........SUNRISE   539 AM CDT   SUNSET   850 PM CDT


-  INDICATES NEGATIVE NUMBERS.
R  INDICATES RECORD WAS SET OR TIED.
MM INDICATES DATA IS MISSING.
T  INDICATES TRACE AMOUNT.




$$
