000
CDUS43 KDMX 010629
CLIALO

CLIMATE REPORT
NATIONAL WEATHER SERVICE DES MOINES IA
127 AM CDT SAT AUG 1 2015

...................................

...THE WATERLOO IA CLIMATE SUMMARY FOR JULY 31 2015...

CLIMATE NORMAL PERIOD 1981 TO 2010
CLIMATE RECORD PERIOD 1895 TO 2015


WEATHER ITEM   OBSERVED TIME   RECORD YEAR NORMAL DEPARTURE LAST
                VALUE   (LST)  VALUE       VALUE  FROM      YEAR
                                                  NORMAL
..................................................................
TEMPERATURE (F)
 YESTERDAY
  MAXIMUM         83    340 PM 105    1988  84     -1       82
  MINIMUM         62   1159 PM  43    1971  62      0       54
  AVERAGE         73                        73      0       68

PRECIPITATION (IN)
  YESTERDAY        0.00          2.45 1956   0.14  -0.14     0.00
  MONTH TO DATE    3.35                      4.91  -1.56     1.14
  SINCE JUN 1      8.82                      9.89  -1.07    10.77
  SINCE JAN 1     19.69                     22.01  -2.32    24.80

SNOWFALL (IN)
  YESTERDAY        0.0          MM      MM   0.0    0.0      0.0
  MONTH TO DATE    0.0                       0.0    0.0      0.0
  SINCE JUN 1      0.0                       0.0    0.0      0.0
  SINCE JUL 1      0.0                       0.0    0.0      0.0
  SNOW DEPTH       0

DEGREE DAYS
 HEATING
  YESTERDAY        0                         0      0        0
  MONTH TO DATE   11                         0     11       17
  SINCE JUN 1     23                        30     -7       24
  SINCE JUL 1     11                         4      7       17

 COOLING
  YESTERDAY        8                         8      0        3
  MONTH TO DATE  232                       271    -39      148
  SINCE JUN 1    382                       448    -66      319
  SINCE JAN 1    429                       504    -75      386
..................................................................


WIND (MPH)
  HIGHEST WIND SPEED    20   HIGHEST WIND DIRECTION     N (340)
  HIGHEST GUST SPEED    26   HIGHEST GUST DIRECTION    NW (320)
  AVERAGE WIND SPEED     7.1


SKY COVER
  POSSIBLE SUNSHINE  MM
  AVERAGE SKY COVER 0.0


WEATHER CONDITIONS
 THE FOLLOWING WEATHER WAS RECORDED YESTERDAY.
  NO SIGNIFICANT WEATHER WAS OBSERVED.


RELATIVE HUMIDITY (PERCENT)
 HIGHEST    93           400 AM
 LOWEST     40           200 PM
 AVERAGE    67

..........................................................


THE WATERLOO IA CLIMATE NORMALS FOR TODAY
                         NORMAL    RECORD    YEAR
 MAXIMUM TEMPERATURE (F)   83       102      1917
 MINIMUM TEMPERATURE (F)   62        46      1920


SUNRISE AND SUNSET
AUGUST  1 2015........SUNRISE   601 AM CDT   SUNSET   830 PM CDT
AUGUST  2 2015........SUNRISE   602 AM CDT   SUNSET   829 PM CDT


-  INDICATES NEGATIVE NUMBERS.
R  INDICATES RECORD WAS SET OR TIED.
MM INDICATES DATA IS MISSING.
T  INDICATES TRACE AMOUNT.

$$

REV
