000
CDUS45 KPUB 141140
CLIALS


CLIMATE REPORT
NATIONAL WEATHER SERVICE PUEBLO
440 AM MST THU DEC 14 2017


...................................

...THE ALAMOSA CO CLIMATE SUMMARY FOR DECEMBER 13 2017...

CLIMATE NORMAL PERIOD 1981 TO 2010
CLIMATE RECORD PERIOD 1932 TO 2017


WEATHER ITEM   OBSERVED TIME   RECORD YEAR NORMAL DEPARTURE LAST
                VALUE   (LST)  VALUE       VALUE  FROM      YEAR
                                                  NORMAL
..................................................................
TEMPERATURE (F)
 YESTERDAY
  MAXIMUM         50    232 PM  56    1948  35     15       49
  MINIMUM          1    627 AM -38    1961   1      0        9
  AVERAGE         26                        18      8       29

PRECIPITATION (IN)
  YESTERDAY        0.00          0.66 1967   0.02  -0.02     0.00
  MONTH TO DATE    0.00                      0.16  -0.16     0.07
  SINCE DEC 1      0.00                      0.16  -0.16     0.07
  SINCE JAN 1     10.55                      7.12   3.43     8.16

SNOWFALL (IN)
  YESTERDAY        0.0          15.8  1967   0.1   -0.1      0.0
  MONTH TO DATE    0.0                       1.9   -1.9      1.4
  SINCE DEC 1      0.0                       1.9   -1.9      1.4
  SINCE JUL 1      0.4                       7.7   -7.3      2.4
  SNOW DEPTH       0

DEGREE DAYS
 HEATING
  YESTERDAY       39                        47     -8       36
  MONTH TO DATE  501                       588    -87      575
  SINCE DEC 1    501                       588    -87      575
  SINCE JUL 1   2267                      2763   -496     2439

 COOLING
  YESTERDAY        0                         0      0        0
  MONTH TO DATE    0                         0      0        0
  SINCE DEC 1      0                         0      0        0
  SINCE JAN 1     76                        51     25      115
..................................................................


WIND (MPH)
  HIGHEST WIND SPEED    16   HIGHEST WIND DIRECTION     E (110)
  HIGHEST GUST SPEED    21   HIGHEST GUST DIRECTION    SE (120)
  AVERAGE WIND SPEED     2.7


SKY COVER
  POSSIBLE SUNSHINE  MM
  AVERAGE SKY COVER 0.3


WEATHER CONDITIONS
 THE FOLLOWING WEATHER WAS RECORDED YESTERDAY.
  HAZE


RELATIVE HUMIDITY (PERCENT)
 HIGHEST    87           600 AM
 LOWEST     15           400 PM
 AVERAGE    51

..........................................................


THE ALAMOSA CO CLIMATE NORMALS FOR TODAY
                         NORMAL    RECORD    YEAR
 MAXIMUM TEMPERATURE (F)   35        55      2016
 MINIMUM TEMPERATURE (F)    1       -42      1964


SUNRISE AND SUNSET
DECEMBER 14 2017......SUNRISE   710 AM MST   SUNSET   446 PM MST
DECEMBER 15 2017......SUNRISE   711 AM MST   SUNSET   447 PM MST


-  INDICATES NEGATIVE NUMBERS.
R  INDICATES RECORD WAS SET OR TIED.
MM INDICATES DATA IS MISSING.
T  INDICATES TRACE AMOUNT.




$$
