000
CDUS44 KAMA 280725
CLIAMA


CLIMATE REPORT
NATIONAL WEATHER SERVICE AMARILLO TX
125 AM CST WED JAN 28 2015


...................................

...THE AMARILLO CLIMATE SUMMARY FOR JANUARY 27 2015...

CLIMATE NORMAL PERIOD 1981 TO 2010
CLIMATE RECORD PERIOD 1892 TO 2015


WEATHER ITEM   OBSERVED TIME   RECORD YEAR NORMAL DEPARTURE LAST
                VALUE   (LST)  VALUE       VALUE  FROM      YEAR
                                                  NORMAL
..................................................................
TEMPERATURE (F)
 YESTERDAY
  MAXIMUM         73    352 PM  75    1970  52     21       32
  MINIMUM         38    812 AM  -1    1897  24     14        9
  AVERAGE         56                        38     18       21

PRECIPITATION (IN)
  YESTERDAY        0.00          0.68 2001   0.03  -0.03     0.00
  MONTH TO DATE    1.21                      0.61   0.60     0.03
  SINCE DEC 1      1.34                      1.32   0.02     0.35
  SINCE JAN 1      1.21                      0.61   0.60     0.03

SNOWFALL (IN)
  YESTERDAY        0.0           3.0  1895   0.2   -0.2      0.0
  MONTH TO DATE   14.1                       3.9   10.2      0.9
  SINCE DEC 1     14.5                       7.6    6.9      3.1
  SINCE JUL 1     17.0                      10.3    6.7      7.4
  SNOW DEPTH       0

DEGREE DAYS
 HEATING
  YESTERDAY        9                        27    -18       44
  MONTH TO DATE  787                       760     27      732
  SINCE DEC 1   1562                      1633    -71     1635
  SINCE JUL 1   2356                      2477   -121     2473

 COOLING
  YESTERDAY        0                         0      0        0
  MONTH TO DATE    0                         0      0        0
  SINCE DEC 1      0                         0      0        0
  SINCE JAN 1      0                         0      0        0
..................................................................


WIND (MPH)
  RESULTANT WIND SPEED   6   RESULTANT WIND DIRECTION  SW (230)
  HIGHEST WIND SPEED    16   HIGHEST WIND DIRECTION    SW (220)
  HIGHEST GUST SPEED    21   HIGHEST GUST DIRECTION    SW (230)
  AVERAGE WIND SPEED     8.1


SKY COVER
  AVERAGE SKY COVER 0.0


WEATHER CONDITIONS
 THE FOLLOWING WEATHER WAS RECORDED YESTERDAY.
  NO SIGNIFICANT WEATHER WAS OBSERVED.


RELATIVE HUMIDITY (PERCENT)
 HIGHEST    73           500 AM
 LOWEST     20           100 PM
 AVERAGE    47

..........................................................


THE AMARILLO CLIMATE NORMALS FOR TODAY
                         NORMAL    RECORD    YEAR
 MAXIMUM TEMPERATURE (F)   52        76      2003
                                             2002
 MINIMUM TEMPERATURE (F)   24        -2      1966


SUNRISE AND SUNSET
JANUARY 28 2015.......SUNRISE   749 AM CST   SUNSET   611 PM CST
JANUARY 29 2015.......SUNRISE   748 AM CST   SUNSET   612 PM CST


-  INDICATES NEGATIVE NUMBERS.
R  INDICATES RECORD WAS SET OR TIED.
MM INDICATES DATA IS MISSING.
T  INDICATES TRACE AMOUNT.




$$
