000
CDUS44 KAMA 060733
CLIAMA


CLIMATE REPORT
NATIONAL WEATHER SERVICE AMARILLO TX
131 AM CST SAT FEB 6 2016


...................................

...THE AMARILLO CLIMATE SUMMARY FOR FEBRUARY 5 2016...

CLIMATE NORMAL PERIOD 1981 TO 2010
CLIMATE RECORD PERIOD 1892 TO 2016


WEATHER ITEM   OBSERVED TIME   RECORD YEAR NORMAL DEPARTURE LAST
                VALUE   (LST)  VALUE       VALUE  FROM      YEAR
                                                  NORMAL
..................................................................
TEMPERATURE (F)
 YESTERDAY
  MAXIMUM         44    420 PM  77    1950  52     -8       50
                                      1925
  MINIMUM         26   1147 PM  -5    1982  25      1       21
  AVERAGE         35                        38     -3       36

PRECIPITATION (IN)
  YESTERDAY        0.00          0.53 1948   0.02  -0.02     0.00
  MONTH TO DATE    0.11                      0.11   0.00      T
  SINCE DEC 1      1.08                      1.54  -0.46     1.74
  SINCE JAN 1      0.30                      0.83  -0.53     1.61

SNOWFALL (IN)
  YESTERDAY        0.0           5.1  1948   0.2   -0.2      0.0
  MONTH TO DATE    T                         0.8   -0.8       T
  SINCE DEC 1      7.6                       9.2   -1.6     14.5
  SINCE JUL 1      8.9                      11.9   -3.0     17.0
  SNOW DEPTH       0

DEGREE DAYS
 HEATING
  YESTERDAY       30                        27      3       29
  MONTH TO DATE  155                       135     20      134
  SINCE DEC 1   1697                      1876   -179     1780
  SINCE JUL 1   2356                      2720   -364     2574

 COOLING
  YESTERDAY        0                         0      0        0
  MONTH TO DATE    0                         0      0        0
  SINCE DEC 1      0                         0      0        0
  SINCE JAN 1      0                         0      0        0
..................................................................


WIND (MPH)
  RESULTANT WIND SPEED   8   RESULTANT WIND DIRECTION  NW (300)
  HIGHEST WIND SPEED    35   HIGHEST WIND DIRECTION     N (350)
  HIGHEST GUST SPEED    43   HIGHEST GUST DIRECTION     N (350)
  AVERAGE WIND SPEED    16.9


SKY COVER
  AVERAGE SKY COVER 0.1


WEATHER CONDITIONS
 THE FOLLOWING WEATHER WAS RECORDED YESTERDAY.
  NO SIGNIFICANT WEATHER WAS OBSERVED.


RELATIVE HUMIDITY (PERCENT)
 HIGHEST    63          1000 PM
 LOWEST     32           500 PM
 AVERAGE    48

..........................................................


THE AMARILLO CLIMATE NORMALS FOR TODAY
                         NORMAL    RECORD    YEAR
 MAXIMUM TEMPERATURE (F)   52        82      2015
 MINIMUM TEMPERATURE (F)   25        -1      1914
                                             1899


SUNRISE AND SUNSET
FEBRUARY  6 2016......SUNRISE   742 AM CST   SUNSET   620 PM CST
FEBRUARY  7 2016......SUNRISE   741 AM CST   SUNSET   621 PM CST


-  INDICATES NEGATIVE NUMBERS.
R  INDICATES RECORD WAS SET OR TIED.
MM INDICATES DATA IS MISSING.
T  INDICATES TRACE AMOUNT.




$$
