000
CDUS44 KAMA 022143
CLIAMA


CLIMATE REPORT
NATIONAL WEATHER SERVICE AMARILLO TX
441 PM CDT TUE JUN 2 2015


...................................

...THE AMARILLO CLIMATE SUMMARY FOR JUNE 2 2015...
VALID TODAY AS OF 0400 PM LOCAL TIME.

CLIMATE NORMAL PERIOD 1981 TO 2010
CLIMATE RECORD PERIOD 1892 TO 2015


WEATHER ITEM   OBSERVED TIME   RECORD YEAR NORMAL DEPARTURE LAST
                VALUE   (LST)  VALUE       VALUE  FROM      YEAR
                                                  NORMAL
..................................................................
TEMPERATURE (F)
 TODAY
  MAXIMUM         87    325 PM 106    2008  84      3       87
  MINIMUM         58    540 AM  38    1917  57      1       64
  AVERAGE         73                        71      2       76

PRECIPITATION (IN)
  TODAY            0.00          1.94 1895   0.12  -0.12     0.00
  MONTH TO DATE    0.03                      0.23  -0.20     0.00
  SINCE JUN 1      0.03                      0.23  -0.20     0.00
  SINCE JAN 1     14.58                      6.59   7.99     4.71

SNOWFALL (IN)
  TODAY            0.0           T    1989   0.0    0.0      0.0
  MONTH TO DATE    0.0                       0.0    0.0      0.0
  SINCE JUN 1      0.0                       0.0    0.0      0.0
  SINCE JUL 1     23.9                      17.8    6.1     12.8
  SNOW DEPTH       0

DEGREE DAYS
 HEATING
  TODAY            0                         1     -1        0
  MONTH TO DATE    0                         2     -2        0
  SINCE JUN 1      0                         2     -2        0
  SINCE JUL 1   3860                      4173   -313     4224

 COOLING
  TODAY            8                         6      2       11
  MONTH TO DATE   17                        12      5       28
  SINCE JUN 1     17                        12      5       28
  SINCE JAN 1     66                       137    -71      225
..................................................................


WIND (MPH)
  RESULTANT WIND SPEED  11   RESULTANT WIND DIRECTION   S (190)
  HIGHEST WIND SPEED    24   HIGHEST WIND DIRECTION     S (180)
  HIGHEST GUST SPEED    29   HIGHEST GUST DIRECTION     S (170)
  AVERAGE WIND SPEED    12.3


SKY COVER
  AVERAGE SKY COVER 0.0


WEATHER CONDITIONS
 THE FOLLOWING WEATHER WAS RECORDED TODAY.
  NO SIGNIFICANT WEATHER WAS OBSERVED.


RELATIVE HUMIDITY (PERCENT)
 HIGHEST    87           600 AM
 LOWEST     42           200 PM
 AVERAGE    65

..........................................................


THE AMARILLO CLIMATE NORMALS FOR TOMORROW
                         NORMAL    RECORD    YEAR
 MAXIMUM TEMPERATURE (F)   84       101      2008
                                             1933
 MINIMUM TEMPERATURE (F)   58        42      1919


SUNRISE AND SUNSET
JUNE  2 2015..........SUNRISE   633 AM CDT   SUNSET   857 PM CDT
JUNE  3 2015..........SUNRISE   633 AM CDT   SUNSET   857 PM CDT


-  INDICATES NEGATIVE NUMBERS.
R  INDICATES RECORD WAS SET OR TIED.
MM INDICATES DATA IS MISSING.
T  INDICATES TRACE AMOUNT.




$$
