747
CDUS44 KAMA 220626
CLIAMA


CLIMATE REPORT
NATIONAL WEATHER SERVICE AMARILLO TX
126 AM CDT FRI SEP 22 2017


...................................

...THE AMARILLO CLIMATE SUMMARY FOR SEPTEMBER 21 2017...

CLIMATE NORMAL PERIOD 1981 TO 2010
CLIMATE RECORD PERIOD 1892 TO 2017


WEATHER ITEM   OBSERVED TIME   RECORD YEAR NORMAL DEPARTURE LAST
                VALUE   (LST)  VALUE       VALUE  FROM      YEAR
                                                  NORMAL
..................................................................
TEMPERATURE (F)
 YESTERDAY
  MAXIMUM         94    358 PM  97    1980  81     13       89
                                      1930
  MINIMUM         59    536 AM  31    1983  54      5       67
  AVERAGE         77                        68      9       78

PRECIPITATION (IN)
  YESTERDAY        0.00          3.48 1900   0.06  -0.06     0.00
  MONTH TO DATE    0.14                      1.37  -1.23     0.82
  SINCE SEP 1      0.14                      1.37  -1.23     0.82
  SINCE JAN 1     21.02                     16.64   4.38    15.70

SNOWFALL (IN)
  YESTERDAY        0.0           T    1995   0.0    0.0      0.0
  MONTH TO DATE    0.0                       0.0    0.0      0.0
  SINCE SEP 1      0.0                       0.0    0.0      0.0
  SINCE JUL 1      T                         0.0    0.0       T
  SNOW DEPTH       0

DEGREE DAYS
 HEATING
  YESTERDAY        0                         2     -2        0
  MONTH TO DATE    2                        16    -14        1
  SINCE SEP 1      2                        16    -14        1
  SINCE JUL 1      2                        17    -15        1

 COOLING
  YESTERDAY       12                         4      8       13
  MONTH TO DATE  158                       148     10      181
  SINCE SEP 1    158                       148     10      181
  SINCE JAN 1   1405                      1340     65     1555
..................................................................


WIND (MPH)
  RESULTANT WIND SPEED  15   RESULTANT WIND DIRECTION   S (190)
  HIGHEST WIND SPEED    28   HIGHEST WIND DIRECTION     S (200)
  HIGHEST GUST SPEED    37   HIGHEST GUST DIRECTION     S (180)
  AVERAGE WIND SPEED    16.3


SKY COVER
  AVERAGE SKY COVER 0.0


WEATHER CONDITIONS
 THE FOLLOWING WEATHER WAS RECORDED YESTERDAY.
  NO SIGNIFICANT WEATHER WAS OBSERVED.


RELATIVE HUMIDITY (PERCENT)
 HIGHEST    72           500 AM
 LOWEST     19           100 PM
 AVERAGE    46

..........................................................


THE AMARILLO CLIMATE NORMALS FOR TODAY
                         NORMAL    RECORD    YEAR
 MAXIMUM TEMPERATURE (F)   80        95      2000
                                             1977
                                             1933
 MINIMUM TEMPERATURE (F)   54        38      1995


SUNRISE AND SUNSET
SEPTEMBER 22 2017.....SUNRISE   735 AM CDT   SUNSET   743 PM CDT
SEPTEMBER 23 2017.....SUNRISE   736 AM CDT   SUNSET   742 PM CDT


-  INDICATES NEGATIVE NUMBERS.
R  INDICATES RECORD WAS SET OR TIED.
MM INDICATES DATA IS MISSING.
T  INDICATES TRACE AMOUNT.




$$
