419
CDUS44 KAMA 252129
CLIAMA


CLIMATE REPORT
NATIONAL WEATHER SERVICE AMARILLO TX
428 PM CDT THU MAY 25 2017


...................................

...THE AMARILLO CLIMATE SUMMARY FOR MAY 25 2017...
VALID TODAY AS OF 0400 PM LOCAL TIME.

CLIMATE NORMAL PERIOD 1981 TO 2010
CLIMATE RECORD PERIOD 1892 TO 2017


WEATHER ITEM   OBSERVED TIME   RECORD YEAR NORMAL DEPARTURE LAST
                VALUE   (LST)  VALUE       VALUE  FROM      YEAR
                                                  NORMAL
..................................................................
TEMPERATURE (F)
 TODAY
  MAXIMUM         94    258 PM 102    1953  82     12       90
  MINIMUM         52    505 AM  42    1950  55     -3       49
  AVERAGE         73                        68      5       70

PRECIPITATION (IN)
  TODAY            0.00          2.08 1999   0.09  -0.09     0.00
  MONTH TO DATE    1.14                      1.67  -0.53     0.81
  SINCE MAR 1      4.46                      4.46   0.00     4.41
  SINCE JAN 1      8.14                      5.74   2.40     5.10

SNOWFALL (IN)
  TODAY            0.0           T    2000   0.0    0.0      0.0
  MONTH TO DATE    0.0                       0.2   -0.2       T
  SINCE MAR 1      2.0                       3.8   -1.8      1.3
  SINCE JUL 1     10.0                      17.8   -7.8     13.4
  SNOW DEPTH       0

DEGREE DAYS
 HEATING
  TODAY            0                         1     -1        0
  MONTH TO DATE   93                        77     16      124
  SINCE MAR 1    678                       888   -210      718
  SINCE JUL 1   3236                      4165   -929     3459

 COOLING
  TODAY            8                         5      3        5
  MONTH TO DATE   55                        71    -16       64
  SINCE MAR 1    104                        92     12       74
  SINCE JAN 1    109                        92     17       75
..................................................................


WIND (MPH)
  RESULTANT WIND SPEED  11   RESULTANT WIND DIRECTION  SW (230)
  HIGHEST WIND SPEED    29   HIGHEST WIND DIRECTION    SW (230)
  HIGHEST GUST SPEED    37   HIGHEST GUST DIRECTION    SW (240)
  AVERAGE WIND SPEED    15.4


SKY COVER
  AVERAGE SKY COVER 0.0


WEATHER CONDITIONS
 THE FOLLOWING WEATHER WAS RECORDED TODAY.
  NO SIGNIFICANT WEATHER WAS OBSERVED.


RELATIVE HUMIDITY (PERCENT)
 HIGHEST    59           500 AM
 LOWEST     11           100 PM
 AVERAGE    35

..........................................................


THE AMARILLO CLIMATE NORMALS FOR TOMORROW
                         NORMAL    RECORD    YEAR
 MAXIMUM TEMPERATURE (F)   82       100      1953
 MINIMUM TEMPERATURE (F)   55        39      1950


SUNRISE AND SUNSET
MAY 25 2017...........SUNRISE   636 AM CDT   SUNSET   852 PM CDT
MAY 26 2017...........SUNRISE   636 AM CDT   SUNSET   852 PM CDT


-  INDICATES NEGATIVE NUMBERS.
R  INDICATES RECORD WAS SET OR TIED.
MM INDICATES DATA IS MISSING.
T  INDICATES TRACE AMOUNT.




$$
