028
CDUS44 KAMA 192238
CLIAMA


CLIMATE REPORT
NATIONAL WEATHER SERVICE AMARILLO TX
437 PM CST FRI JAN 19 2018


...................................

...THE AMARILLO CLIMATE SUMMARY FOR JANUARY 19 2018...
VALID TODAY AS OF 0400 PM LOCAL TIME.

CLIMATE NORMAL PERIOD 1981 TO 2010
CLIMATE RECORD PERIOD 1892 TO 2018


WEATHER ITEM   OBSERVED TIME   RECORD YEAR NORMAL DEPARTURE LAST
                VALUE   (LST)  VALUE       VALUE  FROM      YEAR
                                                  NORMAL
..................................................................
TEMPERATURE (F)
 TODAY
  MAXIMUM         69    313 PM  75    1986  51     18       65
  MINIMUM         28    758 AM  -7    1984  23      5       35
                                      1943
  AVERAGE         49                        37     12       50

PRECIPITATION (IN)
  TODAY            0.00          0.74 1897   0.02  -0.02     0.00
  MONTH TO DATE    T                         0.39  -0.39     2.74
  SINCE DEC 1      T                         1.10  -1.10     3.01
  SINCE JAN 1      T                         0.39  -0.39     2.74

SNOWFALL (IN)
  TODAY            0.0           3.0  1897   0.2   -0.2      0.0
  MONTH TO DATE    T                         2.4   -2.4      6.4
  SINCE DEC 1      T                         6.1   -6.1      6.9
  SINCE JUL 1      T                         8.8   -8.8      6.9
  SNOW DEPTH       0

DEGREE DAYS
 HEATING
  TODAY           16                        28    -12       15
  MONTH TO DATE  554                       538     16      516
  SINCE DEC 1   1363                      1411    -48     1342
  SINCE JUL 1   1995                      2255   -260     1807

 COOLING
  TODAY            0                         0      0        0
  MONTH TO DATE    0                         0      0        0
  SINCE DEC 1      0                         0      0        0
  SINCE JAN 1      0                         0      0        0
..................................................................


WIND (MPH)
  RESULTANT WIND SPEED  16   RESULTANT WIND DIRECTION  SW (220)
  HIGHEST WIND SPEED    26   HIGHEST WIND DIRECTION    SW (220)
  HIGHEST GUST SPEED    31   HIGHEST GUST DIRECTION    SW (220)
  AVERAGE WIND SPEED    15.8


SKY COVER
  AVERAGE SKY COVER 0.0


WEATHER CONDITIONS
 THE FOLLOWING WEATHER WAS RECORDED TODAY.
  NO SIGNIFICANT WEATHER WAS OBSERVED.


RELATIVE HUMIDITY (PERCENT)
 HIGHEST    50           800 AM
 LOWEST     11           400 PM
 AVERAGE    31

..........................................................


THE AMARILLO CLIMATE NORMALS FOR TOMORROW
                         NORMAL    RECORD    YEAR
 MAXIMUM TEMPERATURE (F)   51        80      1986
 MINIMUM TEMPERATURE (F)   23        -2      1984


SUNRISE AND SUNSET
JANUARY 19 2018.......SUNRISE   753 AM CST   SUNSET   602 PM CST
JANUARY 20 2018.......SUNRISE   753 AM CST   SUNSET   603 PM CST


-  INDICATES NEGATIVE NUMBERS.
R  INDICATES RECORD WAS SET OR TIED.
MM INDICATES DATA IS MISSING.
T  INDICATES TRACE AMOUNT.




$$
