000
CDUS44 KAMA 181512
CLIAMA


CLIMATE REPORT
NATIONAL WEATHER SERVICE AMARILLO TX
911 AM CST SAT NOV 18 2017


...................................

...THE AMARILLO CLIMATE SUMMARY FOR NOVEMBER 18 2017...
VALID AS OF 0900 AM LOCAL TIME.

CLIMATE NORMAL PERIOD 1981 TO 2010
CLIMATE RECORD PERIOD 1892 TO 2017


WEATHER ITEM   OBSERVED TIME   RECORD YEAR NORMAL DEPARTURE LAST
                VALUE   (LST)  VALUE       VALUE  FROM      YEAR
                                                  NORMAL
..................................................................
TEMPERATURE (F)
 TODAY
  MINIMUM         43    746 AM  11    1903  31     12       28

PRECIPITATION (IN)
  TODAY            0.00          0.68 1906   0.02  -0.02     0.00
  MONTH TO DATE    T                         0.55  -0.55     1.05
  SINCE SEP 1      5.60                      4.13   1.47     2.00
  SINCE JAN 1     26.48                     19.40   7.08    16.88

SNOWFALL (IN)
  TODAY            0.0           6.7  1928   0.1   -0.1      0.0
  MONTH TO DATE    T                         1.2   -1.2      0.0
  SINCE SEP 1      T                         1.4   -1.4      0.0
  SINCE JUL 1      T                         1.4   -1.4       T
  SNOW DEPTH       0

..................................................................


WIND (MPH)
  RESULTANT WIND SPEED  20   RESULTANT WIND DIRECTION  NW (300)
  HIGHEST WIND SPEED    40   HIGHEST WIND DIRECTION     N (350)
  HIGHEST GUST SPEED    54   HIGHEST GUST DIRECTION     N (360)
  AVERAGE WIND SPEED    27.0


SKY COVER
  AVERAGE SKY COVER 0.3


WEATHER CONDITIONS
 THE FOLLOWING WEATHER WAS RECORDED TODAY.
  HAZE


RELATIVE HUMIDITY (PERCENT)
 HIGHEST    67           700 AM
 LOWEST     28          1200 AM
 AVERAGE    48

..........................................................


THE AMARILLO CLIMATE NORMALS FOR TOMORROW
                         NORMAL    RECORD    YEAR
 MAXIMUM TEMPERATURE (F)   58        82      2007
 MINIMUM TEMPERATURE (F)   31        13      1906


SUNRISE AND SUNSET
NOVEMBER 18 2017......SUNRISE   725 AM CST   SUNSET   539 PM CST
NOVEMBER 19 2017......SUNRISE   726 AM CST   SUNSET   538 PM CST


-  INDICATES NEGATIVE NUMBERS.
R  INDICATES RECORD WAS SET OR TIED.
MM INDICATES DATA IS MISSING.
T  INDICATES TRACE AMOUNT.




$$
