000
CDUS44 KAMA 182134
CLIAMA


CLIMATE REPORT
NATIONAL WEATHER SERVICE AMARILLO TX
433 PM CDT FRI APR 18 2014


...................................

...THE AMARILLO CLIMATE SUMMARY FOR APRIL 18 2014...
VALID TODAY AS OF 0400 PM LOCAL TIME.

CLIMATE NORMAL PERIOD 1981 TO 2010
CLIMATE RECORD PERIOD 1892 TO 2014


WEATHER ITEM   OBSERVED TIME   RECORD YEAR NORMAL DEPARTURE LAST
                VALUE   (LST)  VALUE       VALUE  FROM      YEAR
                                                  NORMAL
..................................................................
TEMPERATURE (F)
 TODAY
  MAXIMUM         74    318 PM  94    1948  72      2       49
  MINIMUM         36   1259 AM  24    1953  42     -6       27
  AVERAGE         55                        57     -2       38

PRECIPITATION (IN)
  TODAY            0.00          1.81 1927   0.05  -0.05     0.00
  MONTH TO DATE    0.51                      0.77  -0.26     0.05
  SINCE MAR 1      0.71                      2.16  -1.45     0.20
  SINCE JAN 1      1.10                      3.44  -2.34     3.49

SNOWFALL (IN)
  TODAY            0.0           T    1998   0.0    0.0      0.0
  MONTH TO DATE    0.4                       0.5   -0.1       T
  SINCE MAR 1      0.7                       3.4   -2.7      0.1
  SINCE JUL 1     12.8                      17.4   -4.6     29.7
  SNOW DEPTH       0

DEGREE DAYS
 HEATING
  TODAY           10                         9      1       27
  MONTH TO DATE  198                       197      1      236
  SINCE MAR 1    757                       729     28      673
  SINCE JUL 1   4110                      4006    104     3538

 COOLING
  TODAY            0                         1     -1        0
  MONTH TO DATE    5                         4      1       11
  SINCE MAR 1      5                         6     -1       11
  SINCE JAN 1      5                         6     -1       11
..................................................................


WIND (MPH)
  RESULTANT WIND SPEED  11   RESULTANT WIND DIRECTION   S (180)
  HIGHEST WIND SPEED    25   HIGHEST WIND DIRECTION     S (190)
  HIGHEST GUST SPEED    31   HIGHEST GUST DIRECTION     S (200)
  AVERAGE WIND SPEED    11.8


SKY COVER
  AVERAGE SKY COVER 0.4


WEATHER CONDITIONS
 THE FOLLOWING WEATHER WAS RECORDED TODAY.
  HAZE


RELATIVE HUMIDITY (PERCENT)
 HIGHEST    92           100 AM
 LOWEST     35           300 PM
 AVERAGE    64

..........................................................


THE AMARILLO CLIMATE NORMALS FOR TOMORROW
                         NORMAL    RECORD    YEAR
 MAXIMUM TEMPERATURE (F)   72        92      1964
 MINIMUM TEMPERATURE (F)   43        26      2013


SUNRISE AND SUNSET
APRIL 18 2014.........SUNRISE   711 AM CDT   SUNSET   822 PM CDT
APRIL 19 2014.........SUNRISE   709 AM CDT   SUNSET   823 PM CDT


-  INDICATES NEGATIVE NUMBERS.
R  INDICATES RECORD WAS SET OR TIED.
MM INDICATES DATA IS MISSING.
T  INDICATES TRACE AMOUNT.




$$
