000
CDUS44 KAMA 071418
CLIAMA


CLIMATE REPORT
NATIONAL WEATHER SERVICE AMARILLO TX
917 AM CDT TUE JUL 7 2015


...................................

...THE AMARILLO CLIMATE SUMMARY FOR JULY 7 2015...
VALID AS OF 0900 AM LOCAL TIME.

CLIMATE NORMAL PERIOD 1981 TO 2010
CLIMATE RECORD PERIOD 1892 TO 2015


WEATHER ITEM   OBSERVED TIME   RECORD YEAR NORMAL DEPARTURE LAST
                VALUE   (LST)  VALUE       VALUE  FROM      YEAR
                                                  NORMAL
..................................................................
TEMPERATURE (F)
 TODAY
  MINIMUM         61    721 AM  55    1952  65     -4       66
                                      1908

PRECIPITATION (IN)
  TODAY            0.04          5.74 2010   0.09  -0.05     0.00
  MONTH TO DATE    1.59                      0.61   0.98     0.04
  SINCE JUN 1      5.48                      3.77   1.71     5.44
  SINCE JAN 1     20.03                     10.13   9.90    10.15

SNOWFALL (IN)
  TODAY            0.0           0.0    MM   0.0    0.0      0.0
  MONTH TO DATE    0.0                       0.0    0.0      0.0
  SINCE JUN 1      0.0                       0.0    0.0      0.0
  SINCE JUL 1      0.0                       0.0    0.0      0.0
  SNOW DEPTH       0

..................................................................


WIND (MPH)
  RESULTANT WIND SPEED  18   RESULTANT WIND DIRECTION   N (20)
  HIGHEST WIND SPEED    24   HIGHEST WIND DIRECTION     N (20)
  HIGHEST GUST SPEED    29   HIGHEST GUST DIRECTION     N (20)
  AVERAGE WIND SPEED    17.8


SKY COVER
  AVERAGE SKY COVER 1.0


WEATHER CONDITIONS
 THE FOLLOWING WEATHER WAS RECORDED TODAY.
  LIGHT RAIN
  FOG


RELATIVE HUMIDITY (PERCENT)
 HIGHEST    93           100 AM
 LOWEST     87          1200 AM
 AVERAGE    90

..........................................................


THE AMARILLO CLIMATE NORMALS FOR TOMORROW
                         NORMAL    RECORD    YEAR
 MAXIMUM TEMPERATURE (F)   92       103      2011
 MINIMUM TEMPERATURE (F)   65        54      1994
                                             1905


SUNRISE AND SUNSET
JULY  7 2015..........SUNRISE   639 AM CDT   SUNSET   904 PM CDT
JULY  8 2015..........SUNRISE   639 AM CDT   SUNSET   904 PM CDT


-  INDICATES NEGATIVE NUMBERS.
R  INDICATES RECORD WAS SET OR TIED.
MM INDICATES DATA IS MISSING.
T  INDICATES TRACE AMOUNT.




$$
