000
CDUS44 KAMA 240626
CLIAMA


CLIMATE REPORT
NATIONAL WEATHER SERVICE AMARILLO TX
125 AM CDT TUE MAY 24 2016


...................................

...THE AMARILLO CLIMATE SUMMARY FOR MAY 23 2016...

CLIMATE NORMAL PERIOD 1981 TO 2010
CLIMATE RECORD PERIOD 1892 TO 2016


WEATHER ITEM   OBSERVED TIME   RECORD YEAR NORMAL DEPARTURE LAST
                VALUE   (LST)  VALUE       VALUE  FROM      YEAR
                                                  NORMAL
..................................................................
TEMPERATURE (F)
 YESTERDAY
  MAXIMUM         89    445 PM 102    2000  81      8       66
  MINIMUM         60   1217 AM  39    1893  54      6       50
  AVERAGE         75                        68      7       58

PRECIPITATION (IN)
  YESTERDAY        0.00          2.45 2015   0.09  -0.09     2.45
  MONTH TO DATE    0.81                      1.50  -0.69     9.26
  SINCE MAR 1      4.41                      4.29   0.12    12.44
  SINCE JAN 1      5.10                      5.57  -0.47    14.52

SNOWFALL (IN)
  YESTERDAY        0.0           T    1991   0.0    0.0      0.0
  MONTH TO DATE    T                         0.2   -0.2      0.0
  SINCE MAR 1      1.3                       3.8   -2.5      0.1
  SINCE JUL 1     13.4                      17.8   -4.4     23.9
  SNOW DEPTH       0

DEGREE DAYS
 HEATING
  YESTERDAY        0                         2     -2        7
  MONTH TO DATE  124                        74     50       99
  SINCE MAR 1    718                       885   -167      727
  SINCE JUL 1   3459                      4162   -703     3852

 COOLING
  YESTERDAY       10                         4      6        0
  MONTH TO DATE   49                        61    -12       17
  SINCE MAR 1     59                        82    -23       39
  SINCE JAN 1     60                        82    -22       39
..................................................................


WIND (MPH)
  RESULTANT WIND SPEED  12   RESULTANT WIND DIRECTION   S (180)
  HIGHEST WIND SPEED    32   HIGHEST WIND DIRECTION    SE (130)
  HIGHEST GUST SPEED    39   HIGHEST GUST DIRECTION    SE (130)
  AVERAGE WIND SPEED    15.0


SKY COVER
  AVERAGE SKY COVER 0.3


WEATHER CONDITIONS
 THE FOLLOWING WEATHER WAS RECORDED YESTERDAY.
  FOG
  HAZE


RELATIVE HUMIDITY (PERCENT)
 HIGHEST   100           300 AM
 LOWEST     17           300 PM
 AVERAGE    59

..........................................................


THE AMARILLO CLIMATE NORMALS FOR TODAY
                         NORMAL    RECORD    YEAR
 MAXIMUM TEMPERATURE (F)   82       100      2000
 MINIMUM TEMPERATURE (F)   54        41      1924


SUNRISE AND SUNSET
MAY 24 2016...........SUNRISE   637 AM CDT   SUNSET   851 PM CDT
MAY 25 2016...........SUNRISE   636 AM CDT   SUNSET   852 PM CDT


-  INDICATES NEGATIVE NUMBERS.
R  INDICATES RECORD WAS SET OR TIED.
MM INDICATES DATA IS MISSING.
T  INDICATES TRACE AMOUNT.




$$
