000
CDUS44 KAMA 231440
CLIAMA


CLIMATE REPORT
NATIONAL WEATHER SERVICE AMARILLO TX
940 AM CDT SAT AUG 23 2014


...................................

...THE AMARILLO CLIMATE SUMMARY FOR AUGUST 23 2014...
VALID AS OF 0900 AM LOCAL TIME.

CLIMATE NORMAL PERIOD 1981 TO 2010
CLIMATE RECORD PERIOD 1892 TO 2014


WEATHER ITEM   OBSERVED TIME   RECORD YEAR NORMAL DEPARTURE LAST
                VALUE   (LST)  VALUE       VALUE  FROM      YEAR
                                                  NORMAL
..................................................................
TEMPERATURE (F)
 TODAY
  MINIMUM         69    239 AM  52    1966  64      5       66
                                      1896

PRECIPITATION (IN)
  TODAY            0.00          2.02 1911   0.09  -0.09     0.00
  MONTH TO DATE    1.65                      2.29  -0.64     1.42
  SINCE JUN 1      8.87                      8.29   0.58     6.08
  SINCE JAN 1     13.58                     14.65  -1.07    12.37

SNOWFALL (IN)
  TODAY            0.0           0.0         0.0    0.0      0.0
  MONTH TO DATE    0.0                       0.0    0.0      0.0
  SINCE JUN 1      0.0                       0.0    0.0      0.0
  SINCE JUL 1      0.0                       0.0    0.0      0.0
  SNOW DEPTH       0

..................................................................


WIND (MPH)
  RESULTANT WIND SPEED  13   RESULTANT WIND DIRECTION  SW (210)
  HIGHEST WIND SPEED    18   HIGHEST WIND DIRECTION     S (190)
  HIGHEST GUST SPEED    24   HIGHEST GUST DIRECTION     S (200)
  AVERAGE WIND SPEED    13.8


SKY COVER
  AVERAGE SKY COVER 0.1


WEATHER CONDITIONS
 THE FOLLOWING WEATHER WAS RECORDED TODAY.
  NO SIGNIFICANT WEATHER WAS OBSERVED.


RELATIVE HUMIDITY (PERCENT)
 HIGHEST    68           500 AM
 LOWEST     53           100 AM
 AVERAGE    61

..........................................................


THE AMARILLO CLIMATE NORMALS FOR TOMORROW
                         NORMAL    RECORD    YEAR
 MAXIMUM TEMPERATURE (F)   89       103      2011
                                             1973
                                             1922
 MINIMUM TEMPERATURE (F)   64        53      1928


SUNRISE AND SUNSET
AUGUST 23 2014........SUNRISE   713 AM CDT   SUNSET   826 PM CDT
AUGUST 24 2014........SUNRISE   713 AM CDT   SUNSET   824 PM CDT


-  INDICATES NEGATIVE NUMBERS.
R  INDICATES RECORD WAS SET OR TIED.
MM INDICATES DATA IS MISSING.
T  INDICATES TRACE AMOUNT.




$$
