000
CDUS44 KAMA 262127
CLIAMA


CLIMATE REPORT
NATIONAL WEATHER SERVICE AMARILLO TX
427 PM CDT SUN MAR 26 2017


...................................

...THE AMARILLO CLIMATE SUMMARY FOR MARCH 26 2017...
VALID TODAY AS OF 0400 PM LOCAL TIME.

CLIMATE NORMAL PERIOD 1981 TO 2010
CLIMATE RECORD PERIOD 1892 TO 2017


WEATHER ITEM   OBSERVED TIME   RECORD YEAR NORMAL DEPARTURE LAST
                VALUE   (LST)  VALUE       VALUE  FROM      YEAR
                                                  NORMAL
..................................................................
TEMPERATURE (F)
 TODAY
  MAXIMUM         77    256 PM  86    1991  66     11       65
                                      1956
  MINIMUM         45    614 AM   9    1955  36      9       32
  AVERAGE         61                        51     10       49

PRECIPITATION (IN)
  TODAY            0.00          0.34 1931   0.05  -0.05     0.11
  MONTH TO DATE    0.11                      1.14  -1.03     0.13
  SINCE MAR 1      0.11                      1.14  -1.03     0.13
  SINCE JAN 1      3.79                      2.42   1.37     0.82

SNOWFALL (IN)
  TODAY            0.0           4.8  1913   0.1   -0.1      0.4
  MONTH TO DATE    0.0                       2.5   -2.5      0.4
  SINCE MAR 1      0.0                       2.5   -2.5      0.4
  SINCE JUL 1      8.0                      16.5   -8.5     12.5
  SNOW DEPTH       0

DEGREE DAYS
 HEATING
  TODAY            4                        15    -11       16
  MONTH TO DATE  276                       464   -188      315
  SINCE MAR 1    276                       464   -188      315
  SINCE JUL 1   2834                      3741   -907     3056

 COOLING
  TODAY            0                         0      0        0
  MONTH TO DATE   12                         0     12        2
  SINCE MAR 1     12                         0     12        2
  SINCE JAN 1     17                         0     17        3
..................................................................


WIND (MPH)
  RESULTANT WIND SPEED  10   RESULTANT WIND DIRECTION  SW (210)
  HIGHEST WIND SPEED    29   HIGHEST WIND DIRECTION     W (260)
  HIGHEST GUST SPEED    36   HIGHEST GUST DIRECTION     W (260)
  AVERAGE WIND SPEED    15.7


SKY COVER
  AVERAGE SKY COVER 0.1


WEATHER CONDITIONS
 THE FOLLOWING WEATHER WAS RECORDED TODAY.
  NO SIGNIFICANT WEATHER WAS OBSERVED.


RELATIVE HUMIDITY (PERCENT)
 HIGHEST    60           600 AM
 LOWEST     16           300 PM
 AVERAGE    38

..........................................................


THE AMARILLO CLIMATE NORMALS FOR TOMORROW
                         NORMAL    RECORD    YEAR
 MAXIMUM TEMPERATURE (F)   66        94      1971
 MINIMUM TEMPERATURE (F)   36         7      1931


SUNRISE AND SUNSET
MARCH 26 2017.........SUNRISE   742 AM CDT   SUNSET   804 PM CDT
MARCH 27 2017.........SUNRISE   740 AM CDT   SUNSET   804 PM CDT


-  INDICATES NEGATIVE NUMBERS.
R  INDICATES RECORD WAS SET OR TIED.
MM INDICATES DATA IS MISSING.
T  INDICATES TRACE AMOUNT.




$$
