000
CDUS44 KAMA 032128
CLIAMA


CLIMATE REPORT
NATIONAL WEATHER SERVICE AMARILLO TX
428 PM CDT THU SEP 3 2015


...................................

...THE AMARILLO CLIMATE SUMMARY FOR SEPTEMBER 3 2015...
VALID TODAY AS OF 0400 PM LOCAL TIME.

CLIMATE NORMAL PERIOD 1981 TO 2010
CLIMATE RECORD PERIOD 1892 TO 2015


WEATHER ITEM   OBSERVED TIME   RECORD YEAR NORMAL DEPARTURE LAST
                VALUE   (LST)  VALUE       VALUE  FROM      YEAR
                                                  NORMAL
..................................................................
TEMPERATURE (F)
 TODAY
  MAXIMUM         94    247 PM 102    1947  87      7       95
                                      1939
  MINIMUM         64    629 AM  46    1974  61      3       71
  AVERAGE         79                        74      5       83

PRECIPITATION (IN)
  TODAY            0.00          1.15 1904   0.07  -0.07     0.00
  MONTH TO DATE    0.00                      0.21  -0.21     0.38
  SINCE SEP 1      0.00                      0.21  -0.21     0.38
  SINCE JAN 1     28.71                     15.48  13.23    14.07

SNOWFALL (IN)
  TODAY            0.0           0.0    MM   0.0    0.0      0.0
  MONTH TO DATE    0.0                       0.0    0.0       T
  SINCE SEP 1      0.0                       0.0    0.0       T
  SINCE JUL 1      0.0                       0.0    0.0       T
  SNOW DEPTH       0

DEGREE DAYS
 HEATING
  TODAY            0                         0      0        0
  MONTH TO DATE    0                         0      0        0
  SINCE SEP 1      0                         0      0        0
  SINCE JUL 1      0                         1     -1        0

 COOLING
  TODAY           14                         9      5       18
  MONTH TO DATE   42                        28     14       49
  SINCE SEP 1     42                        28     14       49
  SINCE JAN 1   1188                      1220    -32     1379
..................................................................


WIND (MPH)
  RESULTANT WIND SPEED  12   RESULTANT WIND DIRECTION   S (200)
  HIGHEST WIND SPEED    22   HIGHEST WIND DIRECTION     S (180)
  HIGHEST GUST SPEED    27   HIGHEST GUST DIRECTION     S (170)
  AVERAGE WIND SPEED    12.3


SKY COVER
  AVERAGE SKY COVER 0.0


WEATHER CONDITIONS
 THE FOLLOWING WEATHER WAS RECORDED TODAY.
  NO SIGNIFICANT WEATHER WAS OBSERVED.


RELATIVE HUMIDITY (PERCENT)
 HIGHEST    73           600 AM
 LOWEST     26           100 PM
 AVERAGE    50

..........................................................


THE AMARILLO CLIMATE NORMALS FOR TOMORROW
                         NORMAL    RECORD    YEAR
 MAXIMUM TEMPERATURE (F)   87       102      2000
                                             1983
                                             1945
 MINIMUM TEMPERATURE (F)   61        47      1984
                                             1974
                                             1961


SUNRISE AND SUNSET
SEPTEMBER  3 2015.....SUNRISE   721 AM CDT   SUNSET   811 PM CDT
SEPTEMBER  4 2015.....SUNRISE   721 AM CDT   SUNSET   810 PM CDT


-  INDICATES NEGATIVE NUMBERS.
R  INDICATES RECORD WAS SET OR TIED.
MM INDICATES DATA IS MISSING.
T  INDICATES TRACE AMOUNT.




$$
