000
CDUS44 KAMA 192244
CLIAMA


CLIMATE REPORT
NATIONAL WEATHER SERVICE AMARILLO TX
444 PM CST SUN FEB 19 2017


...................................

...THE AMARILLO CLIMATE SUMMARY FOR FEBRUARY 19 2017...
VALID TODAY AS OF 0400 PM LOCAL TIME.

CLIMATE NORMAL PERIOD 1981 TO 2010
CLIMATE RECORD PERIOD 1892 TO 2017


WEATHER ITEM   OBSERVED TIME   RECORD YEAR NORMAL DEPARTURE LAST
                VALUE   (LST)  VALUE       VALUE  FROM      YEAR
                                                  NORMAL
..................................................................
TEMPERATURE (F)
 TODAY
  MAXIMUM         68    219 PM  78    2011  55     13       73
                                      2001
  MINIMUM         42    618 AM   3    1905  27     15       50
  AVERAGE         55                        41     14       62

PRECIPITATION (IN)
  TODAY            0.00          0.25 1987   0.02  -0.02     0.00
                                      1936
  MONTH TO DATE    0.51                      0.39   0.12     0.11
  SINCE DEC 1      3.95                      1.82   2.13     1.08
  SINCE JAN 1      3.68                      1.11   2.57     0.30

SNOWFALL (IN)
  TODAY            0.0           2.7  1987   0.1   -0.1      0.0
  MONTH TO DATE    1.1                       2.4   -1.3       T
  SINCE DEC 1      8.0                      10.8   -2.8      7.6
  SINCE JUL 1      8.0                      13.5   -5.5      8.9
  SNOW DEPTH       0

DEGREE DAYS
 HEATING
  TODAY           10                        24    -14        3
  MONTH TO DATE  346                       488   -142      372
  SINCE DEC 1   1959                      2229   -270     1914
  SINCE JUL 1   2424                      3073   -649     2573

 COOLING
  TODAY            0                         0      0        0
  MONTH TO DATE    5                         0      5        1
  SINCE DEC 1      5                         0      5        1
  SINCE JAN 1      5                         0      5        1
..................................................................


WIND (MPH)
  RESULTANT WIND SPEED  11   RESULTANT WIND DIRECTION  SE (150)
  HIGHEST WIND SPEED    24   HIGHEST WIND DIRECTION    SE (150)
  HIGHEST GUST SPEED    31   HIGHEST GUST DIRECTION    SE (150)
  AVERAGE WIND SPEED    13.4


SKY COVER
  AVERAGE SKY COVER 0.3


WEATHER CONDITIONS
 THE FOLLOWING WEATHER WAS RECORDED TODAY.
  FOG
  FOG W/VISIBILITY <= 1/4 MILE


RELATIVE HUMIDITY (PERCENT)
 HIGHEST   100           300 AM
 LOWEST     32           400 PM
 AVERAGE    66

..........................................................


THE AMARILLO CLIMATE NORMALS FOR TOMORROW
                         NORMAL    RECORD    YEAR
 MAXIMUM TEMPERATURE (F)   55        83      1981
 MINIMUM TEMPERATURE (F)   27         4      1955


SUNRISE AND SUNSET
FEBRUARY 19 2017......SUNRISE   728 AM CST   SUNSET   633 PM CST
FEBRUARY 20 2017......SUNRISE   727 AM CST   SUNSET   634 PM CST


-  INDICATES NEGATIVE NUMBERS.
R  INDICATES RECORD WAS SET OR TIED.
MM INDICATES DATA IS MISSING.
T  INDICATES TRACE AMOUNT.




$$
