000
CDUS42 KJAX 060532
CLIAMG


CLIMATE REPORT
NATIONAL WEATHER SERVICE JACKSONVILLE FL
1232 AM EST FRI MAR 6 2015


...................................

...THE ALMA CLIMATE SUMMARY FOR MARCH 5 2015...

CLIMATE NORMAL PERIOD 1981 TO 2010
CLIMATE RECORD PERIOD 1948 TO 2015


WEATHER ITEM   OBSERVED TIME   RECORD YEAR NORMAL DEPARTURE LAST
                VALUE   (LST)  VALUE       VALUE  FROM      YEAR
                                                  NORMAL
..................................................................
TEMPERATURE (F)
 YESTERDAY
  MAXIMUM         82    330 PM  87    1989  70     12       45
  MINIMUM         49   1159 PM  24    2002  46      3       37
  AVERAGE         66                        58      8       41

PRECIPITATION (IN)
  YESTERDAY        0.37          4.75 1959   0.17   0.20     0.07
  MONTH TO DATE    0.37                      0.83  -0.46     0.11
  SINCE MAR 1      0.37                      0.83  -0.46     0.11
  SINCE JAN 1      6.20                      8.89  -2.69     3.63

SNOWFALL (IN)
  YESTERDAY        0.0           0.0    MM   0.0    0.0      0.0
  MONTH TO DATE    0.0                       0.0    0.0      0.0
  SINCE MAR 1      0.0                       0.0    0.0      0.0
  SINCE JUL 1      0.0                       0.1   -0.1       T
  SNOW DEPTH       0

DEGREE DAYS
 HEATING
  YESTERDAY        0                         8     -8       24
  MONTH TO DATE   21                        41    -20       64
  SINCE MAR 1     21                        41    -20       64
  SINCE JUL 1   1696                      1442    254     1531

 COOLING
  YESTERDAY        1                         1      0        0
  MONTH TO DATE   10                         5      5        0
  SINCE MAR 1     10                         5      5        0
  SINCE JAN 1     13                        21     -8        8
..................................................................


WIND (MPH)
  HIGHEST WIND SPEED    28   HIGHEST WIND DIRECTION    NW (300)
  HIGHEST GUST SPEED    35   HIGHEST GUST DIRECTION    NW (300)
  AVERAGE WIND SPEED    11.0


SKY COVER
  POSSIBLE SUNSHINE  MM
  AVERAGE SKY COVER 0.9


WEATHER CONDITIONS
 THE FOLLOWING WEATHER WAS RECORDED YESTERDAY.
  RAIN
  LIGHT RAIN
  FOG


RELATIVE HUMIDITY (PERCENT)
 HIGHEST   100           300 AM
 LOWEST     54           300 PM
 AVERAGE    77

..........................................................


THE ALMA CLIMATE NORMALS FOR TODAY
                         NORMAL    RECORD    YEAR
 MAXIMUM TEMPERATURE (F)   70        86      1961
 MINIMUM TEMPERATURE (F)   46        23      1960


SUNRISE AND SUNSET
MARCH  6 2015.........SUNRISE   651 AM EST   SUNSET   632 PM EST
MARCH  7 2015.........SUNRISE   650 AM EST   SUNSET   632 PM EST


-  INDICATES NEGATIVE NUMBERS.
R  INDICATES RECORD WAS SET OR TIED.
MM INDICATES DATA IS MISSING.
T  INDICATES TRACE AMOUNT.




$$
