452
CDUS42 KJAX 240531
CLIAMG


CLIMATE REPORT
NATIONAL WEATHER SERVICE JACKSONVILLE FL
131 AM EDT TUE MAY 24 2016


...................................

...THE ALMA CLIMATE SUMMARY FOR MAY 23 2016...

CLIMATE NORMAL PERIOD 1981 TO 2010
CLIMATE RECORD PERIOD 1948 TO 2016


WEATHER ITEM   OBSERVED TIME   RECORD YEAR NORMAL DEPARTURE LAST
                VALUE   (LST)  VALUE       VALUE  FROM      YEAR
                                                  NORMAL
..................................................................
TEMPERATURE (F)
 YESTERDAY
  MAXIMUM         84    259 PM  97    2011  87     -3       85
                                      1962
  MINIMUM         54    531 AM  48    2002  64    -10       57
  AVERAGE         69                        76     -7       71

PRECIPITATION (IN)
  YESTERDAY        0.00          2.08 2009   0.10  -0.10     0.00
  MONTH TO DATE    3.34                      1.64   1.70     0.61
  SINCE MAR 1      9.53                      9.20   0.33     6.77
  SINCE JAN 1     18.78                     17.26   1.52    12.60

SNOWFALL (IN)
  YESTERDAY        0.0           0.0    MM   0.0    0.0      0.0
  MONTH TO DATE    0.0                       0.0    0.0      0.0
  SINCE MAR 1      0.0                       0.0    0.0      0.0
  SINCE JUL 1      0.0                       0.1   -0.1      0.0
  SNOW DEPTH       0

DEGREE DAYS
 HEATING
  YESTERDAY        0                         0      0        0
  MONTH TO DATE    7                         3      4        4
  SINCE MAR 1    176                       255    -79      145
  SINCE JUL 1   1274                      1656   -382     1820

 COOLING
  YESTERDAY        4                        11     -7        6
  MONTH TO DATE  180                       182     -2      201
  SINCE MAR 1    353                       320     33      425
  SINCE JAN 1    366                       336     30      428
..................................................................


WIND (MPH)
  HIGHEST WIND SPEED    10   HIGHEST WIND DIRECTION     W (250)
  HIGHEST GUST SPEED    15   HIGHEST GUST DIRECTION    SW (240)
  AVERAGE WIND SPEED     2.1


SKY COVER
  POSSIBLE SUNSHINE  MM
  AVERAGE SKY COVER 0.1


WEATHER CONDITIONS
 THE FOLLOWING WEATHER WAS RECORDED YESTERDAY.
  FOG


RELATIVE HUMIDITY (PERCENT)
 HIGHEST   100           100 AM
 LOWEST     31           500 PM
 AVERAGE    66

..........................................................


THE ALMA CLIMATE NORMALS FOR TODAY
                         NORMAL    RECORD    YEAR
 MAXIMUM TEMPERATURE (F)   87        99      1960
 MINIMUM TEMPERATURE (F)   64        47      1954


SUNRISE AND SUNSET
MAY 24 2016...........SUNRISE   628 AM EDT   SUNSET   826 PM EDT
MAY 25 2016...........SUNRISE   628 AM EDT   SUNSET   826 PM EDT


-  INDICATES NEGATIVE NUMBERS.
R  INDICATES RECORD WAS SET OR TIED.
MM INDICATES DATA IS MISSING.
T  INDICATES TRACE AMOUNT.




$$
