000
CDUS42 KJAX 270527
CLIAMG


CLIMATE REPORT
NATIONAL WEATHER SERVICE JACKSONVILLE FL
127 AM EDT MON MAR 27 2017


...................................

...THE ALMA CLIMATE SUMMARY FOR MARCH 26 2017...

CLIMATE NORMAL PERIOD 1981 TO 2010
CLIMATE RECORD PERIOD 1948 TO 2017


WEATHER ITEM   OBSERVED TIME   RECORD YEAR NORMAL DEPARTURE LAST
                VALUE   (LST)  VALUE       VALUE  FROM      YEAR
                                                  NORMAL
..................................................................
TEMPERATURE (F)
 YESTERDAY
  MAXIMUM         82    500 PM  86    1965  74      8       78
  MINIMUM         56    610 AM  31    2014  50      6       62
  AVERAGE         69                        62      7       70

PRECIPITATION (IN)
  YESTERDAY        0.00          1.50 1971   0.14  -0.14     0.00
  MONTH TO DATE    0.54                      4.03  -3.49     1.41
  SINCE MAR 1      0.54                      4.03  -3.49     1.41
  SINCE JAN 1      8.67                     12.09  -3.42    10.66

SNOWFALL (IN)
  YESTERDAY        0.0           0.0    MM   0.0    0.0      0.0
  MONTH TO DATE    0.0                       0.0    0.0      0.0
  SINCE MAR 1      0.0                       0.0    0.0      0.0
  SINCE JUL 1      0.0                       0.1   -0.1      0.0
  SNOW DEPTH       0

DEGREE DAYS
 HEATING
  YESTERDAY        0                         4     -4        0
  MONTH TO DATE  197                       168     29      108
  SINCE MAR 1    197                       168     29      108
  SINCE JUL 1   1053                      1569   -516     1206

 COOLING
  YESTERDAY        4                         2      2        5
  MONTH TO DATE   24                        27     -3       63
  SINCE MAR 1     24                        27     -3       63
  SINCE JAN 1     79                        43     36       76
..................................................................


WIND (MPH)
  HIGHEST WIND SPEED    13   HIGHEST WIND DIRECTION    SE (150)
  HIGHEST GUST SPEED    20   HIGHEST GUST DIRECTION     S (160)
  AVERAGE WIND SPEED     5.5


SKY COVER
  POSSIBLE SUNSHINE  MM
  AVERAGE SKY COVER 0.4


WEATHER CONDITIONS
 THE FOLLOWING WEATHER WAS RECORDED YESTERDAY.
  FOG


RELATIVE HUMIDITY (PERCENT)
 HIGHEST   100           500 AM
 LOWEST     39           500 PM
 AVERAGE    70

..........................................................


THE ALMA CLIMATE NORMALS FOR TODAY
                         NORMAL    RECORD    YEAR
 MAXIMUM TEMPERATURE (F)   75        86      1994
 MINIMUM TEMPERATURE (F)   50        24      1955


SUNRISE AND SUNSET
MARCH 27 2017.........SUNRISE   725 AM EDT   SUNSET   746 PM EDT
MARCH 28 2017.........SUNRISE   723 AM EDT   SUNSET   747 PM EDT


-  INDICATES NEGATIVE NUMBERS.
R  INDICATES RECORD WAS SET OR TIED.
MM INDICATES DATA IS MISSING.
T  INDICATES TRACE AMOUNT.




$$
