083
CDUS42 KJAX 070531
CLIAMG


CLIMATE REPORT
NATIONAL WEATHER SERVICE JACKSONVILLE FL
1231 AM EST SUN FEB 7 2016


...................................

...THE ALMA CLIMATE SUMMARY FOR FEBRUARY 6 2016...

CLIMATE NORMAL PERIOD 1981 TO 2010
CLIMATE RECORD PERIOD 1948 TO 2016


WEATHER ITEM   OBSERVED TIME   RECORD YEAR NORMAL DEPARTURE LAST
                VALUE   (LST)  VALUE       VALUE  FROM      YEAR
                                                  NORMAL
..................................................................
TEMPERATURE (F)
 YESTERDAY
  MAXIMUM         52    126 PM  82    2008  64    -12       55
                                      1957
  MINIMUM         33    154 AM  19    1966  42     -9       31
  AVERAGE         43                        53    -10       43

PRECIPITATION (IN)
  YESTERDAY        0.06          4.70 1986   0.14  -0.08     0.00
  MONTH TO DATE    3.32                      0.82   2.50     0.66
  SINCE DEC 1      9.88                      8.37   1.51     7.29
  SINCE JAN 1      7.91                      5.08   2.83     2.87

SNOWFALL (IN)
  YESTERDAY        0.0           0.0    MM   0.0    0.0      0.0
  MONTH TO DATE    0.0                       0.0    0.0      0.0
  SINCE DEC 1      0.0                       0.1   -0.1      0.0
  SINCE JUL 1      0.0                       0.1   -0.1      0.0
  SNOW DEPTH       0

DEGREE DAYS
 HEATING
  YESTERDAY       22                        13      9       22
  MONTH TO DATE   54                        78    -24      101
  SINCE DEC 1    695                       923   -228      901
  SINCE JUL 1    813                      1167   -354     1299

 COOLING
  YESTERDAY        0                         0      0        0
  MONTH TO DATE    9                         0      9        0
  SINCE DEC 1    106                        16     90        4
  SINCE JAN 1      9                         5      4        3
..................................................................


WIND (MPH)
  HIGHEST WIND SPEED    14   HIGHEST WIND DIRECTION     N (350)
  HIGHEST GUST SPEED    19   HIGHEST GUST DIRECTION     E (70)
  AVERAGE WIND SPEED     5.9


SKY COVER
  POSSIBLE SUNSHINE  MM
  AVERAGE SKY COVER 0.7


WEATHER CONDITIONS
 THE FOLLOWING WEATHER WAS RECORDED YESTERDAY.
  LIGHT RAIN
  FOG
  HAZE


RELATIVE HUMIDITY (PERCENT)
 HIGHEST    96          1200 AM
 LOWEST     42          1100 AM
 AVERAGE    69

..........................................................


THE ALMA CLIMATE NORMALS FOR TODAY
                         NORMAL    RECORD    YEAR
 MAXIMUM TEMPERATURE (F)   64        81      1957
 MINIMUM TEMPERATURE (F)   42        20      1988


SUNRISE AND SUNSET
FEBRUARY  7 2016......SUNRISE   719 AM EST   SUNSET   610 PM EST
FEBRUARY  8 2016......SUNRISE   718 AM EST   SUNSET   611 PM EST


-  INDICATES NEGATIVE NUMBERS.
R  INDICATES RECORD WAS SET OR TIED.
MM INDICATES DATA IS MISSING.
T  INDICATES TRACE AMOUNT.




$$
