819
CDUS42 KJAX 050532
CLIAMG


CLIMATE REPORT
NATIONAL WEATHER SERVICE JACKSONVILLE FL
1232 AM EST MON DEC 5 2016


...................................

...THE ALMA CLIMATE SUMMARY FOR DECEMBER 4 2016...

CLIMATE NORMAL PERIOD 1981 TO 2010
CLIMATE RECORD PERIOD 1948 TO 2016


WEATHER ITEM   OBSERVED TIME   RECORD YEAR NORMAL DEPARTURE LAST
                VALUE   (LST)  VALUE       VALUE  FROM      YEAR
                                                  NORMAL
..................................................................
TEMPERATURE (F)
 YESTERDAY
  MAXIMUM         70    449 PM  83    1978  66      4       63
  MINIMUM         51    707 AM  20    1960  44      7       45
  AVERAGE         61                        55      6       54

PRECIPITATION (IN)
  YESTERDAY        0.00          6.92 1964   0.10  -0.10     0.00
  MONTH TO DATE    0.00                      0.38  -0.38     0.37
  SINCE DEC 1      0.00                      0.38  -0.38     0.37
  SINCE JAN 1     39.77                     43.74  -3.97    40.01

SNOWFALL (IN)
  YESTERDAY        0.0           0.0    MM   0.0    0.0      0.0
  MONTH TO DATE    0.0                       0.0    0.0      0.0
  SINCE DEC 1      0.0                       0.0    0.0      0.0
  SINCE JUL 1      0.0                       0.0    0.0      0.0
  SNOW DEPTH       0

DEGREE DAYS
 HEATING
  YESTERDAY        4                        11     -7       11
  MONTH TO DATE   41                        41      0       22
  SINCE DEC 1     41                        41      0       22
  SINCE JUL 1    229                       285    -56      140

 COOLING
  YESTERDAY        0                         1     -1        0
  MONTH TO DATE    0                         4     -4        0
  SINCE DEC 1      0                         4     -4        0
  SINCE JAN 1   2700                      2469    231     2705
..................................................................


WIND (MPH)
  HIGHEST WIND SPEED    12   HIGHEST WIND DIRECTION     E (100)
  HIGHEST GUST SPEED    17   HIGHEST GUST DIRECTION    SE (120)
  AVERAGE WIND SPEED     5.1


SKY COVER
  POSSIBLE SUNSHINE  MM
  AVERAGE SKY COVER 0.6


WEATHER CONDITIONS
 THE FOLLOWING WEATHER WAS RECORDED YESTERDAY.
  NO SIGNIFICANT WEATHER WAS OBSERVED.


RELATIVE HUMIDITY (PERCENT)
 HIGHEST    93          1000 PM
 LOWEST     71           100 AM
 AVERAGE    82

..........................................................


THE ALMA CLIMATE NORMALS FOR TODAY
                         NORMAL    RECORD    YEAR
 MAXIMUM TEMPERATURE (F)   66        83      2013
 MINIMUM TEMPERATURE (F)   44        23      2000


SUNRISE AND SUNSET
DECEMBER  5 2016......SUNRISE   715 AM EST   SUNSET   526 PM EST
DECEMBER  6 2016......SUNRISE   716 AM EST   SUNSET   527 PM EST


-  INDICATES NEGATIVE NUMBERS.
R  INDICATES RECORD WAS SET OR TIED.
MM INDICATES DATA IS MISSING.
T  INDICATES TRACE AMOUNT.




$$
