000
CDUS42 KJAX 280531
CLIAMG


CLIMATE REPORT
NATIONAL WEATHER SERVICE JACKSONVILLE FL
1230 AM EST SUN DEC 28 2014


...................................

...THE ALMA CLIMATE SUMMARY FOR DECEMBER 27 2014...

CLIMATE NORMAL PERIOD 1981 TO 2010
CLIMATE RECORD PERIOD 1948 TO 2014


WEATHER ITEM   OBSERVED TIME   RECORD YEAR NORMAL DEPARTURE LAST
                VALUE   (LST)  VALUE       VALUE  FROM      YEAR
                                                  NORMAL
..................................................................
TEMPERATURE (F)
 YESTERDAY
  MAXIMUM         72    328 PM  80    1987  61     11       61
  MINIMUM         40    217 AM  21    2001  40      0       43
  AVERAGE         56                        51      5       52

PRECIPITATION (IN)
  YESTERDAY        0.00          0.94 1973   0.11  -0.11     0.00
  MONTH TO DATE    4.27                      2.83   1.44     1.96
  SINCE DEC 1      4.27                      2.83   1.44     1.96
  SINCE JAN 1     42.12                     46.19  -4.07    51.60

SNOWFALL (IN)
  YESTERDAY        0.0           0.0    MM   0.0    0.0      0.0
  MONTH TO DATE    0.0                       0.1   -0.1      0.0
  SINCE DEC 1      0.0                       0.1   -0.1      0.0
  SINCE JUL 1      0.0                       0.1   -0.1      0.0
  SNOW DEPTH       0

DEGREE DAYS
 HEATING
  YESTERDAY        9                        14     -5       13
  MONTH TO DATE  292                       335    -43      243
  SINCE DEC 1    292                       335    -43      243
  SINCE JUL 1    690                       579    111      518

 COOLING
  YESTERDAY        0                         0      0        0
  MONTH TO DATE    0                         7     -7       30
  SINCE DEC 1      0                         7     -7       30
  SINCE JAN 1   2439                      2472    -33     2350
..................................................................


WIND (MPH)
  HIGHEST WIND SPEED     9   HIGHEST WIND DIRECTION     E (100)
  HIGHEST GUST SPEED    13   HIGHEST GUST DIRECTION     E (100)
  AVERAGE WIND SPEED     2.3


SKY COVER
  POSSIBLE SUNSHINE  MM
  AVERAGE SKY COVER 0.1


WEATHER CONDITIONS
 THE FOLLOWING WEATHER WAS RECORDED YESTERDAY.
  FOG


RELATIVE HUMIDITY (PERCENT)
 HIGHEST   100           600 AM
 LOWEST     52          1200 PM
 AVERAGE    76

..........................................................


THE ALMA CLIMATE NORMALS FOR TODAY
                         NORMAL    RECORD    YEAR
 MAXIMUM TEMPERATURE (F)   61        79      2008
                                             1971
 MINIMUM TEMPERATURE (F)   40        20      2010


SUNRISE AND SUNSET
DECEMBER 28 2014......SUNRISE   728 AM EST   SUNSET   535 PM EST
DECEMBER 29 2014......SUNRISE   729 AM EST   SUNSET   536 PM EST


-  INDICATES NEGATIVE NUMBERS.
R  INDICATES RECORD WAS SET OR TIED.
MM INDICATES DATA IS MISSING.
T  INDICATES TRACE AMOUNT.




$$
