994
CDUS42 KJAX 160627
CLIAMG


CLIMATE REPORT
NATIONAL WEATHER SERVICE JACKSONVILLE FL
127 AM EST SAT DEC 16 2017


...................................

...THE ALMA CLIMATE SUMMARY FOR DECEMBER 15 2017...

CLIMATE NORMAL PERIOD 1981 TO 2010
CLIMATE RECORD PERIOD 1948 TO 2017


WEATHER ITEM   OBSERVED TIME   RECORD YEAR NORMAL DEPARTURE LAST
                VALUE   (LST)  VALUE       VALUE  FROM      YEAR
                                                  NORMAL
..................................................................
TEMPERATURE (F)
 YESTERDAY
  MAXIMUM         60   1156 AM  80    1972  63     -3       61
  MINIMUM         37    646 AM  17    1962  42     -5       38
  AVERAGE         49                        52     -3       50

PRECIPITATION (IN)
  YESTERDAY        0.00          0.98 1949   0.10  -0.10      T
  MONTH TO DATE    1.66                      1.48   0.18     3.94
  SINCE DEC 1      1.66                      1.48   0.18     3.94
  SINCE JAN 1     40.50                     44.84  -4.34    43.71

SNOWFALL (IN)
  YESTERDAY        0.0           0.0    MM   0.0    0.0      0.0
  MONTH TO DATE    0.0                       0.0    0.0      0.0
  SINCE DEC 1      0.0                       0.0    0.0      0.0
  SINCE JUL 1      0.0                       0.0    0.0      0.0
  SNOW DEPTH       0

DEGREE DAYS
 HEATING
  YESTERDAY       16                        13      3       15
  MONTH TO DATE  186                       171     15      135
  SINCE DEC 1    186                       171     15      135
  SINCE JUL 1    397                       415    -18      323

 COOLING
  YESTERDAY        0                         0      0        0
  MONTH TO DATE   10                         7      3        6
  SINCE DEC 1     10                         7      3        6
  SINCE JAN 1   2864                      2472    392     2706
..................................................................


WIND (MPH)
  HIGHEST WIND SPEED    14   HIGHEST WIND DIRECTION    NW (310)
  HIGHEST GUST SPEED    18   HIGHEST GUST DIRECTION    NW (330)
  AVERAGE WIND SPEED     4.1


SKY COVER
  POSSIBLE SUNSHINE  MM
  AVERAGE SKY COVER 0.3


WEATHER CONDITIONS
 THE FOLLOWING WEATHER WAS RECORDED YESTERDAY.
  FOG
  FOG W/VISIBILITY <= 1/4 MILE


RELATIVE HUMIDITY (PERCENT)
 HIGHEST    96           500 AM
 LOWEST     51          1200 PM
 AVERAGE    74

..........................................................


THE ALMA CLIMATE NORMALS FOR TODAY
                         NORMAL    RECORD    YEAR
 MAXIMUM TEMPERATURE (F)   63        82      1971
 MINIMUM TEMPERATURE (F)   42        19      1955


SUNRISE AND SUNSET
DECEMBER 16 2017......SUNRISE   723 AM EST   SUNSET   529 PM EST
DECEMBER 17 2017......SUNRISE   723 AM EST   SUNSET   529 PM EST


-  INDICATES NEGATIVE NUMBERS.
R  INDICATES RECORD WAS SET OR TIED.
MM INDICATES DATA IS MISSING.
T  INDICATES TRACE AMOUNT.




$$
