000
CDUS42 KJAX 260534
CLIAMG


CLIMATE REPORT
NATIONAL WEATHER SERVICE JACKSONVILLE FL
1232 AM EST SUN FEB 26 2017


...................................

...THE ALMA CLIMATE SUMMARY FOR FEBRUARY 25 2017...

CLIMATE NORMAL PERIOD 1981 TO 2010
CLIMATE RECORD PERIOD 1948 TO 2017


WEATHER ITEM   OBSERVED TIME   RECORD YEAR NORMAL DEPARTURE LAST
                VALUE   (LST)  VALUE       VALUE  FROM      YEAR
                                                  NORMAL
..................................................................
TEMPERATURE (F)
 YESTERDAY
  MAXIMUM         79    430 PM  83    2001  68     11       59
  MINIMUM         56   1159 PM  22    1967  45     11       41
  AVERAGE         68                        56     12       50

PRECIPITATION (IN)
  YESTERDAY        0.00          1.68 2013   0.14  -0.14     0.00
  MONTH TO DATE    1.01                      3.39  -2.38     4.66
  SINCE DEC 1     12.82                     10.94   1.88    11.22
  SINCE JAN 1      8.10                      7.65   0.45     9.25

SNOWFALL (IN)
  YESTERDAY        0.0           0.0    MM   0.0    0.0      0.0
  MONTH TO DATE    0.0                       0.0    0.0      0.0
  SINCE DEC 1      0.0                       0.1   -0.1      0.0
  SINCE JUL 1      0.0                       0.1   -0.1      0.0
  SNOW DEPTH       0

DEGREE DAYS
 HEATING
  YESTERDAY        0                         9     -9       15
  MONTH TO DATE  129                       284   -155      279
  SINCE DEC 1    650                      1129   -479      920
  SINCE JUL 1    838                      1373   -535     1038

 COOLING
  YESTERDAY        3                         1      2        0
  MONTH TO DATE   22                         1     21       13
  SINCE DEC 1     61                        17     44      110
  SINCE JAN 1     48                         6     42       13
..................................................................


WIND (MPH)
  HIGHEST WIND SPEED    17   HIGHEST WIND DIRECTION     W (280)
  HIGHEST GUST SPEED    23   HIGHEST GUST DIRECTION     W (280)
  AVERAGE WIND SPEED     7.6


SKY COVER
  POSSIBLE SUNSHINE  MM
  AVERAGE SKY COVER 0.4


WEATHER CONDITIONS
 THE FOLLOWING WEATHER WAS RECORDED YESTERDAY.
  FOG


RELATIVE HUMIDITY (PERCENT)
 HIGHEST   100           200 AM
 LOWEST     21           500 PM
 AVERAGE    61

..........................................................


THE ALMA CLIMATE NORMALS FOR TODAY
                         NORMAL    RECORD    YEAR
 MAXIMUM TEMPERATURE (F)   68        82      1996
 MINIMUM TEMPERATURE (F)   45        19      1967


SUNRISE AND SUNSET
FEBRUARY 26 2017......SUNRISE   700 AM EST   SUNSET   626 PM EST
FEBRUARY 27 2017......SUNRISE   659 AM EST   SUNSET   627 PM EST


-  INDICATES NEGATIVE NUMBERS.
R  INDICATES RECORD WAS SET OR TIED.
MM INDICATES DATA IS MISSING.
T  INDICATES TRACE AMOUNT.




$$
