000
CDUS42 KJAX 210526
CLIAMG


CLIMATE REPORT
NATIONAL WEATHER SERVICE JACKSONVILLE FL
126 AM EDT SAT OCT 21 2017


...................................

...THE ALMA CLIMATE SUMMARY FOR OCTOBER 20 2017...

CLIMATE NORMAL PERIOD 1981 TO 2010
CLIMATE RECORD PERIOD 1948 TO 2017


WEATHER ITEM   OBSERVED TIME   RECORD YEAR NORMAL DEPARTURE LAST
                VALUE   (LST)  VALUE       VALUE  FROM      YEAR
                                                  NORMAL
..................................................................
TEMPERATURE (F)
 YESTERDAY
  MAXIMUM         84    255 PM  88    1998  78      6       86
  MINIMUM         53    641 AM  36    1948  56     -3       57
  AVERAGE         69                        67      2       72

PRECIPITATION (IN)
  YESTERDAY        0.00          0.44 1969   0.09  -0.09     0.00
  MONTH TO DATE    1.43                      2.06  -0.63     3.23
  SINCE SEP 1      9.45                      5.70   3.75     7.49
  SINCE JAN 1     37.85                     39.91  -2.06    39.49

SNOWFALL (IN)
  YESTERDAY        0.0           0.0    MM   0.0    0.0      0.0
  MONTH TO DATE    0.0                       0.0    0.0      0.0
  SINCE SEP 1      0.0                       0.0    0.0      0.0
  SINCE JUL 1      0.0                       0.0    0.0      0.0
  SNOW DEPTH       0

DEGREE DAYS
 HEATING
  YESTERDAY        0                         2     -2        0
  MONTH TO DATE    1                        18    -17        1
  SINCE SEP 1      1                        20    -19        1
  SINCE JUL 1      1                        20    -19        1

 COOLING
  YESTERDAY        4                         4      0        7
  MONTH TO DATE  227                       121    106      139
  SINCE SEP 1    621                       484    137      550
  SINCE JAN 1   2792                      2391    401     2631
..................................................................


WIND (MPH)
  HIGHEST WIND SPEED     9   HIGHEST WIND DIRECTION    NE (60)
  HIGHEST GUST SPEED    13   HIGHEST GUST DIRECTION    NE (60)
  AVERAGE WIND SPEED     2.5


SKY COVER
  POSSIBLE SUNSHINE  MM
  AVERAGE SKY COVER 0.0


WEATHER CONDITIONS
 THE FOLLOWING WEATHER WAS RECORDED YESTERDAY.
  FOG


RELATIVE HUMIDITY (PERCENT)
 HIGHEST   100           100 AM
 LOWEST     43           300 PM
 AVERAGE    72

..........................................................


THE ALMA CLIMATE NORMALS FOR TODAY
                         NORMAL    RECORD    YEAR
 MAXIMUM TEMPERATURE (F)   78        90      1963
 MINIMUM TEMPERATURE (F)   56        30      1954


SUNRISE AND SUNSET
OCTOBER 21 2017.......SUNRISE   738 AM EDT   SUNSET   651 PM EDT
OCTOBER 22 2017.......SUNRISE   738 AM EDT   SUNSET   650 PM EDT


-  INDICATES NEGATIVE NUMBERS.
R  INDICATES RECORD WAS SET OR TIED.
MM INDICATES DATA IS MISSING.
T  INDICATES TRACE AMOUNT.




$$
