000
CDUS44 KBMX 240735
CLIANB


CLIMATE REPORT
NATIONAL WEATHER SERVICE BIRMINGHAM, AL
235 AM CDT WED MAY 24 2017


...................................

...THE ANNISTON CLIMATE SUMMARY FOR MAY 23 2017...

CLIMATE NORMAL PERIOD 1981 TO 2010
CLIMATE RECORD PERIOD 1903 TO 2017


WEATHER ITEM   OBSERVED TIME   RECORD YEAR NORMAL DEPARTURE LAST
                VALUE   (LST)  VALUE       VALUE  FROM      YEAR
                                                  NORMAL
..................................................................
TEMPERATURE (F)
 YESTERDAY
  MAXIMUM         74    349 PM  94    1996  83     -9       84
  MINIMUM         62   1156 PM  45    1948  61      1       52
  AVERAGE         68                        72     -4       68

PRECIPITATION (IN)
  YESTERDAY        0.80          1.90 1943   0.13   0.67     0.00
  MONTH TO DATE    4.73                      3.23   1.50     4.49
  SINCE MAR 1     14.97                     12.30   2.67    10.88
  SINCE JAN 1     25.49                     21.90   3.59    19.72

..................................................................


WIND (MPH)
  HIGHEST WIND SPEED    13   HIGHEST WIND DIRECTION    SW (240)
  HIGHEST GUST SPEED    18   HIGHEST GUST DIRECTION    SW (240)
  AVERAGE WIND SPEED     2.2


SKY COVER
  AVERAGE SKY COVER 1.0


WEATHER CONDITIONS
 THE FOLLOWING WEATHER WAS RECORDED YESTERDAY.
  THUNDERSTORM
  HEAVY RAIN
  RAIN
  LIGHT RAIN
  FOG


RELATIVE HUMIDITY (PERCENT)
 HIGHEST   100
 LOWEST     73
 AVERAGE    87

..........................................................


THE ANNISTON CLIMATE NORMALS FOR TODAY
                         NORMAL    RECORD    YEAR
 MAXIMUM TEMPERATURE (F)   83        96      1996
 MINIMUM TEMPERATURE (F)   61        40      1931


SUNRISE AND SUNSET
MAY 24 2017...........SUNRISE   537 AM CDT   SUNSET   744 PM CDT
MAY 25 2017...........SUNRISE   537 AM CDT   SUNSET   744 PM CDT


-  INDICATES NEGATIVE NUMBERS.
R  INDICATES RECORD WAS SET OR TIED.
MM INDICATES DATA IS MISSING.
T  INDICATES TRACE AMOUNT.




$$
