891
CDUS44 KBMX 120653
CLIANB


CLIMATE REPORT
NATIONAL WEATHER SERVICE BIRMINGHAM, AL
1252 AM CST FRI FEB 12 2016


...................................

...THE ANNISTON CLIMATE SUMMARY FOR FEBRUARY 11 2016...

CLIMATE NORMAL PERIOD 1981 TO 2010
CLIMATE RECORD PERIOD 1903 TO 2016


WEATHER ITEM   OBSERVED TIME   RECORD YEAR NORMAL DEPARTURE LAST
                VALUE   (LST)  VALUE       VALUE  FROM      YEAR
                                                  NORMAL
..................................................................
TEMPERATURE (F)
 YESTERDAY
  MAXIMUM         58    411 PM  78    1999  57      1       62
  MINIMUM         26    345 AM  15    1947  35     -9       25
  AVERAGE         42                        46     -4       44

PRECIPITATION (IN)
  YESTERDAY        0.00          1.58 1994   0.17  -0.17     0.00
  MONTH TO DATE    0.94                      1.92  -0.98     0.68
  SINCE DEC 1     13.42                     10.56   2.86    12.40
  SINCE JAN 1      4.13                      6.44  -2.31     6.18

SNOWFALL (IN)
  YESTERDAY        0.0                       0.0             0.0
  MONTH TO DATE    T                         0.2             0.0
  SINCE DEC 1      T                         0.9             0.0
  SINCE JUL 1      T                         0.9             0.0

DEGREE DAYS
 HEATING
  YESTERDAY       23
  MONTH TO DATE  213
  SINCE DEC 1   1192
  SINCE JUL 1   1483
..................................................................


WIND (MPH)
  HIGHEST WIND SPEED     9   HIGHEST WIND DIRECTION     N (20)
  HIGHEST GUST SPEED    12   HIGHEST GUST DIRECTION     N (360)
  AVERAGE WIND SPEED     3.9


SKY COVER
  AVERAGE SKY COVER 0.0


WEATHER CONDITIONS
 THE FOLLOWING WEATHER WAS RECORDED YESTERDAY.
  NO SIGNIFICANT WEATHER WAS OBSERVED.


RELATIVE HUMIDITY (PERCENT)
 HIGHEST    68
 LOWEST     28
 AVERAGE    48

..........................................................


THE ANNISTON CLIMATE NORMALS FOR TODAY
                         NORMAL    RECORD    YEAR
 MAXIMUM TEMPERATURE (F)   57        75      1962
 MINIMUM TEMPERATURE (F)   36        12      1981


SUNRISE AND SUNSET
FEBRUARY 12 2016......SUNRISE   631 AM CST   SUNSET   525 PM CST
FEBRUARY 13 2016......SUNRISE   630 AM CST   SUNSET   526 PM CST


-  INDICATES NEGATIVE NUMBERS.
R  INDICATES RECORD WAS SET OR TIED.
MM INDICATES DATA IS MISSING.
T  INDICATES TRACE AMOUNT.




$$
