000
CDUS44 KBMX 032115
CLIANB


CLIMATE REPORT
NATIONAL WEATHER SERVICE BIRMINGHAM, AL
415 PM CDT THU SEP 3 2015


...................................

...THE ANNISTON CLIMATE SUMMARY FOR SEPTEMBER 3 2015...
VALID AS OF 0400 PM LOCAL TIME.

CLIMATE NORMAL PERIOD 1981 TO 2010
CLIMATE RECORD PERIOD 1903 TO 2015


WEATHER ITEM   OBSERVED TIME   RECORD YEAR NORMAL DEPARTURE LAST
                VALUE   (LST)  VALUE       VALUE  FROM      YEAR
                                                  NORMAL
..................................................................
TEMPERATURE (F)
 TODAY
  MAXIMUM         92    250 PM  98    1990  88      4       92
                                      1957
  MINIMUM         73    650 AM  49    1905  67      6       72
  AVERAGE         83

PRECIPITATION (IN)
  TODAY            0.02          2.41 2001   0.10  -0.08     1.00
  MONTH TO DATE    0.02                      0.30  -0.28     1.01
  SINCE SEP 1      0.02                      0.30  -0.28     1.01
  SINCE JAN 1     37.18                     35.22   1.96    33.65

DEGREE DAYS
 HEATING
  TODAY            0
  MONTH TO DATE    0
  SINCE SEP 1      0
  SINCE JUL 1      0
..................................................................


WIND (MPH)
  HIGHEST WIND SPEED     9   HIGHEST WIND DIRECTION     N (360)
  HIGHEST GUST SPEED    13   HIGHEST GUST DIRECTION     N (350)
  AVERAGE WIND SPEED     3.2


SKY COVER
  AVERAGE SKY COVER 0.1


WEATHER CONDITIONS
 THE FOLLOWING WEATHER WAS RECORDED TODAY.
  LIGHT RAIN
  FOG
  HAZE


RELATIVE HUMIDITY (PERCENT)
 HIGHEST    93
 LOWEST     41
 AVERAGE    67

..........................................................


THE ANNISTON CLIMATE NORMALS FOR TOMORROW
                         NORMAL    RECORD    YEAR
 MAXIMUM TEMPERATURE (F)   87       101      1954
 MINIMUM TEMPERATURE (F)   67        48      1905


SUNRISE AND SUNSET
SEPTEMBER  3 2015.....SUNRISE   619 AM CDT   SUNSET   706 PM CDT
SEPTEMBER  4 2015.....SUNRISE   619 AM CDT   SUNSET   705 PM CDT


-  INDICATES NEGATIVE NUMBERS.
R  INDICATES RECORD WAS SET OR TIED.
MM INDICATES DATA IS MISSING.
T  INDICATES TRACE AMOUNT.




$$
