000
CDUS44 KBMX 130838
CLIANB


CLIMATE REPORT
NATIONAL WEATHER SERVICE BIRMINGHAM, AL
237 AM CST WED DEC 13 2017


...................................

...THE ANNISTON CLIMATE SUMMARY FOR DECEMBER 12 2017...

CLIMATE NORMAL PERIOD 1981 TO 2010
CLIMATE RECORD PERIOD 1903 TO 2017


WEATHER ITEM   OBSERVED TIME   RECORD YEAR NORMAL DEPARTURE LAST
                VALUE   (LST)  VALUE       VALUE  FROM      YEAR
                                                  NORMAL
..................................................................
TEMPERATURE (F)
 YESTERDAY
  MAXIMUM         52    216 PM  77    1971  56     -4       63
  MINIMUM         34   1234 AM   6    1962  36     -2       48
  AVERAGE         43                        46     -3       56

PRECIPITATION (IN)
  YESTERDAY        0.00          1.25 1961   0.14  -0.14     0.08
  MONTH TO DATE    1.54                      1.75  -0.21     1.49
  SINCE DEC 1      1.54                      1.75  -0.21     1.49
  SINCE JAN 1     57.99                     47.30  10.69    30.98

SNOWFALL (IN)
  YESTERDAY        0.0                       0.0             0.0
  MONTH TO DATE    0.0                       0.0             0.0
  SINCE DEC 1      0.0                       0.0             0.0
  SINCE JUL 1      0.0                       0.0             0.0

DEGREE DAYS
 HEATING
  YESTERDAY       22
  MONTH TO DATE  218
  SINCE DEC 1    218
  SINCE JUL 1    674
..................................................................


WIND (MPH)
  HIGHEST WIND SPEED    20   HIGHEST WIND DIRECTION    NW (320)
  HIGHEST GUST SPEED    27   HIGHEST GUST DIRECTION    NW (310)
  AVERAGE WIND SPEED     9.8


SKY COVER
  AVERAGE SKY COVER 0.1


WEATHER CONDITIONS
 THE FOLLOWING WEATHER WAS RECORDED YESTERDAY.
  NO SIGNIFICANT WEATHER WAS OBSERVED.


RELATIVE HUMIDITY (PERCENT)
 HIGHEST    89
 LOWEST     39
 AVERAGE    64

..........................................................


THE ANNISTON CLIMATE NORMALS FOR TODAY
                         NORMAL    RECORD    YEAR
 MAXIMUM TEMPERATURE (F)   56        74      2015
 MINIMUM TEMPERATURE (F)   36         1      1962


SUNRISE AND SUNSET
DECEMBER 13 2017......SUNRISE   639 AM CST   SUNSET   436 PM CST
DECEMBER 14 2017......SUNRISE   640 AM CST   SUNSET   437 PM CST


-  INDICATES NEGATIVE NUMBERS.
R  INDICATES RECORD WAS SET OR TIED.
MM INDICATES DATA IS MISSING.
T  INDICATES TRACE AMOUNT.




$$
