000
CDUS44 KBMX 252223
CLIANB


CLIMATE REPORT
NATIONAL WEATHER SERVICE BIRMINGHAM, AL
423 PM CST SUN FEB 25 2018


...................................

...THE ANNISTON CLIMATE SUMMARY FOR FEBRUARY 25 2018...
VALID TODAY AS OF 0400 PM LOCAL TIME.

CLIMATE NORMAL PERIOD 1981 TO 2010
CLIMATE RECORD PERIOD 1903 TO 2018


WEATHER ITEM   OBSERVED RECORD YEAR NORMAL DEPARTURE LAST
                VALUE   VALUE       VALUE  FROM      YEAR
                                           NORMAL
...........................................................
TEMPERATURE (F)
 TODAY
  MAXIMUM         70     79    1996  61      9       67
                               1977
  MINIMUM         54     13    1967  39     15       41
  AVERAGE         62

PRECIPITATION (IN)
  TODAY            0.63   2.36 1992   0.19   0.44     0.05
  MONTH TO DATE    6.99               4.52   2.47     2.74
  SINCE DEC 1     12.33              13.16  -0.83    12.93
  SINCE JAN 1      8.88               9.04  -0.16    10.29

SNOWFALL (IN)
  TODAY            0.0                0.0            MM
  MONTH TO DATE    0.0                0.3             0.0
  SINCE DEC 1      0.0                1.0             0.0
  SINCE JUL 1      0.0                1.0             0.0

...........................................................


WIND (MPH)
  HIGHEST WIND SPEED    18   HIGHEST WIND DIRECTION    NW (320)
  HIGHEST GUST SPEED    30   HIGHEST GUST DIRECTION    NW (300)
  AVERAGE WIND SPEED     7.1


SKY COVER
  AVERAGE SKY COVER 0.9


WEATHER CONDITIONS
 THE FOLLOWING WEATHER WAS RECORDED TODAY.
  HEAVY RAIN
  RAIN
  LIGHT RAIN
  FOG


RELATIVE HUMIDITY (PERCENT)
 HIGHEST    93
 LOWEST     73
 AVERAGE    83

..........................................................


THE ANNISTON CLIMATE NORMALS FOR TOMORROW
                         NORMAL    RECORD    YEAR
 MAXIMUM TEMPERATURE (F)   61        84      1977
 MINIMUM TEMPERATURE (F)   39        16      1967


SUNRISE AND SUNSET
FEBRUARY 25 2018......SUNRISE   617 AM CST   SUNSET   537 PM CST
FEBRUARY 26 2018......SUNRISE   615 AM CST   SUNSET   538 PM CST


-  INDICATES NEGATIVE NUMBERS.
R  INDICATES RECORD WAS SET OR TIED.
MM INDICATES DATA IS MISSING.
T  INDICATES TRACE AMOUNT.




$$
