000
CDUS44 KBMX 220935
CLIANB


CLIMATE REPORT
NATIONAL WEATHER SERVICE BIRMINGHAM, AL
435 AM CDT WED OCT 22 2014


...................................

...THE ANNISTON CLIMATE SUMMARY FOR OCTOBER 21 2014...

CLIMATE NORMAL PERIOD 1981 TO 2010
CLIMATE RECORD PERIOD 1903 TO 2014


WEATHER ITEM   OBSERVED TIME   RECORD YEAR NORMAL DEPARTURE LAST
                VALUE   (LST)  VALUE       VALUE  FROM      YEAR
                                                  NORMAL
..................................................................
TEMPERATURE (F)
 YESTERDAY
  MAXIMUM         78    145 PM  90    1953  73      5       70
  MINIMUM         44    602 AM  29    1952  49     -5       43
  AVERAGE         61                        61      0       57

PRECIPITATION (IN)
  YESTERDAY        0.00          1.83 1984   0.11  -0.11     0.00
  MONTH TO DATE    3.29                      2.06   1.23     2.59
  SINCE SEP 1      4.79                      4.99  -0.20     5.30
  SINCE JAN 1     37.43                     39.91  -2.48    63.08

SNOWFALL (IN)
  YESTERDAY        0.0                       0.0             0.0
  MONTH TO DATE    0.0                       0.0             0.0
  SINCE SEP 1      0.0                       0.0             0.0
  SINCE JUL 1      0.0                       0.0             0.0

DEGREE DAYS
 HEATING
  YESTERDAY        4
  MONTH TO DATE   46
  SINCE SEP 1     46
  SINCE JUL 1     46
..................................................................


WIND (MPH)
  HIGHEST WIND SPEED    16   HIGHEST WIND DIRECTION    NW (310)
  HIGHEST GUST SPEED    22   HIGHEST GUST DIRECTION     W (280)
  AVERAGE WIND SPEED     3.2


SKY COVER
  AVERAGE SKY COVER 0.1


WEATHER CONDITIONS
 THE FOLLOWING WEATHER WAS RECORDED YESTERDAY.
  FOG


RELATIVE HUMIDITY (PERCENT)
 HIGHEST    93
 LOWEST     38
 AVERAGE    66

..........................................................


THE ANNISTON CLIMATE NORMALS FOR TODAY
                         NORMAL    RECORD    YEAR
 MAXIMUM TEMPERATURE (F)   73        87      1963
                                             1955
 MINIMUM TEMPERATURE (F)   49        28      1987


SUNRISE AND SUNSET
OCTOBER 22 2014.......SUNRISE   654 AM CDT   SUNSET   601 PM CDT
OCTOBER 23 2014.......SUNRISE   655 AM CDT   SUNSET   600 PM CDT


-  INDICATES NEGATIVE NUMBERS.
R  INDICATES RECORD WAS SET OR TIED.
MM INDICATES DATA IS MISSING.
T  INDICATES TRACE AMOUNT.




$$
