000
CDAK48 PAFC 281314
CLIANC

CLIMATE REPORT
NATIONAL WEATHER SERVICE ANCHORAGE, AK
513 AM AKDT TUE MAR 28 2017


...................................

...THE ANCHORAGE AK CLIMATE SUMMARY FOR MARCH 27 2017...

CLIMATE NORMAL PERIOD 1981 TO 2010
CLIMATE RECORD PERIOD 1952 TO 2017


WEATHER ITEM   OBSERVED TIME   RECORD YEAR NORMAL DEPARTURE LAST
                VALUE   (LST)  VALUE       VALUE  FROM      YEAR
                                                  NORMAL
..................................................................
TEMPERATURE (F)
 YESTERDAY
  MAXIMUM         34    300 PM  48    2015  37     -3       42
                                      1996
  MINIMUM         17    509 AM   0    2013  22     -5       29
  AVERAGE         26                        30     -4       36

PRECIPITATION (IN)
  YESTERDAY        0.00          0.19 2000   0.02  -0.02
  MONTH TO DATE    0.00                      0.53  -0.53
  SINCE MAR 1      0.00                      0.53  -0.53
  SINCE JAN 1      2.70                      1.98   0.72

SNOWFALL (IN)
  YESTERDAY        0.0           4.9  2004   0.3   -0.3      0.0
  MONTH TO DATE    0.0                       8.8   -8.8     10.7
  SINCE MAR 1      0.0                       8.8   -8.8     10.7
  SINCE JUL 1     72.1                      69.1    3.0     38.3
  SNOW DEPTH      20

DEGREE DAYS
 HEATING
  YESTERDAY       39                                3
  MONTH TO DATE 1269                              215
  SINCE MAR 1   1269                              215
  SINCE JUL 1   8307                              -76

 COOLING
  YESTERDAY        0                                0
  MONTH TO DATE    0                                0
  SINCE MAR 1      0                                0
  SINCE JAN 1      0                                0
..................................................................


WIND (MPH)
  HIGHEST WIND SPEED     7   HIGHEST WIND DIRECTION     S (170)
  HIGHEST GUST SPEED    14   HIGHEST GUST DIRECTION     N (340)
  AVERAGE WIND SPEED     3.1




RELATIVE HUMIDITY (PERCENT)
 HIGHEST    84
 LOWEST     47
 AVERAGE    66

..........................................................


THE ANCHORAGE AK CLIMATE NORMALS FOR TODAY
                         NORMAL    RECORD    YEAR
 MAXIMUM TEMPERATURE (F)   37        49      2015
                                             1970
 MINIMUM TEMPERATURE (F)   22         1      1963


SUNRISE AND SUNSET
MARCH 28 2017.........SUNRISE   735 AM AKDT  SUNSET   837 PM AKDT
MARCH 29 2017.........SUNRISE   731 AM AKDT  SUNSET   840 PM AKDT

CIVIL TWILIGHT
MARCH 28 2017           START    651 AM GMT     END    922 PM GMT
MARCH 29 2017           START    648 AM GMT     END    924 PM GMT



-  INDICATES NEGATIVE NUMBERS.
R  INDICATES RECORD WAS SET OR TIED.
MM INDICATES DATA IS MISSING.
T  INDICATES TRACE AMOUNT.




$$
&&
------------------------------------------------------
AMOUNT OF DAYLIGHT TODAY  (HOUR:MIN)........13:02
GAIN/LOSS SINCE YESTERDAY (HOUR:MIN:SEC)....+0:05:44

$$
