187
CDAK48 PAFC 261238
CLIANC

CLIMATE REPORT
NATIONAL WEATHER SERVICE ANCHORAGE, AK
436 AM AKDT TUE SEP 26 2017


...................................

...THE ANCHORAGE AK CLIMATE SUMMARY FOR SEPTEMBER 25 2017...

CLIMATE NORMAL PERIOD 1981 TO 2010
CLIMATE RECORD PERIOD 1952 TO 2017


WEATHER ITEM   OBSERVED TIME   RECORD YEAR NORMAL DEPARTURE LAST
                VALUE   (LST)  VALUE       VALUE  FROM      YEAR
                                                  NORMAL
..................................................................
TEMPERATURE (F)
 YESTERDAY
  MAXIMUM         55        MM  63    1965  51      4       50
  MINIMUM         43        MM  22    1992  39      4       44
  AVERAGE         49                        45      4       47

PRECIPITATION (IN)
  YESTERDAY        0.04          1.14 2013   0.10  -0.06
  MONTH TO DATE    2.24                      2.50  -0.26
  SINCE SEP 1      2.24                      2.50  -0.26
  SINCE JAN 1     14.18                     11.79   2.39

SNOWFALL (IN)
  YESTERDAY        0.0           6.0  2004   0.1   -0.1      0.0
  MONTH TO DATE    0.0                       0.2   -0.2      0.0
  SINCE SEP 1      0.0                       0.2   -0.2      0.0
  SINCE JUL 1      0.0                       0.2   -0.2      0.0
  SNOW DEPTH       0

DEGREE DAYS
 HEATING
  YESTERDAY       16                               -4
  MONTH TO DATE  320                              -67
  SINCE SEP 1    320                              -67
  SINCE JUL 1    688                             -149

 COOLING
  YESTERDAY        0                                0
  MONTH TO DATE    0                                0
  SINCE SEP 1      0                                0
  SINCE JAN 1      3                                1
..................................................................


WIND (MPH)
  HIGHEST WIND SPEED    10   HIGHEST WIND DIRECTION    SE (130)
  HIGHEST GUST SPEED    27   HIGHEST GUST DIRECTION    SE (130)
  AVERAGE WIND SPEED     4.5




RELATIVE HUMIDITY (PERCENT)
 HIGHEST   100
 LOWEST     66
 AVERAGE    83

..........................................................


THE ANCHORAGE AK CLIMATE NORMALS FOR TODAY
                         NORMAL    RECORD    YEAR
 MAXIMUM TEMPERATURE (F)   51        59      1995
                                             1975
 MINIMUM TEMPERATURE (F)   39        22      1992


SUNRISE AND SUNSET
SEPTEMBER 26 2017.....SUNRISE   755 AM AKDT  SUNSET   746 PM AKDT
SEPTEMBER 27 2017.....SUNRISE   758 AM AKDT  SUNSET   743 PM AKDT

CIVIL TWILIGHT
SEPTEMBER 26 2017       START    712 AM GMT     END    829 PM GMT
SEPTEMBER 27 2017       START    715 AM GMT     END    826 PM GMT



-  INDICATES NEGATIVE NUMBERS.
R  INDICATES RECORD WAS SET OR TIED.
MM INDICATES DATA IS MISSING.
T  INDICATES TRACE AMOUNT.




$$
&&
------------------------------------------------------
AMOUNT OF DAYLIGHT TODAY  (HOUR:MIN)........11:51
GAIN/LOSS SINCE YESTERDAY (HOUR:MIN:SEC)....-0:05:39
