000
CDAK48 PAFC 221241
CLIANC

CLIMATE REPORT
NATIONAL WEATHER SERVICE ANCHORAGE, AK
340 AM AKST WED NOV 22 2017


...................................

...THE ANCHORAGE AK CLIMATE SUMMARY FOR NOVEMBER 21 2017...

CLIMATE NORMAL PERIOD 1981 TO 2010
CLIMATE RECORD PERIOD 1952 TO 2017


WEATHER ITEM   OBSERVED TIME   RECORD YEAR NORMAL DEPARTURE LAST
                VALUE   (LST)  VALUE       VALUE  FROM      YEAR
                                                  NORMAL
..................................................................
TEMPERATURE (F)
 YESTERDAY
  MAXIMUM         22    236 PM  46    2007  26     -4       29
  MINIMUM          6    517 AM -13    1955  15     -9       25
  AVERAGE         14                        21     -7       27

PRECIPITATION (IN)
  YESTERDAY        0.02          0.69 1967   0.04  -0.02
  MONTH TO DATE    0.69                      0.82  -0.13
  SINCE SEP 1      6.25                      5.84   0.41
  SINCE JAN 1     18.19                     15.13   3.06

SNOWFALL (IN)
  YESTERDAY        0.5           5.2  1994   0.5    0.0      0.0
  MONTH TO DATE    7.8                       8.4   -0.6      0.8
  SINCE SEP 1      8.3                      16.7   -8.4      3.4
  SINCE JUL 1      8.3                      16.7   -8.4      3.4
  SNOW DEPTH       7

DEGREE DAYS
 HEATING
  YESTERDAY       51                                7
  MONTH TO DATE  886                                7
  SINCE SEP 1   2076                             -233
  SINCE JUL 1   2444                             -315

 COOLING
  YESTERDAY        0                                0
  MONTH TO DATE    0                                0
  SINCE SEP 1      0                                0
  SINCE JAN 1      3                                1
..................................................................


WIND (MPH)
  HIGHEST WIND SPEED    13   HIGHEST WIND DIRECTION     N (350)
  HIGHEST GUST SPEED    16   HIGHEST GUST DIRECTION    NW (330)
  AVERAGE WIND SPEED     4.8




RELATIVE HUMIDITY (PERCENT)
 HIGHEST    92
 LOWEST     67
 AVERAGE    80

..........................................................


THE ANCHORAGE AK CLIMATE NORMALS FOR TODAY
                         NORMAL    RECORD    YEAR
 MAXIMUM TEMPERATURE (F)   26        46      1992
 MINIMUM TEMPERATURE (F)   15       -15      1955


SUNRISE AND SUNSET
NOVEMBER 22 2017......SUNRISE   925 AM AKST  SUNSET   407 PM AKST
NOVEMBER 23 2017......SUNRISE   928 AM AKST  SUNSET   405 PM AKST

CIVIL TWILIGHT
NOVEMBER 22 2017        START    831 AM GMT     END    502 PM GMT
NOVEMBER 23 2017        START    833 AM GMT     END    500 PM GMT



-  INDICATES NEGATIVE NUMBERS.
R  INDICATES RECORD WAS SET OR TIED.
MM INDICATES DATA IS MISSING.
T  INDICATES TRACE AMOUNT.




$$
&&
------------------------------------------------------
AMOUNT OF DAYLIGHT TODAY  (HOUR:MIN)........ 6:41
GAIN/LOSS SINCE YESTERDAY (HOUR:MIN:SEC)....-0:04:30
