031
CDAK48 PAFC 091247
CLIANC


CLIMATE REPORT
NATIONAL WEATHER SERVICE ANCHORAGE, AK
347 AM AKST TUE FEB 9 2016


...................................

...THE ANCHORAGE AK CLIMATE SUMMARY FOR FEBRUARY 8 2016...

CLIMATE NORMAL PERIOD 1981 TO 2010
CLIMATE RECORD PERIOD 1952 TO 2016


WEATHER ITEM   OBSERVED RECORD YEAR NORMAL DEPARTURE LAST
                VALUE   VALUE       VALUE  FROM      YEAR
                                           NORMAL
...........................................................
TEMPERATURE (F)
 YESTERDAY
  MAXIMUM         34     45    2003  25      9       13
  MINIMUM         27    -18    1999  13     14        4
                               1990
                               1955
  AVERAGE         31                 19     12        9

PRECIPITATION (IN)
  YESTERDAY        0.00   1.16 1956   0.03  -0.03
  MONTH TO DATE    0.08               0.22  -0.14
  SINCE DEC 1      0.59               2.06  -1.47
  SINCE JAN 1      0.36               0.95  -0.59

SNOWFALL (IN)
  YESTERDAY        0.0   12.4  1956   0.4   -0.4
  MONTH TO DATE    T                  3.3   -3.3
  SINCE DEC 1      6.1               31.3  -25.2
  SINCE JUL 1     25.8               52.7  -26.9
  SNOW DEPTH       1

DEGREE DAYS
 HEATING
  YESTERDAY       34                       -12
  MONTH TO DATE  305                       -68
  SINCE DEC 1   2816                      -468
  SINCE JUL 1   5630                      -818

 COOLING
  YESTERDAY        0                         0
  MONTH TO DATE    0                         0
  SINCE DEC 1      0                         0
  SINCE JAN 1      0                         0
...........................................................


WIND (MPH)
  HIGHEST WIND SPEED     7   HIGHEST WIND DIRECTION    NW (330)
  HIGHEST GUST SPEED    MM   HIGHEST GUST DIRECTION    MM
  AVERAGE WIND SPEED     3.5




RELATIVE HUMIDITY (PERCENT)
 HIGHEST    78
 LOWEST     61
 AVERAGE    70

..........................................................


THE ANCHORAGE AK CLIMATE NORMALS FOR TODAY
                         NORMAL    RECORD    YEAR
 MAXIMUM TEMPERATURE (F)   25        42      2012
 MINIMUM TEMPERATURE (F)   13       -15      1999


SUNRISE AND SUNSET
FEBRUARY  9 2016......SUNRISE   900 AM AKST  SUNSET   530 PM AKST
FEBRUARY 10 2016......SUNRISE   857 AM AKST  SUNSET   532 PM AKST


-  INDICATES NEGATIVE NUMBERS.
R  INDICATES RECORD WAS SET OR TIED.
MM INDICATES DATA IS MISSING.
T  INDICATES TRACE AMOUNT.




$$
