309
CDAK48 PAFC 261258
CLIANC


CLIMATE REPORT
NATIONAL WEATHER SERVICE ANCHORAGE, AK
357 AM AKST SUN FEB 26 2017


...................................

...THE ANCHORAGE AK CLIMATE SUMMARY FOR FEBRUARY 25 2017...

CLIMATE NORMAL PERIOD 1981 TO 2010
CLIMATE RECORD PERIOD 1952 TO 2017


WEATHER ITEM   OBSERVED TIME   RECORD YEAR NORMAL DEPARTURE LAST
                VALUE   (LST)  VALUE       VALUE  FROM      YEAR
                                                  NORMAL
..................................................................
TEMPERATURE (F)
 YESTERDAY
  MAXIMUM         27    837 PM  46    2016  29     -2       46
                                      1978
  MINIMUM         21    850 AM -15    1971  15      6       32
  AVERAGE         24                        22      2       39

PRECIPITATION (IN)
  YESTERDAY        T             0.41 2010   0.02  -0.02
  MONTH TO DATE    0.97                      0.66   0.31
  SINCE DEC 1      4.15                      2.50   1.65
  SINCE JAN 1      2.68                      1.39   1.29

SNOWFALL (IN)
  YESTERDAY        0.1           7.4  2010   0.4   -0.3      0.0
  MONTH TO DATE   19.2                      10.0    9.2      1.8
  SINCE DEC 1     67.8                      38.0   29.8      7.9
  SINCE JUL 1     71.7                      59.4   12.3     27.6
  SNOW DEPTH      24

DEGREE DAYS
 HEATING
  YESTERDAY       41                               -2
  MONTH TO DATE 1158                               30
  SINCE DEC 1   4254                              215
  SINCE JUL 1   6907                             -296

 COOLING
  YESTERDAY        0                                0
  MONTH TO DATE    0                                0
  SINCE DEC 1      0                                0
  SINCE JAN 1      0                                0
..................................................................


WIND (MPH)
  HIGHEST WIND SPEED     8   HIGHEST WIND DIRECTION     W (270)
  HIGHEST GUST SPEED    12   HIGHEST GUST DIRECTION    SE (120)
  AVERAGE WIND SPEED     2.2




RELATIVE HUMIDITY (PERCENT)
 HIGHEST   100
 LOWEST     88
 AVERAGE    94

..........................................................


THE ANCHORAGE AK CLIMATE NORMALS FOR TODAY
                         NORMAL    RECORD    YEAR
 MAXIMUM TEMPERATURE (F)   29        43      1990
 MINIMUM TEMPERATURE (F)   16       -22      1954


SUNRISE AND SUNSET
FEBRUARY 26 2017......SUNRISE   808 AM AKST  SUNSET   619 PM AKST
FEBRUARY 27 2017......SUNRISE   805 AM AKST  SUNSET   621 PM AKST


-  INDICATES NEGATIVE NUMBERS.
R  INDICATES RECORD WAS SET OR TIED.
MM INDICATES DATA IS MISSING.
T  INDICATES TRACE AMOUNT.




...................................

...THE KING SALMON CLIMATE SUMMARY FOR FEBRUARY 25 2017...

CLIMATE NORMAL PERIOD 1981 TO 2010
CLIMATE RECORD PERIOD 1917 TO 2017


WEATHER ITEM   OBSERVED TIME   RECORD YEAR NORMAL DEPARTURE LAST
                VALUE   (LST)  VALUE       VALUE  FROM      YEAR
                                                  NORMAL
..................................................................
TEMPERATURE (F)
 YESTERDAY
  MAXIMUM         37    513 PM  46    1997  29      8       48
                                      1970
                                      1943
  MINIMUM         30    616 AM -35    1954  12     18       29
  AVERAGE         34                        21     13       39

PRECIPITATION (IN)
  YESTERDAY        T             0.32 1955   0.03  -0.03
  MONTH TO DATE    0.92                      0.69   0.23
  SINCE DEC 1      2.16                      2.94  -0.78
  SINCE JAN 1      1.07                      1.71  -0.64

SNOWFALL (IN)
  YESTERDAY        T            MM      MM   0.3   -0.3      0.0
  MONTH TO DATE    8.8                       5.4    3.4      0.0
  SINCE DEC 1     17.3                      25.1   -7.8      0.0
  SINCE JUL 1     21.9                      34.9  -13.0     13.1
  SNOW DEPTH       T

DEGREE DAYS
 HEATING
  YESTERDAY       31                              -13
  MONTH TO DATE 1249                               89
  SINCE DEC 1   4287                              176
  SINCE JUL 1   7013                             -475

 COOLING
  YESTERDAY        0                                0
  MONTH TO DATE    0                                0
  SINCE DEC 1      0                                0
  SINCE JAN 1      0                                0
..................................................................


WIND (MPH)
  HIGHEST WIND SPEED    13   HIGHEST WIND DIRECTION    SW (210)
  HIGHEST GUST SPEED    17   HIGHEST GUST DIRECTION     S (200)
  AVERAGE WIND SPEED     8.4




RELATIVE HUMIDITY (PERCENT)
 HIGHEST   100
 LOWEST     82
 AVERAGE    91

..........................................................


THE KING SALMON CLIMATE NORMALS FOR TODAY
                         NORMAL    RECORD    YEAR
 MAXIMUM TEMPERATURE (F)   29        48      1991
 MINIMUM TEMPERATURE (F)   13       -36      1954


SUNRISE AND SUNSET
FEBRUARY 26 2017......SUNRISE   829 AM AKST  SUNSET   651 PM AKST
FEBRUARY 27 2017......SUNRISE   827 AM AKST  SUNSET   653 PM AKST


-  INDICATES NEGATIVE NUMBERS.
R  INDICATES RECORD WAS SET OR TIED.
MM INDICATES DATA IS MISSING.
T  INDICATES TRACE AMOUNT.




...................................

...THE KODIAK CLIMATE SUMMARY FOR FEBRUARY 25 2017...

CLIMATE NORMAL PERIOD 1981 TO 2010
CLIMATE RECORD PERIOD 1913 TO 2017


WEATHER ITEM   OBSERVED TIME   RECORD YEAR NORMAL DEPARTURE LAST
                VALUE   (LST)  VALUE       VALUE  FROM      YEAR
                                                  NORMAL
..................................................................
TEMPERATURE (F)
 YESTERDAY
  MAXIMUM         41    548 PM  48    2011  36      5       42
  MINIMUM         31    837 AM   1    1986  27      4       37
  AVERAGE         36                        31      5       40

PRECIPITATION (IN)
  YESTERDAY        0.00          4.53 1947   0.21  -0.21
  MONTH TO DATE    2.54                      5.51  -2.97
  SINCE DEC 1      9.60                     22.53 -12.93
  SINCE JAN 1      5.49                     13.80  -8.31

SNOWFALL (IN)
  YESTERDAY        0.0           4.5  2005   0.6   -0.6      0.0
  MONTH TO DATE    7.5                      13.6   -6.1      1.0
  SINCE DEC 1     18.5                      40.4  -21.9     16.0
  SINCE JUL 1     20.5                      47.9  -27.4     17.0
  SNOW DEPTH       1

DEGREE DAYS
 HEATING
  YESTERDAY       29                               -5
  MONTH TO DATE  840                              -19
  SINCE DEC 1   3005                               27
  SINCE JUL 1   5207                             -566

 COOLING
  YESTERDAY        0                                0
  MONTH TO DATE    0                                0
  SINCE DEC 1      0                                0
  SINCE JAN 1      0                                0
..................................................................


WIND (MPH)
  HIGHEST WIND SPEED    28   HIGHEST WIND DIRECTION     W (290)
  HIGHEST GUST SPEED    37   HIGHEST GUST DIRECTION     W (280)
  AVERAGE WIND SPEED     9.4




RELATIVE HUMIDITY (PERCENT)
 HIGHEST    78
 LOWEST     51
 AVERAGE    65

..........................................................


THE KODIAK CLIMATE NORMALS FOR TODAY
                         NORMAL    RECORD    YEAR
 MAXIMUM TEMPERATURE (F)   36        46      1985
                                             1970
                                             1962
 MINIMUM TEMPERATURE (F)   27        -6      1986


SUNRISE AND SUNSET
FEBRUARY 26 2017......SUNRISE   811 AM AKST  SUNSET   636 PM AKST
FEBRUARY 27 2017......SUNRISE   808 AM AKST  SUNSET   638 PM AKST


-  INDICATES NEGATIVE NUMBERS.
R  INDICATES RECORD WAS SET OR TIED.
MM INDICATES DATA IS MISSING.
T  INDICATES TRACE AMOUNT.




...................................

...THE BETHEL CLIMATE SUMMARY FOR FEBRUARY 25 2017...

CLIMATE NORMAL PERIOD 1981 TO 2010
CLIMATE RECORD PERIOD 1948 TO 2017


WEATHER ITEM   OBSERVED TIME   RECORD YEAR NORMAL DEPARTURE LAST
                VALUE   (LST)  VALUE       VALUE  FROM      YEAR
                                                  NORMAL
..................................................................
TEMPERATURE (F)
 YESTERDAY
  MAXIMUM         34   1237 PM  46    1947  20     14       42
  MINIMUM         27   1234 AM -39    1954   6     21       27
  AVERAGE         31                        13     18       35

PRECIPITATION (IN)
  YESTERDAY        0.08          0.47 1955   0.02   0.06
  MONTH TO DATE    0.65                      0.64   0.01
  SINCE DEC 1      2.62                      2.54   0.08
  SINCE JAN 1      1.86                      1.42   0.44

SNOWFALL (IN)
  YESTERDAY        0.8           4.0  1951   0.3    0.5      0.0
  MONTH TO DATE    4.9                       6.1   -1.2      1.3
  SINCE DEC 1     22.2                      27.1   -4.9     17.6
  SINCE JUL 1     25.8                      45.0  -19.2     27.0
  SNOW DEPTH       6

DEGREE DAYS
 HEATING
  YESTERDAY       34                              -18
  MONTH TO DATE 1555                              201
  SINCE DEC 1   4892                               34
  SINCE JUL 1   8120                             -461

 COOLING
  YESTERDAY        0                                0
  MONTH TO DATE    0                                0
  SINCE DEC 1      0                                0
  SINCE JAN 1      0                                0
..................................................................


WIND (MPH)
  HIGHEST WIND SPEED    40   HIGHEST WIND DIRECTION     S (180)
  HIGHEST GUST SPEED    49   HIGHEST GUST DIRECTION     S (180)
  AVERAGE WIND SPEED    24.3




RELATIVE HUMIDITY (PERCENT)
 HIGHEST   100
 LOWEST     89
 AVERAGE    95

..........................................................


THE BETHEL CLIMATE NORMALS FOR TODAY
                         NORMAL    RECORD    YEAR
 MAXIMUM TEMPERATURE (F)   20        45      1991
 MINIMUM TEMPERATURE (F)    6       -39      1954


SUNRISE AND SUNSET
FEBRUARY 26 2017......SUNRISE   855 AM AKST  SUNSET   707 PM AKST
FEBRUARY 27 2017......SUNRISE   852 AM AKST  SUNSET   709 PM AKST


-  INDICATES NEGATIVE NUMBERS.
R  INDICATES RECORD WAS SET OR TIED.
MM INDICATES DATA IS MISSING.
T  INDICATES TRACE AMOUNT.




...................................

...THE SAINT PAUL ISLAND CLIMATE SUMMARY FOR FEBRUARY 25 2017...

CLIMATE NORMAL PERIOD 1981 TO 2010
CLIMATE RECORD PERIOD 1892 TO 2017


WEATHER ITEM   OBSERVED TIME   RECORD YEAR NORMAL DEPARTURE LAST
                VALUE   (LST)  VALUE       VALUE  FROM      YEAR
                                                  NORMAL
..................................................................
TEMPERATURE (F)
 YESTERDAY
  MAXIMUM         37    623 PM  39    1951  29      8       36
  MINIMUM         32   1159 PM -12    2013  20     12       27
                                      1954
  AVERAGE         35                        25     10       32

PRECIPITATION (IN)
  YESTERDAY        0.20          0.29 2012   0.04   0.16
  MONTH TO DATE    1.38                      1.18   0.20
  SINCE DEC 1      6.09                      5.01   1.08
  SINCE JAN 1      2.89                      2.76   0.13

SNOWFALL (IN)
  YESTERDAY        T            MM      MM   0.3   -0.3     MM
  MONTH TO DATE    9.9                       9.1    0.8      0.0
  SINCE DEC 1     41.4                      33.8    7.6     11.7
  SINCE JUL 1     48.0                      44.1    3.9     23.7
  SNOW DEPTH       T

DEGREE DAYS
 HEATING
  YESTERDAY       30                              -10
  MONTH TO DATE 1021                                1
  SINCE DEC 1   3196                             -182
  SINCE JUL 1   5765                            -1034

 COOLING
  YESTERDAY        0                                0
  MONTH TO DATE    0                                0
  SINCE DEC 1      0                                0
  SINCE JAN 1      0                                0
..................................................................


WIND (MPH)
  HIGHEST WIND SPEED    38   HIGHEST WIND DIRECTION     S (190)
  HIGHEST GUST SPEED    46   HIGHEST GUST DIRECTION     S (190)
  AVERAGE WIND SPEED    22.6




RELATIVE HUMIDITY (PERCENT)
 HIGHEST   100
 LOWEST     85
 AVERAGE    93

..........................................................


THE SAINT PAUL ISLAND CLIMATE NORMALS FOR TODAY
                         NORMAL    RECORD    YEAR
 MAXIMUM TEMPERATURE (F)   29        38      2015
                                             2004
                                             2003
 MINIMUM TEMPERATURE (F)   20       -10      1954


SUNRISE AND SUNSET
FEBRUARY 26 2017......SUNRISE   920 AM AKST  SUNSET   748 PM AKST
FEBRUARY 27 2017......SUNRISE   918 AM AKST  SUNSET   750 PM AKST


-  INDICATES NEGATIVE NUMBERS.
R  INDICATES RECORD WAS SET OR TIED.
MM INDICATES DATA IS MISSING.
T  INDICATES TRACE AMOUNT.




...................................

...THE COLD BAY CLIMATE SUMMARY FOR FEBRUARY 25 2017...

CLIMATE NORMAL PERIOD 1981 TO 2010
CLIMATE RECORD PERIOD 1942 TO 2017


WEATHER ITEM   OBSERVED TIME   RECORD YEAR NORMAL DEPARTURE LAST
                VALUE   (LST)  VALUE       VALUE  FROM      YEAR
                                                  NORMAL
..................................................................
TEMPERATURE (F)
 YESTERDAY
  MAXIMUM         44    210 PM  46    2003  34     10       41
                                      1997
  MINIMUM         30    136 AM  -3    1976  25      5       31
  AVERAGE         37                        30      7       36

PRECIPITATION (IN)
  YESTERDAY        0.00          0.87 1970   0.10  -0.10
  MONTH TO DATE    1.81                      2.67  -0.86
  SINCE DEC 1     12.61                     10.29   2.32
  SINCE JAN 1      6.94                      5.83   1.11

SNOWFALL (IN)
  YESTERDAY        0.0           4.7  1984   0.4   -0.4     MM
  MONTH TO DATE    7.3                      11.5   -4.2      0.0
  SINCE DEC 1     34.8                      38.2   -3.4     33.0
  SINCE JUL 1     36.6                      50.8  -14.2     38.3
  SNOW DEPTH       0

DEGREE DAYS
 HEATING
  YESTERDAY       28                               -7
  MONTH TO DATE  938                               35
  SINCE DEC 1   3106                               13
  SINCE JUL 1   5456                             -657

 COOLING
  YESTERDAY        0                                0
  MONTH TO DATE    0                                0
  SINCE DEC 1      0                                0
  SINCE JAN 1      0                                0
..................................................................


WIND (MPH)
  HIGHEST WIND SPEED    24   HIGHEST WIND DIRECTION    SE (140)
  HIGHEST GUST SPEED    29   HIGHEST GUST DIRECTION    SE (140)
  AVERAGE WIND SPEED    14.7




RELATIVE HUMIDITY (PERCENT)
 HIGHEST    96
 LOWEST     60
 AVERAGE    78

..........................................................


THE COLD BAY CLIMATE NORMALS FOR TODAY
                         NORMAL    RECORD    YEAR
 MAXIMUM TEMPERATURE (F)   34        46      1997
                                             1955
 MINIMUM TEMPERATURE (F)   25         1      2008


SUNRISE AND SUNSET
FEBRUARY 26 2017......SUNRISE   847 AM AKST  SUNSET   721 PM AKST
FEBRUARY 27 2017......SUNRISE   845 AM AKST  SUNSET   723 PM AKST


-  INDICATES NEGATIVE NUMBERS.
R  INDICATES RECORD WAS SET OR TIED.
MM INDICATES DATA IS MISSING.
T  INDICATES TRACE AMOUNT.




$$
