000
CDAK48 PAFC 270042
CLIANC

CLIMATE REPORT
NATIONAL WEATHER SERVICE ANCHORAGE, AK
441 PM AKDT TUE JUL 26 2016


...................................

...THE ANCHORAGE AK CLIMATE SUMMARY FOR JULY 26 2016...
VALID TODAY AS OF 0400 PM LOCAL TIME.

CLIMATE NORMAL PERIOD 1981 TO 2010
CLIMATE RECORD PERIOD 1952 TO 2016


WEATHER ITEM   OBSERVED TIME   RECORD YEAR NORMAL DEPARTURE LAST
                VALUE   (LST)  VALUE       VALUE  FROM      YEAR
                                                  NORMAL
..................................................................
TEMPERATURE (F)
 TODAY
  MAXIMUM         65        MM  76    1987  66     -1       63
                                      1965
  MINIMUM         55        MM  43    1956  53      2       55
  AVERAGE         60                        59      1       59

PRECIPITATION (IN)
  TODAY            T             0.78 2010   0.07  -0.07     0.40
  MONTH TO DATE    2.24                      1.46   0.78     2.04
  SINCE JUN 1      3.95                      2.43   1.52     2.97
  SINCE JAN 1      6.11                      5.67   0.44     6.03

SNOWFALL (IN)
  TODAY            0.0           0.0    MM   0.0    0.0      0.0
  MONTH TO DATE    0.0                       0.0    0.0      0.0
  SINCE JUN 1      0.0                       0.0    0.0      0.0
  SINCE JUL 1      0.0                       0.0    0.0      0.0
  SNOW DEPTH       0

DEGREE DAYS
 HEATING
  TODAY            5                         6     -1        6
  MONTH TO DATE   64                       165   -101       81
  SINCE JUN 1    236                       458   -222      254
  SINCE JUL 1     64                       165   -101       81

 COOLING
  TODAY            0                         0      0        0
  MONTH TO DATE   13                         0     13       10
  SINCE JUN 1     13                         0     13       26
  SINCE JAN 1     13                         0     13       26
..................................................................


WIND (MPH)
  RESULTANT WIND SPEED   1   RESULTANT WIND DIRECTION  SE (140)
  HIGHEST WIND SPEED     8   HIGHEST WIND DIRECTION    SE (150)
  HIGHEST GUST SPEED    MM   HIGHEST GUST DIRECTION    MM
  AVERAGE WIND SPEED     2.4


SKY COVER
  POSSIBLE SUNSHINE  MM
  AVERAGE SKY COVER 0.9


WEATHER CONDITIONS
 THE FOLLOWING WEATHER WAS RECORDED TODAY.
  LIGHT RAIN


RELATIVE HUMIDITY (PERCENT)
 HIGHEST    93           300 AM
 LOWEST     67          1100 AM
 AVERAGE    80

..........................................................


THE ANCHORAGE AK CLIMATE NORMALS FOR TOMORROW
                         NORMAL    RECORD    YEAR
 MAXIMUM TEMPERATURE (F)   66        79      1987
 MINIMUM TEMPERATURE (F)   53        43      1957
                                             1956


SUNRISE AND SUNSET
JULY 26 2016..........SUNRISE   519 AM AKDT  SUNSET  1052 PM AKDT
JULY 27 2016..........SUNRISE   522 AM AKDT  SUNSET  1049 PM AKDT

CIVIL TWILIGHT
JULY 26 2016            START   408 AM AKDT     END  1203 AM AKDT
JULY 27 2016            START   411 AM AKDT     END  1159 PM AKDT



-  INDICATES NEGATIVE NUMBERS.
R  INDICATES RECORD WAS SET OR TIED.
MM INDICATES DATA IS MISSING.
T  INDICATES TRACE AMOUNT.




$$
&&
------------------------------------------------------
AMOUNT OF DAYLIGHT TODAY  (HOUR:MIN)........17:33
GAIN/LOSS SINCE YESTERDAY (HOUR:MIN:SEC)....-0:04:57
