000
CDUS43 KAPX 260546
CLIANJ


CLIMATE REPORT
NATIONAL WEATHER SERVICE GAYLORD MI
1245 AM EST MON JAN 26 2015


...................................

...THE SAULT STE MARIE MI CLIMATE SUMMARY FOR JANUARY 25 2015...

CLIMATE NORMAL PERIOD 1981 TO 2010
CLIMATE RECORD PERIOD 1888 TO 2015


WEATHER ITEM   OBSERVED TIME   RECORD YEAR NORMAL DEPARTURE LAST
                VALUE   (LST)  VALUE       VALUE  FROM      YEAR
                                                  NORMAL
..................................................................
TEMPERATURE (F)
 YESTERDAY
  MAXIMUM         12    138 PM  42    2002  23    -11       19
  MINIMUM        -12    819 AM -25    1939   7    -19       -4
  AVERAGE          0                        15    -15        8

PRECIPITATION (IN)
  YESTERDAY        0.00          1.11 1972   0.06  -0.06     0.23
  MONTH TO DATE    1.86                      1.81   0.05     1.95
  SINCE DEC 1      5.20                      4.60   0.60     4.75
  SINCE JAN 1      1.86                      1.81   0.05     1.95

SNOWFALL (IN)
  YESTERDAY        0.0          12.2  1972   1.0   -1.0      3.6
  MONTH TO DATE   24.4                      25.8   -1.4     26.9
  SINCE OCT 1    125.6                      76.0   49.6     81.6
  SINCE JUL 1    125.6                      76.0   49.6     81.6
  SNOW DEPTH      21

DEGREE DAYS
 HEATING
  YESTERDAY       65                        50     15       57
  MONTH TO DATE 1332                      1238     94     1355
  SINCE DEC 1   2561                      2565     -4     2977
  SINCE JUL 1   4723                      4497    226     4870
..................................................................


WIND (MPH)
  HIGHEST WIND SPEED    12   HIGHEST WIND DIRECTION     N (360)
  HIGHEST GUST SPEED    16   HIGHEST GUST DIRECTION     N (360)
  AVERAGE WIND SPEED     3.2




RELATIVE HUMIDITY (PERCENT)
 HIGHEST    82
 LOWEST     50
 AVERAGE    66

..........................................................


THE SAULT STE MARIE MI CLIMATE NORMALS FOR TODAY
                         NORMAL    RECORD    YEAR
 MAXIMUM TEMPERATURE (F)   23        43      1944
 MINIMUM TEMPERATURE (F)    7       -32      1927


SUNRISE AND SUNSET
JANUARY 26 2015.......SUNRISE   808 AM EST   SUNSET   532 PM EST
JANUARY 27 2015.......SUNRISE   807 AM EST   SUNSET   534 PM EST


-  INDICATES NEGATIVE NUMBERS.
R  INDICATES RECORD WAS SET OR TIED.
MM INDICATES DATA IS MISSING.
T  INDICATES TRACE AMOUNT.




$$
