000
CDUS43 KAPX 230537
CLIANJ


CLIMATE REPORT
NATIONAL WEATHER SERVICE GAYLORD MI
136 AM EDT SAT MAY 23 2015


...................................

...THE SAULT STE MARIE MI CLIMATE SUMMARY FOR MAY 22 2015...

CLIMATE NORMAL PERIOD 1981 TO 2010
CLIMATE RECORD PERIOD 1888 TO 2015


WEATHER ITEM   OBSERVED TIME   RECORD YEAR NORMAL DEPARTURE LAST
                VALUE   (LST)  VALUE       VALUE  FROM      YEAR
                                                  NORMAL
..................................................................
TEMPERATURE (F)
 YESTERDAY
  MAXIMUM         48    533 PM  86    1992  65    -17       47
  MINIMUM         32   1159 PM  27    1967  42    -10       38
  AVERAGE         40                        54    -14       43

PRECIPITATION (IN)
  YESTERDAY        0.00          1.02 1912   0.08  -0.08      T
  MONTH TO DATE    1.02                      1.77  -0.75     2.77
  SINCE MAR 1      4.18                      6.11  -1.93     8.68
  SINCE JAN 1      7.55                      9.64  -2.09    12.04

DEGREE DAYS
 HEATING
  YESTERDAY       25                        12     13       22
  MONTH TO DATE  291                       320    -29      416
  SINCE MAR 1   2414                      2263    151     2800
  SINCE JUL 1   9193                      8389    804     9580

 COOLING
  YESTERDAY        0                         0      0        0
  MONTH TO DATE    0                         0      0        0
  SINCE MAR 1      0                         0      0        0
  SINCE JAN 1      0                         0      0        0
..................................................................


WIND (MPH)
  HIGHEST WIND SPEED    18   HIGHEST WIND DIRECTION    NW (310)
  HIGHEST GUST SPEED    25   HIGHEST GUST DIRECTION    NW (310)
  AVERAGE WIND SPEED     8.2




RELATIVE HUMIDITY (PERCENT)
 HIGHEST    69
 LOWEST     37
 AVERAGE    53

..........................................................


THE SAULT STE MARIE MI CLIMATE NORMALS FOR TODAY
                         NORMAL    RECORD    YEAR
 MAXIMUM TEMPERATURE (F)   65        89      1975
 MINIMUM TEMPERATURE (F)   43        28      1963
                                             1956


SUNRISE AND SUNSET
MAY 23 2015...........SUNRISE   555 AM EDT   SUNSET   913 PM EDT
MAY 24 2015...........SUNRISE   555 AM EDT   SUNSET   915 PM EDT


-  INDICATES NEGATIVE NUMBERS.
R  INDICATES RECORD WAS SET OR TIED.
MM INDICATES DATA IS MISSING.
T  INDICATES TRACE AMOUNT.




$$
