000
CDUS43 KAPX 280539
CLIANJ


CLIMATE REPORT
NATIONAL WEATHER SERVICE GAYLORD MI
1238 AM EST SUN DEC 28 2014


...................................

...THE SAULT STE MARIE MI CLIMATE SUMMARY FOR DECEMBER 27 2014...

CLIMATE NORMAL PERIOD 1981 TO 2010
CLIMATE RECORD PERIOD 1888 TO 2014


WEATHER ITEM   OBSERVED TIME   RECORD YEAR NORMAL DEPARTURE LAST
                VALUE   (LST)  VALUE       VALUE  FROM      YEAR
                                                  NORMAL
..................................................................
TEMPERATURE (F)
 YESTERDAY
  MAXIMUM         35    105 PM  44    2008  25     10       30
                                      1994
                                      1936
  MINIMUM         30   1052 PM -20    1977  11     19        5
  AVERAGE         33                        18     15       18

PRECIPITATION (IN)
  YESTERDAY        0.47          0.64 2008   0.08   0.39      T
  MONTH TO DATE    2.72                      2.48   0.24     2.37
  SINCE DEC 1      2.72                      2.48   0.24     2.37
  SINCE JAN 1     39.90                     32.64   7.26    48.35

SNOWFALL (IN)
  YESTERDAY        0.6           6.5  1938   1.1   -0.5       T
  MONTH TO DATE   22.4                      29.1   -6.7     27.4
  SINCE OCT 1     87.8                      45.8   42.0     49.1
  SINCE JUL 1     87.8                      45.8   42.0     49.1
  SNOW DEPTH       8

DEGREE DAYS
 HEATING
  YESTERDAY       32                        47    -15       47
  MONTH TO DATE 1030                      1138   -108     1397
  SINCE DEC 1   1030                      1138   -108     1397
  SINCE JUL 1   3192                      3070    122     3290
..................................................................


WIND (MPH)
  HIGHEST WIND SPEED    24   HIGHEST WIND DIRECTION    NW (310)
  HIGHEST GUST SPEED    35   HIGHEST GUST DIRECTION    NW (310)
  AVERAGE WIND SPEED     7.3




RELATIVE HUMIDITY (PERCENT)
 HIGHEST   100
 LOWEST     69
 AVERAGE    85

..........................................................


THE SAULT STE MARIE MI CLIMATE NORMALS FOR TODAY
                         NORMAL    RECORD    YEAR
 MAXIMUM TEMPERATURE (F)   25        45      1982
 MINIMUM TEMPERATURE (F)   11       -19      1933
                                             1917
                                             1894


SUNRISE AND SUNSET
DECEMBER 28 2014......SUNRISE   821 AM EST   SUNSET   457 PM EST
DECEMBER 29 2014......SUNRISE   821 AM EST   SUNSET   458 PM EST


-  INDICATES NEGATIVE NUMBERS.
R  INDICATES RECORD WAS SET OR TIED.
MM INDICATES DATA IS MISSING.
T  INDICATES TRACE AMOUNT.




$$
