000
CDUS43 KAPX 240529
CLIANJ


CLIMATE REPORT
NATIONAL WEATHER SERVICE GAYLORD MI
128 AM EDT MON JUL 24 2017


...................................

...THE SAULT STE MARIE MI CLIMATE SUMMARY FOR JULY 23 2017...

CLIMATE NORMAL PERIOD 1981 TO 2010
CLIMATE RECORD PERIOD 1888 TO 2017


WEATHER ITEM   OBSERVED TIME   RECORD YEAR NORMAL DEPARTURE LAST
                VALUE   (LST)  VALUE       VALUE  FROM      YEAR
                                                  NORMAL
..................................................................
TEMPERATURE (F)
 YESTERDAY
  MAXIMUM         67    320 AM  92    1989  77    -10       87
  MINIMUM         57   1128 PM  39    1981  55      2       61
  AVERAGE         62                        66     -4       74

PRECIPITATION (IN)
  YESTERDAY        1.69R         1.13 1918   0.10   1.59     0.00
  MONTH TO DATE    3.89                      2.05   1.84     2.72
  SINCE JUN 1      7.61                      4.75   2.86     4.60
  SINCE JAN 1     21.05                     15.19   5.86    15.15

DEGREE DAYS
 HEATING
  YESTERDAY        3                         2      1        0
  MONTH TO DATE   29                        56    -27       23
  SINCE JUN 1    141                       236    -95      186
  SINCE JUL 1     29                        56    -27       23

 COOLING
  YESTERDAY        0                         3     -3        9
  MONTH TO DATE   44                        60    -16       90
  SINCE JUN 1     62                        90    -28      126
  SINCE JAN 1     63                        95    -32      137
..................................................................


WIND (MPH)
  HIGHEST WIND SPEED    14   HIGHEST WIND DIRECTION    NE (60)
  HIGHEST GUST SPEED    22   HIGHEST GUST DIRECTION    NE (50)
  AVERAGE WIND SPEED     7.1




RELATIVE HUMIDITY (PERCENT)
 HIGHEST    93
 LOWEST     63
 AVERAGE    78

..........................................................


THE SAULT STE MARIE MI CLIMATE NORMALS FOR TODAY
                         NORMAL    RECORD    YEAR
 MAXIMUM TEMPERATURE (F)   77        92      1941
 MINIMUM TEMPERATURE (F)   55        42      1992


SUNRISE AND SUNSET
JULY 24 2017..........SUNRISE   609 AM EDT   SUNSET   918 PM EDT
JULY 25 2017..........SUNRISE   610 AM EDT   SUNSET   917 PM EDT


-  INDICATES NEGATIVE NUMBERS.
R  INDICATES RECORD WAS SET OR TIED.
MM INDICATES DATA IS MISSING.
T  INDICATES TRACE AMOUNT.




$$
