000
CDUS43 KAPX 290530
CLIANJ


CLIMATE REPORT
NATIONAL WEATHER SERVICE GAYLORD MI
129 AM EDT MON MAY 29 2017


...................................

...THE SAULT STE MARIE MI CLIMATE SUMMARY FOR MAY 28 2017...

CLIMATE NORMAL PERIOD 1981 TO 2010
CLIMATE RECORD PERIOD 1888 TO 2017


WEATHER ITEM   OBSERVED TIME   RECORD YEAR NORMAL DEPARTURE LAST
                VALUE   (LST)  VALUE       VALUE  FROM      YEAR
                                                  NORMAL
..................................................................
TEMPERATURE (F)
 YESTERDAY
  MAXIMUM         63   1154 AM  89    1919  66     -3       76
  MINIMUM         54   1159 PM  30    1970  44     10       60
                                      1907
  AVERAGE         59                        55      4       68

PRECIPITATION (IN)
  YESTERDAY        0.10          2.40 1896   0.09   0.01     0.63
  MONTH TO DATE    2.71                      2.30   0.41     1.71
  SINCE MAR 1      7.33                      6.64   0.69     6.79
  SINCE JAN 1     13.29                     10.17   3.12    10.50

DEGREE DAYS
 HEATING
  YESTERDAY        6                        10     -4        0
  MONTH TO DATE  373                       384    -11      339
  SINCE MAR 1   2223                      2327   -104     2193
  SINCE JUL 1   7097                      8453  -1356     7334

 COOLING
  YESTERDAY        0                         0      0        3
  MONTH TO DATE    1                         0      1        6
  SINCE MAR 1      1                         0      1        6
  SINCE JAN 1      1                         0      1        6
..................................................................


WIND (MPH)
  HIGHEST WIND SPEED    10   HIGHEST WIND DIRECTION    SE (120)
  HIGHEST GUST SPEED    16   HIGHEST GUST DIRECTION    SE (120)
  AVERAGE WIND SPEED     5.7




RELATIVE HUMIDITY (PERCENT)
 HIGHEST    93
 LOWEST     72
 AVERAGE    83

..........................................................


THE SAULT STE MARIE MI CLIMATE NORMALS FOR TODAY
                         NORMAL    RECORD    YEAR
 MAXIMUM TEMPERATURE (F)   67        89      2006
                                             1895
 MINIMUM TEMPERATURE (F)   44        30      1958


SUNRISE AND SUNSET
MAY 29 2017...........SUNRISE   550 AM EDT   SUNSET   920 PM EDT
MAY 30 2017...........SUNRISE   549 AM EDT   SUNSET   921 PM EDT


-  INDICATES NEGATIVE NUMBERS.
R  INDICATES RECORD WAS SET OR TIED.
MM INDICATES DATA IS MISSING.
T  INDICATES TRACE AMOUNT.




$$
