000
CDAK47 PANT 010901
CLIANN

CLIMATE REPORT
NATIONAL WEATHER SERVICE ANNETTE, AK
1201 AM AKST SUN FEB 1 2015

...................................
...THE ANNETTE WSO AP CLIMATE SUMMARY FOR JANUARY 31 2015...

CLIMATE NORMAL PERIOD  1981 TO  2010
CLIMATE RECORD PERIOD  1948 TO  2015

WEATHER ITEM   OBSERVED TIME    RECORD YEAR NORMAL DEPARTURE LAST
               VALUE    (LST)   VALUE       VALUE  FROM      YEAR
                                                   NORMAL
...................................................................
TEMPERATURE
YESTERDAY
 MAXIMUM            45  0753 PM    57  1998     42       3     37
 MINIMUM            30  0302 AM     7  1989     33      -3     21
 AVERAGE            38                          37       1     29

PRECIPITATION
(INCHES)
 YESTERDAY        0.00           2.30  1976   0.32   -0.32   0.00
 MONTH TO DATE   14.71                       10.73    3.98   8.13
 SINCE DEC 1     27.67                       21.45    6.22  26.51
 SINCE JAN 1     14.71                       10.73    3.98   8.13

SNOWFALL
(INCHES)
 YESTERDAY         0.0            2.4  1999    0.2    -0.2    0.0
 MONTH TO DATE     3.3                         7.6    -4.3    1.0
 SINCE DEC 1       3.7                        15.7   -12.0    4.4
 SINCE JUL 1       7.9                        19.3   -11.4   10.1
 SNOW DEPTH (IN)     0                                          0

DEGREE DAYS
 HEATING
  YESTERDAY         27                          28      -1     36
  MONTH TO DATE    703                         868    -165    817
  SINCE DEC 1     1419                        1729    -310   1716
  SINCE JUL 1     3424                        3779    -355   3530

 COOLING
  YESTERDAY          0                           0       0      0
  MONTH TO DATE      0                           0       0      0
  SINCE DEC 1        0                           0       0      0
  SINCE JAN 1        0                           0       0      0
...................................................................

WIND (MPH)
 HIGHEST WIND SPEED    10     HIGHEST WIND DIRECTION    320
 HIGHEST GUST SPEED    13     HIGHEST GUST DIRECTION     70
 AVERAGE WIND SPEED   4.2

SKY COVER
  POSSIBLE SUNSHINE    MM          AVERAGE SKY COVER     MM

WEATHER CONDITIONS
 THE FOLLOWING WEATHER WAS RECORDED YESTERDAY.
  NO SIGNIFICANT WEATHER WAS OBSERVED.

RELATIVE HUMIDITY
 HIGHEST RH     MM PERCENT       MM
 LOWEST  RH     MM PERCENT       MM
 AVERAGE RH     MM PERCENT       MM
...................................................................

THE ANNETTE CLIMATE NORMALS FOR TODAY
                           NORMAL    RECORD   YEAR
 MAXIMUM TEMPERATURE (F)     42        56     1998
 MINIMUM TEMPERATURE (F)     33         0     1995

SUNRISE AND SUNSET
 FEB 1 2015..........SUNRISE  7:38 AM      SUNSET  4:24 PM
 FEB 2 2015..........SUNRISE  7:36 AM      SUNSET  4:26 PM

-  INDICATES NEGATIVE NUMBERS.
R  INDICATES RECORD HAS BEEN SET OR TIED.
MM INDICATES DATA IS MISSING.
T  INDICATES TRACE OF PRECIPITATION.

&&
-------------------------------------------------------------------

AMOUNT OF DAYLIGHT TODAY  (HOUR:MIN)........8 HOURS 46 MINUTES
GAIN/LOSS SINCE YESTERDAY (HOUR:MIN:SEC)....+0:03:52

$$
JZ FEB 15
