000
CDAK47 PAJK 231235
CLIANN
CLIMATE REPORT
NATIONAL WEATHER SERVICE JUNEAU, AK
334 AM AKST THU NOV 23 2017


...................................

...THE ANNETTE ISLAND CLIMATE SUMMARY FOR NOVEMBER 22 2017...

CLIMATE NORMAL PERIOD 1981 TO 2010
CLIMATE RECORD PERIOD 1941 TO 2017


WEATHER ITEM   OBSERVED RECORD YEAR NORMAL DEPARTURE LAST
                VALUE   VALUE       VALUE  FROM      YEAR
                                           NORMAL
...........................................................
TEMPERATURE (F)
 YESTERDAY
  MAXIMUM         45     57    1949  44      1       45
  MINIMUM         39     11    1996  34      5       41
                               1985
  AVERAGE         42                 39      3       43

PRECIPITATION (IN)
  YESTERDAY        0.80   2.62 1957   0.38   0.42     0.41
  MONTH TO DATE    4.31               9.23  -4.92     7.82
  SINCE JAN 1     84.80              87.85  -3.05    84.19

SNOWFALL (IN)
  YESTERDAY        0.0    3.1  1963   0.2   -0.2      0.0
  MONTH TO DATE    0.0                2.2   -2.2      0.0
  SINCE JUL 1      0.0                2.3   -2.3      0.0
  SNOW DEPTH       0

DEGREE DAYS
 HEATING
  YESTERDAY       23                 26     -3       22
  MONTH TO DATE  579                537     42      401
...........................................................


WIND (MPH)
  HIGHEST WIND SPEED     8   HIGHEST WIND DIRECTION     S (190)
  HIGHEST GUST SPEED    MM   HIGHEST GUST DIRECTION    MM
  AVERAGE WIND SPEED     4.2


SKY COVER
  AVERAGE SKY COVER 1.0


WEATHER CONDITIONS
 THE FOLLOWING WEATHER WAS RECORDED YESTERDAY.
  RAIN
  LIGHT RAIN
  FOG


..........................................................


THE ANNETTE ISLAND CLIMATE NORMALS FOR TODAY
                         NORMAL    RECORD    YEAR
 MAXIMUM TEMPERATURE (F)   43        53      2005
                                             2002
                                             1995
 MINIMUM TEMPERATURE (F)   34        14      1985


SUNRISE AND SUNSET
NOVEMBER 23 2017......SUNRISE   734 AM AKST  SUNSET   331 PM AKST
NOVEMBER 24 2017......SUNRISE   736 AM AKST  SUNSET   329 PM AKST


-  INDICATES NEGATIVE NUMBERS.
R  INDICATES RECORD WAS SET OR TIED.
MM INDICATES DATA IS MISSING.
T  INDICATES TRACE AMOUNT.




$$
--------------------------------------------------------------

AMOUNT OF DAYLIGHT TODAY (HOUR:MIN)......... 7 HOURS 56 MINUTES
GAIN/LOSS SINCE YESTERDAY (HOUR:MIN:SEC).... -0:03:05

$$
