000
CDAK47 PANT 020930
CLIANN

CLIMATE REPORT
NATIONAL WEATHER SERVICE ANNETTE, AK
130 AM AKDT THU OCT 2 2014

...................................
...THE ANNETTE WSO AP CLIMATE SUMMARY FOR OCTOBER 1 2014...

CLIMATE NORMAL PERIOD  1981 TO  2010
CLIMATE RECORD PERIOD  1948 TO  2014

WEATHER ITEM   OBSERVED TIME    RECORD YEAR NORMAL DEPARTURE LAST
               VALUE    (LST)   VALUE       VALUE  FROM      YEAR
                                                   NORMAL
...................................................................
TEMPERATURE
YESTERDAY
 MAXIMUM            58  0137 PM    67  2003     56       2     50
 MINIMUM            39  1159 PM    32  1996     46      -7     46
 AVERAGE            49                          51      -2     48

PRECIPITATION
(INCHES)
 YESTERDAY           T           2.24  1995   0.39   -0.39   0.10
 MONTH TO DATE       T                        0.39   -0.39   0.10
 SINCE SEP 1      9.68                       10.18   -0.50   7.61
 SINCE JAN 1     71.76                       65.09    6.67  59.21

SNOWFALL
(INCHES)
 YESTERDAY         0.0              T  1993    0.0     0.0    0.0
 MONTH TO DATE     0.0                         0.0     0.0    0.0
 SINCE SEP 1       0.0                         0.0     0.0    0.0
 SINCE JUL 1       0.0                         0.0     0.0    0.0
 SNOW DEPTH (IN)     0                                          0

DEGREE DAYS
 HEATING
  YESTERDAY         16                          14       2     17
  MONTH TO DATE     16                          14       2     17
  SINCE SEP 1      247                         348    -101    277
  SINCE JUL 1      816                         749      67    579

 COOLING
  YESTERDAY          0                           0       0      0
  MONTH TO DATE      0                           0       0      0
  SINCE SEP 1        0                           0       0      0
  SINCE JAN 1       MM                           0      MM     22
...................................................................

WIND (MPH)
 HIGHEST WIND SPEED    12     HIGHEST WIND DIRECTION    330
 HIGHEST GUST SPEED    15     HIGHEST GUST DIRECTION    330
 AVERAGE WIND SPEED   3.1

SKY COVER
  POSSIBLE SUNSHINE    MM          AVERAGE SKY COVER     MM

WEATHER CONDITIONS
 THE FOLLOWING WEATHER WAS RECORDED YESTERDAY.
  RAIN


RELATIVE HUMIDITY
 HIGHEST RH     MM PERCENT       MM
 LOWEST  RH     MM PERCENT       MM
 AVERAGE RH     MM PERCENT       MM
...................................................................

THE ANNETTE CLIMATE NORMALS FOR TODAY
                           NORMAL    RECORD   YEAR
 MAXIMUM TEMPERATURE (F)     55        68     2008
 MINIMUM TEMPERATURE (F)     45        34     2006

SUNRISE AND SUNSET
 OCT 2 2014..........SUNRISE  6:51 AM      SUNSET  6:19 PM
 OCT 3 2014..........SUNRISE  6:53 AM      SUNSET  6:17 PM

-  INDICATES NEGATIVE NUMBERS.
R  INDICATES RECORD HAS BEEN SET OR TIED.
MM INDICATES DATA IS MISSING.
T  INDICATES TRACE OF PRECIPITATION.

&&
-------------------------------------------------------------------

AMOUNT OF DAYLIGHT TODAY  (HOUR:MIN)........11 HOURS 28 MINUTES
GAIN/LOSS SINCE YESTERDAY (HOUR:MIN:SEC)....-0:04:26

$$
JH OCT 14
