000
CDAK47 PANT 260932
CLIANN

CLIMATE REPORT
NATIONAL WEATHER SERVICE ANNETTE, AK
1232 AM AKST FRI DEC 26 2014

...................................
...THE ANNETTE WSO AP CLIMATE SUMMARY FOR DECEMBER 25 2014...

CLIMATE NORMAL PERIOD  1981 TO  2010
CLIMATE RECORD PERIOD  1948 TO  2014

WEATHER ITEM   OBSERVED TIME    RECORD YEAR NORMAL DEPARTURE LAST
               VALUE    (LST)   VALUE       VALUE  FROM      YEAR
                                                   NORMAL
...................................................................
TEMPERATURE
YESTERDAY
 MAXIMUM            44  0144 PM    55  2009     41       3     43
 MINIMUM            34  1137 PM    10  1955     33       1     41
 AVERAGE            39                          37       2     42

PRECIPITATION
(INCHES)
 YESTERDAY        0.19           1.69  2013   0.33   -0.14   1.69
 MONTH TO DATE   11.85                        8.72    3.13  14.75
 SINCE DEC 1     11.85                        8.72    3.13  14.75
 SINCE JAN 1    107.83                       99.63    8.20  95.96

SNOWFALL
(INCHES)
 YESTERDAY         0.0            8.8  1951    0.3    -0.3    0.0
 MONTH TO DATE     0.4                         6.2    -5.8    3.4
 SINCE DEC 1       0.4                         6.2    -5.8    3.4
 SINCE JUL 1       4.6                         9.8    -5.2    9.1
 SNOW DEPTH (IN)     0                                          0

DEGREE DAYS
 HEATING
  YESTERDAY         26                          28      -2     23
  MONTH TO DATE    546                         693    -147    747
  SINCE DEC 1      546                         693    -147    747
  SINCE JUL 1     2551                        2743    -192   2561

 COOLING
  YESTERDAY          0                           0       0      0
  MONTH TO DATE      0                           0       0      0
  SINCE DEC 1        0                           0       0      0
  SINCE JAN 1       MM                           0      MM     22
...................................................................

WIND (MPH)
 HIGHEST WIND SPEED    12     HIGHEST WIND DIRECTION    130
 HIGHEST GUST SPEED    19     HIGHEST GUST DIRECTION    180
 AVERAGE WIND SPEED   2.2

WEATHER CONDITIONS
 THE FOLLOWING WEATHER WAS RECORDED YESTERDAY.
  FOG
RAIN
...................................................................

THE ANNETTE CLIMATE NORMALS FOR TODAY
                           NORMAL    RECORD   YEAR
 MAXIMUM TEMPERATURE (F)     41        53     2009
 MINIMUM TEMPERATURE (F)     32         9     1955

SUNRISE AND SUNSET
 DEC 26 2014..........SUNRISE  8:12 AM      SUNSET  3:23 PM
 DEC 27 2014..........SUNRISE  8:12 AM      SUNSET  3:24 PM

-  INDICATES NEGATIVE NUMBERS.
R  INDICATES RECORD HAS BEEN SET OR TIED.
MM INDICATES DATA IS MISSING.
T  INDICATES TRACE OF PRECIPITATION.

&&
-------------------------------------------------------------------

AMOUNT OF DAYLIGHT TODAY  (HOUR:MIN)........7 HOURS 11 MINUTES
GAIN SINCE YESTERDAY (HOUR:MIN:SEC)....+0:00:34

$$
