000
CDUS41 KCTP 260619
CLIAOO


CLIMATE REPORT
NATIONAL WEATHER SERVICE STATE COLLEGE PA
119 AM EST SUN FEB 26 2017


...................................

...THE ALTOONA CLIMATE SUMMARY FOR FEBRUARY 25 2017...

CLIMATE NORMAL PERIOD 1981 TO 2010
CLIMATE RECORD PERIOD 1948 TO 2017


WEATHER ITEM   OBSERVED TIME   RECORD YEAR NORMAL DEPARTURE LAST
                VALUE   (LST)  VALUE       VALUE  FROM      YEAR
                                                  NORMAL
..................................................................
TEMPERATURE (F)
 YESTERDAY
  MAXIMUM         62    229 AM  70    2000  40     22       45
  MINIMUM         31   1159 PM   2    1964  23      8       27
  AVERAGE         47                        31     16       36

PRECIPITATION (IN)
  YESTERDAY        0.26          0.91 1961   0.08   0.18     0.04
  MONTH TO DATE    1.41                      1.81  -0.40     2.18
  SINCE DEC 1      6.92                      6.40   0.52     7.56
  SINCE JAN 1      4.60                      3.98   0.62     3.82

DEGREE DAYS
 HEATING
  YESTERDAY       18                        34    -16       29
  MONTH TO DATE  628                       902   -274      867
  SINCE DEC 1   2596                      3149   -553     2722
  SINCE JUL 1   3587                      4455   -868     3715

 COOLING
  YESTERDAY        0                         0      0        0
  MONTH TO DATE    0                         0      0        0
  SINCE DEC 1      0                         0      0        0
  SINCE JAN 1      0                         0      0        0
..................................................................


WIND (MPH)
  HIGHEST WIND SPEED    36   HIGHEST WIND DIRECTION     W (260)
  HIGHEST GUST SPEED    48   HIGHEST GUST DIRECTION     W (260)
  AVERAGE WIND SPEED    15.3


SKY COVER
  POSSIBLE SUNSHINE  MM
  AVERAGE SKY COVER 0.7


WEATHER CONDITIONS
 THE FOLLOWING WEATHER WAS RECORDED YESTERDAY.
  RAIN
  LIGHT RAIN
  FOG


RELATIVE HUMIDITY (PERCENT)
 HIGHEST    86           300 PM
 LOWEST     51           700 PM
 AVERAGE    69

..........................................................


THE ALTOONA CLIMATE NORMALS FOR TODAY
                         NORMAL    RECORD    YEAR
 MAXIMUM TEMPERATURE (F)   40        66      1951
 MINIMUM TEMPERATURE (F)   23        -2      1963


SUNRISE AND SUNSET
FEBRUARY 26 2017......SUNRISE   651 AM EST   SUNSET   602 PM EST
FEBRUARY 27 2017......SUNRISE   649 AM EST   SUNSET   603 PM EST


-  INDICATES NEGATIVE NUMBERS.
R  INDICATES RECORD WAS SET OR TIED.
MM INDICATES DATA IS MISSING.
T  INDICATES TRACE AMOUNT.




$$
