000
CDUS41 KCTP 070627
CLIAOO


CLIMATE REPORT
NATIONAL WEATHER SERVICE STATE COLLEGE PA
127 AM EST SUN FEB 7 2016


...................................

...THE ALTOONA CLIMATE SUMMARY FOR FEBRUARY 6 2016...

CLIMATE NORMAL PERIOD 1981 TO 2010
CLIMATE RECORD PERIOD 1948 TO 2016


WEATHER ITEM   OBSERVED TIME   RECORD YEAR NORMAL DEPARTURE LAST
                VALUE   (LST)  VALUE       VALUE  FROM      YEAR
                                                  NORMAL
..................................................................
TEMPERATURE (F)
 YESTERDAY
  MAXIMUM         43    313 PM  61    2008  35      8       27
  MINIMUM         21    631 AM  -3    2007  20      1        4
  AVERAGE         32                        28      4       16

PRECIPITATION (IN)
  YESTERDAY        0.00          0.81 1955   0.08  -0.08     0.00
  MONTH TO DATE    0.55                      0.44   0.11     0.58
  SINCE DEC 1      5.93                      5.03   0.90     4.04
  SINCE JAN 1      2.19                      2.61  -0.42     2.18

DEGREE DAYS
 HEATING
  YESTERDAY       33                        37     -4       49
  MONTH TO DATE  172                       224    -52      257
  SINCE DEC 1   2027                      2471   -444     2453
  SINCE JUL 1   3020                      3777   -757     3755

 COOLING
  YESTERDAY        0                         0      0        0
  MONTH TO DATE    0                         0      0        0
  SINCE DEC 1      0                         0      0        0
  SINCE JAN 1      0                         0      0        0
..................................................................


WIND (MPH)
  HIGHEST WIND SPEED    20   HIGHEST WIND DIRECTION    SW (230)
  HIGHEST GUST SPEED    24   HIGHEST GUST DIRECTION    SW (230)
  AVERAGE WIND SPEED     6.9


SKY COVER
  POSSIBLE SUNSHINE  MM
  AVERAGE SKY COVER 0.1


WEATHER CONDITIONS
 THE FOLLOWING WEATHER WAS RECORDED YESTERDAY.
  NO SIGNIFICANT WEATHER WAS OBSERVED.


RELATIVE HUMIDITY (PERCENT)
 HIGHEST    74           200 AM
 LOWEST     36           300 PM
 AVERAGE    55

..........................................................


THE ALTOONA CLIMATE NORMALS FOR TODAY
                         NORMAL    RECORD    YEAR
 MAXIMUM TEMPERATURE (F)   36        54      2005
 MINIMUM TEMPERATURE (F)   20         0      1988


SUNRISE AND SUNSET
FEBRUARY  7 2016......SUNRISE   717 AM EST   SUNSET   539 PM EST
FEBRUARY  8 2016......SUNRISE   716 AM EST   SUNSET   540 PM EST


-  INDICATES NEGATIVE NUMBERS.
R  INDICATES RECORD WAS SET OR TIED.
MM INDICATES DATA IS MISSING.
T  INDICATES TRACE AMOUNT.




$$
