000
CDUS41 KCTP 030620
CLIAOO


CLIMATE REPORT
NATIONAL WEATHER SERVICE STATE COLLEGE PA
220 AM EDT TUE MAY 3 2016


...................................

...THE ALTOONA CLIMATE SUMMARY FOR MAY 2 2016...

CLIMATE NORMAL PERIOD 1981 TO 2010
CLIMATE RECORD PERIOD 1948 TO 2016


WEATHER ITEM   OBSERVED TIME   RECORD YEAR NORMAL DEPARTURE LAST
                VALUE   (LST)  VALUE       VALUE  FROM      YEAR
                                                  NORMAL
..................................................................
TEMPERATURE (F)
 YESTERDAY
  MAXIMUM         73    414 PM  87    1954  65      8       71
  MINIMUM         53    523 AM  29    1979  43     10       44
  AVERAGE         63                        54      9       58

PRECIPITATION (IN)
  YESTERDAY        0.03          1.40 1985   0.11  -0.08     0.00
  MONTH TO DATE    0.30                      0.22   0.08     0.01
  SINCE MAR 1      3.21                      6.48  -3.27     5.83
  SINCE JAN 1      7.05                     10.69  -3.64     8.35

DEGREE DAYS
 HEATING
  YESTERDAY        2                        11     -9        7
  MONTH TO DATE   13                        22     -9       14
  SINCE MAR 1   1108                      1370   -262     1371
  SINCE JUL 1   4932                      5926   -994     6164

 COOLING
  YESTERDAY        0                         0      0        0
  MONTH TO DATE    0                         0      0        0
  SINCE MAR 1      0                         6     -6        0
  SINCE JAN 1      0                         6     -6        0
..................................................................


WIND (MPH)
  HIGHEST WIND SPEED    22   HIGHEST WIND DIRECTION     W (270)
  HIGHEST GUST SPEED    27   HIGHEST GUST DIRECTION     W (270)
  AVERAGE WIND SPEED     8.8


SKY COVER
  POSSIBLE SUNSHINE  MM
  AVERAGE SKY COVER 0.9


WEATHER CONDITIONS
 THE FOLLOWING WEATHER WAS RECORDED YESTERDAY.
  LIGHT RAIN
  FOG
  FOG W/VISIBILITY <= 1/4 MILE


RELATIVE HUMIDITY (PERCENT)
 HIGHEST    93          1200 AM
 LOWEST     46           100 PM
 AVERAGE    70

..........................................................


THE ALTOONA CLIMATE NORMALS FOR TODAY
                         NORMAL    RECORD    YEAR
 MAXIMUM TEMPERATURE (F)   66        85      1965
 MINIMUM TEMPERATURE (F)   43        32      1957


SUNRISE AND SUNSET
MAY  3 2016...........SUNRISE   610 AM EDT   SUNSET   811 PM EDT
MAY  4 2016...........SUNRISE   608 AM EDT   SUNSET   812 PM EDT


-  INDICATES NEGATIVE NUMBERS.
R  INDICATES RECORD WAS SET OR TIED.
MM INDICATES DATA IS MISSING.
T  INDICATES TRACE AMOUNT.




$$
