000
CDUS41 KCTP 220622
CLIAOO


CLIMATE REPORT
NATIONAL WEATHER SERVICE STATE COLLEGE PA
221 AM EDT TUE JUL 22 2014


...................................

...THE ALTOONA CLIMATE SUMMARY FOR JULY 21 2014...

CLIMATE NORMAL PERIOD 1981 TO 2010
CLIMATE RECORD PERIOD 1948 TO 2014


WEATHER ITEM   OBSERVED TIME   RECORD YEAR NORMAL DEPARTURE LAST
                VALUE   (LST)  VALUE       VALUE  FROM      YEAR
                                                  NORMAL
..................................................................
TEMPERATURE (F)
 YESTERDAY
  MAXIMUM         81    236 PM 101    2011  82     -1       84
  MINIMUM         65    244 AM  41    1966  60      5       67
  AVERAGE         73                        71      2       76

PRECIPITATION (IN)
  YESTERDAY        T             1.00 1976   0.10  -0.10     0.06
  MONTH TO DATE    2.65                      2.23   0.42     1.43
  SINCE JUN 1      9.42                      5.71   3.71     4.72
  SINCE JAN 1     22.92                     19.89   3.03    15.57

DEGREE DAYS
 HEATING
  YESTERDAY        0                         0      0        0
  MONTH TO DATE    4                         1      3        0
  SINCE JUN 1     19                        59    -40       20
  SINCE JUL 1      4                         1      3        0

 COOLING
  YESTERDAY        8                         6      2       11
  MONTH TO DATE  125                       125      0      233
  SINCE JUN 1    262                       234     28      361
  SINCE JAN 1    309                       267     42      435
..................................................................


WIND (MPH)
  HIGHEST WIND SPEED    10   HIGHEST WIND DIRECTION     S (160)
  HIGHEST GUST SPEED    13   HIGHEST GUST DIRECTION     S (160)
  AVERAGE WIND SPEED     4.9


SKY COVER
  POSSIBLE SUNSHINE  MM
  AVERAGE SKY COVER 0.7


WEATHER CONDITIONS
 THE FOLLOWING WEATHER WAS RECORDED YESTERDAY.
  LIGHT RAIN
  FOG


RELATIVE HUMIDITY (PERCENT)
 HIGHEST    93           200 AM
 LOWEST     67           200 PM
 AVERAGE    80

..........................................................


THE ALTOONA CLIMATE NORMALS FOR TODAY
                         NORMAL    RECORD    YEAR
 MAXIMUM TEMPERATURE (F)   82       103      2011
 MINIMUM TEMPERATURE (F)   60        48      1966


SUNRISE AND SUNSET
JULY 22 2014..........SUNRISE   602 AM EDT   SUNSET   837 PM EDT
JULY 23 2014..........SUNRISE   603 AM EDT   SUNSET   836 PM EDT


-  INDICATES NEGATIVE NUMBERS.
R  INDICATES RECORD WAS SET OR TIED.
MM INDICATES DATA IS MISSING.
T  INDICATES TRACE AMOUNT.




$$
