000
CDUS41 KCTP 012116
CLIAOO


CLIMATE REPORT
NATIONAL WEATHER SERVICE STATE COLLEGE PA
516 PM EDT FRI AUG 1 2014


...................................

...THE ALTOONA CLIMATE SUMMARY FOR AUGUST 1 2014...
VALID TODAY AS OF 0500 PM LOCAL TIME.

CLIMATE NORMAL PERIOD 1981 TO 2010
CLIMATE RECORD PERIOD 1948 TO 2014


WEATHER ITEM   OBSERVED TIME   RECORD YEAR NORMAL DEPARTURE LAST
                VALUE   (LST)  VALUE       VALUE  FROM      YEAR
                                                  NORMAL
..................................................................
TEMPERATURE (F)
 TODAY
  MAXIMUM         79    236 PM  94    1955  81     -2       80
  MINIMUM         55    444 AM  50    1964  60     -5       61
  AVERAGE         67                        71     -4       71

PRECIPITATION (IN)
  TODAY            0.00          1.48 1965   0.10  -0.10     0.00
  MONTH TO DATE    0.00                      0.10  -0.10     0.00
  SINCE JUN 1     10.17                      6.84   3.33     5.40
  SINCE JAN 1     23.67                     21.02   2.65    16.25

DEGREE DAYS
 HEATING
  TODAY            0                         0      0        0
  MONTH TO DATE    0                         0      0        0
  SINCE JUN 1     29                        68    -39       25
  SINCE JUL 1     14                        10      4        5

 COOLING
  TODAY            2                         6     -4        6
  MONTH TO DATE    2                         6     -4        6
  SINCE JUN 1    306                       300      6      394
  SINCE JAN 1    353                       333     20      468
..................................................................


WIND (MPH)
  HIGHEST WIND SPEED    15   HIGHEST WIND DIRECTION     S (170)
  HIGHEST GUST SPEED    20   HIGHEST GUST DIRECTION     S (170)
  AVERAGE WIND SPEED     2.6


SKY COVER
  POSSIBLE SUNSHINE  MM
  AVERAGE SKY COVER 0.2


WEATHER CONDITIONS
 THE FOLLOWING WEATHER WAS RECORDED TODAY.
  THUNDERSTORM
  FOG
  HAZE


RELATIVE HUMIDITY (PERCENT)
 HIGHEST   100           300 AM
 LOWEST     54           400 PM
 AVERAGE    77

..........................................................


THE ALTOONA CLIMATE NORMALS FOR TOMORROW
                         NORMAL    RECORD    YEAR
 MAXIMUM TEMPERATURE (F)   81        97      1955
 MINIMUM TEMPERATURE (F)   60        50      1998


SUNRISE AND SUNSET
AUGUST  1 2014........SUNRISE   611 AM EDT   SUNSET   828 PM EDT
AUGUST  2 2014........SUNRISE   612 AM EDT   SUNSET   827 PM EDT


-  INDICATES NEGATIVE NUMBERS.
R  INDICATES RECORD WAS SET OR TIED.
MM INDICATES DATA IS MISSING.
T  INDICATES TRACE AMOUNT.




$$
