000
CDUS41 KCTP 010622
CLIAOO


CLIMATE REPORT
NATIONAL WEATHER SERVICE STATE COLLEGE PA
222 AM EDT SAT NOV 1 2014


...................................

...THE ALTOONA CLIMATE SUMMARY FOR OCTOBER 31 2014...

CLIMATE NORMAL PERIOD 1981 TO 2010
CLIMATE RECORD PERIOD 1948 TO 2014


WEATHER ITEM   OBSERVED TIME   RECORD YEAR NORMAL DEPARTURE LAST
                VALUE   (LST)  VALUE       VALUE  FROM      YEAR
                                                  NORMAL
..................................................................
TEMPERATURE (F)
 YESTERDAY
  MAXIMUM         47    213 PM  78    1950  56     -9       64
  MINIMUM         41   1037 PM  21    1988  38      3       55
  AVERAGE         44                        47     -3       60

PRECIPITATION (IN)
  YESTERDAY        T             0.86 1989   0.09  -0.09     0.19
  MONTH TO DATE    3.03                      2.60   0.43     3.93
  SINCE SEP 1      3.79                      6.06  -2.27     5.97
  SINCE JAN 1     32.41                     26.98   5.43    24.98

DEGREE DAYS
 HEATING
  YESTERDAY       21                        18      3        5
  MONTH TO DATE  338                       436    -98      338
  SINCE SEP 1    462                       583   -121      486
  SINCE JUL 1    496                       607   -111      507

 COOLING
  YESTERDAY        0                         0      0        0
  MONTH TO DATE    2                         5     -3       32
  SINCE SEP 1     69                        52     17       87
  SINCE JAN 1    521                       522     -1      695
..................................................................


WIND (MPH)
  HIGHEST WIND SPEED     8   HIGHEST WIND DIRECTION    SE (130)
  HIGHEST GUST SPEED    10   HIGHEST GUST DIRECTION    SE (120)
  AVERAGE WIND SPEED     2.4


SKY COVER
  POSSIBLE SUNSHINE  MM
  AVERAGE SKY COVER 1.0


WEATHER CONDITIONS
 THE FOLLOWING WEATHER WAS RECORDED YESTERDAY.
  LIGHT RAIN


RELATIVE HUMIDITY (PERCENT)
 HIGHEST    89          1200 AM
 LOWEST     65           200 PM
 AVERAGE    77

..........................................................


THE ALTOONA CLIMATE NORMALS FOR TODAY
                         NORMAL    RECORD    YEAR
 MAXIMUM TEMPERATURE (F)   56        79      1950
 MINIMUM TEMPERATURE (F)   37        24      1954


SUNRISE AND SUNSET
NOVEMBER  1 2014......SUNRISE   743 AM EDT   SUNSET   610 PM EDT
NOVEMBER  2 2014......SUNRISE   644 AM EST   SUNSET   509 PM EST


-  INDICATES NEGATIVE NUMBERS.
R  INDICATES RECORD WAS SET OR TIED.
MM INDICATES DATA IS MISSING.
T  INDICATES TRACE AMOUNT.




$$
