000
CDUS41 KCTP 180702
CLIAOO


CLIMATE REPORT
NATIONAL WEATHER SERVICE STATE COLLEGE PA
202 AM EST THU DEC 18 2014


...................................

...THE ALTOONA CLIMATE SUMMARY FOR DECEMBER 17 2014...

CLIMATE NORMAL PERIOD 1981 TO 2010
CLIMATE RECORD PERIOD 1948 TO 2014


WEATHER ITEM   OBSERVED TIME   RECORD YEAR NORMAL DEPARTURE LAST
                VALUE   (LST)  VALUE       VALUE  FROM      YEAR
                                                  NORMAL
..................................................................
TEMPERATURE (F)
 YESTERDAY
  MAXIMUM         43   1221 AM  66    1984  37      6       38
  MINIMUM         30   1151 PM  -3    1951  23      7       18
  AVERAGE         37                        30      7       28

PRECIPITATION (IN)
  YESTERDAY        T             0.87 1973   0.07  -0.07      T
  MONTH TO DATE    1.46                      1.46   0.00     1.40
  SINCE DEC 1      1.46                      1.46   0.00     1.40
  SINCE JAN 1     35.45                     31.67   3.78    28.69

DEGREE DAYS
 HEATING
  YESTERDAY       28                        35     -7       37
  MONTH TO DATE  513                       552    -39      548
  SINCE DEC 1    513                       552    -39      548
  SINCE JUL 1   1815                      1862    -47     1858

 COOLING
  YESTERDAY        0                         0      0        0
  MONTH TO DATE    0                         0      0        0
  SINCE DEC 1      0                         0      0        0
  SINCE JAN 1    521                       522     -1      695
..................................................................


WIND (MPH)
  HIGHEST WIND SPEED    23   HIGHEST WIND DIRECTION     W (280)
  HIGHEST GUST SPEED    32   HIGHEST GUST DIRECTION     W (280)
  AVERAGE WIND SPEED    13.7


SKY COVER
  POSSIBLE SUNSHINE  MM
  AVERAGE SKY COVER 1.0


WEATHER CONDITIONS
 THE FOLLOWING WEATHER WAS RECORDED YESTERDAY.
  LIGHT RAIN
  LIGHT SNOW
  FOG


RELATIVE HUMIDITY (PERCENT)
 HIGHEST    93           200 AM
 LOWEST     66           700 PM
 AVERAGE    80

..........................................................


THE ALTOONA CLIMATE NORMALS FOR TODAY
                         NORMAL    RECORD    YEAR
 MAXIMUM TEMPERATURE (F)   37        62      1984
 MINIMUM TEMPERATURE (F)   23         1      1989


SUNRISE AND SUNSET
DECEMBER 18 2014......SUNRISE   731 AM EST   SUNSET   449 PM EST
DECEMBER 19 2014......SUNRISE   731 AM EST   SUNSET   449 PM EST


-  INDICATES NEGATIVE NUMBERS.
R  INDICATES RECORD WAS SET OR TIED.
MM INDICATES DATA IS MISSING.
T  INDICATES TRACE AMOUNT.




$$
