596
CDUS41 KCTP 272125
CLIAOO


CLIMATE REPORT
NATIONAL WEATHER SERVICE STATE COLLEGE PA
524 PM EDT WED JUL 27 2016


...................................

...THE ALTOONA CLIMATE SUMMARY FOR JULY 27 2016...
VALID TODAY AS OF 0500 PM LOCAL TIME.

CLIMATE NORMAL PERIOD 1981 TO 2010
CLIMATE RECORD PERIOD 1948 TO 2016


WEATHER ITEM   OBSERVED TIME   RECORD YEAR NORMAL DEPARTURE LAST
                VALUE   (LST)  VALUE       VALUE  FROM      YEAR
                                                  NORMAL
..................................................................
TEMPERATURE (F)
 TODAY
  MAXIMUM         92    354 PM  93    1955  82     10       85
  MINIMUM         62    430 AM  49    1977  60      2       63
  AVERAGE         77                        71      6       74

PRECIPITATION (IN)
  TODAY            0.00          0.93 1982   0.10  -0.10     0.00
  MONTH TO DATE    0.91                      2.86  -1.95     5.35
  SINCE JUN 1      3.42                      6.34  -2.92    12.96
  SINCE JAN 1     13.40                     20.52  -7.12    22.46

DEGREE DAYS
 HEATING
  TODAY            0                         0      0        0
  MONTH TO DATE    4                         1      3        3
  SINCE JUN 1     27                        59    -32       42
  SINCE JUL 1      4                         1      3        3

 COOLING
  TODAY           12                         6      6        9
  MONTH TO DATE  253                       161     92      148
  SINCE JUN 1    386                       270    116      296
  SINCE JAN 1    437                       303    134      400
..................................................................


WIND (MPH)
  HIGHEST WIND SPEED    14   HIGHEST WIND DIRECTION    NW (320)
  HIGHEST GUST SPEED    19   HIGHEST GUST DIRECTION    NW (310)
  AVERAGE WIND SPEED     2.9


SKY COVER
  POSSIBLE SUNSHINE  MM
  AVERAGE SKY COVER 0.3


WEATHER CONDITIONS
 THE FOLLOWING WEATHER WAS RECORDED TODAY.
  NO SIGNIFICANT WEATHER WAS OBSERVED.


RELATIVE HUMIDITY (PERCENT)
 HIGHEST    84           300 AM
 LOWEST     26           300 PM
 AVERAGE    55

..........................................................


THE ALTOONA CLIMATE NORMALS FOR TOMORROW
                         NORMAL    RECORD    YEAR
 MAXIMUM TEMPERATURE (F)   82        97      1952
 MINIMUM TEMPERATURE (F)   60        48      1962


SUNRISE AND SUNSET
JULY 27 2016..........SUNRISE   607 AM EDT   SUNSET   832 PM EDT
JULY 28 2016..........SUNRISE   608 AM EDT   SUNSET   831 PM EDT


-  INDICATES NEGATIVE NUMBERS.
R  INDICATES RECORD WAS SET OR TIED.
MM INDICATES DATA IS MISSING.
T  INDICATES TRACE AMOUNT.




$$
