000
CDUS41 KCTP 310618
CLIAOO


CLIMATE REPORT
NATIONAL WEATHER SERVICE STATE COLLEGE PA
117 AM EST SAT JAN 31 2015


...................................

...THE ALTOONA CLIMATE SUMMARY FOR JANUARY 30 2015...

CLIMATE NORMAL PERIOD 1981 TO 2010
CLIMATE RECORD PERIOD 1948 TO 2015


WEATHER ITEM   OBSERVED TIME   RECORD YEAR NORMAL DEPARTURE LAST
                VALUE   (LST)  VALUE       VALUE  FROM      YEAR
                                                  NORMAL
..................................................................
TEMPERATURE (F)
 YESTERDAY
  MAXIMUM         30    925 AM  63    2002  35     -5       26
  MINIMUM         12   1008 PM   2    2014  20     -8        2
                                      1966
  AVERAGE         21                        27     -6       14

PRECIPITATION (IN)
  YESTERDAY        0.02          1.04 2013   0.07  -0.05     0.00
  MONTH TO DATE    1.60                      2.09  -0.49     0.84
  SINCE DEC 1      3.46                      4.51  -1.05     3.43
  SINCE JAN 1      1.60                      2.09  -0.49     0.84

DEGREE DAYS
 HEATING
  YESTERDAY       44                        38      6       51
  MONTH TO DATE 1201                      1140     61     1318
  SINCE DEC 1   2155                      2205    -50     2263
  SINCE JUL 1   3457                      3515    -58     3573

 COOLING
  YESTERDAY        0                         0      0        0
  MONTH TO DATE    0                         0      0        0
  SINCE DEC 1      0                         0      0        0
  SINCE JAN 1      0                         0      0        0
..................................................................


WIND (MPH)
  HIGHEST WIND SPEED    30   HIGHEST WIND DIRECTION    NW (300)
  HIGHEST GUST SPEED    40   HIGHEST GUST DIRECTION    NW (310)
  AVERAGE WIND SPEED    17.0


SKY COVER
  POSSIBLE SUNSHINE  MM
  AVERAGE SKY COVER 0.9


WEATHER CONDITIONS
 THE FOLLOWING WEATHER WAS RECORDED YESTERDAY.
  LIGHT SNOW
  FOG
  HAZE


RELATIVE HUMIDITY (PERCENT)
 HIGHEST    85           400 AM
 LOWEST     39          1100 PM
 AVERAGE    62

..........................................................


THE ALTOONA CLIMATE NORMALS FOR TODAY
                         NORMAL    RECORD    YEAR
 MAXIMUM TEMPERATURE (F)   35        60      1974
 MINIMUM TEMPERATURE (F)   20         0      1971


SUNRISE AND SUNSET
JANUARY 31 2015.......SUNRISE   724 AM EST   SUNSET   530 PM EST
FEBRUARY  1 2015......SUNRISE   723 AM EST   SUNSET   532 PM EST


-  INDICATES NEGATIVE NUMBERS.
R  INDICATES RECORD WAS SET OR TIED.
MM INDICATES DATA IS MISSING.
T  INDICATES TRACE AMOUNT.




$$
