000
CDUS41 KCTP 170617
CLIAOO


CLIMATE REPORT
NATIONAL WEATHER SERVICE STATE COLLEGE PA
117 AM EST TUE JAN 17 2017


...................................

...THE ALTOONA CLIMATE SUMMARY FOR JANUARY 16 2017...

CLIMATE NORMAL PERIOD 1981 TO 2010
CLIMATE RECORD PERIOD 1948 TO 2017


WEATHER ITEM   OBSERVED TIME   RECORD YEAR NORMAL DEPARTURE LAST
                VALUE   (LST)  VALUE       VALUE  FROM      YEAR
                                                  NORMAL
..................................................................
TEMPERATURE (F)
 YESTERDAY
  MAXIMUM         37    419 PM  59    1949  34      3       42
  MINIMUM         22    332 AM -12    1994  20      2       31
  AVERAGE         30                        27      3       37

PRECIPITATION (IN)
  YESTERDAY        0.03          0.33 1959   0.07  -0.04     0.12
  MONTH TO DATE    1.50                      1.10   0.40     1.39
  SINCE DEC 1      3.82                      3.52   0.30     5.13
  SINCE JAN 1      1.50                      1.10   0.40     1.39

DEGREE DAYS
 HEATING
  YESTERDAY       35                        38     -3       28
  MONTH TO DATE  550                       608    -58      577
  SINCE DEC 1   1549                      1673   -124     1224
  SINCE JUL 1   2540                      2983   -443     2217

 COOLING
  YESTERDAY        0                         0      0        0
  MONTH TO DATE    0                         0      0        0
  SINCE DEC 1      0                         0      0        0
  SINCE JAN 1      0                         0      0        0
..................................................................


WIND (MPH)
  HIGHEST WIND SPEED     6   HIGHEST WIND DIRECTION     S (170)
  HIGHEST GUST SPEED     7   HIGHEST GUST DIRECTION     S (160)
  AVERAGE WIND SPEED     0.6


SKY COVER
  POSSIBLE SUNSHINE  MM
  AVERAGE SKY COVER 0.8


WEATHER CONDITIONS
 THE FOLLOWING WEATHER WAS RECORDED YESTERDAY.
  LIGHT RAIN
  FOG


RELATIVE HUMIDITY (PERCENT)
 HIGHEST    96           600 PM
 LOWEST     63          1100 AM
 AVERAGE    80

..........................................................


THE ALTOONA CLIMATE NORMALS FOR TODAY
                         NORMAL    RECORD    YEAR
 MAXIMUM TEMPERATURE (F)   34        64      1990
 MINIMUM TEMPERATURE (F)   20       -20      1982


SUNRISE AND SUNSET
JANUARY 17 2017.......SUNRISE   733 AM EST   SUNSET   514 PM EST
JANUARY 18 2017.......SUNRISE   733 AM EST   SUNSET   515 PM EST


-  INDICATES NEGATIVE NUMBERS.
R  INDICATES RECORD WAS SET OR TIED.
MM INDICATES DATA IS MISSING.
T  INDICATES TRACE AMOUNT.




$$
