000
CDUS45 KBOU 010725
CLIAPA


CLIMATE REPORT
NATIONAL WEATHER SERVICE BOULDER, CO
125 AM MDT FRI AUG 1 2014


...................................

...THE CENTENNIAL CO CLIMATE SUMMARY FOR JULY 31 2014...

CLIMATE NORMAL PERIOD 1981 TO 2010
CLIMATE RECORD PERIOD 9999 TO 9999


WEATHER ITEM   OBSERVED RECORD YEAR NORMAL DEPARTURE LAST
                VALUE   VALUE       VALUE  FROM      YEAR
                                           NORMAL
...........................................................
TEMPERATURE (F)
 YESTERDAY
  MAXIMUM         73     MM      MM  86    -13       89
  MINIMUM         56     MM      MM  59     -3       60
  AVERAGE         65                 72     -7       75

PRECIPITATION (IN)
  YESTERDAY        0.03  MM      MM   0.09  -0.06      T
  MONTH TO DATE    3.91               2.04   1.87     0.60
  SINCE JUN 1      5.03               4.16   0.87     1.81
  SINCE JAN 1      9.51              10.74  -1.23     6.57

DEGREE DAYS
 HEATING
  YESTERDAY        0
  MONTH TO DATE    6

 COOLING
  YESTERDAY        0
  MONTH TO DATE  238
...........................................................


WIND (MPH)
  RESULTANT WIND SPEED   2   RESULTANT WIND DIRECTION  SE (120)
  HIGHEST WIND SPEED     9   HIGHEST WIND DIRECTION     S (170)
  HIGHEST GUST SPEED    13   HIGHEST GUST DIRECTION     N (10)


SKY COVER
  POSSIBLE SUNSHINE  MM
  AVERAGE SKY COVER 0.7


WEATHER CONDITIONS
 THE FOLLOWING WEATHER WAS RECORDED YESTERDAY.
  LIGHT RAIN
  FOG


RELATIVE HUMIDITY (PERCENT)
 HIGHEST    93
 LOWEST     44
 AVERAGE    69

..........................................................


THE CENTENNIAL CO CLIMATE NORMALS FOR TODAY
                         NORMAL    RECORD    YEAR
 MAXIMUM TEMPERATURE (F)   86        MM        MM
 MINIMUM TEMPERATURE (F)   59        MM        MM


SUNRISE AND SUNSET
AUGUST  1 2014........SUNRISE   559 AM MDT   SUNSET   812 PM MDT
AUGUST  2 2014........SUNRISE   600 AM MDT   SUNSET   811 PM MDT


-  INDICATES NEGATIVE NUMBERS.
R  INDICATES RECORD WAS SET OR TIED.
MM INDICATES DATA IS MISSING.
T  INDICATES TRACE AMOUNT.




$$
