000
CDUS45 KBOU 310725
CLIAPA


CLIMATE REPORT
NATIONAL WEATHER SERVICE DENVER/BOULDER CO
125 AM MDT TUE MAY 31 2016


...................................

...THE CENTENNIAL CO CLIMATE SUMMARY FOR MAY 30 2016...

CLIMATE NORMAL PERIOD 1981 TO 2010
CLIMATE RECORD PERIOD 9999 TO 9999


WEATHER ITEM   OBSERVED RECORD YEAR NORMAL DEPARTURE LAST
                VALUE   VALUE       VALUE  FROM      YEAR
                                           NORMAL
...........................................................
TEMPERATURE (F)
 YESTERDAY
  MAXIMUM         77     MM      MM  74      3       71
  MINIMUM         45     MM      MM  46     -1       43
  AVERAGE         61                 60      1       57

PRECIPITATION (IN)
  YESTERDAY        T     MM      MM   0.08  -0.08     0.00
  MONTH TO DATE    1.38               2.31  -0.93     4.37
  SINCE MAR 1      4.97               5.57  -0.60     7.91
  SINCE JAN 1      5.45               6.50  -1.05     9.53

DEGREE DAYS
 HEATING
  YESTERDAY        4
  MONTH TO DATE  346

 COOLING
  YESTERDAY        0
  MONTH TO DATE    3
...........................................................


WIND (MPH)
  RESULTANT WIND SPEED   4   RESULTANT WIND DIRECTION   S (200)
  HIGHEST WIND SPEED    49   HIGHEST WIND DIRECTION    NW (330)
  HIGHEST GUST SPEED    64   HIGHEST GUST DIRECTION     N (340)


SKY COVER
  POSSIBLE SUNSHINE  MM
  AVERAGE SKY COVER 0.5


WEATHER CONDITIONS
 THE FOLLOWING WEATHER WAS RECORDED YESTERDAY.
  THUNDERSTORM
  LIGHT RAIN


RELATIVE HUMIDITY (PERCENT)
 HIGHEST    76
 LOWEST     19
 AVERAGE    48

..........................................................


THE CENTENNIAL CO CLIMATE NORMALS FOR TODAY
                         NORMAL    RECORD    YEAR
 MAXIMUM TEMPERATURE (F)   75        MM        MM
 MINIMUM TEMPERATURE (F)   47        MM        MM


SUNRISE AND SUNSET
MAY 31 2016...........SUNRISE   534 AM MDT   SUNSET   821 PM MDT
JUNE  1 2016..........SUNRISE   534 AM MDT   SUNSET   821 PM MDT


-  INDICATES NEGATIVE NUMBERS.
R  INDICATES RECORD WAS SET OR TIED.
MM INDICATES DATA IS MISSING.
T  INDICATES TRACE AMOUNT.




$$
