000
CDUS45 KBOU 270725
CLIAPA


CLIMATE REPORT
NATIONAL WEATHER SERVICE BOULDER, CO
1225 AM MST SAT DEC 27 2014


...................................

...THE CENTENNIAL CO CLIMATE SUMMARY FOR DECEMBER 26 2014...

CLIMATE NORMAL PERIOD 1981 TO 2010
CLIMATE RECORD PERIOD 9999 TO 9999


WEATHER ITEM   OBSERVED RECORD YEAR NORMAL DEPARTURE LAST
                VALUE   VALUE       VALUE  FROM      YEAR
                                           NORMAL
...........................................................
TEMPERATURE (F)
 YESTERDAY
  MAXIMUM         18     MM      MM  43    -25       50
  MINIMUM          7     MM      MM  17    -10       25
  AVERAGE         13                 30    -17       38

PRECIPITATION (IN)
  YESTERDAY        0.01  MM      MM   0.01   0.00     0.00
  MONTH TO DATE    0.47               0.53  -0.06     0.14
  SINCE DEC 1      0.47               0.53  -0.06     0.14
  SINCE JAN 1     16.02              17.27  -1.25    17.43

DEGREE DAYS
 HEATING
  YESTERDAY       52
  MONTH TO DATE  771

 COOLING
  YESTERDAY        0
  MONTH TO DATE    0
...........................................................


WIND (MPH)
  RESULTANT WIND SPEED   5   RESULTANT WIND DIRECTION   N (20)
  HIGHEST WIND SPEED    16   HIGHEST WIND DIRECTION     N (20)
  HIGHEST GUST SPEED    20   HIGHEST GUST DIRECTION     N (20)


SKY COVER
  POSSIBLE SUNSHINE  MM
  AVERAGE SKY COVER 1.0


WEATHER CONDITIONS
 THE FOLLOWING WEATHER WAS RECORDED YESTERDAY.
  SNOW
  LIGHT SNOW
  FOG
  HAZE


RELATIVE HUMIDITY (PERCENT)
 HIGHEST   100
 LOWEST     74
 AVERAGE    87

..........................................................


THE CENTENNIAL CO CLIMATE NORMALS FOR TODAY
                         NORMAL    RECORD    YEAR
 MAXIMUM TEMPERATURE (F)   43        MM        MM
 MINIMUM TEMPERATURE (F)   17        MM        MM


SUNRISE AND SUNSET
DECEMBER 27 2014......SUNRISE   719 AM MST   SUNSET   442 PM MST
DECEMBER 28 2014......SUNRISE   719 AM MST   SUNSET   443 PM MST


-  INDICATES NEGATIVE NUMBERS.
R  INDICATES RECORD WAS SET OR TIED.
MM INDICATES DATA IS MISSING.
T  INDICATES TRACE AMOUNT.




$$
