000
CDUS45 KBOU 271112 RRB
CLIAPA

CLIMATE REPORT
NATIONAL WEATHER SERVICE BOULDER, CO
125 AM MDT WED AUG 27 2014


...................................

...THE CENTENNIAL CO CLIMATE SUMMARY FOR AUGUST 26 2014...

CLIMATE NORMAL PERIOD 1981 TO 2010

WEATHER ITEM   OBSERVED RECORD YEAR NORMAL DEPARTURE LAST
                VALUE   VALUE       VALUE  FROM      YEAR
                                           NORMAL
...........................................................
TEMPERATURE (F)
 YESTERDAY
  MAXIMUM         78     MM      MM  82     -4       91
  MINIMUM         38     MM      MM  55    -17       61
  AVERAGE         58                 68    -10       76

PRECIPITATION (IN)
  YESTERDAY        T     MM      MM   0.06  -0.06      T
  MONTH TO DATE    1.53               2.27  -0.74     3.24
  SINCE JUN 1      6.56               6.43   0.13     5.05
  SINCE JAN 1     11.04              13.01  -1.97     9.81

DEGREE DAYS
 HEATING
  YESTERDAY        7
  MONTH TO DATE    9

 COOLING
  YESTERDAY        0
  MONTH TO DATE  111
...........................................................


WIND (MPH)
  RESULTANT WIND SPEED   4   RESULTANT WIND DIRECTION   S (160)
  HIGHEST WIND SPEED    20   HIGHEST WIND DIRECTION     W (290)
  HIGHEST GUST SPEED    29   HIGHEST GUST DIRECTION     W (280)


SKY COVER
  POSSIBLE SUNSHINE  MM
  AVERAGE SKY COVER 0.8


WEATHER CONDITIONS
 THE FOLLOWING WEATHER WAS RECORDED YESTERDAY.
  THUNDERSTORM
  LIGHT RAIN


RELATIVE HUMIDITY (PERCENT)
 HIGHEST    87
 LOWEST     46
 AVERAGE    67

..........................................................


THE CENTENNIAL CO CLIMATE NORMALS FOR TODAY
                         NORMAL    RECORD    YEAR
 MAXIMUM TEMPERATURE (F)   81        MM        MM
 MINIMUM TEMPERATURE (F)   54        MM        MM


SUNRISE AND SUNSET
AUGUST 27 2014........SUNRISE   623 AM MDT   SUNSET   738 PM MDT
AUGUST 28 2014........SUNRISE   624 AM MDT   SUNSET   736 PM MDT


-  INDICATES NEGATIVE NUMBERS.
R  INDICATES RECORD WAS SET OR TIED.
MM INDICATES DATA IS MISSING.
T  INDICATES TRACE AMOUNT.




$$
