000
CDUS42 KMFL 272016
CLIAPF


CLIMATE REPORT
NATIONAL WEATHER SERVICE MIAMI, FL
415 PM EDT SAT MAY 27 2017


...................................

...THE NAPLES CLIMATE SUMMARY FOR MAY 27 2017...
VALID TODAY AS OF 0400 PM LOCAL TIME.

CLIMATE NORMAL PERIOD 1981 TO 2010
CLIMATE RECORD PERIOD 1942 TO 2017


WEATHER ITEM   OBSERVED TIME   RECORD YEAR NORMAL DEPARTURE LAST
                VALUE   (LST)  VALUE       VALUE  FROM      YEAR
                                                  NORMAL
..................................................................
TEMPERATURE (F)
 TODAY
  MAXIMUM         90    228 PM  94    1945  89      1       91
  MINIMUM         73    546 AM  58    1979  71      2       69
  AVERAGE         82                        80      2       80

PRECIPITATION (IN)
  TODAY            0.00          2.42 1960   0.14  -0.14     0.02
  MONTH TO DATE    2.58                      2.55   0.03     1.34
  SINCE NOV 1      5.96                     14.73  -8.77    15.58
  SINCE JAN 1      5.61                     11.24  -5.63    10.96

SNOWFALL (IN)
  TODAY            0.0
  MONTH TO DATE    0.0
  SINCE MAR 1      0.0
  SINCE JUL 1      0.0
  SNOW DEPTH       0

DEGREE DAYS
 HEATING
  TODAY            0                         0      0        0
  MONTH TO DATE    0                         0      0        0
  SINCE MAR 1     11                        27    -16        4
  SINCE JUL 1     67                       260   -193      142

 COOLING
  TODAY           17                        15      2       15
  MONTH TO DATE  397                       348     49      379
  SINCE MAR 1    948                       777    171      961
  SINCE JAN 1   1271                       968    303     1123
..................................................................


WIND (MPH)
  HIGHEST WIND SPEED    12   HIGHEST WIND DIRECTION     W (280)
  HIGHEST GUST SPEED    17   HIGHEST GUST DIRECTION    NW (300)
  AVERAGE WIND SPEED     5.5


SKY COVER
  AVERAGE SKY COVER 0.0


WEATHER CONDITIONS
 THE FOLLOWING WEATHER WAS RECORDED TODAY.
  NO SIGNIFICANT WEATHER WAS OBSERVED.


RELATIVE HUMIDITY (PERCENT)
 HIGHEST    87
 LOWEST     52
 AVERAGE    70

..........................................................


THE NAPLES CLIMATE NORMALS FOR TOMORROW
                         NORMAL    RECORD    YEAR
 MAXIMUM TEMPERATURE (F)   89        94      1986
                                             1975
                                             1953
 MINIMUM TEMPERATURE (F)   71        62      1962
                                             1945


SUNRISE AND SUNSET
MAY 27 2017...........SUNRISE   636 AM EDT   SUNSET   813 PM EDT
MAY 28 2017...........SUNRISE   636 AM EDT   SUNSET   813 PM EDT


-  INDICATES NEGATIVE NUMBERS.
R  INDICATES RECORD WAS SET OR TIED.
MM INDICATES DATA IS MISSING.
T  INDICATES TRACE AMOUNT.




$$
