000
CDUS42 KMFL 040832
CLIAPF


CLIMATE REPORT
NATIONAL WEATHER SERVICE MIAMI, FL
432 AM EDT FRI SEP 4 2015


...................................

...THE NAPLES CLIMATE SUMMARY FOR SEPTEMBER 3 2015...

CLIMATE NORMAL PERIOD 1981 TO 2010
CLIMATE RECORD PERIOD 1942 TO 2015


WEATHER ITEM   OBSERVED TIME   RECORD YEAR NORMAL DEPARTURE LAST
                VALUE   (LST)  VALUE       VALUE  FROM      YEAR
                                                  NORMAL
..................................................................
TEMPERATURE (F)
 YESTERDAY
  MAXIMUM         93    211 PM  95    1961  90      3       91
  MINIMUM         78   1159 PM  68    1980  76      2       73
  AVERAGE         86                        83      3       82

PRECIPITATION (IN)
  YESTERDAY        T             2.82 1950   0.24  -0.24     0.08
  MONTH TO DATE    T                         0.73  -0.73     0.42
  SINCE JUN 1     19.25                     25.40  -6.15    29.44
  SINCE JAN 1     27.27                     37.25  -9.98    38.27

SNOWFALL (IN)
  YESTERDAY        0.0
  MONTH TO DATE    0.0
  SINCE SEP 1      0.0
  SINCE JUL 1      0.0
  SNOW DEPTH       0

DEGREE DAYS
 HEATING
  YESTERDAY        0                         0      0        0
  MONTH TO DATE    0                         0      0        0
  SINCE SEP 1      0                         0      0        0
  SINCE JUL 1      0                         0      0        0

 COOLING
  YESTERDAY       21                        18      3       17
  MONTH TO DATE   61                        54      7       54
  SINCE SEP 1     61                        54      7       54
  SINCE JAN 1   3111                      2711    400     2924
..................................................................


WIND (MPH)
  HIGHEST WIND SPEED    20   HIGHEST WIND DIRECTION     E (70)
  HIGHEST GUST SPEED    24   HIGHEST GUST DIRECTION    NE (60)
  AVERAGE WIND SPEED     4.6


SKY COVER
  AVERAGE SKY COVER 0.2


WEATHER CONDITIONS
 THE FOLLOWING WEATHER WAS RECORDED YESTERDAY.
  THUNDERSTORM
  LIGHT RAIN


RELATIVE HUMIDITY (PERCENT)
 HIGHEST    91
 LOWEST     56
 AVERAGE    74

..........................................................


THE NAPLES CLIMATE NORMALS FOR TODAY
                         NORMAL    RECORD    YEAR
 MAXIMUM TEMPERATURE (F)   90        96      1944
 MINIMUM TEMPERATURE (F)   76        70      1975
                                             1956


SUNRISE AND SUNSET
SEPTEMBER  4 2015.....SUNRISE   708 AM EDT   SUNSET   744 PM EDT
SEPTEMBER  5 2015.....SUNRISE   709 AM EDT   SUNSET   743 PM EDT


-  INDICATES NEGATIVE NUMBERS.
R  INDICATES RECORD WAS SET OR TIED.
MM INDICATES DATA IS MISSING.
T  INDICATES TRACE AMOUNT.




$$
