000
CDUS42 KMFL 230934
CLIAPF


CLIMATE REPORT
NATIONAL WEATHER SERVICE MIAMI, FL
433 AM EST SUN NOV 23 2014


...................................

...THE NAPLES CLIMATE SUMMARY FOR NOVEMBER 22 2014...

CLIMATE NORMAL PERIOD 1981 TO 2010
CLIMATE RECORD PERIOD 1942 TO 2014


WEATHER ITEM   OBSERVED TIME   RECORD YEAR NORMAL DEPARTURE LAST
                VALUE   (LST)  VALUE       VALUE  FROM      YEAR
                                                  NORMAL
..................................................................
TEMPERATURE (F)
 YESTERDAY
  MAXIMUM         82   1258 PM  89    1993  80      2       86
                                      1977
  MINIMUM         69    646 AM  37    1981  61      8       70
  AVERAGE         76                        71      5       78

PRECIPITATION (IN)
  YESTERDAY        T             0.89 1985   0.05  -0.05     0.00
  MONTH TO DATE    0.66                      1.61  -0.95      T
  SINCE NOV 1      0.66                      1.61  -0.95      T
  SINCE JAN 1     50.02                     50.01   0.01    48.22

SNOWFALL (IN)
  YESTERDAY        0.0
  MONTH TO DATE    0.0
  SINCE SEP 1      0.0
  SINCE JUL 1      0.0
  SNOW DEPTH       0

DEGREE DAYS
 HEATING
  YESTERDAY        0                         1     -1
  MONTH TO DATE   17                         3     14
  SINCE SEP 1     17                         4     13
  SINCE JUL 1     17                         4     13

 COOLING
  YESTERDAY       11                         6      5
  MONTH TO DATE   93                       178    -85
  SINCE SEP 1   1031                      1116    -85
  SINCE JAN 1   3901                      3773    128
..................................................................


WIND (MPH)
  HIGHEST WIND SPEED    24   HIGHEST WIND DIRECTION     E (90)
  HIGHEST GUST SPEED    31   HIGHEST GUST DIRECTION     E (80)
  AVERAGE WIND SPEED    12.2


SKY COVER
  AVERAGE SKY COVER 0.8


WEATHER CONDITIONS
 THE FOLLOWING WEATHER WAS RECORDED YESTERDAY.
  LIGHT RAIN
  FOG


RELATIVE HUMIDITY (PERCENT)
 HIGHEST   100
 LOWEST     69
 AVERAGE    85

..........................................................


THE NAPLES CLIMATE NORMALS FOR TODAY
                         NORMAL    RECORD    YEAR
 MAXIMUM TEMPERATURE (F)   80        88      1992
                                             1973
 MINIMUM TEMPERATURE (F)   61        42      1981
                                             1956


SUNRISE AND SUNSET
NOVEMBER 23 2014......SUNRISE   651 AM EST   SUNSET   535 PM EST
NOVEMBER 24 2014......SUNRISE   652 AM EST   SUNSET   535 PM EST


-  INDICATES NEGATIVE NUMBERS.
R  INDICATES RECORD WAS SET OR TIED.
MM INDICATES DATA IS MISSING.
T  INDICATES TRACE AMOUNT.




$$
