000
CDUS42 KMFL 192117
CLIAPF


CLIMATE REPORT
NATIONAL WEATHER SERVICE MIAMI, FL
416 PM EST MON FEB 19 2018


...................................

...THE NAPLES CLIMATE SUMMARY FOR FEBRUARY 19 2018...
VALID TODAY AS OF 0400 PM LOCAL TIME.

CLIMATE NORMAL PERIOD 1981 TO 2010
CLIMATE RECORD PERIOD 1942 TO 2018


WEATHER ITEM   OBSERVED TIME   RECORD YEAR NORMAL DEPARTURE LAST
                VALUE   (LST)  VALUE       VALUE  FROM      YEAR
                                                  NORMAL
..................................................................
TEMPERATURE (F)
 TODAY
  MAXIMUM         84    334 PM  87    1997  78      6       81
  MINIMUM         64    520 AM  37    2007  57      7       69
                                      1958
  AVERAGE         74                        68      6       75

PRECIPITATION (IN)
  TODAY            T             2.62 1981   0.07  -0.07     0.00
  MONTH TO DATE    0.07                      1.46  -1.39     0.10
  SINCE NOV 1      1.75                      6.80  -5.05     1.24
  SINCE JAN 1      0.60                      3.31  -2.71     0.89

SNOWFALL (IN)
  TODAY            0.0
  MONTH TO DATE    0.0
  SINCE DEC 1      0.0
  SINCE JUL 1      0.0
  SNOW DEPTH       0

DEGREE DAYS
 HEATING
  TODAY            0                         2     -2        0
  MONTH TO DATE    0                        38    -38        3
  SINCE DEC 1    174                       204    -30       52
  SINCE JUL 1    178                       218    -40       56

 COOLING
  TODAY            9                         4      5       10
  MONTH TO DATE  170                        66    104       92
  SINCE DEC 1    409                       272    137      513
  SINCE JAN 1    250                       152     98      246
..................................................................


WIND (MPH)
  HIGHEST WIND SPEED    21   HIGHEST WIND DIRECTION    SE (130)
  HIGHEST GUST SPEED    25   HIGHEST GUST DIRECTION     E (90)
  AVERAGE WIND SPEED     8.5


SKY COVER
  AVERAGE SKY COVER 0.3


WEATHER CONDITIONS
 THE FOLLOWING WEATHER WAS RECORDED TODAY.
  LIGHT RAIN
  FOG
  HAZE


RELATIVE HUMIDITY (PERCENT)
 HIGHEST   100
 LOWEST     55
 AVERAGE    78

..........................................................


THE NAPLES CLIMATE NORMALS FOR TOMORROW
                         NORMAL    RECORD    YEAR
 MAXIMUM TEMPERATURE (F)   78        89      1974
 MINIMUM TEMPERATURE (F)   58        36      2015


SUNRISE AND SUNSET
FEBRUARY 19 2018......SUNRISE   659 AM EST   SUNSET   623 PM EST
FEBRUARY 20 2018......SUNRISE   659 AM EST   SUNSET   623 PM EST


-  INDICATES NEGATIVE NUMBERS.
R  INDICATES RECORD WAS SET OR TIED.
MM INDICATES DATA IS MISSING.
T  INDICATES TRACE AMOUNT.




$$
