000
CDUS42 KMFL 010837
CLIAPF


CLIMATE REPORT
NATIONAL WEATHER SERVICE MIAMI, FL
436 AM EDT SUN MAY 1 2016


...................................

...THE NAPLES CLIMATE SUMMARY FOR APRIL 30 2016...

CLIMATE NORMAL PERIOD 1981 TO 2010
CLIMATE RECORD PERIOD 1942 TO 2016


WEATHER ITEM   OBSERVED TIME   RECORD YEAR NORMAL DEPARTURE LAST
                VALUE   (LST)  VALUE       VALUE  FROM      YEAR
                                                  NORMAL
..................................................................
TEMPERATURE (F)
 YESTERDAY
  MAXIMUM         91    303 PM  93    1991  86      5       80
  MINIMUM         69    552 AM  51    1992  66      3       71
                                      1977
                                      1967
  AVERAGE         80                        76      4       76

PRECIPITATION (IN)
  YESTERDAY        0.00          1.60 2003   0.07  -0.07     0.00
  MONTH TO DATE    0.47                      2.36  -1.89     1.75
  SINCE NOV 1     14.24                     12.18   2.06     6.14
  SINCE JAN 1      9.62                      8.69   0.93     4.84

SNOWFALL (IN)
  YESTERDAY        0.0
  MONTH TO DATE    0.0
  SINCE MAR 1      0.0
  SINCE JUL 1      0.0
  SNOW DEPTH       0

DEGREE DAYS
 HEATING
  YESTERDAY        0                         0      0        0
  MONTH TO DATE    0                         0      0        0
  SINCE MAR 1      4                        27    -23        1
  SINCE JUL 1    142                       260   -118      198

 COOLING
  YESTERDAY       15                        11      4       11
  MONTH TO DATE  322                       253     69      413
  SINCE MAR 1    582                       429    153      717
  SINCE JAN 1    744                       620    124      893
..................................................................


WIND (MPH)
  HIGHEST WIND SPEED    17   HIGHEST WIND DIRECTION     E (90)
  HIGHEST GUST SPEED    24   HIGHEST GUST DIRECTION    SE (130)
  AVERAGE WIND SPEED     9.2


SKY COVER
  AVERAGE SKY COVER 0.1


WEATHER CONDITIONS
 THE FOLLOWING WEATHER WAS RECORDED YESTERDAY.
  NO SIGNIFICANT WEATHER WAS OBSERVED.


RELATIVE HUMIDITY (PERCENT)
 HIGHEST    97
 LOWEST     40
 AVERAGE    69

..........................................................


THE NAPLES CLIMATE NORMALS FOR TODAY
                         NORMAL    RECORD    YEAR
 MAXIMUM TEMPERATURE (F)   86        95      2011
 MINIMUM TEMPERATURE (F)   66        53      1992
                                             1977
                                             1967


SUNRISE AND SUNSET
MAY  1 2016...........SUNRISE   649 AM EDT   SUNSET   759 PM EDT
MAY  2 2016...........SUNRISE   649 AM EDT   SUNSET   800 PM EDT


-  INDICATES NEGATIVE NUMBERS.
R  INDICATES RECORD WAS SET OR TIED.
MM INDICATES DATA IS MISSING.
T  INDICATES TRACE AMOUNT.




$$
