000
CDUS42 KMFL 010822
CLIAPF


CLIMATE REPORT
NATIONAL WEATHER SERVICE MIAMI, FL
420 AM EDT FRI AUG 1 2014


...................................

...THE NAPLES CLIMATE SUMMARY FOR JULY 31 2014...

CLIMATE NORMAL PERIOD 1981 TO 2010
CLIMATE RECORD PERIOD 1942 TO 2014


WEATHER ITEM   OBSERVED TIME   RECORD YEAR NORMAL DEPARTURE LAST
                VALUE   (LST)  VALUE       VALUE  FROM      YEAR
                                                  NORMAL
..................................................................
TEMPERATURE (F)
 YESTERDAY
  MAXIMUM         90   1120 AM  96    1988  91     -1       93
  MINIMUM         78    619 AM  70    1991  75      3       75
  AVERAGE         84                        83      1       84

PRECIPITATION (IN)
  YESTERDAY        T             1.89 1989   0.21  -0.21     0.01
  MONTH TO DATE    6.95                      7.27  -0.32     9.06
  SINCE JUN 1     15.13                     16.09  -0.96    17.82
  SINCE JAN 1     23.96                     27.94  -3.98    28.16

SNOWFALL (IN)
  YESTERDAY        0.0
  MONTH TO DATE    0.0
  SINCE JUN 1      0.0
  SINCE JUL 1      0.0
  SNOW DEPTH       0

DEGREE DAYS
 HEATING
  YESTERDAY        0                         0      0
  MONTH TO DATE    0                         0      0
  SINCE JUN 1      0                         0      0
  SINCE JUL 1      0                         0      0

 COOLING
  YESTERDAY       19                        18      1
  MONTH TO DATE  569                       559     10
  SINCE JUN 1   1076                      1066     10
  SINCE JAN 1   2265                      2094    171
..................................................................


WIND (MPH)
  HIGHEST WIND SPEED    12   HIGHEST WIND DIRECTION     W (260)
  HIGHEST GUST SPEED    16   HIGHEST GUST DIRECTION     W (260)
  AVERAGE WIND SPEED     3.1


SKY COVER
  AVERAGE SKY COVER 0.2


WEATHER CONDITIONS
 THE FOLLOWING WEATHER WAS RECORDED YESTERDAY.
  THUNDERSTORM
  LIGHT RAIN


RELATIVE HUMIDITY (PERCENT)
 HIGHEST   100
 LOWEST     63
 AVERAGE    82

..........................................................


THE NAPLES CLIMATE NORMALS FOR TODAY
                         NORMAL    RECORD    YEAR
 MAXIMUM TEMPERATURE (F)   91        96      2001
                                             1988
 MINIMUM TEMPERATURE (F)   75        70      1974
                                             1967


SUNRISE AND SUNSET
AUGUST  1 2014........SUNRISE   653 AM EDT   SUNSET   814 PM EDT
AUGUST  2 2014........SUNRISE   653 AM EDT   SUNSET   813 PM EDT


-  INDICATES NEGATIVE NUMBERS.
R  INDICATES RECORD WAS SET OR TIED.
MM INDICATES DATA IS MISSING.
T  INDICATES TRACE AMOUNT.




$$
