000
CDUS42 KMFL 070841
CLIAPF


CLIMATE REPORT
NATIONAL WEATHER SERVICE MIAMI, FL
437 AM EDT TUE JUL 7 2015


...................................

...THE NAPLES CLIMATE SUMMARY FOR JULY 6 2015...

CLIMATE NORMAL PERIOD 1981 TO 2010
CLIMATE RECORD PERIOD 1942 TO 2015


WEATHER ITEM   OBSERVED TIME   RECORD YEAR NORMAL DEPARTURE LAST
                VALUE   (LST)  VALUE       VALUE  FROM      YEAR
                                                  NORMAL
..................................................................
TEMPERATURE (F)
 YESTERDAY
  MAXIMUM         92    124 PM  94    2001  91      1       89
  MINIMUM         71    101 AM  68    1986  75     -4       75
  AVERAGE         82                        83     -1       82

PRECIPITATION (IN)
  YESTERDAY        0.23          1.56 1996   0.27  -0.04     0.00
  MONTH TO DATE    3.12                      1.70   1.42     0.67
  SINCE JUN 1      9.44                     10.52  -1.08     8.85
  SINCE JAN 1     17.46                     22.37  -4.91    17.68

SNOWFALL (IN)
  YESTERDAY        0.0
  MONTH TO DATE    0.0
  SINCE JUN 1      0.0
  SINCE JUL 1      0.0
  SNOW DEPTH      MM

DEGREE DAYS
 HEATING
  YESTERDAY        0                         0      0        0
  MONTH TO DATE    0                         0      0        0
  SINCE JUN 1      0                         0      0        0
  SINCE JUL 1      0                         0      0        0

 COOLING
  YESTERDAY       17                        18     -1       17
  MONTH TO DATE  103                       108     -5      114
  SINCE JUN 1    613                       615     -2      621
  SINCE JAN 1   1968                      1643    325     1810
..................................................................


WIND (MPH)
  HIGHEST WIND SPEED    17   HIGHEST WIND DIRECTION     E (100)
  HIGHEST GUST SPEED    MM   HIGHEST GUST DIRECTION    MM
  AVERAGE WIND SPEED     8.4


SKY COVER
  AVERAGE SKY COVER 0.6


WEATHER CONDITIONS
 THE FOLLOWING WEATHER WAS RECORDED YESTERDAY.
  THUNDERSTORM
  HEAVY RAIN
  RAIN
  LIGHT RAIN
  FOG


RELATIVE HUMIDITY (PERCENT)
 HIGHEST    93
 LOWEST     56
 AVERAGE    75

..........................................................


THE NAPLES CLIMATE NORMALS FOR TODAY
                         NORMAL    RECORD    YEAR
 MAXIMUM TEMPERATURE (F)   91        95      2001
 MINIMUM TEMPERATURE (F)   75        69      1984


SUNRISE AND SUNSET
JULY  7 2015..........SUNRISE   641 AM EDT   SUNSET   823 PM EDT
JULY  8 2015..........SUNRISE   641 AM EDT   SUNSET   823 PM EDT


-  INDICATES NEGATIVE NUMBERS.
R  INDICATES RECORD WAS SET OR TIED.
MM INDICATES DATA IS MISSING.
T  INDICATES TRACE AMOUNT.




$$
