000
CDUS42 KMFL 242017
CLIAPF


CLIMATE REPORT
NATIONAL WEATHER SERVICE MIAMI, FL
417 PM EDT MON JUL 24 2017


...................................

...THE NAPLES CLIMATE SUMMARY FOR JULY 24 2017...
VALID TODAY AS OF 0400 PM LOCAL TIME.

CLIMATE NORMAL PERIOD 1981 TO 2010
CLIMATE RECORD PERIOD 1942 TO 2017


WEATHER ITEM   OBSERVED TIME   RECORD YEAR NORMAL DEPARTURE LAST
                VALUE   (LST)  VALUE       VALUE  FROM      YEAR
                                                  NORMAL
..................................................................
TEMPERATURE (F)
 TODAY
  MAXIMUM         91    257 PM  97    1998  91      0       89
  MINIMUM         77    612 AM  68    1981  75      2       74
  AVERAGE         84                        83      1       82

PRECIPITATION (IN)
  TODAY            0.00          2.06 1985   0.21  -0.21     0.59
  MONTH TO DATE    8.39                      5.83   2.56     5.02
  SINCE JUN 1     23.02                     14.65   8.37     9.93
  SINCE JAN 1     28.65                     26.50   2.15    22.03

SNOWFALL (IN)
  TODAY            0.0
  MONTH TO DATE    0.0
  SINCE JUN 1      0.0
  SINCE JUL 1      0.0
  SNOW DEPTH       0

DEGREE DAYS
 HEATING
  TODAY            0                         0      0        0
  MONTH TO DATE    0                         0      0        0
  SINCE JUN 1      0                         0      0        0
  SINCE JUL 1      0                         0      0        0

 COOLING
  TODAY           19                        18      1       17
  MONTH TO DATE  442                       432     10      468
  SINCE JUN 1    983                       939     44     1007
  SINCE JAN 1   2327                      1967    360     2191
..................................................................


WIND (MPH)
  HIGHEST WIND SPEED    12   HIGHEST WIND DIRECTION    SW (230)
  HIGHEST GUST SPEED    16   HIGHEST GUST DIRECTION    SW (220)
  AVERAGE WIND SPEED     4.7


SKY COVER
  AVERAGE SKY COVER 0.2


WEATHER CONDITIONS
 THE FOLLOWING WEATHER WAS RECORDED TODAY.
  NO SIGNIFICANT WEATHER WAS OBSERVED.


RELATIVE HUMIDITY (PERCENT)
 HIGHEST    94
 LOWEST     59
 AVERAGE    77

..........................................................


THE NAPLES CLIMATE NORMALS FOR TOMORROW
                         NORMAL    RECORD    YEAR
 MAXIMUM TEMPERATURE (F)   91        97      1998
 MINIMUM TEMPERATURE (F)   75        69      1978
                                             1977


SUNRISE AND SUNSET
JULY 24 2017..........SUNRISE   649 AM EDT   SUNSET   818 PM EDT
JULY 25 2017..........SUNRISE   649 AM EDT   SUNSET   817 PM EDT


-  INDICATES NEGATIVE NUMBERS.
R  INDICATES RECORD WAS SET OR TIED.
MM INDICATES DATA IS MISSING.
T  INDICATES TRACE AMOUNT.




$$
