000
CDUS42 KMFL 240921
CLIAPF


CLIMATE REPORT
NATIONAL WEATHER SERVICE MIAMI, FL
420 AM EST FRI NOV 24 2017


...................................

...THE NAPLES CLIMATE SUMMARY FOR NOVEMBER 23 2017...

CLIMATE NORMAL PERIOD 1981 TO 2010
CLIMATE RECORD PERIOD 1942 TO 2017


WEATHER ITEM   OBSERVED TIME   RECORD YEAR NORMAL DEPARTURE LAST
                VALUE   (LST)  VALUE       VALUE  FROM      YEAR
                                                  NORMAL
..................................................................
TEMPERATURE (F)
 YESTERDAY
  MAXIMUM         82   1203 PM  88    1992  80      2       82
                                      1973
                                      1947
  MINIMUM         69    450 AM  42    1981  61      8       58
                                      1976
                                      1956
  AVERAGE         76                        70      6       70

PRECIPITATION (IN)
  YESTERDAY        0.07          0.63 1965   0.04   0.03     0.00
  MONTH TO DATE    0.07                      1.65  -1.58      T
  SINCE NOV 1      0.07                      1.65  -1.58      T
  SINCE JAN 1     68.44                     50.05  18.39    44.20

SNOWFALL (IN)
  YESTERDAY        0.0
  MONTH TO DATE    0.0
  SINCE SEP 1      0.0
  SINCE JUL 1      0.0
  SNOW DEPTH       0

DEGREE DAYS
 HEATING
  YESTERDAY        0                         1     -1        0
  MONTH TO DATE    0                         4     -4        4
  SINCE SEP 1      4                         5     -1        4
  SINCE JUL 1      4                         5     -1        4

 COOLING
  YESTERDAY       11                         6      5        5
  MONTH TO DATE  222                       184     38      170
  SINCE SEP 1   1106                      1122    -16     1172
  SINCE JAN 1   4146                      3779    367     4088
..................................................................


WIND (MPH)
  HIGHEST WIND SPEED    24   HIGHEST WIND DIRECTION     W (290)
  HIGHEST GUST SPEED    31   HIGHEST GUST DIRECTION     W (280)
  AVERAGE WIND SPEED     8.7


SKY COVER
  AVERAGE SKY COVER 0.3


WEATHER CONDITIONS
 THE FOLLOWING WEATHER WAS RECORDED YESTERDAY.
  RAIN
  LIGHT RAIN
  FOG


RELATIVE HUMIDITY (PERCENT)
 HIGHEST   100
 LOWEST     69
 AVERAGE    85

..........................................................


THE NAPLES CLIMATE NORMALS FOR TODAY
                         NORMAL    RECORD    YEAR
 MAXIMUM TEMPERATURE (F)   80        88      1986
 MINIMUM TEMPERATURE (F)   61        40      1975


SUNRISE AND SUNSET
NOVEMBER 24 2017......SUNRISE   652 AM EST   SUNSET   535 PM EST
NOVEMBER 25 2017......SUNRISE   653 AM EST   SUNSET   535 PM EST


-  INDICATES NEGATIVE NUMBERS.
R  INDICATES RECORD WAS SET OR TIED.
MM INDICATES DATA IS MISSING.
T  INDICATES TRACE AMOUNT.




$$
