000
CDUS42 KMFL 190828
CLIAPF


CLIMATE REPORT
NATIONAL WEATHER SERVICE MIAMI, FL
427 AM EDT FRI SEP 19 2014


...................................

...THE NAPLES CLIMATE SUMMARY FOR SEPTEMBER 18 2014...

CLIMATE NORMAL PERIOD 1981 TO 2010
CLIMATE RECORD PERIOD 1942 TO 2014


WEATHER ITEM   OBSERVED TIME   RECORD YEAR NORMAL DEPARTURE LAST
                VALUE   (LST)  VALUE       VALUE  FROM      YEAR
                                                  NORMAL
..................................................................
TEMPERATURE (F)
 YESTERDAY
  MAXIMUM         87    259 PM  96    1974  90     -3       90
  MINIMUM         75    331 AM  66    1985  75      0       73
  AVERAGE         81                        82     -1       82

PRECIPITATION (IN)
  YESTERDAY        0.77          2.49 2000   0.28   0.49     0.79
  MONTH TO DATE    5.24                      4.64   0.60     9.91
  SINCE JUN 1     34.26                     29.31   4.95    35.58
  SINCE JAN 1     43.09                     41.16   1.93    45.92

SNOWFALL (IN)
  YESTERDAY        0.0
  MONTH TO DATE    0.0
  SINCE SEP 1      0.0
  SINCE JUL 1      0.0
  SNOW DEPTH       0

DEGREE DAYS
 HEATING
  YESTERDAY        0                         0      0
  MONTH TO DATE    0                         0      0
  SINCE SEP 1      0                         0      0
  SINCE JUL 1      0                         0      0

 COOLING
  YESTERDAY       16                        17     -1
  MONTH TO DATE  316                       321     -5
  SINCE SEP 1    316                       321     -5
  SINCE JAN 1   3186                      2978    208
..................................................................


WIND (MPH)
  HIGHEST WIND SPEED    13   HIGHEST WIND DIRECTION     W (260)
  HIGHEST GUST SPEED    16   HIGHEST GUST DIRECTION     W (260)
  AVERAGE WIND SPEED     3.7


SKY COVER
  AVERAGE SKY COVER 0.3


WEATHER CONDITIONS
 THE FOLLOWING WEATHER WAS RECORDED YESTERDAY.
  THUNDERSTORM
  HEAVY RAIN
  RAIN
  LIGHT RAIN
  FOG


RELATIVE HUMIDITY (PERCENT)
 HIGHEST    94
 LOWEST     63
 AVERAGE    79

..........................................................


THE NAPLES CLIMATE NORMALS FOR TODAY
                         NORMAL    RECORD    YEAR
 MAXIMUM TEMPERATURE (F)   90        95      1974
                                             1944
 MINIMUM TEMPERATURE (F)   75        67      1981


SUNRISE AND SUNSET
SEPTEMBER 19 2014.....SUNRISE   714 AM EDT   SUNSET   727 PM EDT
SEPTEMBER 20 2014.....SUNRISE   715 AM EDT   SUNSET   726 PM EDT


-  INDICATES NEGATIVE NUMBERS.
R  INDICATES RECORD WAS SET OR TIED.
MM INDICATES DATA IS MISSING.
T  INDICATES TRACE AMOUNT.




$$
