000
CDUS43 KAPX 272226
CLIAPN


CLIMATE REPORT
NATIONAL WEATHER SERVICE GAYLORD MI
526 PM EST FRI FEB 27 2015


...................................

...THE ALPENA MI CLIMATE SUMMARY FOR FEBRUARY 27 2015...
VALID TODAY AS OF 0500 PM LOCAL TIME.

CLIMATE NORMAL PERIOD 1981 TO 2010
CLIMATE RECORD PERIOD 1916 TO 2015


WEATHER ITEM   OBSERVED TIME   RECORD YEAR NORMAL DEPARTURE LAST
                VALUE   (LST)  VALUE       VALUE  FROM      YEAR
                                                  NORMAL
..................................................................
TEMPERATURE (F)
 TODAY
  MAXIMUM         20    451 PM  54    2000  32    -12        9
  MINIMUM        -19R   703 AM -14    2014  13    -32      -14
                                      1935
                                      1934
  AVERAGE          1                        23    -22       -2

PRECIPITATION (IN)
  TODAY            0.00          1.09 1997   0.05  -0.05     0.03
  MONTH TO DATE    0.60                      1.26  -0.66     1.01
  SINCE DEC 1      3.48                      4.67  -1.19     4.60
  SINCE JAN 1      1.79                      2.92  -1.13     2.46

SNOWFALL (IN)
  TODAY            0.0           3.7  2013   0.5             0.3
  MONTH TO DATE   10.7                      16.9            11.4
  SINCE OCT 1     42.1                      65.5            53.9
  SINCE JUL 1     42.1                      65.5            53.9

DEGREE DAYS
 HEATING
  TODAY           64                        42     22       67
  MONTH TO DATE 1576                      1206    370     1441
  SINCE DEC 1   4279                      3865    414     4551
  SINCE JUL 1   6212                      5688    524     6419
..................................................................


WIND (MPH)
  RESULTANT WIND SPEED   6   RESULTANT WIND DIRECTION   W (250)
  HIGHEST WIND SPEED    14   HIGHEST WIND DIRECTION    SW (240)
  HIGHEST GUST SPEED    21   HIGHEST GUST DIRECTION    SW (240)
  AVERAGE WIND SPEED     6.7


SKY COVER
  POSSIBLE SUNSHINE  MM
  AVERAGE SKY COVER 0.0


WEATHER CONDITIONS
 THE FOLLOWING WEATHER WAS RECORDED TODAY.
  NO SIGNIFICANT WEATHER WAS OBSERVED.


RELATIVE HUMIDITY (PERCENT)
 HIGHEST    83
 LOWEST     43
 AVERAGE    63

..........................................................


THE ALPENA MI CLIMATE NORMALS FOR TOMORROW
                         NORMAL    RECORD    YEAR
 MAXIMUM TEMPERATURE (F)   32        52      1983
 MINIMUM TEMPERATURE (F)   14       -23      2014


SUNRISE AND SUNSET
FEBRUARY 27 2015......SUNRISE   716 AM EST   SUNSET   619 PM EST
FEBRUARY 28 2015......SUNRISE   714 AM EST   SUNSET   620 PM EST


-  INDICATES NEGATIVE NUMBERS.
R  INDICATES RECORD WAS SET OR TIED.
MM INDICATES DATA IS MISSING.
T  INDICATES TRACE AMOUNT.




$$
