000
CDUS43 KAPX 210534
CLIAPN


CLIMATE REPORT
NATIONAL WEATHER SERVICE GAYLORD MI
1232 AM EST SUN JAN 21 2018


...................................

...THE ALPENA MI CLIMATE SUMMARY FOR JANUARY 20 2018...

CLIMATE NORMAL PERIOD 1981 TO 2010
CLIMATE RECORD PERIOD 1916 TO 2018


WEATHER ITEM   OBSERVED TIME   RECORD YEAR NORMAL DEPARTURE LAST
                VALUE   (LST)  VALUE       VALUE  FROM      YEAR
                                                  NORMAL
..................................................................
TEMPERATURE (F)
 YESTERDAY
  MAXIMUM         43    419 PM  45    1921  26     17       34
  MINIMUM         28   1159 PM -18    1961  11     17       31
  AVERAGE         36                        19     17       33

PRECIPITATION (IN)
  YESTERDAY        0.00          0.81 1974   0.05  -0.05      T
  MONTH TO DATE    0.97                      1.14  -0.17     1.62
  SINCE DEC 1      2.21                      2.89  -0.68     3.66
  SINCE JAN 1      0.97                      1.14  -0.17     1.62

SNOWFALL (IN)
  YESTERDAY        0.0           9.0  1920   0.7   -0.7      0.0
  MONTH TO DATE   11.9                      14.0   -2.1     10.0
  SINCE OCT 1     26.1                      41.3  -15.2     37.7
  SINCE JUL 1     26.1                      41.3  -15.2     37.7
  SNOW DEPTH       1

DEGREE DAYS
 HEATING
  YESTERDAY       29                        46    -17       32
  MONTH TO DATE  965                       909     56      845
  SINCE DEC 1   2340                      2147    193     2011
  SINCE JUL 1   3844                      3970   -126     3220
..................................................................


WIND (MPH)
  HIGHEST WIND SPEED    14   HIGHEST WIND DIRECTION    NW (320)
  HIGHEST GUST SPEED    22   HIGHEST GUST DIRECTION     W (250)
  AVERAGE WIND SPEED     5.3




RELATIVE HUMIDITY (PERCENT)
 HIGHEST    92
 LOWEST     62
 AVERAGE    77

..........................................................


THE ALPENA MI CLIMATE NORMALS FOR TODAY
                         NORMAL    RECORD    YEAR
 MAXIMUM TEMPERATURE (F)   26        45      1967
                                             1933
 MINIMUM TEMPERATURE (F)   11       -21      1984


SUNRISE AND SUNSET
JANUARY 21 2018.......SUNRISE   805 AM EST   SUNSET   527 PM EST
JANUARY 22 2018.......SUNRISE   804 AM EST   SUNSET   528 PM EST


-  INDICATES NEGATIVE NUMBERS.
R  INDICATES RECORD WAS SET OR TIED.
MM INDICATES DATA IS MISSING.
T  INDICATES TRACE AMOUNT.




$$
