000
CDUS43 KAPX 240528
CLIAPN


CLIMATE REPORT
NATIONAL WEATHER SERVICE GAYLORD MI
128 AM EDT MON JUL 24 2017


...................................

...THE ALPENA MI CLIMATE SUMMARY FOR JULY 23 2017...

CLIMATE NORMAL PERIOD 1981 TO 2010
CLIMATE RECORD PERIOD 1916 TO 2017


WEATHER ITEM   OBSERVED TIME   RECORD YEAR NORMAL DEPARTURE LAST
                VALUE   (LST)  VALUE       VALUE  FROM      YEAR
                                                  NORMAL
..................................................................
TEMPERATURE (F)
 YESTERDAY
  MAXIMUM         78   1227 PM  95    2012  80     -2       92
                                      2001
  MINIMUM         59   1159 PM  41    1923  56      3       59
  AVERAGE         69                        68      1       76

PRECIPITATION (IN)
  YESTERDAY        0.60          1.47 2009   0.09   0.51     0.00
  MONTH TO DATE    1.36                      2.28  -0.92     1.99
  SINCE JUN 1      7.76                      4.90   2.86     3.43
  SINCE JAN 1     23.07                     14.80   8.27    18.16

DEGREE DAYS
 HEATING
  YESTERDAY        0                         1     -1        0
  MONTH TO DATE    6                        33    -27       17
  SINCE JUN 1     89                       176    -87      125
  SINCE JUL 1      6                        33    -27       17

 COOLING
  YESTERDAY        4                         4      0       11
  MONTH TO DATE   84                        89     -5      136
  SINCE JUN 1    153                       145      8      201
  SINCE JAN 1    159                       158      1      233
..................................................................


WIND (MPH)
  HIGHEST WIND SPEED    24   HIGHEST WIND DIRECTION     N (10)
  HIGHEST GUST SPEED    27   HIGHEST GUST DIRECTION     N (10)
  AVERAGE WIND SPEED     7.5




RELATIVE HUMIDITY (PERCENT)
 HIGHEST   100
 LOWEST     73
 AVERAGE    87

..........................................................


THE ALPENA MI CLIMATE NORMALS FOR TODAY
                         NORMAL    RECORD    YEAR
 MAXIMUM TEMPERATURE (F)   80        96      1941
 MINIMUM TEMPERATURE (F)   56        40      1932
                                             1925


SUNRISE AND SUNSET
JULY 24 2017..........SUNRISE   611 AM EDT   SUNSET   910 PM EDT
JULY 25 2017..........SUNRISE   612 AM EDT   SUNSET   909 PM EDT


-  INDICATES NEGATIVE NUMBERS.
R  INDICATES RECORD WAS SET OR TIED.
MM INDICATES DATA IS MISSING.
T  INDICATES TRACE AMOUNT.




$$
