000
CDUS43 KAPX 050537
CLIAPN


CLIMATE REPORT
NATIONAL WEATHER SERVICE GAYLORD MI
137 AM EDT SUN JUL 5 2015


...................................

...THE ALPENA MI CLIMATE SUMMARY FOR JULY 4 2015...

CLIMATE NORMAL PERIOD 1981 TO 2010
CLIMATE RECORD PERIOD 1916 TO 2015


WEATHER ITEM   OBSERVED TIME   RECORD YEAR NORMAL DEPARTURE LAST
                VALUE   (LST)  VALUE       VALUE  FROM      YEAR
                                                  NORMAL
..................................................................
TEMPERATURE (F)
 YESTERDAY
  MAXIMUM         82    115 PM  98    1955  79      3       78
                                      1921
  MINIMUM         54   1150 PM  34    1930  54      0       44
  AVERAGE         68                        67      1       61

PRECIPITATION (IN)
  YESTERDAY        0.00          2.12 1951   0.10  -0.10     0.00
  MONTH TO DATE    T                         0.38  -0.38     0.04
  SINCE JUN 1      2.16                      3.00  -0.84     1.22
  SINCE JAN 1     10.71                     12.90  -2.19    12.72

DEGREE DAYS
 HEATING
  YESTERDAY        0                         2     -2        4
  MONTH TO DATE   15                         8      7       15
  SINCE JUN 1    158                       151      7      127
  SINCE JUL 1     15                         8      7       15

 COOLING
  YESTERDAY        3                         4     -1        0
  MONTH TO DATE    3                        13    -10       11
  SINCE JUN 1     14                        69    -55       66
  SINCE JAN 1     38                        82    -44       71
..................................................................


WIND (MPH)
  HIGHEST WIND SPEED    12   HIGHEST WIND DIRECTION    SE (150)
  HIGHEST GUST SPEED    16   HIGHEST GUST DIRECTION    NW (320)
  AVERAGE WIND SPEED     3.6




RELATIVE HUMIDITY (PERCENT)
 HIGHEST    86
 LOWEST     45
 AVERAGE    66

..........................................................


THE ALPENA MI CLIMATE NORMALS FOR TODAY
                         NORMAL    RECORD    YEAR
 MAXIMUM TEMPERATURE (F)   79        96      1955
 MINIMUM TEMPERATURE (F)   55        37      1972


SUNRISE AND SUNSET
JULY  5 2015..........SUNRISE   553 AM EDT   SUNSET   924 PM EDT
JULY  6 2015..........SUNRISE   554 AM EDT   SUNSET   924 PM EDT


-  INDICATES NEGATIVE NUMBERS.
R  INDICATES RECORD WAS SET OR TIED.
MM INDICATES DATA IS MISSING.
T  INDICATES TRACE AMOUNT.




$$
