138
CDUS43 KAPX 100528
CLIAPN


CLIMATE REPORT
NATIONAL WEATHER SERVICE GAYLORD MI
1227 AM EST WED FEB 10 2016


...................................

...THE ALPENA MI CLIMATE SUMMARY FOR FEBRUARY 9 2016...

CLIMATE NORMAL PERIOD 1981 TO 2010
CLIMATE RECORD PERIOD 1916 TO 2016


WEATHER ITEM   OBSERVED TIME   RECORD YEAR NORMAL DEPARTURE LAST
                VALUE   (LST)  VALUE       VALUE  FROM      YEAR
                                                  NORMAL
..................................................................
TEMPERATURE (F)
 YESTERDAY
  MAXIMUM         32   1211 AM  52    1966  28      4       15
  MINIMUM         19   1159 PM -36    1934  11      8        3
  AVERAGE         26                        19      7        9

PRECIPITATION (IN)
  YESTERDAY        0.14          0.45 2001   0.04   0.10     0.04
  MONTH TO DATE    1.36                      0.38   0.98     0.47
  SINCE DEC 1      7.05                      3.79   3.26     3.35
  SINCE JAN 1      3.26                      2.04   1.22     1.66

SNOWFALL (IN)
  YESTERDAY        1.2           3.6  1926   0.6    0.6      2.0
  MONTH TO DATE    8.6                       5.7    2.9      7.6
  SINCE OCT 1     33.2                      54.3  -21.1     39.0
  SINCE JUL 1     33.2                      54.3  -21.1     39.0
  SNOW DEPTH       9

DEGREE DAYS
 HEATING
  YESTERDAY       39                        46     -7       56
  MONTH TO DATE  339                       414    -75      463
  SINCE DEC 1   2527                      3073   -546     3166
  SINCE JUL 1   3900                      4896   -996     5099
..................................................................


WIND (MPH)
  HIGHEST WIND SPEED    18   HIGHEST WIND DIRECTION    NW (330)
  HIGHEST GUST SPEED    25   HIGHEST GUST DIRECTION    NW (320)
  AVERAGE WIND SPEED    11.5




RELATIVE HUMIDITY (PERCENT)
 HIGHEST    92
 LOWEST     77
 AVERAGE    85

..........................................................


THE ALPENA MI CLIMATE NORMALS FOR TODAY
                         NORMAL    RECORD    YEAR
 MAXIMUM TEMPERATURE (F)   28        55      2009
 MINIMUM TEMPERATURE (F)   11       -25      1994


SUNRISE AND SUNSET
FEBRUARY 10 2016......SUNRISE   743 AM EST   SUNSET   554 PM EST
FEBRUARY 11 2016......SUNRISE   742 AM EST   SUNSET   556 PM EST


-  INDICATES NEGATIVE NUMBERS.
R  INDICATES RECORD WAS SET OR TIED.
MM INDICATES DATA IS MISSING.
T  INDICATES TRACE AMOUNT.




$$
