000
CDUS43 KAPX 010528
CLIAPN


CLIMATE REPORT
NATIONAL WEATHER SERVICE GAYLORD MI
127 AM EDT WED JUN 1 2016


...................................

...THE ALPENA MI CLIMATE SUMMARY FOR MAY 31 2016...

CLIMATE NORMAL PERIOD 1981 TO 2010
CLIMATE RECORD PERIOD 1916 TO 2016


WEATHER ITEM   OBSERVED TIME   RECORD YEAR NORMAL DEPARTURE LAST
                VALUE   (LST)  VALUE       VALUE  FROM      YEAR
                                                  NORMAL
..................................................................
TEMPERATURE (F)
 YESTERDAY
  MAXIMUM         68    215 PM  93    2011  70     -2       56
  MINIMUM         48   1159 PM  29    1945  45      3       36
  AVERAGE         58                        57      1       46

PRECIPITATION (IN)
  YESTERDAY        0.00          2.00 1918   0.10  -0.10     0.00
  MONTH TO DATE    1.31                      2.67  -1.36     3.66
  SINCE MAR 1     10.25                      6.92   3.33     6.76
  SINCE JAN 1     14.73                      9.90   4.83     8.55

DEGREE DAYS
 HEATING
  YESTERDAY        7                         8     -1       19
  MONTH TO DATE  344                       398    -54      292
  SINCE MAR 1   2167                      2225    -58     2170
  SINCE JUL 1   6949                      7957  -1008     8433

 COOLING
  YESTERDAY        0                         1     -1        0
  MONTH TO DATE   32                        11     21       24
  SINCE MAR 1     32                        13     19       24
  SINCE JAN 1     32                        13     19       24
..................................................................


WIND (MPH)
  HIGHEST WIND SPEED    15   HIGHEST WIND DIRECTION     N (10)
  HIGHEST GUST SPEED    18   HIGHEST GUST DIRECTION     N (360)
  AVERAGE WIND SPEED     6.1




RELATIVE HUMIDITY (PERCENT)
 HIGHEST    96
 LOWEST     45
 AVERAGE    71

..........................................................


THE ALPENA MI CLIMATE NORMALS FOR TODAY
                         NORMAL    RECORD    YEAR
 MAXIMUM TEMPERATURE (F)   70       104      1934
 MINIMUM TEMPERATURE (F)   45        28      1966


SUNRISE AND SUNSET
JUNE  1 2016..........SUNRISE   550 AM EDT   SUNSET   915 PM EDT
JUNE  2 2016..........SUNRISE   550 AM EDT   SUNSET   915 PM EDT


-  INDICATES NEGATIVE NUMBERS.
R  INDICATES RECORD WAS SET OR TIED.
MM INDICATES DATA IS MISSING.
T  INDICATES TRACE AMOUNT.




$$
