000
CDUS43 KAPX 032126
CLIAPN


CLIMATE REPORT
NATIONAL WEATHER SERVICE GAYLORD MI
526 PM EDT WED JUN 3 2015


...................................

...THE ALPENA MI CLIMATE SUMMARY FOR JUNE 3 2015...
VALID TODAY AS OF 0500 PM LOCAL TIME.

CLIMATE NORMAL PERIOD 1981 TO 2010
CLIMATE RECORD PERIOD 1916 TO 2015


WEATHER ITEM   OBSERVED TIME   RECORD YEAR NORMAL DEPARTURE LAST
                VALUE   (LST)  VALUE       VALUE  FROM      YEAR
                                                  NORMAL
..................................................................
TEMPERATURE (F)
 TODAY
  MAXIMUM         73   1237 PM  92    1948  71      2       70
                                      1940
  MINIMUM         38    416 AM  27    1928  46     -8       58
  AVERAGE         56                        58     -2       64

PRECIPITATION (IN)
  TODAY            0.00          1.29 1923   0.08  -0.08     0.03
  MONTH TO DATE    0.00                      0.26  -0.26     0.35
  SINCE JUN 1      0.00                      0.26  -0.26     0.35
  SINCE JAN 1      8.55                     10.16  -1.61    11.85

DEGREE DAYS
 HEATING
  TODAY            9                         8      1        1
  MONTH TO DATE   37                        24     13        1
  SINCE JUN 1     37                        24     13        1
  SINCE JUL 1   8470                      7981    489     9054

 COOLING
  TODAY            0                         1     -1        0
  MONTH TO DATE    0                         3     -3       14
  SINCE JUN 1      0                         3     -3       14
  SINCE JAN 1     24                        16      8       19
..................................................................


WIND (MPH)
  RESULTANT WIND SPEED   6   RESULTANT WIND DIRECTION  SE (150)
  HIGHEST WIND SPEED    18   HIGHEST WIND DIRECTION    SE (140)
  HIGHEST GUST SPEED    26   HIGHEST GUST DIRECTION    SE (140)
  AVERAGE WIND SPEED     6.9


SKY COVER
  POSSIBLE SUNSHINE  MM
  AVERAGE SKY COVER 0.0


WEATHER CONDITIONS
 THE FOLLOWING WEATHER WAS RECORDED TODAY.
  NO SIGNIFICANT WEATHER WAS OBSERVED.


RELATIVE HUMIDITY (PERCENT)
 HIGHEST    85
 LOWEST     36
 AVERAGE    61

..........................................................


THE ALPENA MI CLIMATE NORMALS FOR TOMORROW
                         NORMAL    RECORD    YEAR
 MAXIMUM TEMPERATURE (F)   71        93      1934
 MINIMUM TEMPERATURE (F)   46        27      1947


SUNRISE AND SUNSET
JUNE  3 2015..........SUNRISE   550 AM EDT   SUNSET   916 PM EDT
JUNE  4 2015..........SUNRISE   549 AM EDT   SUNSET   916 PM EDT


-  INDICATES NEGATIVE NUMBERS.
R  INDICATES RECORD WAS SET OR TIED.
MM INDICATES DATA IS MISSING.
T  INDICATES TRACE AMOUNT.




$$
