000
CDUS44 KLCH 012240
CLIARA


CLIMATE REPORT
NATIONAL WEATHER SERVICE LAKE CHARLES, LA
540 PM CDT MON JUN 1 2015


...................................

...THE NEW IBERIA CLIMATE SUMMARY FOR JUNE 1 2015...
VALID TODAY AS OF 0500 PM LOCAL TIME.

CLIMATE NORMAL PERIOD 1981 TO 2010
CLIMATE RECORD PERIOD 1948 TO 2015


WEATHER ITEM   OBSERVED TIME   RECORD YEAR NORMAL DEPARTURE LAST
                VALUE   (LST)  VALUE       VALUE  FROM      YEAR
                                                  NORMAL
..................................................................
TEMPERATURE (F)
 TODAY
  MAXIMUM         88    206 PM 100    2011  89     -1       88
  MINIMUM         68    520 AM  54    1984  70     -2       74
  AVERAGE         78                        79     -1       81

PRECIPITATION (IN)
  TODAY            T             1.25 1970   0.19  -0.19     0.64
  MONTH TO DATE    T                         0.19  -0.19     0.64
  SINCE JUN 1      T                         0.19  -0.19     0.64
  SINCE JAN 1     27.61                     22.42   5.19    16.98

SNOWFALL (IN)
  TODAY            0.0           0.0    MM  MM               0.0
  MONTH TO DATE    0.0                      MM               0.0
  SINCE JUN 1      0.0                      MM               0.0
  SINCE JUL 1      T                        MM               0.1

DEGREE DAYS
 HEATING
  TODAY            0                         0      0        0
  MONTH TO DATE    0                         0      0        0
  SINCE JUN 1      0                         0      0        0
  SINCE JUL 1   1416                      1409      7     1784

 COOLING
  TODAY           13                        14     -1       16
  MONTH TO DATE   13                        14     -1       16
  SINCE JUN 1     13                        14     -1       16
  SINCE JAN 1    633                       584     49      502
..................................................................


WIND (MPH)
  RESULTANT WIND SPEED   1   RESULTANT WIND DIRECTION   N (20)
  HIGHEST WIND SPEED    13   HIGHEST WIND DIRECTION    SW (220)
  HIGHEST GUST SPEED    17   HIGHEST GUST DIRECTION    SW (210)
  AVERAGE WIND SPEED     3.8


SKY COVER
  POSSIBLE SUNSHINE  MM
  AVERAGE SKY COVER 0.1


WEATHER CONDITIONS
 THE FOLLOWING WEATHER WAS RECORDED TODAY.
  NO SIGNIFICANT WEATHER WAS OBSERVED.


RELATIVE HUMIDITY (PERCENT)
 HIGHEST    97          1200 AM
 LOWEST     51           100 PM
 AVERAGE    74

..........................................................


THE NEW IBERIA CLIMATE NORMALS FOR TOMORROW
                         NORMAL    RECORD    YEAR
 MAXIMUM TEMPERATURE (F)   89       103      2011
 MINIMUM TEMPERATURE (F)   70        57      1984


SUNRISE AND SUNSET
JUNE  1 2015..........SUNRISE   607 AM CDT   SUNSET   804 PM CDT
JUNE  2 2015..........SUNRISE   607 AM CDT   SUNSET   805 PM CDT


-  INDICATES NEGATIVE NUMBERS.
R  INDICATES RECORD WAS SET OR TIED.
MM INDICATES DATA IS MISSING.
T  INDICATES TRACE AMOUNT.




$$
