000
CDUS44 KLCH 290829
CLIARA


CLIMATE REPORT
NATIONAL WEATHER SERVICE LAKE CHARLES, LA
328 AM CDT MON MAY 29 2017


...................................

...THE NEW IBERIA CLIMATE SUMMARY FOR MAY 28 2017...

CLIMATE NORMAL PERIOD 1981 TO 2010
CLIMATE RECORD PERIOD 1948 TO 2017


WEATHER ITEM   OBSERVED TIME   RECORD YEAR NORMAL DEPARTURE LAST
                VALUE   (LST)  VALUE       VALUE  FROM      YEAR
                                                  NORMAL
..................................................................
TEMPERATURE (F)
 YESTERDAY
  MAXIMUM         91    100 PM  95    1951  88      3       87
  MINIMUM         73   1159 PM  52    1961  70      3       68
  AVERAGE         82                        79      3       78

PRECIPITATION (IN)
  YESTERDAY        T             2.37 2014   0.25  -0.25      T
  MONTH TO DATE    6.93                      4.26   2.67     5.01
  SINCE MAR 1     12.72                     12.10   0.62    15.30
  SINCE JAN 1     15.52                     21.51  -5.99    25.53

SNOWFALL (IN)
  YESTERDAY        0.0           0.0    MM  MM               0.0
  MONTH TO DATE    0.0                      MM               0.0
  SINCE MAR 1      0.0                      MM               0.0
  SINCE JUL 1      0.0                      MM               0.0

DEGREE DAYS
 HEATING
  YESTERDAY        0                         0      0        0
  MONTH TO DATE    4                         0      4        0
  SINCE MAR 1     87                       192   -105       81
  SINCE JUL 1    716                      1408   -692      997

 COOLING
  YESTERDAY       17                        14      3       13
  MONTH TO DATE  247                       308    -61      283
  SINCE MAR 1    579                       497     82      569
  SINCE JAN 1    714                       528    186      579
..................................................................


WIND (MPH)
  RESULTANT WIND SPEED   6   RESULTANT WIND DIRECTION   S (170)
  HIGHEST WIND SPEED    21   HIGHEST WIND DIRECTION     N (360)
  HIGHEST GUST SPEED    28   HIGHEST GUST DIRECTION     S (170)
  AVERAGE WIND SPEED     7.9


SKY COVER
  POSSIBLE SUNSHINE  MM
  AVERAGE SKY COVER 0.6


WEATHER CONDITIONS
 THE FOLLOWING WEATHER WAS RECORDED YESTERDAY.
  THUNDERSTORM
  LIGHT RAIN


RELATIVE HUMIDITY (PERCENT)
 HIGHEST    85          1200 AM
 LOWEST     55           500 PM
 AVERAGE    70

..........................................................


THE NEW IBERIA CLIMATE NORMALS FOR TODAY
                         NORMAL    RECORD    YEAR
 MAXIMUM TEMPERATURE (F)   88        94      1954
 MINIMUM TEMPERATURE (F)   70        58      1961


SUNRISE AND SUNSET
MAY 29 2017...........SUNRISE   608 AM CDT   SUNSET   803 PM CDT
MAY 30 2017...........SUNRISE   607 AM CDT   SUNSET   803 PM CDT


-  INDICATES NEGATIVE NUMBERS.
R  INDICATES RECORD WAS SET OR TIED.
MM INDICATES DATA IS MISSING.
T  INDICATES TRACE AMOUNT.




$$
