000
CDUS44 KLCH 262219
CLIARA


CLIMATE REPORT
NATIONAL WEATHER SERVICE LAKE CHARLES, LA
419 PM CST MON JAN 26 2015


...................................

...THE NEW IBERIA CLIMATE SUMMARY FOR JANUARY 26 2015...
VALID TODAY AS OF 0400 PM LOCAL TIME.

CLIMATE NORMAL PERIOD 1981 TO 2010
CLIMATE RECORD PERIOD 1948 TO 2015


WEATHER ITEM   OBSERVED TIME   RECORD YEAR NORMAL DEPARTURE LAST
                VALUE   (LST)  VALUE       VALUE  FROM      YEAR
                                                  NORMAL
..................................................................
TEMPERATURE (F)
 TODAY
  MAXIMUM         62    359 PM  80    1952  63     -1       64
  MINIMUM         44    730 AM  25    1988  43      1       37
  AVERAGE         53                        53      0       51

PRECIPITATION (IN)
  TODAY            0.00          1.26 1974   0.17  -0.17     0.00
  MONTH TO DATE    4.37                      4.33   0.04     2.28
  SINCE DEC 1      6.08                      9.33  -3.25     4.84
  SINCE JAN 1      4.37                      4.33   0.04     2.28

SNOWFALL (IN)
  TODAY           MM             0.0    MM  MM               0.0
  MONTH TO DATE    0.0                      MM                T
  SINCE DEC 1      0.0                      MM                T
  SINCE JUL 1      0.0                      MM                T

DEGREE DAYS
 HEATING
  TODAY           12                        12      0       14
  MONTH TO DATE  404                       333     71      452
  SINCE DEC 1    648                       685    -37      854
  SINCE JUL 1    935                       880     55     1087

 COOLING
  TODAY            0                         0      0        0
  MONTH TO DATE    2                         9     -7        0
  SINCE DEC 1     24                        31     -7       41
  SINCE JAN 1      2                         9     -7        0
..................................................................


WIND (MPH)
  RESULTANT WIND SPEED  11   RESULTANT WIND DIRECTION   N (340)
  HIGHEST WIND SPEED    24   HIGHEST WIND DIRECTION     N (10)
  HIGHEST GUST SPEED    31   HIGHEST GUST DIRECTION     N (360)
  AVERAGE WIND SPEED    11.8


SKY COVER
  POSSIBLE SUNSHINE  MM
  AVERAGE SKY COVER 0.0


WEATHER CONDITIONS
 THE FOLLOWING WEATHER WAS RECORDED TODAY.
  NO SIGNIFICANT WEATHER WAS OBSERVED.


RELATIVE HUMIDITY (PERCENT)
 HIGHEST    65           700 AM
 LOWEST     36           300 PM
 AVERAGE    51

..........................................................


THE NEW IBERIA CLIMATE NORMALS FOR TOMORROW
                         NORMAL    RECORD    YEAR
 MAXIMUM TEMPERATURE (F)   63        80      1957
                                             1952
 MINIMUM TEMPERATURE (F)   43        24      1966


SUNRISE AND SUNSET
JANUARY 26 2015.......SUNRISE   701 AM CST   SUNSET   539 PM CST
JANUARY 27 2015.......SUNRISE   701 AM CST   SUNSET   540 PM CST


-  INDICATES NEGATIVE NUMBERS.
R  INDICATES RECORD WAS SET OR TIED.
MM INDICATES DATA IS MISSING.
T  INDICATES TRACE AMOUNT.




$$
