716
CDUS44 KLCH 300842
CLIARA


CLIMATE REPORT
NATIONAL WEATHER SERVICE LAKE CHARLES, LA
341 AM CDT THU MAR 30 2017


...................................

...THE NEW IBERIA CLIMATE SUMMARY FOR MARCH 29 2017...

CLIMATE NORMAL PERIOD 1981 TO 2010
CLIMATE RECORD PERIOD 1948 TO 2017


WEATHER ITEM   OBSERVED TIME   RECORD YEAR NORMAL DEPARTURE LAST
                VALUE   (LST)  VALUE       VALUE  FROM      YEAR
                                                  NORMAL
..................................................................
TEMPERATURE (F)
 YESTERDAY
  MAXIMUM         83    153 PM  86    2011  75      8       78
  MINIMUM         68    625 AM  29    1955  53     15       60
  AVERAGE         76                        64     12       69

PRECIPITATION (IN)
  YESTERDAY        0.55          1.90 1990   0.13   0.42     0.01
  MONTH TO DATE    1.98                      3.55  -1.57     3.72
  SINCE MAR 1      1.98                      3.55  -1.57     3.72
  SINCE JAN 1      4.78                     12.96  -8.18    13.95

SNOWFALL (IN)
  YESTERDAY        0.0           0.0    MM  MM               0.0
  MONTH TO DATE    0.0                      MM               0.0
  SINCE MAR 1      0.0                      MM               0.0
  SINCE JUL 1      0.0                      MM               0.0

DEGREE DAYS
 HEATING
  YESTERDAY        0                         3     -3        0
  MONTH TO DATE   71                       141    -70       65
  SINCE MAR 1     71                       141    -70       65
  SINCE JUL 1    700                      1357   -657      981

 COOLING
  YESTERDAY       11                         3      8        4
  MONTH TO DATE  121                        44     77       86
  SINCE MAR 1    121                        44     77       86
  SINCE JAN 1    256                        75    181       96
..................................................................


WIND (MPH)
  RESULTANT WIND SPEED  12   RESULTANT WIND DIRECTION  SE (150)
  HIGHEST WIND SPEED    26   HIGHEST WIND DIRECTION     S (160)
  HIGHEST GUST SPEED    32   HIGHEST GUST DIRECTION    SE (140)
  AVERAGE WIND SPEED    14.7


SKY COVER
  POSSIBLE SUNSHINE  MM
  AVERAGE SKY COVER 0.7


WEATHER CONDITIONS
 THE FOLLOWING WEATHER WAS RECORDED YESTERDAY.
  THUNDERSTORM
  HEAVY RAIN
  RAIN
  LIGHT RAIN
  FOG


RELATIVE HUMIDITY (PERCENT)
 HIGHEST    90          1200 AM
 LOWEST     58          1100 AM
 AVERAGE    74

..........................................................


THE NEW IBERIA CLIMATE NORMALS FOR TODAY
                         NORMAL    RECORD    YEAR
 MAXIMUM TEMPERATURE (F)   76        88      1997
 MINIMUM TEMPERATURE (F)   53        32      1987


SUNRISE AND SUNSET
MARCH 30 2017.........SUNRISE   659 AM CDT   SUNSET   725 PM CDT
MARCH 31 2017.........SUNRISE   658 AM CDT   SUNSET   726 PM CDT


-  INDICATES NEGATIVE NUMBERS.
R  INDICATES RECORD WAS SET OR TIED.
MM INDICATES DATA IS MISSING.
T  INDICATES TRACE AMOUNT.




$$
