000
CDUS44 KLCH 040901
CLIARA


CLIMATE REPORT
NATIONAL WEATHER SERVICE LAKE CHARLES, LA
401 AM CDT WED MAY 4 2016


...................................

...THE NEW IBERIA CLIMATE SUMMARY FOR MAY 3 2016...

CLIMATE NORMAL PERIOD 1981 TO 2010
CLIMATE RECORD PERIOD 1948 TO 2016


WEATHER ITEM   OBSERVED TIME   RECORD YEAR NORMAL DEPARTURE LAST
                VALUE   (LST)  VALUE       VALUE  FROM      YEAR
                                                  NORMAL
..................................................................
TEMPERATURE (F)
 YESTERDAY
  MAXIMUM         77    351 PM  92    2010  83     -6       83
  MINIMUM         63   1159 PM  49    2013  63      0       62
                                      2004
  AVERAGE         70                        73     -3       73

PRECIPITATION (IN)
  YESTERDAY        0.00          2.67 1978   0.13  -0.13     0.00
  MONTH TO DATE    1.86                      0.39   1.47     0.00
  SINCE MAR 1     12.15                      8.23   3.92    13.98
  SINCE JAN 1     22.38                     17.64   4.74    20.44

SNOWFALL (IN)
  YESTERDAY        0.0           0.0    MM  MM               0.0
  MONTH TO DATE    0.0                      MM               0.0
  SINCE MAR 1      0.0                      MM                T
  SINCE JUL 1      0.0                      MM                T

DEGREE DAYS
 HEATING
  YESTERDAY        0                         0      0        0
  MONTH TO DATE    0                         0      0        0
  SINCE MAR 1     81                       192   -111       73
  SINCE JUL 1    997                      1408   -411     1416

 COOLING
  YESTERDAY        5                         8     -3        8
  MONTH TO DATE   21                        23     -2       24
  SINCE MAR 1    307                       212     95      342
  SINCE JAN 1    317                       243     74      346
..................................................................


WIND (MPH)
  RESULTANT WIND SPEED   8   RESULTANT WIND DIRECTION   N (0)
  HIGHEST WIND SPEED    15   HIGHEST WIND DIRECTION     N (360)
  HIGHEST GUST SPEED    20   HIGHEST GUST DIRECTION    NE (30)
  AVERAGE WIND SPEED     8.5


SKY COVER
  POSSIBLE SUNSHINE  MM
  AVERAGE SKY COVER 0.7


WEATHER CONDITIONS
 THE FOLLOWING WEATHER WAS RECORDED YESTERDAY.
  NO SIGNIFICANT WEATHER WAS OBSERVED.


RELATIVE HUMIDITY (PERCENT)
 HIGHEST    93           400 AM
 LOWEST     57           600 PM
 AVERAGE    75

..........................................................


THE NEW IBERIA CLIMATE NORMALS FOR TODAY
                         NORMAL    RECORD    YEAR
 MAXIMUM TEMPERATURE (F)   84        93      1952
 MINIMUM TEMPERATURE (F)   63        43      1954


SUNRISE AND SUNSET
MAY  4 2016...........SUNRISE   622 AM CDT   SUNSET   747 PM CDT
MAY  5 2016...........SUNRISE   621 AM CDT   SUNSET   748 PM CDT


-  INDICATES NEGATIVE NUMBERS.
R  INDICATES RECORD WAS SET OR TIED.
MM INDICATES DATA IS MISSING.
T  INDICATES TRACE AMOUNT.




$$
