000
CDUS43 KLOT 290634
CLIARR


CLIMATE REPORT
NATIONAL WEATHER SERVICE CHICAGO IL
133 AM CDT FRI MAY 29 2015


...................................

...THE AURORA MUNICIPAL AIRPORT CLIMATE SUMMARY FOR MAY 28 2015...

CLIMATE NORMAL PERIOD 1981 TO 2010
CLIMATE RECORD PERIOD 1998 TO 2015


WEATHER ITEM   OBSERVED TIME   RECORD YEAR NORMAL DEPARTURE LAST
                VALUE   (LST)  VALUE       VALUE  FROM      YEAR
                                                  NORMAL
..................................................................
TEMPERATURE (F)
 YESTERDAY
  MAXIMUM         84    334 PM  93    2006  74     10       79
  MINIMUM         52    438 AM  39    2008  52      0       58
  AVERAGE         68                        63      5       69

PRECIPITATION (IN)
  YESTERDAY        0.00          0.29 2003   0.13  -0.13      T
  MONTH TO DATE    3.74                      3.84  -0.10     2.83
  SINCE MAR 1      8.37                      9.37  -1.00     6.14
  SINCE JAN 1      9.05                     12.46  -3.41     7.99

DEGREE DAYS
 HEATING
  YESTERDAY        0                         4     -4        0
  MONTH TO DATE  138                       218    -80      196
  SINCE MAR 1   1532                      1586    -54     1770
  SINCE JUL 1   6987                      6724    263     7346

 COOLING
  YESTERDAY        3                         2      1        4
  MONTH TO DATE   60                        30     30       70
  SINCE MAR 1     60                        33     27       70
  SINCE JAN 1     60                        33     27       70
..................................................................


WIND (MPH)
  RESULTANT WIND SPEED   6   RESULTANT WIND DIRECTION  SE (140)
  HIGHEST WIND SPEED    20   HIGHEST WIND DIRECTION    SE (150)
  HIGHEST GUST SPEED    31   HIGHEST GUST DIRECTION    SE (140)
  AVERAGE WIND SPEED     6.9


SKY COVER
  POSSIBLE SUNSHINE  MM
  AVERAGE SKY COVER 0.1


WEATHER CONDITIONS
 THE FOLLOWING WEATHER WAS RECORDED YESTERDAY.
  FOG


RELATIVE HUMIDITY (PERCENT)
 HIGHEST    93           300 AM
 LOWEST     31           500 PM
 AVERAGE    62

..........................................................


THE AURORA MUNICIPAL AIRPORT CLIMATE NORMALS FOR TODAY
                         NORMAL    RECORD    YEAR
 MAXIMUM TEMPERATURE (F)   75        92      2006
 MINIMUM TEMPERATURE (F)   52        40      2008


SUNRISE AND SUNSET
MAY 29 2015...........SUNRISE   523 AM CDT   SUNSET   820 PM CDT
MAY 30 2015...........SUNRISE   523 AM CDT   SUNSET   820 PM CDT


-  INDICATES NEGATIVE NUMBERS.
R  INDICATES RECORD WAS SET OR TIED.
MM INDICATES DATA IS MISSING.
T  INDICATES TRACE AMOUNT.




$$
