000
CDUS43 KLOT 290634
CLIARR


CLIMATE REPORT
NATIONAL WEATHER SERVICE CHICAGO IL
134 AM CDT WED JUL 29 2015


...................................

...THE AURORA MUNICIPAL AIRPORT CLIMATE SUMMARY FOR JULY 28 2015...

CLIMATE NORMAL PERIOD 1981 TO 2010
CLIMATE RECORD PERIOD 1998 TO 2015


WEATHER ITEM   OBSERVED TIME   RECORD YEAR NORMAL DEPARTURE LAST
                VALUE   (LST)  VALUE       VALUE  FROM      YEAR
                                                  NORMAL
..................................................................
TEMPERATURE (F)
 YESTERDAY
  MAXIMUM         89    145 PM  91    1999  83      6       73
  MINIMUM         66    523 AM  50    2013  59      7       55
                                      2005
  AVERAGE         78                        71      7       64

PRECIPITATION (IN)
  YESTERDAY        0.14          0.43 2003   0.13   0.01     0.00
  MONTH TO DATE    4.54                      3.77   0.77     1.80
  SINCE JUN 1     13.23                      7.78   5.45    10.76
  SINCE JAN 1     22.58                     20.66   1.92    18.75

DEGREE DAYS
 HEATING
  YESTERDAY        0                         0      0        1
  MONTH TO DATE   12                         0     12       15
  SINCE JUN 1     30                        41    -11       31
  SINCE JUL 1     12                         0     12       15

 COOLING
  YESTERDAY       13                         6      7        0
  MONTH TO DATE  192                       193     -1      114
  SINCE JUN 1    343                       348     -5      310
  SINCE JAN 1    412                       389     23      396
..................................................................


WIND (MPH)
  RESULTANT WIND SPEED   3   RESULTANT WIND DIRECTION   S (160)
  HIGHEST WIND SPEED    24   HIGHEST WIND DIRECTION     W (270)
  HIGHEST GUST SPEED    29   HIGHEST GUST DIRECTION     W (270)
  AVERAGE WIND SPEED     5.2


SKY COVER
  POSSIBLE SUNSHINE  MM
  AVERAGE SKY COVER 0.1


WEATHER CONDITIONS
 THE FOLLOWING WEATHER WAS RECORDED YESTERDAY.
  THUNDERSTORM
  HEAVY RAIN
  RAIN
  LIGHT RAIN
  FOG
  HAZE


RELATIVE HUMIDITY (PERCENT)
 HIGHEST    87           400 AM
 LOWEST     55          1200 PM
 AVERAGE    71

..........................................................


THE AURORA MUNICIPAL AIRPORT CLIMATE NORMALS FOR TODAY
                         NORMAL    RECORD    YEAR
 MAXIMUM TEMPERATURE (F)   82        93      2006
 MINIMUM TEMPERATURE (F)   59        49      2013


SUNRISE AND SUNSET
JULY 29 2015..........SUNRISE   545 AM CDT   SUNSET   815 PM CDT
JULY 30 2015..........SUNRISE   546 AM CDT   SUNSET   814 PM CDT


-  INDICATES NEGATIVE NUMBERS.
R  INDICATES RECORD WAS SET OR TIED.
MM INDICATES DATA IS MISSING.
T  INDICATES TRACE AMOUNT.




$$
