000
CDUS43 KLOT 300636
CLIARR


CLIMATE REPORT
NATIONAL WEATHER SERVICE CHICAGO IL
134 AM CDT THU OCT 30 2014


...................................

...THE AURORA MUNICIPAL AIRPORT CLIMATE SUMMARY FOR OCTOBER 29 2014...

CLIMATE NORMAL PERIOD 1981 TO 2010
CLIMATE RECORD PERIOD 1998 TO 2014


WEATHER ITEM   OBSERVED TIME   RECORD YEAR NORMAL DEPARTURE LAST
                VALUE   (LST)  VALUE       VALUE  FROM      YEAR
                                                  NORMAL
..................................................................
TEMPERATURE (F)
 YESTERDAY
  MAXIMUM         50    254 PM  78    1999  57     -7       56
  MINIMUM         29   1121 PM  23    2005  35     -6       33
  AVERAGE         40                        46     -6       45

PRECIPITATION (IN)
  YESTERDAY        0.00          0.71 2009   0.09  -0.09      T
  MONTH TO DATE    2.33                      2.95  -0.62     1.02
  SINCE SEP 1      4.89                      6.39  -1.50     2.24
  SINCE JAN 1     27.76                     31.59  -3.83    28.47

DEGREE DAYS
 HEATING
  YESTERDAY       25                        19      6       20
  MONTH TO DATE  382                       416    -34      423
  SINCE SEP 1    532                       545    -13      524
  SINCE JUL 1    553                       569    -16      552

 COOLING
  YESTERDAY        0                         0      0        0
  MONTH TO DATE    3                         9     -6       14
  SINCE SEP 1     63                        72     -9      118
  SINCE JAN 1    693                       656     37      745
..................................................................


WIND (MPH)
  RESULTANT WIND SPEED   9   RESULTANT WIND DIRECTION   W (290)
  HIGHEST WIND SPEED    20   HIGHEST WIND DIRECTION     W (270)
  HIGHEST GUST SPEED    25   HIGHEST GUST DIRECTION     W (280)
  AVERAGE WIND SPEED     8.7


SKY COVER
  POSSIBLE SUNSHINE  MM
  AVERAGE SKY COVER 0.8


WEATHER CONDITIONS
 THE FOLLOWING WEATHER WAS RECORDED YESTERDAY.
  NO SIGNIFICANT WEATHER WAS OBSERVED.


RELATIVE HUMIDITY (PERCENT)
 HIGHEST    85          1100 PM
 LOWEST     50           200 PM
 AVERAGE    68

..........................................................


THE AURORA MUNICIPAL AIRPORT CLIMATE NORMALS FOR TODAY
                         NORMAL    RECORD    YEAR
 MAXIMUM TEMPERATURE (F)   57        74      1999
 MINIMUM TEMPERATURE (F)   35        26      2008


SUNRISE AND SUNSET
OCTOBER 30 2014.......SUNRISE   724 AM CDT   SUNSET   551 PM CDT
OCTOBER 31 2014.......SUNRISE   725 AM CDT   SUNSET   550 PM CDT


-  INDICATES NEGATIVE NUMBERS.
R  INDICATES RECORD WAS SET OR TIED.
MM INDICATES DATA IS MISSING.
T  INDICATES TRACE AMOUNT.




$$
