000
CDUS43 KLOT 220640
CLIARR


CLIMATE REPORT
NATIONAL WEATHER SERVICE CHICAGO IL
139 AM CDT TUE JUL 22 2014


...................................

...THE AURORA MUNICIPAL AIRPORT CLIMATE SUMMARY FOR JULY 21 2014...

CLIMATE NORMAL PERIOD 1981 TO 2010
CLIMATE RECORD PERIOD 1998 TO 2014


WEATHER ITEM   OBSERVED TIME   RECORD YEAR NORMAL DEPARTURE LAST
                VALUE   (LST)  VALUE       VALUE  FROM      YEAR
                                                  NORMAL
..................................................................
TEMPERATURE (F)
 YESTERDAY
  MAXIMUM         84    403 PM  97    2002  83      1       87
  MINIMUM         58    342 AM  49    2007  60     -2       65
  AVERAGE         71                        71      0       76

PRECIPITATION (IN)
  YESTERDAY        0.00          0.32 1999   0.17  -0.17     0.00
  MONTH TO DATE    1.80                      2.77  -0.97     1.32
  SINCE JUN 1     10.76                      6.78   3.98     4.92
  SINCE JAN 1     18.75                     19.66  -0.91    21.78

DEGREE DAYS
 HEATING
  YESTERDAY        0                         0      0        0
  MONTH TO DATE   11                         0     11        0
  SINCE JUN 1     27                        41    -14       44
  SINCE JUL 1     11                         0     11        0

 COOLING
  YESTERDAY        6                         7     -1       11
  MONTH TO DATE   81                       147    -66      204
  SINCE JUN 1    277                       302    -25      349
  SINCE JAN 1    363                       343     20      429
..................................................................


WIND (MPH)
  RESULTANT WIND SPEED   6   RESULTANT WIND DIRECTION   S (170)
  HIGHEST WIND SPEED    14   HIGHEST WIND DIRECTION     S (180)
  HIGHEST GUST SPEED    19   HIGHEST GUST DIRECTION     S (180)
  AVERAGE WIND SPEED     6.6


SKY COVER
  POSSIBLE SUNSHINE  MM
  AVERAGE SKY COVER 0.0


WEATHER CONDITIONS
 THE FOLLOWING WEATHER WAS RECORDED YESTERDAY.
  FOG
  HAZE


RELATIVE HUMIDITY (PERCENT)
 HIGHEST    90          1200 AM
 LOWEST     51           200 PM
 AVERAGE    71

..........................................................


THE AURORA MUNICIPAL AIRPORT CLIMATE NORMALS FOR TODAY
                         NORMAL    RECORD    YEAR
 MAXIMUM TEMPERATURE (F)   83        95      2001
 MINIMUM TEMPERATURE (F)   60        51      2007


SUNRISE AND SUNSET
JULY 22 2014..........SUNRISE   538 AM CDT   SUNSET   822 PM CDT
JULY 23 2014..........SUNRISE   539 AM CDT   SUNSET   821 PM CDT


-  INDICATES NEGATIVE NUMBERS.
R  INDICATES RECORD WAS SET OR TIED.
MM INDICATES DATA IS MISSING.
T  INDICATES TRACE AMOUNT.




$$
