000
CDUS43 KLOT 200643
CLIARR


CLIMATE REPORT
NATIONAL WEATHER SERVICE CHICAGO IL
142 AM CDT MON OCT 20 2014


...................................

...THE AURORA MUNICIPAL AIRPORT CLIMATE SUMMARY FOR OCTOBER 19 2014...

CLIMATE NORMAL PERIOD 1981 TO 2010
CLIMATE RECORD PERIOD 1998 TO 2014


WEATHER ITEM   OBSERVED TIME   RECORD YEAR NORMAL DEPARTURE LAST
                VALUE   (LST)  VALUE       VALUE  FROM      YEAR
                                                  NORMAL
..................................................................
TEMPERATURE (F)
 YESTERDAY
  MAXIMUM         56    417 PM  77    2000  61     -5       55
  MINIMUM         28    635 AM  27    2002  38    -10       39
  AVERAGE         42                        50     -8       47

PRECIPITATION (IN)
  YESTERDAY        0.00          0.13 2011   0.09  -0.09      T
  MONTH TO DATE    2.33                      1.94   0.39     0.89
  SINCE SEP 1      4.89                      5.38  -0.49     2.11
  SINCE JAN 1     27.76                     30.58  -2.82    28.34

DEGREE DAYS
 HEATING
  YESTERDAY       23                        16      7       18
  MONTH TO DATE  244                       243      1      164
  SINCE SEP 1    394                       372     22      265
  SINCE JUL 1    415                       396     19      293

 COOLING
  YESTERDAY        0                         0      0        0
  MONTH TO DATE    3                         9     -6       14
  SINCE SEP 1     63                        72     -9      118
  SINCE JAN 1    693                       656     37      745
..................................................................


WIND (MPH)
  RESULTANT WIND SPEED   6   RESULTANT WIND DIRECTION   S (200)
  HIGHEST WIND SPEED    17   HIGHEST WIND DIRECTION     S (190)
  HIGHEST GUST SPEED    23   HIGHEST GUST DIRECTION    SW (210)
  AVERAGE WIND SPEED     7.0


SKY COVER
  POSSIBLE SUNSHINE  MM
  AVERAGE SKY COVER 0.2


WEATHER CONDITIONS
 THE FOLLOWING WEATHER WAS RECORDED YESTERDAY.
  FOG
  FOG W/VISIBILITY <= 1/4 MILE
  HAZE


RELATIVE HUMIDITY (PERCENT)
 HIGHEST    92           200 AM
 LOWEST     59           100 PM
 AVERAGE    76

..........................................................


THE AURORA MUNICIPAL AIRPORT CLIMATE NORMALS FOR TODAY
                         NORMAL    RECORD    YEAR
 MAXIMUM TEMPERATURE (F)   61        84      2003
 MINIMUM TEMPERATURE (F)   38        25      2002


SUNRISE AND SUNSET
OCTOBER 20 2014.......SUNRISE   712 AM CDT   SUNSET   605 PM CDT
OCTOBER 21 2014.......SUNRISE   713 AM CDT   SUNSET   603 PM CDT


-  INDICATES NEGATIVE NUMBERS.
R  INDICATES RECORD WAS SET OR TIED.
MM INDICATES DATA IS MISSING.
T  INDICATES TRACE AMOUNT.




$$
