000
CDUS43 KLOT 180634
CLIARR


CLIMATE REPORT
NATIONAL WEATHER SERVICE CHICAGO IL
1233 AM CST THU JAN 18 2018


...................................

...THE AURORA MUNICIPAL AIRPORT CLIMATE SUMMARY FOR JANUARY 17 2018...

CLIMATE NORMAL PERIOD 1981 TO 2010
CLIMATE RECORD PERIOD 1998 TO 2018


WEATHER ITEM   OBSERVED TIME   RECORD YEAR NORMAL DEPARTURE LAST
                VALUE   (LST)  VALUE       VALUE  FROM      YEAR
                                                  NORMAL
..................................................................
TEMPERATURE (F)
 YESTERDAY
  MAXIMUM         18    353 PM  MM      MM  29    -11       39
  MINIMUM         -8    643 AM  MM      MM  12    -20       35
  AVERAGE          5                        21    -16       37

PRECIPITATION (IN)
  YESTERDAY        0.00         MM      MM   0.05  -0.05     0.40
  MONTH TO DATE    0.20                      0.70  -0.50     1.75
  SINCE DEC 1      0.61                      2.66  -2.05     2.58
  SINCE JAN 1      0.20                      0.70  -0.50     1.75

DEGREE DAYS
 HEATING
  YESTERDAY       60                        44     16       28
  MONTH TO DATE  836                       746     90      701
  SINCE DEC 1   2001                      1981     20     1978
  SINCE JUL 1   3238                      3395   -157     2876

 COOLING
  YESTERDAY        0                         0      0        0
  MONTH TO DATE    0                         0      0        0
  SINCE DEC 1      0                         0      0        0
  SINCE JAN 1      0                         0      0        0
..................................................................


WIND (MPH)
  RESULTANT WIND SPEED   9   RESULTANT WIND DIRECTION  SW (230)
  HIGHEST WIND SPEED    21   HIGHEST WIND DIRECTION    SW (220)
  HIGHEST GUST SPEED    28   HIGHEST GUST DIRECTION    SW (220)
  AVERAGE WIND SPEED    10.1


SKY COVER
  POSSIBLE SUNSHINE  MM
  AVERAGE SKY COVER 0.0


WEATHER CONDITIONS
 THE FOLLOWING WEATHER WAS RECORDED YESTERDAY.
  FOG


RELATIVE HUMIDITY (PERCENT)
 HIGHEST    91           600 AM
 LOWEST     67           400 PM
 AVERAGE    79

..........................................................


THE AURORA MUNICIPAL AIRPORT CLIMATE NORMALS FOR TODAY
                         NORMAL    RECORD    YEAR
 MAXIMUM TEMPERATURE (F)   29        MM        MM
 MINIMUM TEMPERATURE (F)   12        MM        MM


SUNRISE AND SUNSET
JANUARY 18 2018.......SUNRISE   717 AM CST   SUNSET   452 PM CST
JANUARY 19 2018.......SUNRISE   717 AM CST   SUNSET   453 PM CST


-  INDICATES NEGATIVE NUMBERS.
R  INDICATES RECORD WAS SET OR TIED.
MM INDICATES DATA IS MISSING.
T  INDICATES TRACE AMOUNT.




$$
