000
CDUS43 KLOT 310635
CLIARR


CLIMATE REPORT
NATIONAL WEATHER SERVICE CHICAGO IL
132 AM CDT THU JUL 31 2014


...................................

...THE AURORA MUNICIPAL AIRPORT CLIMATE SUMMARY FOR JULY 30 2014...

CLIMATE NORMAL PERIOD 1981 TO 2010
CLIMATE RECORD PERIOD 1998 TO 2014


WEATHER ITEM   OBSERVED TIME   RECORD YEAR NORMAL DEPARTURE LAST
                VALUE   (LST)  VALUE       VALUE  FROM      YEAR
                                                  NORMAL
..................................................................
TEMPERATURE (F)
 YESTERDAY
  MAXIMUM         79    323 PM  99    1999  82     -3       71
  MINIMUM         56   1154 PM  53    2009  59     -3       56
                                      2003
  AVERAGE         68                        71     -3       64

PRECIPITATION (IN)
  YESTERDAY        0.00          1.13 2000   0.15  -0.15     0.17
  MONTH TO DATE    2.12                      4.05  -1.93     2.37
  SINCE JUN 1     11.08                      8.06   3.02     5.97
  SINCE JAN 1     19.07                     20.94  -1.87    22.83

DEGREE DAYS
 HEATING
  YESTERDAY        0                         0      0        1
  MONTH TO DATE   15                         0     15       16
  SINCE JUN 1     31                        41    -10       60
  SINCE JUL 1     15                         0     15       16

 COOLING
  YESTERDAY        3                         6     -3        0
  MONTH TO DATE  118                       205    -87      218
  SINCE JUN 1    314                       360    -46      363
  SINCE JAN 1    400                       401     -1      443
..................................................................


WIND (MPH)
  RESULTANT WIND SPEED   5   RESULTANT WIND DIRECTION   W (290)
  HIGHEST WIND SPEED    14   HIGHEST WIND DIRECTION     W (270)
  HIGHEST GUST SPEED    19   HIGHEST GUST DIRECTION     W (290)
  AVERAGE WIND SPEED     5.2


SKY COVER
  POSSIBLE SUNSHINE  MM
  AVERAGE SKY COVER 0.3


WEATHER CONDITIONS
 THE FOLLOWING WEATHER WAS RECORDED YESTERDAY.
  FOG
  HAZE


RELATIVE HUMIDITY (PERCENT)
 HIGHEST    93           100 AM
 LOWEST     48           300 PM
 AVERAGE    71

..........................................................


THE AURORA MUNICIPAL AIRPORT CLIMATE NORMALS FOR TODAY
                         NORMAL    RECORD    YEAR
 MAXIMUM TEMPERATURE (F)   82        99      2006
 MINIMUM TEMPERATURE (F)   59        49      2009


SUNRISE AND SUNSET
JULY 31 2014..........SUNRISE   547 AM CDT   SUNSET   813 PM CDT
AUGUST  1 2014........SUNRISE   548 AM CDT   SUNSET   812 PM CDT


-  INDICATES NEGATIVE NUMBERS.
R  INDICATES RECORD WAS SET OR TIED.
MM INDICATES DATA IS MISSING.
T  INDICATES TRACE AMOUNT.




$$
