000
CDUS41 KBUF 271028
CLIART


CLIMATE REPORT
NATIONAL WEATHER SERVICE BUFFALO NY
626 AM EDT FRI MAY 27 2016


...................................

...THE WATERTOWN NY CLIMATE SUMMARY FOR MAY 26 2016...

CLIMATE NORMAL PERIOD 1981 TO 2010
CLIMATE RECORD PERIOD 1949 TO 2016


WEATHER ITEM   OBSERVED TIME   RECORD YEAR NORMAL DEPARTURE LAST
                VALUE   (LST)  VALUE       VALUE  FROM      YEAR
                                                  NORMAL
..................................................................
TEMPERATURE (F)
 YESTERDAY
  MAXIMUM         84    228 PM  85    2010  69     15       82
  MINIMUM         51    414 AM  29    1969  47      4       61
  AVERAGE         68                        58     10       72

PRECIPITATION (IN)
  YESTERDAY        0.00          0.72 1979   0.10  -0.10     0.03
  MONTH TO DATE    1.40                      2.55  -1.15     0.97
  SINCE MAR 1      5.19                      7.75  -2.56     3.49
  SINCE JAN 1     11.00                     12.63  -1.63     6.58

DEGREE DAYS
 HEATING
  YESTERDAY        0                         8     -8        0
  MONTH TO DATE  324                       297     27      198
  SINCE MAR 1   1992                      1999     -7     2006
  SINCE JUL 1   6640                      7440   -800     7526

 COOLING
  YESTERDAY        3                         1      2        7
  MONTH TO DATE    3                         3      0       31
  SINCE MAR 1      3                         4     -1       31
  SINCE JAN 1      3                         4     -1       31
..................................................................


WIND (MPH)
  HIGHEST WIND SPEED     9   HIGHEST WIND DIRECTION     W (260)
  HIGHEST GUST SPEED    11   HIGHEST GUST DIRECTION     S (200)
  AVERAGE WIND SPEED     2.3


SKY COVER
  AVERAGE SKY COVER 0.3


WEATHER CONDITIONS
 THE FOLLOWING WEATHER WAS RECORDED YESTERDAY.
  FOG
  HAZE


RELATIVE HUMIDITY (PERCENT)
 HIGHEST    96           400 AM
 LOWEST     42          1200 PM
 AVERAGE    69

..........................................................


THE WATERTOWN NY CLIMATE NORMALS FOR TODAY
                         NORMAL    RECORD    YEAR
 MAXIMUM TEMPERATURE (F)   69        87      1960
 MINIMUM TEMPERATURE (F)   47        32      1969


SUNRISE AND SUNSET
MAY 27 2016...........SUNRISE   527 AM EDT   SUNSET   836 PM EDT
MAY 28 2016...........SUNRISE   526 AM EDT   SUNSET   837 PM EDT


-  INDICATES NEGATIVE NUMBERS.
R  INDICATES RECORD WAS SET OR TIED.
MM INDICATES DATA IS MISSING.
T  INDICATES TRACE AMOUNT.

$$
