000
CDUS45 KGJT 310746
CLIASE


CLIMATE REPORT
NATIONAL WEATHER SERVICE GRAND JUNCTION CO
130 AM MDT MON AUG 31 2015


...................................

...THE ASPEN CO CLIMATE SUMMARY FOR AUGUST 30 2015...

CLIMATE NORMAL PERIOD 1981 TO 2010
CLIMATE RECORD PERIOD 9999 TO 9999


WEATHER ITEM   OBSERVED TIME   RECORD YEAR NORMAL DEPARTURE LAST
                VALUE   (LST)  VALUE       VALUE  FROM      YEAR
                                                  NORMAL
..................................................................
TEMPERATURE (F)
 YESTERDAY
  MAXIMUM         83    150 PM  MM      MM  74      9       77
  MINIMUM         49    632 AM  MM      MM  43      6       42
  AVERAGE         66                        59      7       60

PRECIPITATION (IN)
  YESTERDAY        0.15         MM      MM   0.06   0.09     0.01
  MONTH TO DATE    1.52                      1.63  -0.11     1.74
  SINCE JUN 1      6.48                      4.47   2.01     3.68
  SINCE JAN 1     13.79                     11.41   2.38     9.21

SNOWFALL (IN)
  YESTERDAY       MM            MM      MM  MM     MM       MM
  MONTH TO DATE   MM                        MM     MM       MM
  SINCE JUN 1     MM                        MM     MM       MM
  SINCE JUL 1     MM                        MM     MM       MM
  SNOW DEPTH      MM

DEGREE DAYS
 HEATING
  YESTERDAY        0                         6     -6        5
  MONTH TO DATE   57                       117    -60      125
  SINCE JUN 1    268                       417   -149      355
  SINCE JUL 1    161                       188    -27      150

 COOLING
  YESTERDAY        1                         0      1        0
  MONTH TO DATE   21                         9     12        1
  SINCE JUN 1     73                        38     35       56
  SINCE JAN 1     73                        38     35       56
..................................................................


WIND (MPH)
  HIGHEST WIND SPEED    24   HIGHEST WIND DIRECTION    NW (330)
  HIGHEST GUST SPEED    31   HIGHEST GUST DIRECTION     N (340)
  AVERAGE WIND SPEED     6.6


SKY COVER
  POSSIBLE SUNSHINE  MM
  AVERAGE SKY COVER 0.4


WEATHER CONDITIONS
 THE FOLLOWING WEATHER WAS RECORDED YESTERDAY.
  RAIN
  LIGHT RAIN
  FOG


RELATIVE HUMIDITY (PERCENT)
 HIGHEST    66           600 AM
 LOWEST     23          1100 AM
 AVERAGE    45

..........................................................


THE ASPEN CO CLIMATE NORMALS FOR TODAY
                         NORMAL    RECORD    YEAR
 MAXIMUM TEMPERATURE (F)   74        MM        MM
 MINIMUM TEMPERATURE (F)   43        MM        MM


SUNRISE AND SUNSET
AUGUST 31 2015........SUNRISE   635 AM MDT   SUNSET   740 PM MDT
SEPTEMBER  1 2015.....SUNRISE   636 AM MDT   SUNSET   738 PM MDT


-  INDICATES NEGATIVE NUMBERS.
R  INDICATES RECORD WAS SET OR TIED.
MM INDICATES DATA IS MISSING.
T  INDICATES TRACE AMOUNT.




$$
