000
CDUS45 KGJT 280735
CLIASE


CLIMATE REPORT
NATIONAL WEATHER SERVICE GRAND JUNCTION CO
133 AM MDT SUN AUG 28 2016


...................................

...THE ASPEN CO CLIMATE SUMMARY FOR AUGUST 27 2016...

CLIMATE NORMAL PERIOD 1981 TO 2010
CLIMATE RECORD PERIOD 9999 TO 9999


WEATHER ITEM   OBSERVED TIME   RECORD YEAR NORMAL DEPARTURE LAST
                VALUE   (LST)  VALUE       VALUE  FROM      YEAR
                                                  NORMAL
..................................................................
TEMPERATURE (F)
 YESTERDAY
  MAXIMUM         67    223 PM  MM      MM  75     -8       66
  MINIMUM         39    615 AM  MM      MM  44     -5       50
  AVERAGE         53                        59     -6       58

PRECIPITATION (IN)
  YESTERDAY        T            MM      MM   0.06  -0.06     0.58
  MONTH TO DATE    2.14                      1.46   0.68     1.37
  SINCE JUN 1      4.74                      4.30   0.44     6.33
  SINCE JAN 1     11.92                     11.24   0.68    13.64

SNOWFALL (IN)
  YESTERDAY       MM            MM      MM  MM     MM       MM
  MONTH TO DATE   MM                        MM     MM       MM
  SINCE JUN 1     MM                        MM     MM       MM
  SINCE JUL 1     MM                        MM     MM       MM
  SNOW DEPTH      MM

DEGREE DAYS
 HEATING
  YESTERDAY       12                         6      6        7
  MONTH TO DATE  104                        99      5       50
  SINCE JUN 1    213                       399   -186      261
  SINCE JUL 1    136                       170    -34      154

 COOLING
  YESTERDAY        0                         0      0        0
  MONTH TO DATE   13                         9      4       20
  SINCE JUN 1     69                        38     31       72
  SINCE JAN 1     69                        38     31       72
..................................................................


WIND (MPH)
  HIGHEST WIND SPEED    20   HIGHEST WIND DIRECTION     S (170)
  HIGHEST GUST SPEED    22   HIGHEST GUST DIRECTION     S (170)
  AVERAGE WIND SPEED     6.4


SKY COVER
  POSSIBLE SUNSHINE  MM
  AVERAGE SKY COVER 0.2


WEATHER CONDITIONS
 THE FOLLOWING WEATHER WAS RECORDED YESTERDAY.
  LIGHT RAIN


RELATIVE HUMIDITY (PERCENT)
 HIGHEST    92           500 AM
 LOWEST     37          1200 PM
 AVERAGE    65

..........................................................


THE ASPEN CO CLIMATE NORMALS FOR TODAY
                         NORMAL    RECORD    YEAR
 MAXIMUM TEMPERATURE (F)   75        MM        MM
 MINIMUM TEMPERATURE (F)   44        MM        MM


SUNRISE AND SUNSET
AUGUST 28 2016........SUNRISE   633 AM MDT   SUNSET   743 PM MDT
AUGUST 29 2016........SUNRISE   634 AM MDT   SUNSET   742 PM MDT


-  INDICATES NEGATIVE NUMBERS.
R  INDICATES RECORD WAS SET OR TIED.
MM INDICATES DATA IS MISSING.
T  INDICATES TRACE AMOUNT.




$$
