000
CDUS46 KPQR 221143
CLIAST


CLIMATE REPORT
NATIONAL WEATHER SERVICE PORTLAND OREGON
343 AM PST SUN JAN 22 2017


...................................

...THE ASTORIA OR CLIMATE SUMMARY FOR JANUARY 21 2017...

CLIMATE NORMAL PERIOD 1981 TO 2010
CLIMATE RECORD PERIOD 1892 TO 2017


WEATHER ITEM   OBSERVED TIME   RECORD YEAR NORMAL DEPARTURE LAST
                VALUE   (LST)  VALUE       VALUE  FROM      YEAR
                                                  NORMAL
..................................................................
TEMPERATURE (F)
 YESTERDAY
  MAXIMUM         49    836 PM  61    1981  50     -1       59
                                      1961
  MINIMUM         40   1255 AM  14    1962  38      2       48
  AVERAGE         45                        44      1       54

PRECIPITATION (IN)
  YESTERDAY        0.15          3.52 2016   0.32  -0.17     3.52
  MONTH TO DATE    5.56                      7.21  -1.65     9.82
  SINCE OCT 1     49.43                     34.23  15.20    52.35
  SINCE JAN 1      5.56                      7.21  -1.65     9.82

DEGREE DAYS
 HEATING
  YESTERDAY       20                        21     -1       11
  MONTH TO DATE  538                       450     88      426
  SINCE DEC 1   1273                      1143    130      999
  SINCE JUL 1   2136                      2556   -420     1999

 COOLING
  YESTERDAY        0                         0      0        0
  MONTH TO DATE    0                         0      0        0
  SINCE DEC 1      0                         0      0        0
  SINCE JAN 1      0                         0      0        0
..................................................................


WIND (MPH)
  HIGHEST WIND SPEED    12   HIGHEST WIND DIRECTION     E (70)
  HIGHEST GUST SPEED    14   HIGHEST GUST DIRECTION     S (180)
  AVERAGE WIND SPEED     5.6


SKY COVER
  POSSIBLE SUNSHINE  MM
  AVERAGE SKY COVER 0.9


WEATHER CONDITIONS
 THE FOLLOWING WEATHER WAS RECORDED YESTERDAY.
  RAIN
  LIGHT RAIN
  FOG
  HAZE


RELATIVE HUMIDITY (PERCENT)
 HIGHEST    86           600 PM
 LOWEST     71           900 AM
 AVERAGE    79

..........................................................


THE ASTORIA OR CLIMATE NORMALS FOR TODAY
                         NORMAL    RECORD    YEAR
 MAXIMUM TEMPERATURE (F)   50        62      1981
 MINIMUM TEMPERATURE (F)   38        16      1943


SUNRISE AND SUNSET
JANUARY 22 2017.......SUNRISE   748 AM PST   SUNSET   507 PM PST
JANUARY 23 2017.......SUNRISE   747 AM PST   SUNSET   508 PM PST


-  INDICATES NEGATIVE NUMBERS.
R  INDICATES RECORD WAS SET OR TIED.
MM INDICATES DATA IS MISSING.
T  INDICATES TRACE AMOUNT.




$$
