000
CDUS46 KPQR 280228
CLIAST


CLIMATE REPORT
NATIONAL WEATHER SERVICE PORTLAND OREGON
728 PM PDT SUN JUL 27 2014


...................................

...THE ASTORIA OR CLIMATE SUMMARY FOR JULY 27 2014...
VALID TODAY AS OF 0700 PM LOCAL TIME.

CLIMATE NORMAL PERIOD 1981 TO 2010
CLIMATE RECORD PERIOD 1892 TO 2014


WEATHER ITEM   OBSERVED TIME   RECORD YEAR NORMAL DEPARTURE LAST
                VALUE   (LST)  VALUE       VALUE  FROM      YEAR
                                                  NORMAL
..................................................................
TEMPERATURE (F)
 TODAY
  MAXIMUM         73   1122 AM  90    1958  68      5       64
  MINIMUM         50    524 AM  37    1930  54     -4       55
  AVERAGE         62                        61      1       60

PRECIPITATION (IN)
  TODAY            0.00          0.48 1948   0.02  -0.02     0.00
  MONTH TO DATE    1.08                      0.94   0.14     0.01
  SINCE OCT 1     53.77                     63.87 -10.10    76.60
  SINCE JAN 1     41.61                     36.85   4.76    34.98

DEGREE DAYS
 HEATING
  TODAY            3                         4     -1        5
  MONTH TO DATE   95                       132    -37      116
  SINCE JUN 1    275                       374    -99      297
  SINCE JUL 1     95                       132    -37      116

 COOLING
  TODAY            0                         0      0        0
  MONTH TO DATE    8                         0      8        0
  SINCE JUN 1      8                         0      8        3
  SINCE JAN 1     19                         0     19        4
..................................................................


WIND (MPH)
  HIGHEST WIND SPEED    25   HIGHEST WIND DIRECTION    NW (310)
  HIGHEST GUST SPEED    29   HIGHEST GUST DIRECTION    NW (310)
  AVERAGE WIND SPEED    10.7


SKY COVER
  POSSIBLE SUNSHINE  MM
  AVERAGE SKY COVER 0.0


WEATHER CONDITIONS
 THE FOLLOWING WEATHER WAS RECORDED TODAY.
  NO SIGNIFICANT WEATHER WAS OBSERVED.


RELATIVE HUMIDITY (PERCENT)
 HIGHEST    96           300 AM
 LOWEST     61           100 PM
 AVERAGE    79

..........................................................


THE ASTORIA OR CLIMATE NORMALS FOR TOMORROW
                         NORMAL    RECORD    YEAR
 MAXIMUM TEMPERATURE (F)   68        92      2009
 MINIMUM TEMPERATURE (F)   54        45      2008
                                             1954
                                             1949


SUNRISE AND SUNSET
JULY 27 2014..........SUNRISE   552 AM PDT   SUNSET   852 PM PDT
JULY 28 2014..........SUNRISE   553 AM PDT   SUNSET   850 PM PDT


-  INDICATES NEGATIVE NUMBERS.
R  INDICATES RECORD WAS SET OR TIED.
MM INDICATES DATA IS MISSING.
T  INDICATES TRACE AMOUNT.




$$
