000
CDUS42 KFFC 300820
CLIATL


CLIMATE REPORT
NATIONAL WEATHER SERVICE PEACHTREE CITY GA
420 AM EDT SUN AUG 30 2015


...................................

...THE ATLANTA CLIMATE SUMMARY FOR AUGUST 29 2015...

CLIMATE NORMAL PERIOD 1981 TO 2010
CLIMATE RECORD PERIOD 1878 TO 2015


WEATHER ITEM   OBSERVED TIME   RECORD YEAR NORMAL DEPARTURE LAST
                VALUE   (LST)  VALUE       VALUE  FROM      YEAR
                                                  NORMAL
..................................................................
TEMPERATURE (F)
 YESTERDAY
  MAXIMUM         81    119 PM  98    1990  87     -6       92
  MINIMUM         72   1123 PM  55    1992  70      2       68
  AVERAGE         77                        78     -1       80

PRECIPITATION (IN)
  YESTERDAY        T             2.64 1952   0.13  -0.13     0.00
  MONTH TO DATE    5.10                      3.65   1.45     5.01
  SINCE JUN 1     17.02                     12.87   4.15    14.71
  SINCE JAN 1     40.74                     33.58   7.16    33.18

DEGREE DAYS
 HEATING
  YESTERDAY        0                         0      0        0
  MONTH TO DATE    0                         0      0        0
  SINCE JUN 1      0                         2     -2        0
  SINCE JUL 1      0                         0      0        0

 COOLING
  YESTERDAY       12                        13     -1       15
  MONTH TO DATE  453                       421     32      411
  SINCE JUN 1   1416                      1263    153     1225
  SINCE JAN 1   1775                      1513    262     1508
..................................................................


WIND (MPH)
  RESULTANT WIND SPEED   6   RESULTANT WIND DIRECTION   E (110)
  HIGHEST WIND SPEED    15   HIGHEST WIND DIRECTION     E (80)
  HIGHEST GUST SPEED    16   HIGHEST GUST DIRECTION     E (70)
  AVERAGE WIND SPEED     7.0


SKY COVER
  AVERAGE SKY COVER 0.9


WEATHER CONDITIONS
 THE FOLLOWING WEATHER WAS RECORDED YESTERDAY.
  LIGHT RAIN


RELATIVE HUMIDITY (PERCENT)
 HIGHEST    90           300 AM
 LOWEST     58           500 PM
 AVERAGE    74

..........................................................


THE ATLANTA CLIMATE NORMALS FOR TODAY
                         NORMAL    RECORD    YEAR
 MAXIMUM TEMPERATURE (F)   87        98      1948
 MINIMUM TEMPERATURE (F)   70        55      1986


SUNRISE AND SUNSET
AUGUST 30 2015........SUNRISE   710 AM EDT   SUNSET   806 PM EDT
AUGUST 31 2015........SUNRISE   711 AM EDT   SUNSET   805 PM EDT


-  INDICATES NEGATIVE NUMBERS.
R  INDICATES RECORD WAS SET OR TIED.
MM INDICATES DATA IS MISSING.
T  INDICATES TRACE AMOUNT.




$$
