000
CDUS42 KFFC 280023
CLIATL


CLIMATE REPORT
NATIONAL WEATHER SERVICE PEACHTREE CITY GA
823 PM EDT WED MAY 27 2015


...................................

...THE ATLANTA CLIMATE SUMMARY FOR MAY 27 2015...
VALID AS OF 0800 PM LOCAL TIME.

CLIMATE NORMAL PERIOD 1981 TO 2010
CLIMATE RECORD PERIOD 1878 TO 2015


WEATHER ITEM   OBSERVED TIME   RECORD YEAR NORMAL DEPARTURE LAST
                VALUE   (LST)  VALUE       VALUE  FROM      YEAR
                                                  NORMAL
..................................................................
TEMPERATURE (F)
 TODAY
  MAXIMUM         83    442 PM  95    1916  83      0       83
  MINIMUM         66    205 AM  41    1961  64      2       67
  AVERAGE         75                        73      2       75

PRECIPITATION (IN)
  TODAY            0.00          2.66 1976   0.10  -0.10     0.00
  MONTH TO DATE    3.22                      3.22   0.00     1.81
  SINCE MAR 1     13.99                     11.39   2.60    10.83
  SINCE JAN 1     22.50                     20.26   2.24    17.99

SNOWFALL (IN)
  TODAY            0.0           0.0  2002   0.0    0.0      0.0
                                      2001
                                      2000
  MONTH TO DATE    0.0                       0.0    0.0      0.0
  SINCE MAR 1      0.0                       0.8   -0.8      0.0
  SINCE JUL 1      T                         2.9   -2.9      5.0
  SNOW DEPTH       0

DEGREE DAYS
 HEATING
  TODAY            0                         0      0        0
  MONTH TO DATE    6                        24    -18       32
  SINCE MAR 1    298                       509   -211      526
  SINCE JUL 1   2656                      2764   -108     2929

 COOLING
  TODAY           10                         8      2       10
  MONTH TO DATE  221                       148     73      181
  SINCE MAR 1    317                       213    104      232
  SINCE JAN 1    317                       214    103      234
..................................................................


WIND (MPH)
  RESULTANT WIND SPEED   2   RESULTANT WIND DIRECTION   S (170)
  HIGHEST WIND SPEED    12   HIGHEST WIND DIRECTION     S (160)
  HIGHEST GUST SPEED    14   HIGHEST GUST DIRECTION     S (170)
  AVERAGE WIND SPEED     2.4


SKY COVER
  AVERAGE SKY COVER 0.8


WEATHER CONDITIONS
 THE FOLLOWING WEATHER WAS RECORDED TODAY.
  NO SIGNIFICANT WEATHER WAS OBSERVED.


RELATIVE HUMIDITY (PERCENT)
 HIGHEST    93           100 AM
 LOWEST     55           400 PM

..........................................................


THE ATLANTA CLIMATE NORMALS FOR TOMORROW
                         NORMAL    RECORD    YEAR
 MAXIMUM TEMPERATURE (F)   83        94      1941
 MINIMUM TEMPERATURE (F)   64        42      1961


SUNRISE AND SUNSET
MAY 27 2015...........SUNRISE   630 AM EDT   SUNSET   840 PM EDT
MAY 28 2015...........SUNRISE   630 AM EDT   SUNSET   840 PM EDT


-  INDICATES NEGATIVE NUMBERS.
R  INDICATES RECORD WAS SET OR TIED.
MM INDICATES DATA IS MISSING.
T  INDICATES TRACE AMOUNT.




$$
