000
CDUS42 KFFC 210037
CLIATL


CLIMATE REPORT
NATIONAL WEATHER SERVICE PEACHTREE CITY GA
737 PM EST TUE FEB 20 2018


...................................

...THE ATLANTA CLIMATE SUMMARY FOR FEBRUARY 20 2018...
VALID AS OF 0700 PM LOCAL TIME.

CLIMATE NORMAL PERIOD 1981 TO 2010
CLIMATE RECORD PERIOD 1878 TO 2018


WEATHER ITEM   OBSERVED TIME   RECORD YEAR NORMAL DEPARTURE LAST
                VALUE   (LST)  VALUE       VALUE  FROM      YEAR
                                                  NORMAL
..................................................................
TEMPERATURE (F)
 TODAY
  MAXIMUM         75    433 PM  78    1986  58     17       74
  MINIMUM         58    432 AM  16    2015  39     19       49
                                      1934
  AVERAGE         67                        48     19       62

PRECIPITATION (IN)
  TODAY            0.00          2.34 1951   0.17  -0.17     0.00
  MONTH TO DATE    4.93                      3.35   1.58     1.37
  SINCE DEC 1     12.57                     11.45   1.12    12.55
  SINCE JAN 1      8.19                      7.55   0.64     9.55

SNOWFALL (IN)
  TODAY            0.0           T    2015   0.0    0.0      0.0
  MONTH TO DATE    0.0                       0.3   -0.3      0.0
  SINCE DEC 1      4.7                       2.0    2.7       T
  SINCE JUL 1      4.7                       2.0    2.7       T
  SNOW DEPTH       0

DEGREE DAYS
 HEATING
  TODAY            0                        17    -17        3
  MONTH TO DATE  212                       374   -162      200
  SINCE DEC 1   1522                      1660   -138     1089
  SINCE JUL 1   1919                      2128   -209     1311

 COOLING
  TODAY            2                         0      2        0
  MONTH TO DATE    5                         0      5        0
  SINCE DEC 1      5                         1      4        2
  SINCE JAN 1      5                         0      5        2
..................................................................


WIND (MPH)
  RESULTANT WIND SPEED   7   RESULTANT WIND DIRECTION  SE (130)
  HIGHEST WIND SPEED    15   HIGHEST WIND DIRECTION     S (170)
  HIGHEST GUST SPEED    20   HIGHEST GUST DIRECTION     S (160)
  AVERAGE WIND SPEED     8.0


SKY COVER
  AVERAGE SKY COVER 0.8


WEATHER CONDITIONS
 THE FOLLOWING WEATHER WAS RECORDED TODAY.
  LIGHT RAIN
  FOG
  FOG W/VISIBILITY <= 1/4 MILE


RELATIVE HUMIDITY (PERCENT)
 HIGHEST   100          1200 AM
 LOWEST     68           200 PM

..........................................................


THE ATLANTA CLIMATE NORMALS FOR TOMORROW
                         NORMAL    RECORD    YEAR
 MAXIMUM TEMPERATURE (F)   58        75      1976
 MINIMUM TEMPERATURE (F)   39        10      1896


SUNRISE AND SUNSET
FEBRUARY 20 2018......SUNRISE   717 AM EST   SUNSET   627 PM EST
FEBRUARY 21 2018......SUNRISE   715 AM EST   SUNSET   628 PM EST


-  INDICATES NEGATIVE NUMBERS.
R  INDICATES RECORD WAS SET OR TIED.
MM INDICATES DATA IS MISSING.
T  INDICATES TRACE AMOUNT.




$$
