000
CDUS42 KFFC 250026
CLIATL


CLIMATE REPORT
NATIONAL WEATHER SERVICE PEACHTREE CITY GA
726 PM EST FRI FEB 24 2017


...................................

...THE ATLANTA CLIMATE SUMMARY FOR FEBRUARY 24 2017...
VALID AS OF 0700 PM LOCAL TIME.

CLIMATE NORMAL PERIOD 1981 TO 2010
CLIMATE RECORD PERIOD 1878 TO 2017


WEATHER ITEM   OBSERVED TIME   RECORD YEAR NORMAL DEPARTURE LAST
                VALUE   (LST)  VALUE       VALUE  FROM      YEAR
                                                  NORMAL
..................................................................
TEMPERATURE (F)
 TODAY
  MAXIMUM         78R   450 PM  77    1982  59     19       65
  MINIMUM         56    745 AM  17    1989  40     16       41
                                      1947
  AVERAGE         67                        49     18       53

PRECIPITATION (IN)
  TODAY            0.00          3.73 1961   0.17  -0.17     0.90
  MONTH TO DATE    1.81                      4.03  -2.22     7.39
  SINCE DEC 1     12.99                     12.13   0.86    25.04
  SINCE JAN 1      9.99                      8.23   1.76    12.53

SNOWFALL (IN)
  TODAY            0.0           T    2015   0.0    0.0      0.0
                                      2010
  MONTH TO DATE    0.0                       0.3   -0.3       T
  SINCE DEC 1      T                         2.0   -2.0      0.3
  SINCE JUL 1      T                         2.0   -2.0      0.3
  SNOW DEPTH       0

DEGREE DAYS
 HEATING
  TODAY            0                        16    -16       12
  MONTH TO DATE  203                       439   -236      400
  SINCE DEC 1   1092                      1725   -633     1338
  SINCE JUL 1   1314                      2193   -879     1642

 COOLING
  TODAY            2                         0      2        0
  MONTH TO DATE    3                         0      3        0
  SINCE DEC 1      5                         1      4       22
  SINCE JAN 1      5                         0      5        0
..................................................................


WIND (MPH)
  RESULTANT WIND SPEED   5   RESULTANT WIND DIRECTION   S (160)
  HIGHEST WIND SPEED    17   HIGHEST WIND DIRECTION     S (190)
  HIGHEST GUST SPEED    23   HIGHEST GUST DIRECTION     S (170)
  AVERAGE WIND SPEED     5.8


SKY COVER
  AVERAGE SKY COVER 0.2


WEATHER CONDITIONS
 THE FOLLOWING WEATHER WAS RECORDED TODAY.
  NO SIGNIFICANT WEATHER WAS OBSERVED.


RELATIVE HUMIDITY (PERCENT)
 HIGHEST    93           700 AM
 LOWEST     39           400 PM

..........................................................


THE ATLANTA CLIMATE NORMALS FOR TOMORROW
                         NORMAL    RECORD    YEAR
 MAXIMUM TEMPERATURE (F)   59        78      1996
 MINIMUM TEMPERATURE (F)   40         9      1967


SUNRISE AND SUNSET
FEBRUARY 24 2017......SUNRISE   712 AM EST   SUNSET   630 PM EST
FEBRUARY 25 2017......SUNRISE   711 AM EST   SUNSET   631 PM EST


-  INDICATES NEGATIVE NUMBERS.
R  INDICATES RECORD WAS SET OR TIED.
MM INDICATES DATA IS MISSING.
T  INDICATES TRACE AMOUNT.




$$
