000
CDUS42 KFFC 230021
CLIATL


CLIMATE REPORT
NATIONAL WEATHER SERVICE PEACHTREE CITY GA
821 PM EDT MON SEP 22 2014


...................................

...THE ATLANTA CLIMATE SUMMARY FOR SEPTEMBER 22 2014...
VALID AS OF 0800 PM LOCAL TIME.

CLIMATE NORMAL PERIOD 1981 TO 2010
CLIMATE RECORD PERIOD 1878 TO 2014


WEATHER ITEM   OBSERVED TIME   RECORD YEAR NORMAL DEPARTURE LAST
                VALUE   (LST)  VALUE       VALUE  FROM      YEAR
                                                  NORMAL
..................................................................
TEMPERATURE (F)
 TODAY
  MAXIMUM         82    223 PM  95    1940  80      2       82
  MINIMUM         64    757 AM  43    1983  63      1       59
  AVERAGE         73                        71      2       71

PRECIPITATION (IN)
  TODAY            0.06          2.11 1951   0.14  -0.08     0.00
  MONTH TO DATE    0.66                      3.23  -2.57     2.24
  SINCE SEP 1      0.66                      3.23  -2.57     2.24
  SINCE JAN 1     34.63                     37.06  -2.43    53.28

SNOWFALL (IN)
  TODAY            0.0           0.0  2002   0.0    0.0      0.0
                                      2001
  MONTH TO DATE    0.0                       0.0    0.0      0.0
  SINCE SEP 1      0.0                       0.0    0.0      0.0
  SINCE JUL 1      0.0                       0.0    0.0      0.0
  SNOW DEPTH       0

DEGREE DAYS
 HEATING
  TODAY            0                         1     -1        0
  MONTH TO DATE    0                         2     -2        0
  SINCE SEP 1      0                         2     -2        0
  SINCE JUL 1      0                         2     -2        1

 COOLING
  TODAY            8                         7      1        6
  MONTH TO DATE  288                       220     68      263
  SINCE SEP 1    288                       220     68      263
  SINCE JAN 1   1826                      1759     67     1645
..................................................................


WIND (MPH)
  RESULTANT WIND SPEED   9   RESULTANT WIND DIRECTION  NW (330)
  HIGHEST WIND SPEED    17   HIGHEST WIND DIRECTION     N (350)
  HIGHEST GUST SPEED    23   HIGHEST GUST DIRECTION    NW (310)
  AVERAGE WIND SPEED     9.6


SKY COVER
  AVERAGE SKY COVER 0.6


WEATHER CONDITIONS
 THE FOLLOWING WEATHER WAS RECORDED TODAY.
  LIGHT RAIN


RELATIVE HUMIDITY (PERCENT)
 HIGHEST    79           200 AM
 LOWEST     33           200 PM

..........................................................


THE ATLANTA CLIMATE NORMALS FOR TOMORROW
                         NORMAL    RECORD    YEAR
 MAXIMUM TEMPERATURE (F)   80        94      1931
 MINIMUM TEMPERATURE (F)   62        45      1982


SUNRISE AND SUNSET
SEPTEMBER 22 2014.....SUNRISE   726 AM EDT   SUNSET   734 PM EDT
SEPTEMBER 23 2014.....SUNRISE   726 AM EDT   SUNSET   733 PM EDT


-  INDICATES NEGATIVE NUMBERS.
R  INDICATES RECORD WAS SET OR TIED.
MM INDICATES DATA IS MISSING.
T  INDICATES TRACE AMOUNT.




$$
