000
CDUS42 KFFC 210022
CLIATL


CLIMATE REPORT
NATIONAL WEATHER SERVICE PEACHTREE CITY GA
822 PM EDT SUN APR 20 2014


...................................

...THE ATLANTA CLIMATE SUMMARY FOR APRIL 20 2014...
VALID AS OF 0800 PM LOCAL TIME.

CLIMATE NORMAL PERIOD 1981 TO 2010
CLIMATE RECORD PERIOD 1878 TO 2014


WEATHER ITEM   OBSERVED TIME   RECORD YEAR NORMAL DEPARTURE LAST
                VALUE   (LST)  VALUE       VALUE  FROM      YEAR
                                                  NORMAL
..................................................................
TEMPERATURE (F)
 TODAY
  MAXIMUM         74    430 PM  88    1994  74      0       63
                                      1925
  MINIMUM         51    626 AM  30    1983  53     -2       39
  AVERAGE         63                        63      0       51

PRECIPITATION (IN)
  TODAY            0.00          1.54 1984   0.10  -0.10     0.00
  MONTH TO DATE    5.33                      2.24   3.09     3.76
  SINCE MAR 1      8.45                      7.05   1.40     8.34
  SINCE JAN 1     15.61                     15.92  -0.31    20.74

SNOWFALL (IN)
  TODAY            0.0           0.0  2002   0.0    0.0      0.0
                                      2001
                                      2000
  MONTH TO DATE    0.0                       0.1   -0.1      0.0
  SINCE MAR 1      0.0                       0.9   -0.9       T
  SINCE JUL 1      5.0                       3.0    2.0       T
  SNOW DEPTH       0

DEGREE DAYS
 HEATING
  TODAY            2                         4     -2       14
  MONTH TO DATE  113                       113      0       93
  SINCE MAR 1    493                       455     38      578
  SINCE JUL 1   2896                      2710    186     2433

 COOLING
  TODAY            0                         2     -2        0
  MONTH TO DATE   20                        28     -8       39
  SINCE MAR 1     20                        40    -20       39
  SINCE JAN 1     22                        41    -19       44
..................................................................


WIND (MPH)
  RESULTANT WIND SPEED  12   RESULTANT WIND DIRECTION  NE (60)
  HIGHEST WIND SPEED    25   HIGHEST WIND DIRECTION    NE (60)
  HIGHEST GUST SPEED    30   HIGHEST GUST DIRECTION    NE (60)
  AVERAGE WIND SPEED    12.2


SKY COVER
  AVERAGE SKY COVER 0.5


WEATHER CONDITIONS
 THE FOLLOWING WEATHER WAS RECORDED TODAY.
  NO SIGNIFICANT WEATHER WAS OBSERVED.


RELATIVE HUMIDITY (PERCENT)
 HIGHEST    71           400 AM
 LOWEST     31           500 PM

..........................................................


THE ATLANTA CLIMATE NORMALS FOR TOMORROW
                         NORMAL    RECORD    YEAR
 MAXIMUM TEMPERATURE (F)   74        88      1987
 MINIMUM TEMPERATURE (F)   53        33      1953


SUNRISE AND SUNSET
APRIL 20 2014.........SUNRISE   701 AM EDT   SUNSET   813 PM EDT
APRIL 21 2014.........SUNRISE   700 AM EDT   SUNSET   813 PM EDT


-  INDICATES NEGATIVE NUMBERS.
R  INDICATES RECORD WAS SET OR TIED.
MM INDICATES DATA IS MISSING.
T  INDICATES TRACE AMOUNT.




$$
