000
CDUS44 KEWX 012223
CLIATT


CLIMATE REPORT
NATIONAL WEATHER SERVICE AUSTIN/SAN ANTONIO, TX
523 PM CDT SAT AUG 1 2015


...................................

...THE AUSTIN CAMP MABRY CLIMATE SUMMARY FOR AUGUST 1 2015...
VALID TODAY AS OF 0523 PM LOCAL TIME.

CLIMATE NORMAL PERIOD 1981 TO 2010
CLIMATE RECORD PERIOD 1897 TO 2015


WEATHER ITEM   OBSERVED TIME   RECORD YEAR NORMAL DEPARTURE LAST
                VALUE   (LST)  VALUE       VALUE  FROM      YEAR
                                                  NORMAL
..................................................................
TEMPERATURE (F)
 TODAY
  MAXIMUM         99    414 PM 107    2011  97      2       91
  MINIMUM         73    607 AM  63    1925  75     -2       73
  AVERAGE         86                        86      0       82

PRECIPITATION (IN)
  TODAY            0.00          1.75 1893   0.06  -0.06     0.00
  MONTH TO DATE    0.00                      0.06  -0.06     0.00
  SINCE JUN 1      8.89                      6.27   2.62     8.66
  SINCE JAN 1     39.14                     19.80  19.34    19.74

SNOWFALL (IN)
  TODAY            0.0
  MONTH TO DATE    0.0
  SINCE JUN 1      0.0
  SINCE JUL 1      0.0
  SNOW DEPTH       0

DEGREE DAYS
 HEATING
  TODAY            0                         0      0        0
  MONTH TO DATE    0                         0      0        0
  SINCE JUN 1      0                         0      0        0
  SINCE JUL 1      0                         0      0        0

 COOLING
  TODAY           21                        21      0       17
  MONTH TO DATE   21                        21      0       17
  SINCE JUN 1   1157                      1157      0     1143
  SINCE JAN 1   1758                      1770    -12     1717
..................................................................


WIND (MPH)
  HIGHEST WIND SPEED    10   HIGHEST WIND DIRECTION     E (100)
  HIGHEST GUST SPEED    17   HIGHEST GUST DIRECTION     N (20)
  AVERAGE WIND SPEED     2.9


SKY COVER
  AVERAGE SKY COVER 0.0


WEATHER CONDITIONS
 THE FOLLOWING WEATHER WAS RECORDED TODAY.
  NO SIGNIFICANT WEATHER WAS OBSERVED.


RELATIVE HUMIDITY (PERCENT)
 HIGHEST    68           600 AM
 LOWEST     25           400 PM
 AVERAGE    47

..........................................................


THE AUSTIN CAMP MABRY CLIMATE NORMALS FOR TOMORROW
                         NORMAL    RECORD    YEAR
 MAXIMUM TEMPERATURE (F)   98       107      2011
 MINIMUM TEMPERATURE (F)   75        63      1925
                                             1901


SUNRISE AND SUNSET
AUGUST  1 2015........SUNRISE   649 AM CDT   SUNSET   825 PM CDT
AUGUST  2 2015........SUNRISE   650 AM CDT   SUNSET   824 PM CDT


-  INDICATES NEGATIVE NUMBERS.
R  INDICATES RECORD WAS SET OR TIED.
MM INDICATES DATA IS MISSING.
T  INDICATES TRACE AMOUNT.




$$
