000
CDUS44 KEWX 280813
CLIATT


CLIMATE REPORT
NATIONAL WEATHER SERVICE AUSTIN/SAN ANTONIO, TX
204 AM CST TUE FEB 28 2017


...................................

...THE AUSTIN CAMP MABRY CLIMATE SUMMARY FOR FEBRUARY 27 2017...

CLIMATE NORMAL PERIOD 1981 TO 2010
CLIMATE RECORD PERIOD 1897 TO 2017


WEATHER ITEM   OBSERVED TIME   RECORD YEAR NORMAL DEPARTURE LAST
                VALUE   (LST)  VALUE       VALUE  FROM      YEAR
                                                  NORMAL
..................................................................
TEMPERATURE (F)
 YESTERDAY
  MAXIMUM         82    418 PM  91    2009  68     14       73
  MINIMUM         66   1202 AM  23    1935  47     19       42
  AVERAGE         74                        58     16

PRECIPITATION (IN)
  YESTERDAY        T             1.48 1915   0.08  -0.08     0.00
  MONTH TO DATE    2.09                      1.94   0.15     1.34
  SINCE DEC 1      8.76                      6.56   2.20     4.68
  SINCE JAN 1      6.22                      4.16   2.06     1.68

SNOWFALL (IN)
  YESTERDAY        0.0
  MONTH TO DATE    0.0
  SINCE DEC 1      0.0
  SINCE JUL 1      0.0
  SNOW DEPTH       0

DEGREE DAYS
 HEATING
  YESTERDAY        0                         8     -8        7
  MONTH TO DATE  104                       290   -186      172
  SINCE DEC 1    718                      1118   -400      837
  SINCE JUL 1    778                      1330   -552      997

 COOLING
  YESTERDAY        9                         1      8        0
  MONTH TO DATE   85                        22     63       24
  SINCE DEC 1    147                        44    103       52
  SINCE JAN 1    107                        31     76       32
..................................................................


WIND (MPH)
  HIGHEST WIND SPEED    13   HIGHEST WIND DIRECTION     S (190)
  HIGHEST GUST SPEED    21   HIGHEST GUST DIRECTION     S (190)
  AVERAGE WIND SPEED     5.7


SKY COVER
  AVERAGE SKY COVER 0.8


WEATHER CONDITIONS
 THE FOLLOWING WEATHER WAS RECORDED YESTERDAY.
  FOG
  HAZE


RELATIVE HUMIDITY (PERCENT)
 HIGHEST    93          1200 AM
 LOWEST     58           300 PM
 AVERAGE    76

..........................................................


THE AUSTIN CAMP MABRY CLIMATE NORMALS FOR TODAY
                         NORMAL    RECORD    YEAR
 MAXIMUM TEMPERATURE (F)   68        89      1932
 MINIMUM TEMPERATURE (F)   48        23      1922


SUNRISE AND SUNSET
FEBRUARY 28 2017......SUNRISE   658 AM CST   SUNSET   629 PM CST
MARCH  1 2017.........SUNRISE   657 AM CST   SUNSET   630 PM CST


-  INDICATES NEGATIVE NUMBERS.
R  INDICATES RECORD WAS SET OR TIED.
MM INDICATES DATA IS MISSING.
T  INDICATES TRACE AMOUNT.




$$
