000
CDUS44 KEWX 210735
CLIATT


CLIMATE REPORT
NATIONAL WEATHER SERVICE AUSTIN/SAN ANTONIO, TX
133 AM CST SUN DEC 21 2014


...................................

...THE AUSTIN CAMP MABRY CLIMATE SUMMARY FOR DECEMBER 20 2014...

CLIMATE NORMAL PERIOD 1981 TO 2010
CLIMATE RECORD PERIOD 1897 TO 2014


WEATHER ITEM   OBSERVED TIME   RECORD YEAR NORMAL DEPARTURE LAST
                VALUE   (LST)  VALUE       VALUE  FROM      YEAR
                                                  NORMAL
..................................................................
TEMPERATURE (F)
 YESTERDAY
  MAXIMUM         54    412 PM  83    1951  62     -8       74
                                      1933
  MINIMUM         49    821 AM  18    1924  42      7       67
  AVERAGE         52                        52      0

PRECIPITATION (IN)
  YESTERDAY        0.00          4.21 1991   0.08  -0.08     0.00
  MONTH TO DATE    0.89                      1.53  -0.64     0.26
  SINCE DEC 1      0.89                      1.53  -0.64     0.26
  SINCE JAN 1     35.36                     33.45   1.91    40.57

SNOWFALL (IN)
  YESTERDAY        0.0
  MONTH TO DATE    0.0
  SINCE DEC 1      0.0
  SINCE JUL 1      0.0
  SNOW DEPTH       0

DEGREE DAYS
 HEATING
  YESTERDAY       13                        14     -1        0
  MONTH TO DATE  147                       244    -97      290
  SINCE DEC 1    147                       244    -97      290
  SINCE JUL 1    437                       456    -19      564

 COOLING
  YESTERDAY        0                         0      0        6
  MONTH TO DATE    7                         6      1       15
  SINCE DEC 1      7                         6      1       15
  SINCE JAN 1   3195                      3132     63     3464
..................................................................


WIND (MPH)
  HIGHEST WIND SPEED     8   HIGHEST WIND DIRECTION     N (360)
  HIGHEST GUST SPEED    13   HIGHEST GUST DIRECTION     N (360)
  AVERAGE WIND SPEED     2.8


SKY COVER
  AVERAGE SKY COVER 1.0


WEATHER CONDITIONS
 THE FOLLOWING WEATHER WAS RECORDED YESTERDAY.
  FOG


RELATIVE HUMIDITY (PERCENT)
 HIGHEST    86           100 AM
 LOWEST     71           100 PM
 AVERAGE    79

..........................................................


THE AUSTIN CAMP MABRY CLIMATE NORMALS FOR TODAY
                         NORMAL    RECORD    YEAR
 MAXIMUM TEMPERATURE (F)   62        81      1970
 MINIMUM TEMPERATURE (F)   41        18      1924


SUNRISE AND SUNSET
DECEMBER 21 2014......SUNRISE   723 AM CST   SUNSET   535 PM CST
DECEMBER 22 2014......SUNRISE   724 AM CST   SUNSET   535 PM CST


-  INDICATES NEGATIVE NUMBERS.
R  INDICATES RECORD WAS SET OR TIED.
MM INDICATES DATA IS MISSING.
T  INDICATES TRACE AMOUNT.




$$
