000
CDUS43 KABR 201053
CLIATY


CLIMATE REPORT
NATIONAL WEATHER SERVICE ABERDEEN SD
452 AM CST SAT DEC 20 2014


...................................

...THE WATERTOWN SD CLIMATE SUMMARY FOR DECEMBER 19 2014...

CLIMATE NORMAL PERIOD 1981 TO 2010
CLIMATE RECORD PERIOD 1898 TO 2014


WEATHER ITEM   OBSERVED TIME   RECORD YEAR NORMAL DEPARTURE LAST
                VALUE   (LST)  VALUE       VALUE  FROM      YEAR
                                                  NORMAL
..................................................................
TEMPERATURE (F)
 YESTERDAY
  MAXIMUM         29   1159 PM  51    1923  24      5       18
  MINIMUM         25    136 AM -28    1955   6     19       -1
  AVERAGE         27                        15     12        9

PRECIPITATION (IN)
  YESTERDAY        0.00          0.18 1968   0.01  -0.01     0.06
  MONTH TO DATE    0.25                      0.33  -0.08     0.35
  SINCE DEC 1      0.25                      0.33  -0.08     0.35
  SINCE JAN 1     16.04                     21.88  -5.84    24.50

SNOWFALL (IN)
  YESTERDAY        0.0
  MONTH TO DATE    1.0
  SINCE OCT 1     11.4
  SINCE JUL 1     11.4
  SNOW DEPTH       1

DEGREE DAYS
 HEATING
  YESTERDAY       38                        50    -12       56
  MONTH TO DATE  772                       902   -130     1039
  SINCE DEC 1    772                       902   -130     1039
  SINCE JUL 1   2853                      2842     11     2877

 COOLING
  YESTERDAY        0                         0      0        0
  MONTH TO DATE    0                         0      0        0
  SINCE DEC 1      0                         0      0        0
  SINCE JAN 1    369                       515   -146      618
..................................................................


WIND (MPH)
  HIGHEST WIND SPEED    20   HIGHEST WIND DIRECTION     S (200)
  HIGHEST GUST SPEED    25   HIGHEST GUST DIRECTION     S (200)
  AVERAGE WIND SPEED    13.6


SKY COVER
  POSSIBLE SUNSHINE  MM
  AVERAGE SKY COVER 1.0


WEATHER CONDITIONS
 THE FOLLOWING WEATHER WAS RECORDED YESTERDAY.
  FOG


RELATIVE HUMIDITY (PERCENT)
 HIGHEST   100           100 AM
 LOWEST     92          1200 AM
 AVERAGE    96

..........................................................


THE WATERTOWN SD CLIMATE NORMALS FOR TODAY
                         NORMAL    RECORD    YEAR
 MAXIMUM TEMPERATURE (F)   23        55      1941
 MINIMUM TEMPERATURE (F)    6       -30      1916


SUNRISE AND SUNSET
DECEMBER 20 2014......SUNRISE   803 AM CST   SUNSET   450 PM CST
DECEMBER 21 2014......SUNRISE   803 AM CST   SUNSET   450 PM CST


-  INDICATES NEGATIVE NUMBERS.
R  INDICATES RECORD WAS SET OR TIED.
MM INDICATES DATA IS MISSING.
T  INDICATES TRACE AMOUNT.




$$
