000
CDUS43 KABR 272235
CLIATY


CLIMATE REPORT
NATIONAL WEATHER SERVICE ABERDEEN SD
531 PM CDT THU APR 27 2017


...................................

...THE WATERTOWN SD CLIMATE SUMMARY FOR APRIL 27 2017...
VALID TODAY AS OF 0500 PM LOCAL TIME.

CLIMATE NORMAL PERIOD 1981 TO 2010
CLIMATE RECORD PERIOD 1898 TO 2017


WEATHER ITEM   OBSERVED TIME   RECORD YEAR NORMAL DEPARTURE LAST
                VALUE   (LST)  VALUE       VALUE  FROM      YEAR
                                                  NORMAL
..................................................................
TEMPERATURE (F)
 TODAY
  MAXIMUM         42    349 PM  85    1977  62    -20       43
                                      1910
  MINIMUM         26    503 AM  16    1909  37    -11       38
  AVERAGE         34                        49    -15       41

PRECIPITATION (IN)
  TODAY            0.00          1.58 1938   0.08  -0.08     0.27
  MONTH TO DATE    1.72                      1.77  -0.05     1.94
  SINCE MAR 1      2.05                      2.88  -0.83     2.20
  SINCE JAN 1      2.83                      3.96  -1.13     3.23

SNOWFALL (IN)
  TODAY            0.0
  MONTH TO DATE    0.0
  SINCE OCT 1     39.1
  SINCE JUL 1     39.1
  SNOW DEPTH       0

DEGREE DAYS
 HEATING
  TODAY           31                        16     15       24
  MONTH TO DATE  550                       590    -40      486
  SINCE MAR 1   1627                      1694    -67     1282
  SINCE JUL 1   7228                      8105   -877     6601

 COOLING
  TODAY            0                         0      0        0
  MONTH TO DATE    0                         0      0        0
  SINCE MAR 1      0                         0      0        0
  SINCE JAN 1      0                         0      0        0
..................................................................


WIND (MPH)
  HIGHEST WIND SPEED    24   HIGHEST WIND DIRECTION    NW (330)
  HIGHEST GUST SPEED    29   HIGHEST GUST DIRECTION    NW (330)
  AVERAGE WIND SPEED    16.9


SKY COVER
  POSSIBLE SUNSHINE  MM
  AVERAGE SKY COVER 0.8


WEATHER CONDITIONS
 THE FOLLOWING WEATHER WAS RECORDED TODAY.
  NO SIGNIFICANT WEATHER WAS OBSERVED.


RELATIVE HUMIDITY (PERCENT)
 HIGHEST    85           300 AM
 LOWEST     55           300 PM
 AVERAGE    70

..........................................................


THE WATERTOWN SD CLIMATE NORMALS FOR TOMORROW
                         NORMAL    RECORD    YEAR
 MAXIMUM TEMPERATURE (F)   62        94      1910
 MINIMUM TEMPERATURE (F)   38        18      2008


SUNRISE AND SUNSET
APRIL 27 2017.........SUNRISE   624 AM CDT   SUNSET   829 PM CDT
APRIL 28 2017.........SUNRISE   622 AM CDT   SUNSET   831 PM CDT


-  INDICATES NEGATIVE NUMBERS.
R  INDICATES RECORD WAS SET OR TIED.
MM INDICATES DATA IS MISSING.
T  INDICATES TRACE AMOUNT.




$$
