000
CDUS43 KABR 142233
CLIATY


CLIMATE REPORT
NATIONAL WEATHER SERVICE ABERDEEN SD
532 PM CDT SUN SEP 14 2014


...................................

...THE WATERTOWN SD CLIMATE SUMMARY FOR SEPTEMBER 14 2014...
VALID TODAY AS OF 0500 PM LOCAL TIME.

CLIMATE NORMAL PERIOD 1981 TO 2010
CLIMATE RECORD PERIOD 1898 TO 2014


WEATHER ITEM   OBSERVED TIME   RECORD YEAR NORMAL DEPARTURE LAST
                VALUE   (LST)  VALUE       VALUE  FROM      YEAR
                                                  NORMAL
..................................................................
TEMPERATURE (F)
 TODAY
  MAXIMUM         59    202 PM  96    1939  72    -13       71
  MINIMUM         40    334 AM  32    1949  48     -8       52
  AVERAGE         50                        60    -10       62

PRECIPITATION (IN)
  TODAY            0.00          2.30 1928   0.09  -0.09     0.38
  MONTH TO DATE    0.48                      1.31  -0.83     0.43
  SINCE SEP 1      0.48                      1.31  -0.83     0.43
  SINCE JAN 1     14.10                     17.54  -3.44    17.25

SNOWFALL (IN)
  TODAY            0.0
  MONTH TO DATE    0.0
  SINCE OCT 1     28.2
  SINCE JUL 1      0.0
  SNOW DEPTH       0

DEGREE DAYS
 HEATING
  TODAY           15                         6      9        3
  MONTH TO DATE  114                        64     50       21
  SINCE SEP 1    114                        64     50       21
  SINCE JUL 1    168                       121     47       72

 COOLING
  TODAY            0                         1     -1        0
  MONTH TO DATE   12                        30    -18       78
  SINCE SEP 1     12                        30    -18       78
  SINCE JAN 1    345                       504   -159      592
..................................................................


WIND (MPH)
  HIGHEST WIND SPEED    12   HIGHEST WIND DIRECTION     W (280)
  HIGHEST GUST SPEED    16   HIGHEST GUST DIRECTION     W (280)
  AVERAGE WIND SPEED     5.7


SKY COVER
  POSSIBLE SUNSHINE  MM
  AVERAGE SKY COVER 0.1


WEATHER CONDITIONS
 THE FOLLOWING WEATHER WAS RECORDED TODAY.
  NO SIGNIFICANT WEATHER WAS OBSERVED.


RELATIVE HUMIDITY (PERCENT)
 HIGHEST    96           100 AM
 LOWEST     43           400 PM
 AVERAGE    70

..........................................................


THE WATERTOWN SD CLIMATE NORMALS FOR TOMORROW
                         NORMAL    RECORD    YEAR
 MAXIMUM TEMPERATURE (F)   71        96      1955
 MINIMUM TEMPERATURE (F)   48        29      1916


SUNRISE AND SUNSET
SEPTEMBER 14 2014.....SUNRISE   706 AM CDT   SUNSET   741 PM CDT
SEPTEMBER 15 2014.....SUNRISE   707 AM CDT   SUNSET   739 PM CDT


-  INDICATES NEGATIVE NUMBERS.
R  INDICATES RECORD WAS SET OR TIED.
MM INDICATES DATA IS MISSING.
T  INDICATES TRACE AMOUNT.




$$
