000
CDUS43 KABR 160913
CLIATY


CLIMATE REPORT
NATIONAL WEATHER SERVICE ABERDEEN SD
412 AM CDT WED APR 16 2014


...................................

...THE WATERTOWN SD CLIMATE SUMMARY FOR APRIL 15 2014...

CLIMATE NORMAL PERIOD 1981 TO 2010
CLIMATE RECORD PERIOD 1898 TO 2014


WEATHER ITEM   OBSERVED TIME   RECORD YEAR NORMAL DEPARTURE LAST
                VALUE   (LST)  VALUE       VALUE  FROM      YEAR
                                                  NORMAL
..................................................................
TEMPERATURE (F)
 YESTERDAY
  MAXIMUM         43    420 PM  82    1898  56    -13       35
  MINIMUM         12R   407 AM  14    1962  32    -20       27
  AVERAGE         28                        44    -16       31

PRECIPITATION (IN)
  YESTERDAY        0.00          0.89 2012   0.06  -0.06     0.00
  MONTH TO DATE    0.05                      0.87  -0.82     1.81
  SINCE MAR 1      1.02                      1.98  -0.96     3.02
  SINCE JAN 1      1.45                      3.06  -1.61     4.24

SNOWFALL (IN)
  YESTERDAY        0.0
  MONTH TO DATE    0.3
  SINCE OCT 1     24.5
  SINCE JUL 1     24.5
  SNOW DEPTH       0

DEGREE DAYS
 HEATING
  YESTERDAY       37                        21     16       34
  MONTH TO DATE  414                       371     43      505
  SINCE MAR 1   1663                      1475    188     1883
  SINCE JUL 1   8629                      7886    743     8246

 COOLING
  YESTERDAY        0                         0      0        0
  MONTH TO DATE    0                         0      0        0
  SINCE MAR 1      0                         0      0        0
  SINCE JAN 1      0                         0      0        0
..................................................................


WIND (MPH)
  HIGHEST WIND SPEED    25   HIGHEST WIND DIRECTION    SE (120)
  HIGHEST GUST SPEED    38   HIGHEST GUST DIRECTION    SE (120)
  AVERAGE WIND SPEED    10.2


SKY COVER
  POSSIBLE SUNSHINE  MM
  AVERAGE SKY COVER 0.2


WEATHER CONDITIONS
 THE FOLLOWING WEATHER WAS RECORDED YESTERDAY.
  NO SIGNIFICANT WEATHER WAS OBSERVED.


RELATIVE HUMIDITY (PERCENT)
 HIGHEST    88           600 AM
 LOWEST     33           200 PM
 AVERAGE    61

..........................................................


THE WATERTOWN SD CLIMATE NORMALS FOR TODAY
                         NORMAL    RECORD    YEAR
 MAXIMUM TEMPERATURE (F)   56        86      1964
 MINIMUM TEMPERATURE (F)   32        13      1928


SUNRISE AND SUNSET
APRIL 16 2014.........SUNRISE   642 AM CDT   SUNSET   815 PM CDT
APRIL 17 2014.........SUNRISE   641 AM CDT   SUNSET   817 PM CDT


-  INDICATES NEGATIVE NUMBERS.
R  INDICATES RECORD WAS SET OR TIED.
MM INDICATES DATA IS MISSING.
T  INDICATES TRACE AMOUNT.




$$
