000
CDUS41 KGYX 050805
CLIAUG


CLIMATE REPORT
NATIONAL WEATHER SERVICE GRAY ME
404 AM EDT SUN JUL 5 2015


...................................

...THE AUGUSTA CLIMATE SUMMARY FOR JULY 4 2015...

CLIMATE NORMAL PERIOD 1981 TO 2010
CLIMATE RECORD PERIOD 1948 TO 2015


WEATHER ITEM   OBSERVED TIME   RECORD YEAR NORMAL DEPARTURE LAST
                VALUE   (LST)  VALUE       VALUE  FROM      YEAR
                                                  NORMAL
..................................................................
TEMPERATURE (F)
 YESTERDAY
  MAXIMUM         74   1237 PM  MM      MM  78     -4       72
  MINIMUM         54    223 AM  MM      MM  59     -5       62
  AVERAGE         64                        68     -4       67

PRECIPITATION (IN)
  YESTERDAY        0.00         MM      MM   0.10  -0.10     1.10
  MONTH TO DATE    0.25                      0.40  -0.15     1.82
  SINCE JUN 1      5.71                      3.96   1.75     6.73
  SINCE JAN 1     15.39                     19.85  -4.46    20.85

DEGREE DAYS
 HEATING
  YESTERDAY        1                         1      0        0
  MONTH TO DATE    4                         4      0        0
  SINCE JUN 1    155                        98     57       76
  SINCE JUL 1      4                         4      0        0

 COOLING
  YESTERDAY        0                         4     -4        2
  MONTH TO DATE    2                        16    -14       35
  SINCE JUN 1     35                        80    -45       94
  SINCE JAN 1     69                        89    -20       94
..................................................................


WIND (MPH)
  HIGHEST WIND SPEED     9   HIGHEST WIND DIRECTION    SE (150)
  HIGHEST GUST SPEED    13   HIGHEST GUST DIRECTION     S (170)
  AVERAGE WIND SPEED     3.5


SKY COVER
  AVERAGE SKY COVER 0.2


WEATHER CONDITIONS
 THE FOLLOWING WEATHER WAS RECORDED YESTERDAY.
  FOG
  FOG W/VISIBILITY <= 1/4 MILE


RELATIVE HUMIDITY (PERCENT)
 HIGHEST   100          1100 PM
 LOWEST     53          1000 AM
 AVERAGE    77

..........................................................


THE AUGUSTA CLIMATE NORMALS FOR TODAY
                         NORMAL
 MAXIMUM TEMPERATURE (F)   78
 MINIMUM TEMPERATURE (F)   59


SUNRISE AND SUNSET
JULY  5 2015..........SUNRISE   501 AM EDT   SUNSET   826 PM EDT
JULY  6 2015..........SUNRISE   502 AM EDT   SUNSET   826 PM EDT


-  INDICATES NEGATIVE NUMBERS.
R  INDICATES RECORD WAS SET OR TIED.
MM INDICATES DATA IS MISSING.
T  INDICATES TRACE AMOUNT.




$$
