000
CDUS41 KGYX 240808
CLIAUG


CLIMATE REPORT
NATIONAL WEATHER SERVICE GRAY ME
407 AM EDT WED AUG 24 2016


...................................

...THE AUGUSTA CLIMATE SUMMARY FOR AUGUST 23 2016...

CLIMATE NORMAL PERIOD 1981 TO 2010
CLIMATE RECORD PERIOD 1948 TO 2016


WEATHER ITEM   OBSERVED TIME   RECORD YEAR NORMAL DEPARTURE LAST
                VALUE   (LST)  VALUE       VALUE  FROM      YEAR
                                                  NORMAL
..................................................................
TEMPERATURE (F)
 YESTERDAY
  MAXIMUM         78    427 PM  88    1949  77      1       71
  MINIMUM         54    424 AM  44    1988  58     -4       63
  AVERAGE         66                        67     -1       67

PRECIPITATION (IN)
  YESTERDAY        0.00          1.76 2009   0.10  -0.10     0.28
  MONTH TO DATE    2.31                      2.50  -0.19     4.19
  SINCE JUN 1      8.01                      9.48  -1.47    12.42
  SINCE JAN 1     21.58                     25.37  -3.79    22.10

DEGREE DAYS
 HEATING
  YESTERDAY        0                         1     -1        0
  MONTH TO DATE    4                        12     -8        0
  SINCE JUN 1    103                       122    -19      169
  SINCE JUL 1     25                        28     -3       18

 COOLING
  YESTERDAY        1                         3     -2        2
  MONTH TO DATE  151                       103     48      126
  SINCE JUN 1    392                       324     68      286
  SINCE JAN 1    407                       333     74      320
..................................................................


WIND (MPH)
  HIGHEST WIND SPEED    15   HIGHEST WIND DIRECTION    SW (240)
  HIGHEST GUST SPEED    23   HIGHEST GUST DIRECTION    SW (240)
  AVERAGE WIND SPEED     5.9


SKY COVER
  AVERAGE SKY COVER 0.0


WEATHER CONDITIONS
 THE FOLLOWING WEATHER WAS RECORDED YESTERDAY.
  NO SIGNIFICANT WEATHER WAS OBSERVED.


RELATIVE HUMIDITY (PERCENT)
 HIGHEST    84          1100 PM
 LOWEST     32           300 PM
 AVERAGE    58

..........................................................


THE AUGUSTA CLIMATE NORMALS FOR TODAY
                         NORMAL    RECORD    YEAR
 MAXIMUM TEMPERATURE (F)   77        90      1948
 MINIMUM TEMPERATURE (F)   57        46      1975


SUNRISE AND SUNSET
AUGUST 24 2016........SUNRISE   553 AM EDT   SUNSET   729 PM EDT
AUGUST 25 2016........SUNRISE   554 AM EDT   SUNSET   727 PM EDT


-  INDICATES NEGATIVE NUMBERS.
R  INDICATES RECORD WAS SET OR TIED.
MM INDICATES DATA IS MISSING.
T  INDICATES TRACE AMOUNT.




$$
