000
CDUS41 KGYX 292050
CLIAUG


CLIMATE REPORT
NATIONAL WEATHER SERVICE GRAY ME
450 PM EDT MON MAY 29 2017


...................................

...THE AUGUSTA CLIMATE SUMMARY FOR MAY 29 2017...
VALID TODAY AS OF 0400 PM LOCAL TIME.

CLIMATE NORMAL PERIOD 1981 TO 2010
CLIMATE RECORD PERIOD 1948 TO 2017


WEATHER ITEM   OBSERVED TIME   RECORD YEAR NORMAL DEPARTURE LAST
                VALUE   (LST)  VALUE       VALUE  FROM      YEAR
                                                  NORMAL
..................................................................
TEMPERATURE (F)
 TODAY
  MAXIMUM         55    230 PM  89    1998  69    -14       68
  MINIMUM         46    848 AM  36    2014  49     -3       49
  AVERAGE         51                        59     -8       59

PRECIPITATION (IN)
  TODAY            0.00          2.66 1984   0.11  -0.11     0.00
  MONTH TO DATE    4.65                      3.45   1.20     1.44
  SINCE MAR 1     12.12                     10.61   1.51     7.66
  SINCE JAN 1     18.60                     15.65   2.95    13.53

DEGREE DAYS
 HEATING
  TODAY           14                         7      7        6
  MONTH TO DATE  345                       309     36      284
  SINCE MAR 1   2093                      1970    123     1906
  SINCE JUL 1   6905                      7313   -408     6585

 COOLING
  TODAY            0                         1     -1        0
  MONTH TO DATE   11                         5      6        8
  SINCE MAR 1     11                         5      6        8
  SINCE JAN 1     11                         5      6        8
..................................................................


WIND (MPH)
  HIGHEST WIND SPEED    14   HIGHEST WIND DIRECTION    SE (140)
  HIGHEST GUST SPEED    18   HIGHEST GUST DIRECTION    SE (150)
  AVERAGE WIND SPEED     7.5


SKY COVER
  AVERAGE SKY COVER 1.0


WEATHER CONDITIONS
 THE FOLLOWING WEATHER WAS RECORDED TODAY.
  FOG


RELATIVE HUMIDITY (PERCENT)
 HIGHEST    93           200 AM
 LOWEST     66           200 PM
 AVERAGE    80

..........................................................


THE AUGUSTA CLIMATE NORMALS FOR TOMORROW
                         NORMAL    RECORD    YEAR
 MAXIMUM TEMPERATURE (F)   69        85      2013
 MINIMUM TEMPERATURE (F)   49        35      1961


SUNRISE AND SUNSET
MAY 29 2017...........SUNRISE   500 AM EDT   SUNSET   814 PM EDT
MAY 30 2017...........SUNRISE   459 AM EDT   SUNSET   815 PM EDT


-  INDICATES NEGATIVE NUMBERS.
R  INDICATES RECORD WAS SET OR TIED.
MM INDICATES DATA IS MISSING.
T  INDICATES TRACE AMOUNT.




$$
