000
CDUS41 KGYX 252056
CLIAUG


CLIMATE REPORT
NATIONAL WEATHER SERVICE GRAY ME
456 PM EDT SUN SEP 25 2016


...................................

...THE AUGUSTA CLIMATE SUMMARY FOR SEPTEMBER 25 2016...
VALID TODAY AS OF 0400 PM LOCAL TIME.

CLIMATE NORMAL PERIOD 1981 TO 2010
CLIMATE RECORD PERIOD 1948 TO 2016


WEATHER ITEM   OBSERVED TIME   RECORD YEAR NORMAL DEPARTURE LAST
                VALUE   (LST)  VALUE       VALUE  FROM      YEAR
                                                  NORMAL
..................................................................
TEMPERATURE (F)
 TODAY
  MAXIMUM         60    221 PM  85    2007  66     -6       60
  MINIMUM         42    357 AM  30    1974  47     -5       44
  AVERAGE         51                        56     -5       52

PRECIPITATION (IN)
  TODAY            0.00          2.27 1961   0.13  -0.13     0.00
  MONTH TO DATE    0.94                      3.04  -2.10     1.35
  SINCE SEP 1      0.94                      3.04  -2.10     1.35
  SINCE JAN 1     22.52                     29.22  -6.70    23.81

DEGREE DAYS
 HEATING
  TODAY           14                         9      5       13
  MONTH TO DATE   49                       128    -79       54
  SINCE SEP 1     49                       128    -79       54
  SINCE JUL 1     74                       170    -96       72

 COOLING
  TODAY            0                         0      0        0
  MONTH TO DATE   73                        27     46       96
  SINCE SEP 1     73                        27     46       96
  SINCE JAN 1    530                       384    146      453
..................................................................


WIND (MPH)
  HIGHEST WIND SPEED    23   HIGHEST WIND DIRECTION     N (340)
  HIGHEST GUST SPEED    28   HIGHEST GUST DIRECTION     N (350)
  AVERAGE WIND SPEED     9.6


SKY COVER
  AVERAGE SKY COVER 0.3


WEATHER CONDITIONS
 THE FOLLOWING WEATHER WAS RECORDED TODAY.
  NO SIGNIFICANT WEATHER WAS OBSERVED.


RELATIVE HUMIDITY (PERCENT)
 HIGHEST    76           500 AM
 LOWEST     40          1000 AM
 AVERAGE    58

..........................................................


THE AUGUSTA CLIMATE NORMALS FOR TOMORROW
                         NORMAL    RECORD    YEAR
 MAXIMUM TEMPERATURE (F)   65        91      2007
 MINIMUM TEMPERATURE (F)   47        32      1950


SUNRISE AND SUNSET
SEPTEMBER 25 2016.....SUNRISE   630 AM EDT   SUNSET   630 PM EDT
SEPTEMBER 26 2016.....SUNRISE   632 AM EDT   SUNSET   628 PM EDT


-  INDICATES NEGATIVE NUMBERS.
R  INDICATES RECORD WAS SET OR TIED.
MM INDICATES DATA IS MISSING.
T  INDICATES TRACE AMOUNT.




$$
