000
CDUS41 KGYX 240911
CLIAUG


CLIMATE REPORT
NATIONAL WEATHER SERVICE GRAY ME
411 AM EST FRI NOV 24 2017


...................................

...THE AUGUSTA CLIMATE SUMMARY FOR NOVEMBER 23 2017...

CLIMATE NORMAL PERIOD 1981 TO 2010
CLIMATE RECORD PERIOD 1948 TO 2017


WEATHER ITEM   OBSERVED TIME   RECORD YEAR NORMAL DEPARTURE LAST
                VALUE   (LST)  VALUE       VALUE  FROM      YEAR
                                                  NORMAL
..................................................................
TEMPERATURE (F)
 YESTERDAY
  MAXIMUM         36    135 PM  69    1999  42     -6       40
  MINIMUM         27    709 AM   8    1978  28     -1       30
  AVERAGE         32                        35     -3       35

PRECIPITATION (IN)
  YESTERDAY        0.00          1.45 1953   0.15  -0.15     0.00
  MONTH TO DATE    2.13                      3.42  -1.29     2.21
  SINCE SEP 1     12.40                     11.52   0.88     8.34
  SINCE JAN 1     37.59                     37.70  -0.11    29.92

DEGREE DAYS
 HEATING
  YESTERDAY       33                        30      3       30
  MONTH TO DATE  634                       593     41      521
  SINCE SEP 1    983                      1286   -303     1079
  SINCE JUL 1   1024                      1328   -304     1104

 COOLING
  YESTERDAY        0                         0      0        0
  MONTH TO DATE    0                         0      0        0
  SINCE SEP 1     86                        31     55       73
  SINCE JAN 1    446                       388     58      530
..................................................................


WIND (MPH)
  HIGHEST WIND SPEED    21   HIGHEST WIND DIRECTION    NW (320)
  HIGHEST GUST SPEED    31   HIGHEST GUST DIRECTION    NW (320)
  AVERAGE WIND SPEED     7.1


SKY COVER
  AVERAGE SKY COVER 0.4


WEATHER CONDITIONS
 THE FOLLOWING WEATHER WAS RECORDED YESTERDAY.
  NO SIGNIFICANT WEATHER WAS OBSERVED.


RELATIVE HUMIDITY (PERCENT)
 HIGHEST    75          1200 AM
 LOWEST     44           200 PM
 AVERAGE    60

..........................................................


THE AUGUSTA CLIMATE NORMALS FOR TODAY
                         NORMAL    RECORD    YEAR
 MAXIMUM TEMPERATURE (F)   42        58      2014
 MINIMUM TEMPERATURE (F)   28         5      1989


SUNRISE AND SUNSET
NOVEMBER 24 2017......SUNRISE   647 AM EST   SUNSET   405 PM EST
NOVEMBER 25 2017......SUNRISE   648 AM EST   SUNSET   404 PM EST


-  INDICATES NEGATIVE NUMBERS.
R  INDICATES RECORD WAS SET OR TIED.
MM INDICATES DATA IS MISSING.
T  INDICATES TRACE AMOUNT.




$$
