000
CDUS41 KGYX 040815
CLIAUG


CLIMATE REPORT
NATIONAL WEATHER SERVICE GRAY ME
415 AM EDT FRI SEP 4 2015


...................................

...THE AUGUSTA CLIMATE SUMMARY FOR SEPTEMBER 3 2015...

CLIMATE NORMAL PERIOD 1981 TO 2010
CLIMATE RECORD PERIOD 1948 TO 2015


WEATHER ITEM   OBSERVED TIME   RECORD YEAR NORMAL DEPARTURE LAST
                VALUE   (LST)  VALUE       VALUE  FROM      YEAR
                                                  NORMAL
..................................................................
TEMPERATURE (F)
 YESTERDAY
  MAXIMUM         83   1203 PM  MM      MM  74      9       81
  MINIMUM         64   1159 PM  MM      MM  55      9       62
  AVERAGE         74                        65      9       72

PRECIPITATION (IN)
  YESTERDAY        0.18         MM      MM   0.11   0.07     0.01
  MONTH TO DATE    0.18                      0.33  -0.15     0.01
  SINCE SEP 1      0.18                      0.33  -0.15     0.01
  SINCE JAN 1     22.64                     26.51  -3.87    30.64

DEGREE DAYS
 HEATING
  YESTERDAY        0                         3     -3        0
  MONTH TO DATE    0                         7     -7        0
  SINCE SEP 1      0                         7     -7        0
  SINCE JUL 1     18                        49    -31       19

 COOLING
  YESTERDAY        9                         2      7        7
  MONTH TO DATE   20                         6     14       26
  SINCE SEP 1     20                         6     14       26
  SINCE JAN 1    377                       363     14      340
..................................................................


WIND (MPH)
  HIGHEST WIND SPEED    16   HIGHEST WIND DIRECTION    NE (30)
  HIGHEST GUST SPEED    21   HIGHEST GUST DIRECTION    NE (30)
  AVERAGE WIND SPEED     3.8


SKY COVER
  AVERAGE SKY COVER 0.1


WEATHER CONDITIONS
 THE FOLLOWING WEATHER WAS RECORDED YESTERDAY.
  THUNDERSTORM
  RAIN
  LIGHT RAIN
  FOG


RELATIVE HUMIDITY (PERCENT)
 HIGHEST    93           400 AM
 LOWEST     57          1000 PM
 AVERAGE    75

..........................................................


THE AUGUSTA CLIMATE NORMALS FOR TODAY
                         NORMAL
 MAXIMUM TEMPERATURE (F)   74
 MINIMUM TEMPERATURE (F)   55


SUNRISE AND SUNSET
SEPTEMBER  4 2015.....SUNRISE   605 AM EDT   SUNSET   711 PM EDT
SEPTEMBER  5 2015.....SUNRISE   606 AM EDT   SUNSET   709 PM EDT


-  INDICATES NEGATIVE NUMBERS.
R  INDICATES RECORD WAS SET OR TIED.
MM INDICATES DATA IS MISSING.
T  INDICATES TRACE AMOUNT.




$$
