000
CDUS41 KGYX 310803
CLIAUG


CLIMATE REPORT
NATIONAL WEATHER SERVICE GRAY ME
402 AM EDT THU JUL 31 2014


...................................

...THE AUGUSTA CLIMATE SUMMARY FOR JULY 30 2014...

CLIMATE NORMAL PERIOD 1981 TO 2010
CLIMATE RECORD PERIOD 1948 TO 2014


WEATHER ITEM   OBSERVED TIME   NORMAL DEPARTURE LAST
                VALUE   (LST)  VALUE  FROM      YEAR
                                      NORMAL
......................................................
TEMPERATURE (F)
 YESTERDAY
  MAXIMUM         71    517 PM  80     -9       79
  MINIMUM         58    126 AM  60     -2       62
  AVERAGE         65            70     -5       71

PRECIPITATION (IN)
  YESTERDAY        0.19          0.12   0.07     0.00
  MONTH TO DATE    6.37          3.30   3.07     3.09
  SINCE JUN 1     11.28          6.86   4.42     9.90
  SINCE JAN 1     25.40         22.75   2.65    21.39

DEGREE DAYS
 HEATING
  YESTERDAY        0             0      0        0
  MONTH TO DATE    2            12    -10        6
  SINCE JUN 1     78           106    -28       84
  SINCE JUL 1      2            12    -10        6

 COOLING
  YESTERDAY        0             5     -5        6
  MONTH TO DATE  163           145     18      205
  SINCE JUN 1    222           209     13      282
  SINCE JAN 1    222           218      4      297
......................................................


WIND (MPH)
  HIGHEST WIND SPEED    12   HIGHEST WIND DIRECTION     N (340)
  HIGHEST GUST SPEED    14   HIGHEST GUST DIRECTION     W (280)
  AVERAGE WIND SPEED     4.4


SKY COVER
  AVERAGE SKY COVER 0.8


WEATHER CONDITIONS
 THE FOLLOWING WEATHER WAS RECORDED YESTERDAY.
  RAIN
  LIGHT RAIN
  FOG


RELATIVE HUMIDITY (PERCENT)
 HIGHEST   100          1000 PM
 LOWEST     61           500 PM
 AVERAGE    81

..........................................................


THE AUGUSTA CLIMATE NORMALS FOR TODAY
                         NORMAL
 MAXIMUM TEMPERATURE (F)   80
 MINIMUM TEMPERATURE (F)   60


SUNRISE AND SUNSET
JULY 31 2014..........SUNRISE   525 AM EDT   SUNSET   805 PM EDT
AUGUST  1 2014........SUNRISE   526 AM EDT   SUNSET   804 PM EDT


-  INDICATES NEGATIVE NUMBERS.
R  INDICATES RECORD WAS SET OR TIED.
MM INDICATES DATA IS MISSING.
T  INDICATES TRACE AMOUNT.




$$
