000
CDUS41 KGYX 230804
CLIAUG


CLIMATE REPORT
NATIONAL WEATHER SERVICE GRAY ME
403 AM EDT TUE SEP 23 2014


...................................

...THE AUGUSTA CLIMATE SUMMARY FOR SEPTEMBER 22 2014...

CLIMATE NORMAL PERIOD 1981 TO 2010
CLIMATE RECORD PERIOD 1948 TO 2014


WEATHER ITEM   OBSERVED TIME   NORMAL DEPARTURE LAST
                VALUE   (LST)  VALUE  FROM      YEAR
                                      NORMAL
......................................................
TEMPERATURE (F)
 YESTERDAY
  MAXIMUM         71   1000 AM  67      4       70
  MINIMUM         47   1159 PM  48     -1       49
  AVERAGE         59            58      1       60

PRECIPITATION (IN)
  YESTERDAY        T             0.13  -0.13     0.63
  MONTH TO DATE    0.59          2.64  -2.05     7.49
  SINCE SEP 1      0.59          2.64  -2.05     7.49
  SINCE JAN 1     31.22         28.82   2.40    34.63

DEGREE DAYS
 HEATING
  YESTERDAY        6             8     -2        5
  MONTH TO DATE  143           102     41      113
  SINCE SEP 1    143           102     41      113
  SINCE JUL 1    162           144     18      126

 COOLING
  YESTERDAY        0             0      0        0
  MONTH TO DATE   45            27     18       37
  SINCE SEP 1     45            27     18       37
  SINCE JAN 1    359           384    -25      428
......................................................


WIND (MPH)
  HIGHEST WIND SPEED    24   HIGHEST WIND DIRECTION    NW (310)
  HIGHEST GUST SPEED    39   HIGHEST GUST DIRECTION    NW (310)
  AVERAGE WIND SPEED     9.3


SKY COVER
  AVERAGE SKY COVER 0.5


WEATHER CONDITIONS
 THE FOLLOWING WEATHER WAS RECORDED YESTERDAY.
  LIGHT RAIN
  FOG
  FOG W/VISIBILITY <= 1/4 MILE


RELATIVE HUMIDITY (PERCENT)
 HIGHEST   100           200 AM
 LOWEST     44           200 PM
 AVERAGE    72

..........................................................


THE AUGUSTA CLIMATE NORMALS FOR TODAY
                         NORMAL
 MAXIMUM TEMPERATURE (F)   67
 MINIMUM TEMPERATURE (F)   48


SUNRISE AND SUNSET
SEPTEMBER 23 2014.....SUNRISE   627 AM EDT   SUNSET   635 PM EDT
SEPTEMBER 24 2014.....SUNRISE   629 AM EDT   SUNSET   633 PM EDT


-  INDICATES NEGATIVE NUMBERS.
R  INDICATES RECORD WAS SET OR TIED.
MM INDICATES DATA IS MISSING.
T  INDICATES TRACE AMOUNT.




$$
