000
CDUS41 KGYX 230807
CLIAUG


CLIMATE REPORT
NATIONAL WEATHER SERVICE GRAY ME
406 AM EDT SAT SEP 23 2017


...................................

...THE AUGUSTA CLIMATE SUMMARY FOR SEPTEMBER 22 2017...

CLIMATE NORMAL PERIOD 1981 TO 2010
CLIMATE RECORD PERIOD 1948 TO 2017


WEATHER ITEM   OBSERVED TIME   RECORD YEAR NORMAL DEPARTURE LAST
                VALUE   (LST)  VALUE       VALUE  FROM      YEAR
                                                  NORMAL
..................................................................
TEMPERATURE (F)
 YESTERDAY
  MAXIMUM         73    303 PM  92    1965  67      6       81
  MINIMUM         51    549 AM  30    1973  48      3       56
  AVERAGE         62                        58      4       69

PRECIPITATION (IN)
  YESTERDAY        0.00          1.37 1983   0.13  -0.13     0.00
  MONTH TO DATE    2.98                      2.64   0.34     0.78
  SINCE SEP 1      2.98                      2.64   0.34     0.78
  SINCE JAN 1     28.17                     28.82  -0.65    22.36

DEGREE DAYS
 HEATING
  YESTERDAY        3                         8     -5        0
  MONTH TO DATE   45                       102    -57       19
  SINCE SEP 1     45                       102    -57       19
  SINCE JUL 1     86                       144    -58       44

 COOLING
  YESTERDAY        0                         0      0        4
  MONTH TO DATE   39                        27     12       73
  SINCE SEP 1     39                        27     12       73
  SINCE JAN 1    399                       384     15      530
..................................................................


WIND (MPH)
  HIGHEST WIND SPEED    21   HIGHEST WIND DIRECTION     N (360)
  HIGHEST GUST SPEED    26   HIGHEST GUST DIRECTION     N (360)
  AVERAGE WIND SPEED     9.2


SKY COVER
  AVERAGE SKY COVER 0.4


WEATHER CONDITIONS
 THE FOLLOWING WEATHER WAS RECORDED YESTERDAY.
  NO SIGNIFICANT WEATHER WAS OBSERVED.


RELATIVE HUMIDITY (PERCENT)
 HIGHEST    77           200 AM
 LOWEST     41           200 PM
 AVERAGE    59

..........................................................


THE AUGUSTA CLIMATE NORMALS FOR TODAY
                         NORMAL    RECORD    YEAR
 MAXIMUM TEMPERATURE (F)   67        85      1965
 MINIMUM TEMPERATURE (F)   48        35      1955


SUNRISE AND SUNSET
SEPTEMBER 23 2017.....SUNRISE   628 AM EDT   SUNSET   634 PM EDT
SEPTEMBER 24 2017.....SUNRISE   629 AM EDT   SUNSET   632 PM EDT


-  INDICATES NEGATIVE NUMBERS.
R  INDICATES RECORD WAS SET OR TIED.
MM INDICATES DATA IS MISSING.
T  INDICATES TRACE AMOUNT.




$$
