000
CDUS41 KGYX 220802
CLIAUG


CLIMATE REPORT
NATIONAL WEATHER SERVICE GRAY ME
402 AM EDT FRI AUG 22 2014


...................................

...THE AUGUSTA CLIMATE SUMMARY FOR AUGUST 21 2014...

CLIMATE NORMAL PERIOD 1981 TO 2010
CLIMATE RECORD PERIOD 1948 TO 2014


WEATHER ITEM   OBSERVED TIME   NORMAL DEPARTURE LAST
                VALUE   (LST)  VALUE  FROM      YEAR
                                      NORMAL
......................................................
TEMPERATURE (F)
 YESTERDAY
  MAXIMUM         75   1254 PM  78     -3       86
  MINIMUM         56    413 AM  58     -2       62
  AVERAGE         66            68     -2       74

PRECIPITATION (IN)
  YESTERDAY        T             0.11  -0.11     0.00
  MONTH TO DATE    4.83          2.30   2.53     4.42
  SINCE JUN 1     16.11          9.28   6.83    14.32
  SINCE JAN 1     30.23         25.17   5.06    25.81

DEGREE DAYS
 HEATING
  YESTERDAY        0             1     -1        0
  MONTH TO DATE   11            10      1        3
  SINCE JUN 1     89           120    -31       87
  SINCE JUL 1     13            26    -13        9

 COOLING
  YESTERDAY        1             4     -3        9
  MONTH TO DATE   50            96    -46       52
  SINCE JUN 1    274           317    -43      339
  SINCE JAN 1    274           326    -52      354
......................................................


WIND (MPH)
  HIGHEST WIND SPEED     8   HIGHEST WIND DIRECTION     E (90)
  HIGHEST GUST SPEED    12   HIGHEST GUST DIRECTION    SW (210)
  AVERAGE WIND SPEED     2.9


SKY COVER
  AVERAGE SKY COVER 0.3


WEATHER CONDITIONS
 THE FOLLOWING WEATHER WAS RECORDED YESTERDAY.
  LIGHT RAIN


RELATIVE HUMIDITY (PERCENT)
 HIGHEST    93           200 AM
 LOWEST     60           100 PM
 AVERAGE    77

..........................................................


THE AUGUSTA CLIMATE NORMALS FOR TODAY
                         NORMAL
 MAXIMUM TEMPERATURE (F)   77
 MINIMUM TEMPERATURE (F)   58


SUNRISE AND SUNSET
AUGUST 22 2014........SUNRISE   550 AM EDT   SUNSET   733 PM EDT
AUGUST 23 2014........SUNRISE   552 AM EDT   SUNSET   731 PM EDT


-  INDICATES NEGATIVE NUMBERS.
R  INDICATES RECORD WAS SET OR TIED.
MM INDICATES DATA IS MISSING.
T  INDICATES TRACE AMOUNT.




$$
