000
CDUS44 KEWX 030705
CLIAUS


CLIMATE REPORT
NATIONAL WEATHER SERVICE AUSTIN/SAN ANTONIO, TX
200 AM CDT FRI JUL 3 2015


...................................

...THE AUSTIN BERGSTROM CLIMATE SUMMARY FOR JULY 2 2015...

CLIMATE NORMAL PERIOD 1981 TO 2010
CLIMATE RECORD PERIOD 1943 TO 2015


WEATHER ITEM   OBSERVED TIME   RECORD YEAR NORMAL DEPARTURE LAST
                VALUE   (LST)  VALUE       VALUE  FROM      YEAR
                                                  NORMAL
..................................................................
TEMPERATURE (F)
 YESTERDAY
  MAXIMUM         89    334 PM 104    2009  94     -5       97
  MINIMUM         69    615 AM  63    2013  71     -2       69
                                      2008
  AVERAGE         79                        83     -4       83

PRECIPITATION (IN)
  YESTERDAY        0.00          1.65 2010   0.10  -0.10     0.01
  MONTH TO DATE    0.01                      0.21  -0.20     0.01
  SINCE JUN 1      3.22                      4.84  -1.62     1.69
  SINCE JAN 1     28.79                     18.45  10.34    13.51

SNOWFALL (IN)
  YESTERDAY        0.0
  MONTH TO DATE    0.0
  SINCE JUN 1      0.0
  SINCE JUL 1      0.0
  SNOW DEPTH       0

DEGREE DAYS
 HEATING
  YESTERDAY        0                         0      0        0
  MONTH TO DATE    0                         0      0        0
  SINCE JUN 1      0                         0      0        0
  SINCE JUL 1      0                         0      0        0

 COOLING
  YESTERDAY       14                        18     -4       18
  MONTH TO DATE   27                        36     -9       37
  SINCE JUN 1    457                       517    -60      544
  SINCE JAN 1    950                      1024    -74      999
..................................................................


WIND (MPH)
  HIGHEST WIND SPEED    29   HIGHEST WIND DIRECTION     S (190)
  HIGHEST GUST SPEED    36   HIGHEST GUST DIRECTION     S (180)
  AVERAGE WIND SPEED    10.3


SKY COVER
  AVERAGE SKY COVER 0.6


WEATHER CONDITIONS
 THE FOLLOWING WEATHER WAS RECORDED YESTERDAY.
  FOG


RELATIVE HUMIDITY (PERCENT)
 HIGHEST   100          1200 AM
 LOWEST     56           300 PM
 AVERAGE    78

..........................................................


THE AUSTIN BERGSTROM CLIMATE NORMALS FOR TODAY
                         NORMAL    RECORD    YEAR
 MAXIMUM TEMPERATURE (F)   94       102      1980
 MINIMUM TEMPERATURE (F)   71        60      2013


SUNRISE AND SUNSET
JULY  3 2015..........SUNRISE   633 AM CDT   SUNSET   836 PM CDT
JULY  4 2015..........SUNRISE   634 AM CDT   SUNSET   836 PM CDT


-  INDICATES NEGATIVE NUMBERS.
R  INDICATES RECORD WAS SET OR TIED.
MM INDICATES DATA IS MISSING.
T  INDICATES TRACE AMOUNT.




$$
