000
CDUS44 KEWX 190725
CLIAUS


CLIMATE REPORT
NATIONAL WEATHER SERVICE AUSTIN/SAN ANTONIO, TX
224 AM CDT THU OCT 19 2017


...................................

...THE AUSTIN BERGSTROM CLIMATE SUMMARY FOR OCTOBER 18 2017...

CLIMATE NORMAL PERIOD 1981 TO 2010
CLIMATE RECORD PERIOD 1943 TO 2017


WEATHER ITEM   OBSERVED TIME   RECORD YEAR NORMAL DEPARTURE LAST
                VALUE   (LST)  VALUE       VALUE  FROM      YEAR
                                                  NORMAL
..................................................................
TEMPERATURE (F)
 YESTERDAY
  MAXIMUM         82    339 PM  93    1993  82      0       92
  MINIMUM         41R   651 AM  42    2001  55    -14       74
  AVERAGE         62                        69     -7       83

PRECIPITATION (IN)
  YESTERDAY        0.00          1.45 1965   0.15  -0.15     0.00
  MONTH TO DATE    0.94                      2.30  -1.36     0.25
  SINCE SEP 1      4.75                      4.84  -0.09     3.42
  SINCE JAN 1     36.01                     27.55   8.46    48.30

SNOWFALL (IN)
  YESTERDAY        0.0
  MONTH TO DATE    0.0
  SINCE SEP 1      0.0
  SINCE JUL 1      0.0
  SNOW DEPTH       0

DEGREE DAYS
 HEATING
  YESTERDAY        3                         1      2        0
  MONTH TO DATE   11                        17     -6        0
  SINCE SEP 1     11                        19     -8        0
  SINCE JUL 1     11                        19     -8        0

 COOLING
  YESTERDAY        0                         5     -5       18
  MONTH TO DATE  171                       125     46      189
  SINCE SEP 1    575                       513     62      660
  SINCE JAN 1   3216                      2653    563     2917
..................................................................


WIND (MPH)
  HIGHEST WIND SPEED    13   HIGHEST WIND DIRECTION     S (190)
  HIGHEST GUST SPEED    16   HIGHEST GUST DIRECTION     S (170)
  AVERAGE WIND SPEED     2.4


SKY COVER
  AVERAGE SKY COVER 0.2


WEATHER CONDITIONS
 THE FOLLOWING WEATHER WAS RECORDED YESTERDAY.
  FOG


RELATIVE HUMIDITY (PERCENT)
 HIGHEST   100          1200 AM
 LOWEST     30           300 PM
 AVERAGE    65

..........................................................


THE AUSTIN BERGSTROM CLIMATE NORMALS FOR TODAY
                         NORMAL    RECORD    YEAR
 MAXIMUM TEMPERATURE (F)   82        93      1993
 MINIMUM TEMPERATURE (F)   55        42      1975


SUNRISE AND SUNSET
OCTOBER 19 2017.......SUNRISE   736 AM CDT   SUNSET   655 PM CDT
OCTOBER 20 2017.......SUNRISE   736 AM CDT   SUNSET   654 PM CDT


-  INDICATES NEGATIVE NUMBERS.
R  INDICATES RECORD WAS SET OR TIED.
MM INDICATES DATA IS MISSING.
T  INDICATES TRACE AMOUNT.




$$
