000
CDUS44 KEWX 022251
CLIAUS


CLIMATE REPORT
NATIONAL WEATHER SERVICE AUSTIN/SAN ANTONIO, TX
550 PM CDT TUE JUN 2 2015


...................................

...THE AUSTIN BERGSTROM CLIMATE SUMMARY FOR JUNE 2 2015...
VALID TODAY AS OF 550 PM LOCAL TIME.

CLIMATE NORMAL PERIOD 1981 TO 2010
CLIMATE RECORD PERIOD 1943 TO 2015


WEATHER ITEM   OBSERVED TIME   RECORD YEAR NORMAL DEPARTURE LAST
                VALUE   (LST)  VALUE       VALUE  FROM      YEAR
                                                  NORMAL
..................................................................
TEMPERATURE (F)
 TODAY
  MAXIMUM         88    355 PM 100    1998  90     -2       91
  MINIMUM         64    551 AM  56    1964  68     -4       73
  AVERAGE         76                        79     -3       82

PRECIPITATION (IN)
  TODAY            0.00          1.20 1950   0.12  -0.12     0.00
  MONTH TO DATE    0.00                      0.23  -0.23     0.00
  SINCE JUN 1      0.00                      0.23  -0.23     0.00
  SINCE JAN 1     25.57                     13.84  11.73    11.82

SNOWFALL (IN)
  TODAY            0.0
  MONTH TO DATE    0.0
  SINCE JUN 1      0.0
  SINCE JUL 1      T
  SNOW DEPTH       0

DEGREE DAYS
 HEATING
  TODAY            0                         0      0        0
  MONTH TO DATE    0                         0      0        0
  SINCE JUN 1      0                         0      0        0
  SINCE JUL 1   1979                      1903     76     2187

 COOLING
  TODAY           11                        14     -3       17
  MONTH TO DATE   20                        28     -8       31
  SINCE JUN 1     20                        28     -8       31
  SINCE JAN 1    513                       535    -22      486
..................................................................


WIND (MPH)
  HIGHEST WIND SPEED    14   HIGHEST WIND DIRECTION     S (170)
  HIGHEST GUST SPEED    17   HIGHEST GUST DIRECTION    SE (150)
  AVERAGE WIND SPEED     4.4


SKY COVER
  AVERAGE SKY COVER 0.2


WEATHER CONDITIONS
 THE FOLLOWING WEATHER WAS RECORDED TODAY.
  FOG


RELATIVE HUMIDITY (PERCENT)
 HIGHEST   100           100 AM
 LOWEST     46           300 PM
 AVERAGE    73

..........................................................


THE AUSTIN BERGSTROM CLIMATE NORMALS FOR TOMORROW
                         NORMAL    RECORD    YEAR
 MAXIMUM TEMPERATURE (F)   90        98      2011
                                             2008
                                             1998
 MINIMUM TEMPERATURE (F)   68        58      1970


SUNRISE AND SUNSET
JUNE  2 2015..........SUNRISE   629 AM CDT   SUNSET   828 PM CDT
JUNE  3 2015..........SUNRISE   629 AM CDT   SUNSET   829 PM CDT


-  INDICATES NEGATIVE NUMBERS.
R  INDICATES RECORD WAS SET OR TIED.
MM INDICATES DATA IS MISSING.
T  INDICATES TRACE AMOUNT.




$$
