000
CDUS44 KEWX 300620
CLIAUS


CLIMATE REPORT
NATIONAL WEATHER SERVICE AUSTIN/SAN ANTONIO, TX
119 AM CDT SAT APR 30 2016


...................................

...THE AUSTIN BERGSTROM CLIMATE SUMMARY FOR APRIL 29 2016...

CLIMATE NORMAL PERIOD 1981 TO 2010
CLIMATE RECORD PERIOD 1943 TO 2016


WEATHER ITEM   OBSERVED TIME   RECORD YEAR NORMAL DEPARTURE LAST
                VALUE   (LST)  VALUE       VALUE  FROM      YEAR
                                                  NORMAL
..................................................................
TEMPERATURE (F)
 YESTERDAY
  MAXIMUM         84    502 PM  93    2002  83      1       75
  MINIMUM         75   1159 PM  42    2008  59     16       49
  AVERAGE         80                        71      9       62

PRECIPITATION (IN)
  YESTERDAY        0.02          1.89 2013   0.10  -0.08     0.00
  MONTH TO DATE    5.38                      2.17   3.21     2.35
  SINCE MAR 1      9.19                      4.95   4.24     6.39
  SINCE JAN 1     11.37                      9.46   1.91    12.13

SNOWFALL (IN)
  YESTERDAY        0.0
  MONTH TO DATE    0.0
  SINCE MAR 1      0.0
  SINCE JUL 1      T
  SNOW DEPTH       0

DEGREE DAYS
 HEATING
  YESTERDAY        0                         1     -1        3
  MONTH TO DATE   35                        63    -28       22
  SINCE MAR 1    143                       285   -142      262
  SINCE JUL 1   1377                      1900   -523     1976

 COOLING
  YESTERDAY       15                         6      9        0
  MONTH TO DATE  125                       124      1      168
  SINCE MAR 1    197                       166     31      206
  SINCE JAN 1    220                       182     38      208
..................................................................


WIND (MPH)
  HIGHEST WIND SPEED    23   HIGHEST WIND DIRECTION     S (160)
  HIGHEST GUST SPEED    31   HIGHEST GUST DIRECTION     S (170)
  AVERAGE WIND SPEED    11.7


SKY COVER
  AVERAGE SKY COVER 0.9


WEATHER CONDITIONS
 THE FOLLOWING WEATHER WAS RECORDED YESTERDAY.
  LIGHT RAIN
  FOG
  HAZE


RELATIVE HUMIDITY (PERCENT)
 HIGHEST    94           400 AM
 LOWEST     70           300 PM
 AVERAGE    82

..........................................................


THE AUSTIN BERGSTROM CLIMATE NORMALS FOR TODAY
                         NORMAL    RECORD    YEAR
 MAXIMUM TEMPERATURE (F)   83        93      2002
 MINIMUM TEMPERATURE (F)   59        44      2015
                                             2008


SUNRISE AND SUNSET
APRIL 30 2016.........SUNRISE   648 AM CDT   SUNSET   808 PM CDT
MAY  1 2016...........SUNRISE   647 AM CDT   SUNSET   809 PM CDT


-  INDICATES NEGATIVE NUMBERS.
R  INDICATES RECORD WAS SET OR TIED.
MM INDICATES DATA IS MISSING.
T  INDICATES TRACE AMOUNT.




$$
