000
CDUS44 KEWX 192248
CLIAUS


CLIMATE REPORT
NATIONAL WEATHER SERVICE AUSTIN/SAN ANTONIO, TX
546 PM CDT TUE AUG 19 2014


...................................

...THE AUSTIN BERGSTROM CLIMATE SUMMARY FOR AUGUST 19 2014...
VALID TODAY AS OF 546 PM LOCAL TIME.

CLIMATE NORMAL PERIOD 1981 TO 2010
CLIMATE RECORD PERIOD 1943 TO 2014


WEATHER ITEM   OBSERVED TIME   RECORD YEAR NORMAL DEPARTURE LAST
                VALUE   (LST)  VALUE       VALUE  FROM      YEAR
                                                  NORMAL
..................................................................
TEMPERATURE (F)
 TODAY
  MAXIMUM         97    329 PM 106    1984  96      1       97
  MINIMUM         72    624 AM  65    2000  71      1       67
  AVERAGE         85                        84      1       82

PRECIPITATION (IN)
  TODAY            T             1.18 1951   0.05  -0.05     0.00
  MONTH TO DATE    T                         0.86  -0.86     1.45
  SINCE JUN 1      3.73                      7.88  -4.15     3.64
  SINCE JAN 1     15.55                     21.93  -6.38    19.02

SNOWFALL (IN)
  TODAY            0.0
  MONTH TO DATE    0.0
  SINCE JUN 1      0.0
  SINCE JUL 1      0.0
  SNOW DEPTH       0

DEGREE DAYS
 HEATING
  TODAY            0                         0      0        0
  MONTH TO DATE    0                         0      0        0
  SINCE JUN 1      0                         0      0        0
  SINCE JUL 1      0                         0      0        0

 COOLING
  TODAY           20                        19      1       17
  MONTH TO DATE  385                       361     24      420
  SINCE JUN 1   1450                      1414     36     1594
  SINCE JAN 1   1905                      1921    -16     2108
..................................................................


WIND (MPH)
  HIGHEST WIND SPEED    22   HIGHEST WIND DIRECTION     S (190)
  HIGHEST GUST SPEED    28   HIGHEST GUST DIRECTION     S (170)
  AVERAGE WIND SPEED    10.5


SKY COVER
  AVERAGE SKY COVER 0.7


WEATHER CONDITIONS
 THE FOLLOWING WEATHER WAS RECORDED TODAY.
  LIGHT RAIN


RELATIVE HUMIDITY (PERCENT)
 HIGHEST    87           600 AM
 LOWEST     33           400 PM
 AVERAGE    60

..........................................................


THE AUSTIN BERGSTROM CLIMATE NORMALS FOR TOMORROW
                         NORMAL    RECORD    YEAR
 MAXIMUM TEMPERATURE (F)   96       105      2011
                                             1999
 MINIMUM TEMPERATURE (F)   71        67      2013


SUNRISE AND SUNSET
AUGUST 19 2014........SUNRISE   700 AM CDT   SUNSET   808 PM CDT
AUGUST 20 2014........SUNRISE   701 AM CDT   SUNSET   807 PM CDT


-  INDICATES NEGATIVE NUMBERS.
R  INDICATES RECORD WAS SET OR TIED.
MM INDICATES DATA IS MISSING.
T  INDICATES TRACE AMOUNT.




$$
