000
CDUS44 KEWX 310817
CLIAUS


CLIMATE REPORT
NATIONAL WEATHER SERVICE AUSTIN/SAN ANTONIO, TX
217 AM CST SAT JAN 31 2015


...................................

...THE AUSTIN BERGSTROM CLIMATE SUMMARY FOR JANUARY 30 2015...

CLIMATE NORMAL PERIOD 1981 TO 2010
CLIMATE RECORD PERIOD 1943 TO 2015


WEATHER ITEM   OBSERVED TIME   RECORD YEAR NORMAL DEPARTURE LAST
                VALUE   (LST)  VALUE       VALUE  FROM      YEAR
                                                  NORMAL
..................................................................
TEMPERATURE (F)
 YESTERDAY
  MAXIMUM         58    412 PM  88    1971  63     -5       65
  MINIMUM         44   1159 PM   0    1949  37      7       24
  AVERAGE         51                        50      1       45

PRECIPITATION (IN)
  YESTERDAY        T             1.39 1964   0.06  -0.06     0.00
  MONTH TO DATE    5.02                      2.18   2.84     0.57
  SINCE DEC 1      7.14                      4.39   2.75     1.43
  SINCE JAN 1      5.02                      2.18   2.84     0.57

SNOWFALL (IN)
  YESTERDAY       MM
  MONTH TO DATE    T
  SINCE DEC 1      T
  SINCE JUL 1      T
  SNOW DEPTH       0

DEGREE DAYS
 HEATING
  YESTERDAY       14                        15     -1       20
  MONTH TO DATE  569                       477     92      574
  SINCE DEC 1    929                       939    -10     1118
  SINCE JUL 1   1267                      1224     43     1443

 COOLING
  YESTERDAY        0                         0      0        0
  MONTH TO DATE    0                         0      0        0
  SINCE DEC 1      4                        10     -6        5
  SINCE JAN 1      0                         0      0        0
..................................................................


WIND (MPH)
  HIGHEST WIND SPEED    25   HIGHEST WIND DIRECTION     N (20)
  HIGHEST GUST SPEED    33   HIGHEST GUST DIRECTION     N (20)
  AVERAGE WIND SPEED    11.7


SKY COVER
  AVERAGE SKY COVER 0.9


WEATHER CONDITIONS
 THE FOLLOWING WEATHER WAS RECORDED YESTERDAY.
  LIGHT RAIN


RELATIVE HUMIDITY (PERCENT)
 HIGHEST    71          1100 PM
 LOWEST     46           300 AM
 AVERAGE    59

..........................................................


THE AUSTIN BERGSTROM CLIMATE NORMALS FOR TODAY
                         NORMAL    RECORD    YEAR
 MAXIMUM TEMPERATURE (F)   63        82      1971
 MINIMUM TEMPERATURE (F)   37        -5      1949


SUNRISE AND SUNSET
JANUARY 31 2015.......SUNRISE   722 AM CST   SUNSET   607 PM CST
FEBRUARY  1 2015......SUNRISE   721 AM CST   SUNSET   607 PM CST


-  INDICATES NEGATIVE NUMBERS.
R  INDICATES RECORD WAS SET OR TIED.
MM INDICATES DATA IS MISSING.
T  INDICATES TRACE AMOUNT.




$$
