000
CDUS44 KEWX 222227
CLIAUS


CLIMATE REPORT
NATIONAL WEATHER SERVICE AUSTIN/SAN ANTONIO, TX
526 PM CDT WED OCT 22 2014

...................................

...THE AUSTIN BERGSTROM CLIMATE SUMMARY FOR OCTOBER 22 2014...
VALID TODAY AS OF 0500 PM LOCAL TIME.

CLIMATE NORMAL PERIOD 1981 TO 2010
CLIMATE RECORD PERIOD 1943 TO 2014


WEATHER ITEM   OBSERVED TIME   RECORD YEAR NORMAL DEPARTURE LAST
                VALUE   (LST)  VALUE       VALUE  FROM      YEAR
                                                  NORMAL
..................................................................
TEMPERATURE (F)
 TODAY
  MAXIMUM         83    332 PM  92    2003  81      2       75
  MINIMUM         55    219 AM  41    1999  54      1       49
  AVERAGE         69                        67      2       62

PRECIPITATION (IN)
  TODAY            0.00          1.78 1972   0.16  -0.16     0.00
  MONTH TO DATE    1.75                      2.75  -1.00     6.30
  SINCE SEP 1      4.97                      5.29  -0.32    11.30
  SINCE JAN 1     20.52                     28.39  -7.87    30.52

SNOWFALL (IN)
  TODAY            0.0
  MONTH TO DATE    0.0
  SINCE SEP 1      0.0
  SINCE JUL 1      0.0
  SNOW DEPTH       0

DEGREE DAYS
 HEATING
  TODAY            0                         2     -2        3
  MONTH TO DATE    0                        25    -25       31
  SINCE SEP 1      1                        27    -26       31
  SINCE JUL 1      1                        27    -26       31

 COOLING
  TODAY            4                         4      0        0
  MONTH TO DATE  173                       143     30      145
  SINCE SEP 1    615                       531     84      619
  SINCE JAN 1   2775                      2671    104     2958
..................................................................


WIND (MPH)
  HIGHEST WIND SPEED    13   HIGHEST WIND DIRECTION     E (80)
  HIGHEST GUST SPEED    17   HIGHEST GUST DIRECTION     E (100)
  AVERAGE WIND SPEED     3.2


SKY COVER
  AVERAGE SKY COVER 0.5


WEATHER CONDITIONS
 THE FOLLOWING WEATHER WAS RECORDED TODAY.
  NO SIGNIFICANT WEATHER WAS OBSERVED.


RELATIVE HUMIDITY (PERCENT)
 HIGHEST    93          1200 AM
 LOWEST     45           400 PM
 AVERAGE    69

..........................................................


THE AUSTIN BERGSTROM CLIMATE NORMALS FOR TOMORROW
                         NORMAL    RECORD    YEAR
 MAXIMUM TEMPERATURE (F)   80        92      2003
                                             1991
 MINIMUM TEMPERATURE (F)   54        38      1945


SUNRISE AND SUNSET
OCTOBER 22 2014.......SUNRISE   737 AM CDT   SUNSET   652 PM CDT
OCTOBER 23 2014.......SUNRISE   738 AM CDT   SUNSET   651 PM CDT


-  INDICATES NEGATIVE NUMBERS.
R  INDICATES RECORD WAS SET OR TIED.
MM INDICATES DATA IS MISSING.
T  INDICATES TRACE AMOUNT.


$$
