648
CDUS43 KGRB 140626
CLIAUW


CLIMATE REPORT
NATIONAL WEATHER SERVICE GREEN BAY
1226 AM CST SUN FEB 14 2016


...................................

...THE WAUSAU WI CLIMATE SUMMARY FOR FEBRUARY 13 2016...

CLIMATE NORMAL PERIOD 1981 TO 2010
CLIMATE RECORD PERIOD 1896 TO 2016


WEATHER ITEM   OBSERVED TIME   RECORD YEAR NORMAL DEPARTURE LAST
                VALUE   (LST)  VALUE       VALUE  FROM      YEAR
                                                  NORMAL
..................................................................
TEMPERATURE (F)
 YESTERDAY
  MAXIMUM          8    412 PM  50    2011  27    -19       20
  MINIMUM         -9    806 AM -25    1905   9    -18       -5
  AVERAGE          0                        18    -18

PRECIPITATION (IN)
  YESTERDAY        0.00          1.18 1938   0.03  -0.03     0.02
  MONTH TO DATE    0.48                      0.39   0.09     0.15
  SINCE DEC 1      6.27                      2.77   3.50     2.13
  SINCE JAN 1      1.32                      1.41  -0.09     0.73

SNOWFALL (IN)
  YESTERDAY        0.0           4.5  1906   0.3   -0.3      0.4
  MONTH TO DATE    6.6                       4.5    2.1      2.7
  SINCE JUL 1     22.0                      40.2  -18.2     43.1
  SNOW DEPTH      10

DEGREE DAYS
 HEATING
  YESTERDAY       65                        47     18       57
  MONTH TO DATE  614                       625    -11      689
  SINCE DEC 1   3122                      3616   -494     3563
  SINCE JUL 1   4528                      5475   -947     5646

 COOLING
  YESTERDAY        0                         0      0        0
  MONTH TO DATE    0                         0      0        0
  SINCE DEC 1      0                         0      0        0
  SINCE JAN 1      0                         0      0        0
..................................................................


WIND (MPH)
  HIGHEST WIND SPEED    15   HIGHEST WIND DIRECTION    NW (310)
  HIGHEST GUST SPEED    22   HIGHEST GUST DIRECTION    NW (310)
  AVERAGE WIND SPEED     6.2


SKY COVER
  POSSIBLE SUNSHINE  MM
  AVERAGE SKY COVER 0.0


WEATHER CONDITIONS
 THE FOLLOWING WEATHER WAS RECORDED YESTERDAY.
  NO SIGNIFICANT WEATHER WAS OBSERVED.


RELATIVE HUMIDITY (PERCENT)
 HIGHEST    79           700 AM
 LOWEST     50           400 PM
 AVERAGE    65

..........................................................


THE WAUSAU WI CLIMATE NORMALS FOR TODAY
                         NORMAL    RECORD    YEAR
 MAXIMUM TEMPERATURE (F)   28        49      2002
 MINIMUM TEMPERATURE (F)   10       -26      1951


SUNRISE AND SUNSET
FEBRUARY 14 2016......SUNRISE   701 AM CST   SUNSET   525 PM CST
FEBRUARY 15 2016......SUNRISE   700 AM CST   SUNSET   526 PM CST


-  INDICATES NEGATIVE NUMBERS.
R  INDICATES RECORD WAS SET OR TIED.
MM INDICATES DATA IS MISSING.
T  INDICATES TRACE AMOUNT.




$$
