000
CDUS43 KGRB 300748
CLIAUW


CLIMATE REPORT
NATIONAL WEATHER SERVICE GREEN BAY
247 AM CDT TUE SEP 30 2014


...................................

...THE WAUSAU WI CLIMATE SUMMARY FOR SEPTEMBER 29 2014...

CLIMATE NORMAL PERIOD 1981 TO 2010
CLIMATE RECORD PERIOD 1896 TO 2014


WEATHER ITEM   OBSERVED TIME   RECORD YEAR NORMAL DEPARTURE LAST
                VALUE   (LST)  VALUE       VALUE  FROM      YEAR
                                                  NORMAL
..................................................................
TEMPERATURE (F)
 YESTERDAY
  MAXIMUM         59    435 AM  85    1898  63     -4       69
  MINIMUM         41   1159 PM  21    1899  42     -1       45
  AVERAGE         50                        53     -3

PRECIPITATION (IN)
  YESTERDAY        0.28          2.02 1901   0.12   0.16     0.00
  MONTH TO DATE    5.99                      3.78   2.21     2.76
  SINCE SEP 1      5.99                      3.78   2.21     2.76
  SINCE JAN 1     32.64                     25.99   6.65    30.39

SNOWFALL (IN)
  YESTERDAY        0.0           0.0    MM   0.1   -0.1      0.0
  MONTH TO DATE    0.0                       0.1   -0.1      0.0
  SINCE SEP 1      0.0                       0.1   -0.1      0.0
  SINCE JUL 1      0.0                       0.1   -0.1      0.0
  SNOW DEPTH       0

DEGREE DAYS
 HEATING
  YESTERDAY       15                        13      2        8
  MONTH TO DATE  206                       214     -8      166
  SINCE SEP 1    206                       214     -8      166
  SINCE JUL 1    260                       280    -20      222

 COOLING
  YESTERDAY        0                         0      0        0
  MONTH TO DATE   12                        29    -17       56
  SINCE SEP 1     12                        29    -17       56
  SINCE JAN 1    338                       404    -66      506
..................................................................


WIND (MPH)
  HIGHEST WIND SPEED    14   HIGHEST WIND DIRECTION     N (10)
  HIGHEST GUST SPEED    19   HIGHEST GUST DIRECTION    NE (40)
  AVERAGE WIND SPEED     7.5


SKY COVER
  POSSIBLE SUNSHINE  MM
  AVERAGE SKY COVER 0.7


WEATHER CONDITIONS
 THE FOLLOWING WEATHER WAS RECORDED YESTERDAY.
  HEAVY RAIN
  RAIN
  LIGHT RAIN
  FOG


RELATIVE HUMIDITY (PERCENT)
 HIGHEST   100           200 AM
 LOWEST     66           400 PM
 AVERAGE    83

..........................................................


THE WAUSAU WI CLIMATE NORMALS FOR TODAY
                         NORMAL    RECORD    YEAR
 MAXIMUM TEMPERATURE (F)   62        85      1897
 MINIMUM TEMPERATURE (F)   42        18      1899


SUNRISE AND SUNSET
SEPTEMBER 30 2014.....SUNRISE   655 AM CDT   SUNSET   641 PM CDT
OCTOBER  1 2014.......SUNRISE   656 AM CDT   SUNSET   639 PM CDT


-  INDICATES NEGATIVE NUMBERS.
R  INDICATES RECORD WAS SET OR TIED.
MM INDICATES DATA IS MISSING.
T  INDICATES TRACE AMOUNT.




$$
