000
CDUS43 KGRB 232233
CLIAUW


CLIMATE REPORT
NATIONAL WEATHER SERVICE GREEN BAY
432 PM CST THU NOV 23 2017


...................................

...THE WAUSAU WI CLIMATE SUMMARY FOR NOVEMBER 23 2017...
VALID TODAY AS OF 0400 PM LOCAL TIME.

CLIMATE NORMAL PERIOD 1981 TO 2010
CLIMATE RECORD PERIOD 1896 TO 2017


WEATHER ITEM   OBSERVED TIME   RECORD YEAR NORMAL DEPARTURE LAST
                VALUE   (LST)  VALUE       VALUE  FROM      YEAR
                                                  NORMAL
..................................................................
TEMPERATURE (F)
 TODAY
  MAXIMUM         40    316 PM  58    1931  36      4       34
  MINIMUM         20    711 AM -10    1950  21     -1       32
  AVERAGE         30                        28      2       33

PRECIPITATION (IN)
  TODAY           MM             1.26 1999   0.06  MM        0.19
  MONTH TO DATE    1.18                      1.58  -0.40     0.37
  SINCE SEP 1      6.74                      8.42  -1.68     7.45
  SINCE JAN 1     36.06                     30.63   5.43    32.80

SNOWFALL (IN)
  TODAY           MM            11.7  1991   0.3             1.2
  MONTH TO DATE    8.3                       4.5             2.8
  SINCE SEP 1      8.3                       5.9             2.8
  SINCE JUL 1      8.3                       5.9             2.8
  SNOW DEPTH      MM

DEGREE DAYS
 HEATING
  TODAY           35                        36     -1       32
  MONTH TO DATE  813                       707    106      506
  SINCE SEP 1   1428                      1525    -97     1055
  SINCE JUL 1   1486                      1591   -105     1077

 COOLING
  TODAY            0                         0      0        0
  MONTH TO DATE    0                         0      0        0
  SINCE JAN 1    339                       407    -68      512
..................................................................


WIND (MPH)
  HIGHEST WIND SPEED    13   HIGHEST WIND DIRECTION     W (280)
  HIGHEST GUST SPEED    16   HIGHEST GUST DIRECTION     W (270)
  AVERAGE WIND SPEED     4.7


SKY COVER
  POSSIBLE SUNSHINE  MM
  AVERAGE SKY COVER 0.4


WEATHER CONDITIONS
 THE FOLLOWING WEATHER WAS RECORDED TODAY.
  NO SIGNIFICANT WEATHER WAS OBSERVED.


RELATIVE HUMIDITY (PERCENT)
 HIGHEST    88           600 AM
 LOWEST     44           100 PM
 AVERAGE    66

..........................................................


THE WAUSAU WI CLIMATE NORMALS FOR TOMORROW
                         NORMAL    RECORD    YEAR
 MAXIMUM TEMPERATURE (F)   35        59      1931
 MINIMUM TEMPERATURE (F)   21       -10      1950


SUNRISE AND SUNSET
NOVEMBER 23 2017......SUNRISE   707 AM CST   SUNSET   423 PM CST
NOVEMBER 24 2017......SUNRISE   708 AM CST   SUNSET   422 PM CST


-  INDICATES NEGATIVE NUMBERS.
R  INDICATES RECORD WAS SET OR TIED.
MM INDICATES DATA IS MISSING.
T  INDICATES TRACE AMOUNT.




$$
