000
CDUS43 KGRB 310750
CLIAUW


CLIMATE REPORT
NATIONAL WEATHER SERVICE GREEN BAY
250 AM CDT THU JUL 31 2014


...................................

...THE WAUSAU WI CLIMATE SUMMARY FOR JULY 30 2014...

CLIMATE NORMAL PERIOD 1981 TO 2010
CLIMATE RECORD PERIOD 1896 TO 2014


WEATHER ITEM   OBSERVED TIME   RECORD YEAR NORMAL DEPARTURE LAST
                VALUE   (LST)  VALUE       VALUE  FROM      YEAR
                                                  NORMAL
..................................................................
TEMPERATURE (F)
 YESTERDAY
  MAXIMUM         74    429 PM  99    1933  80     -6       71
  MINIMUM         51    615 AM  41    1902  59     -8       57
  AVERAGE         63                        69     -6

PRECIPITATION (IN)
  YESTERDAY        0.01          2.20 1919   0.13  -0.12     0.02
  MONTH TO DATE    2.56                      3.70  -1.14     3.68
  SINCE JUN 1      8.07                      8.01   0.06     9.49
  SINCE JAN 1     19.51                     17.92   1.59    23.96

SNOWFALL (IN)
  YESTERDAY        0.0           0.0    MM   0.0    0.0      0.0
  MONTH TO DATE    0.0                       0.0    0.0      0.0
  SINCE JUN 1      0.0                       0.0    0.0      0.0
  SINCE JUL 1      0.0                       0.0    0.0      0.0
  SNOW DEPTH       0

DEGREE DAYS
 HEATING
  YESTERDAY        2                         1      1        1
  MONTH TO DATE   39                        30      9       30
  SINCE JUN 1     61                       119    -58      116
  SINCE JUL 1     39                        30      9       30

 COOLING
  YESTERDAY        0                         5     -5        0
  MONTH TO DATE   81                       150    -69      181
  SINCE JUN 1    191                       235    -44      265
  SINCE JAN 1    216                       254    -38      302
..................................................................


WIND (MPH)
  HIGHEST WIND SPEED    15   HIGHEST WIND DIRECTION     W (290)
  HIGHEST GUST SPEED    19   HIGHEST GUST DIRECTION     W (280)
  AVERAGE WIND SPEED     6.9


SKY COVER
  POSSIBLE SUNSHINE  MM
  AVERAGE SKY COVER 0.2


WEATHER CONDITIONS
 THE FOLLOWING WEATHER WAS RECORDED YESTERDAY.
  LIGHT RAIN
  FOG


RELATIVE HUMIDITY (PERCENT)
 HIGHEST   100           300 AM
 LOWEST     41           100 PM
 AVERAGE    71

..........................................................


THE WAUSAU WI CLIMATE NORMALS FOR TODAY
                         NORMAL    RECORD    YEAR
 MAXIMUM TEMPERATURE (F)   80        98      2006
 MINIMUM TEMPERATURE (F)   59        45      1962
                                             1952
                                             1902


SUNRISE AND SUNSET
JULY 31 2014..........SUNRISE   543 AM CDT   SUNSET   826 PM CDT
AUGUST  1 2014........SUNRISE   544 AM CDT   SUNSET   825 PM CDT


-  INDICATES NEGATIVE NUMBERS.
R  INDICATES RECORD WAS SET OR TIED.
MM INDICATES DATA IS MISSING.
T  INDICATES TRACE AMOUNT.




$$
