000
CDUS43 KGRB 270646
CLIAUW


CLIMATE REPORT
NATIONAL WEATHER SERVICE GREEN BAY
145 AM CDT MON MAR 27 2017


...................................

...THE WAUSAU WI CLIMATE SUMMARY FOR MARCH 26 2017...

CLIMATE NORMAL PERIOD 1981 TO 2010
CLIMATE RECORD PERIOD 1896 TO 2017


WEATHER ITEM   OBSERVED TIME   RECORD YEAR NORMAL DEPARTURE LAST
                VALUE   (LST)  VALUE       VALUE  FROM      YEAR
                                                  NORMAL
..................................................................
TEMPERATURE (F)
 YESTERDAY
  MAXIMUM         40    204 PM  77    2007  44     -4       51
  MINIMUM         32    711 AM  -9    1996  25      7       32
                                      1899
  AVERAGE         36                        34      2

PRECIPITATION (IN)
  YESTERDAY        0.42          0.87 1950   0.06   0.36     0.09
  MONTH TO DATE    2.16                      1.44   0.72     4.08
  SINCE MAR 1      2.16                      1.44   0.72     4.08
  SINCE JAN 1      6.10                      3.38   2.72     5.51

SNOWFALL (IN)
  YESTERDAY        0.0           5.1  1926   0.2   -0.2      0.0
  MONTH TO DATE    5.0                       8.9   -3.9     13.2
  SINCE JUL 1     58.8                      54.2    4.6     37.6
  SNOW DEPTH       0

DEGREE DAYS
 HEATING
  YESTERDAY       29                        31     -2       23
  MONTH TO DATE  959                       938     21      703
  SINCE MAR 1    959                       938     21      703
  SINCE JUL 1   6185                      7074   -889     5826

 COOLING
  YESTERDAY        0                         0      0        0
  MONTH TO DATE    0                         0      0        0
  SINCE MAR 1      0                         0      0        0
  SINCE JAN 1      0                         0      0        0
..................................................................


WIND (MPH)
  HIGHEST WIND SPEED    13   HIGHEST WIND DIRECTION     E (100)
  HIGHEST GUST SPEED    16   HIGHEST GUST DIRECTION     E (80)
  AVERAGE WIND SPEED     5.3


SKY COVER
  POSSIBLE SUNSHINE  MM
  AVERAGE SKY COVER 1.0


WEATHER CONDITIONS
 THE FOLLOWING WEATHER WAS RECORDED YESTERDAY.
  RAIN
  LIGHT RAIN
  FOG


RELATIVE HUMIDITY (PERCENT)
 HIGHEST   100          1200 AM
 LOWEST     92          1200 PM
 AVERAGE    96

..........................................................


THE WAUSAU WI CLIMATE NORMALS FOR TODAY
                         NORMAL    RECORD    YEAR
 MAXIMUM TEMPERATURE (F)   45        72      1946
                                             1910
 MINIMUM TEMPERATURE (F)   25        -5      1964


SUNRISE AND SUNSET
MARCH 27 2017.........SUNRISE   648 AM CDT   SUNSET   720 PM CDT
MARCH 28 2017.........SUNRISE   646 AM CDT   SUNSET   722 PM CDT


-  INDICATES NEGATIVE NUMBERS.
R  INDICATES RECORD WAS SET OR TIED.
MM INDICATES DATA IS MISSING.
T  INDICATES TRACE AMOUNT.




$$
