000
CDUS43 KGRB 190634
CLIAUW


CLIMATE REPORT
NATIONAL WEATHER SERVICE GREEN BAY
1233 AM CST FRI DEC 19 2014


...................................

...THE WAUSAU WI CLIMATE SUMMARY FOR DECEMBER 18 2014...

CLIMATE NORMAL PERIOD 1981 TO 2010
CLIMATE RECORD PERIOD 1896 TO 2014


WEATHER ITEM   OBSERVED TIME   RECORD YEAR NORMAL DEPARTURE LAST
                VALUE   (LST)  VALUE       VALUE  FROM      YEAR
                                                  NORMAL
..................................................................
TEMPERATURE (F)
 YESTERDAY
  MAXIMUM         26    308 PM  48    2002  25      1       26
  MINIMUM         17   1152 PM -23    1983  10      7       -2
  AVERAGE         22                        18      4

PRECIPITATION (IN)
  YESTERDAY        0.00          0.28 1957   0.04  -0.04     0.00
  MONTH TO DATE    0.46                      0.83  -0.37     1.01
  SINCE DEC 1      0.46                      0.83  -0.37     1.01
  SINCE JAN 1     39.95                     31.88   8.07    37.96

SNOWFALL (IN)
  YESTERDAY        0.0           4.2  1971   0.5   -0.5      0.0
  MONTH TO DATE    2.9                       8.1   -5.2     14.3
  SINCE JUL 1     23.1                      16.4    6.7     19.4
  SNOW DEPTH       T

DEGREE DAYS
 HEATING
  YESTERDAY       43                        47     -4       53
  MONTH TO DATE  755                       795    -40      978
  SINCE DEC 1    755                       795    -40      978
  SINCE JUL 1   2838                      2654    184     2788

 COOLING
  YESTERDAY        0                         0      0        0
  MONTH TO DATE    0                         0      0        0
  SINCE DEC 1      0                         0      0        0
  SINCE JAN 1    338                       407    -69      506
..................................................................


WIND (MPH)
  HIGHEST WIND SPEED    10   HIGHEST WIND DIRECTION     E (80)
  HIGHEST GUST SPEED    13   HIGHEST GUST DIRECTION     N (20)
  AVERAGE WIND SPEED     4.0


SKY COVER
  POSSIBLE SUNSHINE  MM
  AVERAGE SKY COVER 0.7


WEATHER CONDITIONS
 THE FOLLOWING WEATHER WAS RECORDED YESTERDAY.
  NO SIGNIFICANT WEATHER WAS OBSERVED.


RELATIVE HUMIDITY (PERCENT)
 HIGHEST    92          1000 PM
 LOWEST     68           300 PM
 AVERAGE    80

..........................................................


THE WAUSAU WI CLIMATE NORMALS FOR TODAY
                         NORMAL    RECORD    YEAR
 MAXIMUM TEMPERATURE (F)   25        48      1923
 MINIMUM TEMPERATURE (F)   10       -26      1983


SUNRISE AND SUNSET
DECEMBER 19 2014......SUNRISE   732 AM CST   SUNSET   419 PM CST
DECEMBER 20 2014......SUNRISE   733 AM CST   SUNSET   419 PM CST


-  INDICATES NEGATIVE NUMBERS.
R  INDICATES RECORD WAS SET OR TIED.
MM INDICATES DATA IS MISSING.
T  INDICATES TRACE AMOUNT.




$$
