320
CDUS43 KGRB 062139
CLIAUW


CLIMATE REPORT
NATIONAL WEATHER SERVICE GREEN BAY
439 PM CDT FRI MAY 6 2016


...................................

...THE WAUSAU WI CLIMATE SUMMARY FOR MAY 6 2016...
VALID TODAY AS OF 0400 PM LOCAL TIME.

CLIMATE NORMAL PERIOD 1981 TO 2010
CLIMATE RECORD PERIOD 1896 TO 2016


WEATHER ITEM   OBSERVED TIME   RECORD YEAR NORMAL DEPARTURE LAST
                VALUE   (LST)  VALUE       VALUE  FROM      YEAR
                                                  NORMAL
..................................................................
TEMPERATURE (F)
 TODAY
  MAXIMUM         89R   259 PM  88    1934  64     25       73
  MINIMUM         50    407 AM  23    1989  41      9       47
  AVERAGE         70                        52     18       60

PRECIPITATION (IN)
  TODAY            0.00          2.92 1936   0.11  -0.11     0.13
  MONTH TO DATE    0.11                      0.63  -0.52     0.42
  SINCE MAR 1      7.45                      5.12   2.33     4.39
  SINCE JAN 1      8.88                      7.06   1.82     5.14

SNOWFALL (IN)
  TODAY            0.0           T    1989   0.0             0.0
  MONTH TO DATE    0.0                       0.1             0.0
  SINCE MAR 1     19.0                      14.2             9.7
  SINCE JUL 1     43.4                      59.5            53.7
  SNOW DEPTH       0

DEGREE DAYS
 HEATING
  TODAY            0                        13    -13        5
  MONTH TO DATE   60                        81    -21       29
  SINCE MAR 1   1483                      1797   -314     1630
  SINCE JUL 1   6606                      7933  -1327     8210

 COOLING
  TODAY            5                         0      5        0
  MONTH TO DATE    5                         0      5        2
  SINCE JAN 1      7                         2      5        2
..................................................................


WIND (MPH)
  HIGHEST WIND SPEED    21   HIGHEST WIND DIRECTION     W (290)
  HIGHEST GUST SPEED    25   HIGHEST GUST DIRECTION    SW (240)
  AVERAGE WIND SPEED     6.8


SKY COVER
  POSSIBLE SUNSHINE  MM
  AVERAGE SKY COVER 0.0


WEATHER CONDITIONS
 THE FOLLOWING WEATHER WAS RECORDED TODAY.
  NO SIGNIFICANT WEATHER WAS OBSERVED.


RELATIVE HUMIDITY (PERCENT)
 HIGHEST    66          1200 AM
 LOWEST     20           200 PM
 AVERAGE    43

..........................................................


THE WAUSAU WI CLIMATE NORMALS FOR TOMORROW
                         NORMAL    RECORD    YEAR
 MAXIMUM TEMPERATURE (F)   64        89      1896
 MINIMUM TEMPERATURE (F)   41        25      1954


SUNRISE AND SUNSET
MAY  6 2016...........SUNRISE   540 AM CDT   SUNSET   811 PM CDT
MAY  7 2016...........SUNRISE   539 AM CDT   SUNSET   812 PM CDT


-  INDICATES NEGATIVE NUMBERS.
R  INDICATES RECORD WAS SET OR TIED.
MM INDICATES DATA IS MISSING.
T  INDICATES TRACE AMOUNT.




$$
