000
CDUS43 KGRB 310621
CLIAUW


CLIMATE REPORT
NATIONAL WEATHER SERVICE GREEN BAY
120 AM CDT SUN AUG 31 2014


...................................

...THE WAUSAU WI CLIMATE SUMMARY FOR AUGUST 30 2014...

CLIMATE NORMAL PERIOD 1981 TO 2010
CLIMATE RECORD PERIOD 1896 TO 2014


WEATHER ITEM   OBSERVED TIME   RECORD YEAR NORMAL DEPARTURE LAST
                VALUE   (LST)  VALUE       VALUE  FROM      YEAR
                                                  NORMAL
..................................................................
TEMPERATURE (F)
 YESTERDAY
  MAXIMUM         74    130 PM  93    2012  75     -1       82
                                      1908
  MINIMUM         62   1159 PM  32    1915  55      7       62
  AVERAGE         68                        65      3

PRECIPITATION (IN)
  YESTERDAY        0.90          1.94 1941   0.13   0.77      T
  MONTH TO DATE    7.05                      4.03   3.02     3.53
  SINCE JUN 1     15.16                     12.17   2.99    13.16
  SINCE JAN 1     26.60                     22.08   4.52    27.63

SNOWFALL (IN)
  YESTERDAY        0.0           0.0    MM   0.0    0.0      0.0
  MONTH TO DATE    0.0                       0.0    0.0      0.0
  SINCE JUN 1      0.0                       0.0    0.0      0.0
  SINCE JUL 1      0.0                       0.0    0.0      0.0
  SNOW DEPTH       0

DEGREE DAYS
 HEATING
  YESTERDAY        0                         3     -3        0
  MONTH TO DATE   15                        40    -25       26
  SINCE JUN 1     76                       152    -76      142
  SINCE JUL 1     54                        63     -9       56

 COOLING
  YESTERDAY        3                         2      1        7
  MONTH TO DATE  102                       114    -12      140
  SINCE JUN 1    296                       355    -59      409
  SINCE JAN 1    321                       374    -53      446
..................................................................


WIND (MPH)
  HIGHEST WIND SPEED    15   HIGHEST WIND DIRECTION    NW (320)
  HIGHEST GUST SPEED    20   HIGHEST GUST DIRECTION    NW (320)
  AVERAGE WIND SPEED     6.3


SKY COVER
  POSSIBLE SUNSHINE  MM
  AVERAGE SKY COVER 1.0


WEATHER CONDITIONS
 THE FOLLOWING WEATHER WAS RECORDED YESTERDAY.
  HEAVY RAIN
  RAIN
  LIGHT RAIN
  FOG


RELATIVE HUMIDITY (PERCENT)
 HIGHEST   100           200 AM
 LOWEST     73           100 PM
 AVERAGE    87

..........................................................


THE WAUSAU WI CLIMATE NORMALS FOR TODAY
                         NORMAL    RECORD    YEAR
 MAXIMUM TEMPERATURE (F)   75        93      1898
 MINIMUM TEMPERATURE (F)   54        35      1915


SUNRISE AND SUNSET
AUGUST 31 2014........SUNRISE   619 AM CDT   SUNSET   737 PM CDT
SEPTEMBER  1 2014.....SUNRISE   621 AM CDT   SUNSET   735 PM CDT


-  INDICATES NEGATIVE NUMBERS.
R  INDICATES RECORD WAS SET OR TIED.
MM INDICATES DATA IS MISSING.
T  INDICATES TRACE AMOUNT.




$$
