000
CDUS43 KGRB 170643
CLIAUW


CLIMATE REPORT
NATIONAL WEATHER SERVICE GREEN BAY
142 AM CDT WED SEP 17 2014


...................................

...THE WAUSAU WI CLIMATE SUMMARY FOR SEPTEMBER 16 2014...

CLIMATE NORMAL PERIOD 1981 TO 2010
CLIMATE RECORD PERIOD 1896 TO 2014


WEATHER ITEM   OBSERVED TIME   RECORD YEAR NORMAL DEPARTURE LAST
                VALUE   (LST)  VALUE       VALUE  FROM      YEAR
                                                  NORMAL
..................................................................
TEMPERATURE (F)
 YESTERDAY
  MAXIMUM         65    351 PM  92    1939  69     -4       62
  MINIMUM         37    621 AM  32    1916  48    -11       38
  AVERAGE         51                        58     -7

PRECIPITATION (IN)
  YESTERDAY        0.00          3.03 1997   0.13  -0.13     0.00
  MONTH TO DATE    5.31                      2.08   3.23     1.20
  SINCE SEP 1      5.31                      2.08   3.23     1.20
  SINCE JAN 1     31.96                     24.29   7.67    28.83

SNOWFALL (IN)
  YESTERDAY        0.0           T    1916   0.0    0.0      0.0
  MONTH TO DATE    0.0                       0.0    0.0      0.0
  SINCE SEP 1      0.0                       0.0    0.0      0.0
  SINCE JUL 1      0.0                       0.0    0.0      0.0
  SNOW DEPTH       0

DEGREE DAYS
 HEATING
  YESTERDAY       14                         7      7       15
  MONTH TO DATE  117                        81     36       69
  SINCE SEP 1    117                        81     36       69
  SINCE JUL 1    171                       147     24      125

 COOLING
  YESTERDAY        0                         1     -1        0
  MONTH TO DATE    9                        25    -16       50
  SINCE SEP 1      9                        25    -16       50
  SINCE JAN 1    335                       400    -65      500
..................................................................


WIND (MPH)
  HIGHEST WIND SPEED    16   HIGHEST WIND DIRECTION     W (280)
  HIGHEST GUST SPEED    24   HIGHEST GUST DIRECTION     W (270)
  AVERAGE WIND SPEED     5.3


SKY COVER
  POSSIBLE SUNSHINE  MM
  AVERAGE SKY COVER 0.0


WEATHER CONDITIONS
 THE FOLLOWING WEATHER WAS RECORDED YESTERDAY.
  NO SIGNIFICANT WEATHER WAS OBSERVED.


RELATIVE HUMIDITY (PERCENT)
 HIGHEST    93          1100 PM
 LOWEST     43          1200 PM
 AVERAGE    68

..........................................................


THE WAUSAU WI CLIMATE NORMALS FOR TODAY
                         NORMAL    RECORD    YEAR
 MAXIMUM TEMPERATURE (F)   68        87      1948
 MINIMUM TEMPERATURE (F)   48        28      1943


SUNRISE AND SUNSET
SEPTEMBER 17 2014.....SUNRISE   640 AM CDT   SUNSET   706 PM CDT
SEPTEMBER 18 2014.....SUNRISE   641 AM CDT   SUNSET   704 PM CDT


-  INDICATES NEGATIVE NUMBERS.
R  INDICATES RECORD WAS SET OR TIED.
MM INDICATES DATA IS MISSING.
T  INDICATES TRACE AMOUNT.




$$
