000
CDUS42 KGSP 220634
CLIAVL

CLIMATE REPORT
NATIONAL WEATHER SERVICE GREENVILLE-SPARTANBURG SC
133 AM EST MON JAN 22 2018


...................................

...THE ASHEVILLE NC CLIMATE SUMMARY FOR JANUARY 21 2018...

CLIMATE NORMAL PERIOD 1981 TO 2010
CLIMATE RECORD PERIOD 1869 TO 2018


WEATHER ITEM   OBSERVED TIME   RECORD YEAR NORMAL DEPARTURE LAST
                VALUE   (LST)  VALUE       VALUE  FROM      YEAR
                                                  NORMAL
..................................................................
TEMPERATURE (F)
 YESTERDAY
  MAXIMUM         64    422 PM  72    1927  48     16       54
  MINIMUM         28    705 AM -16    1985  27      1       45
  AVERAGE         46                        37      9       50

PRECIPITATION (IN)
  YESTERDAY        0.00          1.62 1959   0.12  -0.12     0.29
  MONTH TO DATE    2.48                      2.46   0.02     1.92
  SINCE DEC 1      4.95                      6.05  -1.10     4.23
  SINCE JAN 1      2.48                      2.46   0.02     1.92

SNOWFALL (IN)
  YESTERDAY        0.0           4.6  1983   0.2             0.0
  MONTH TO DATE    2.1                       2.9             7.0
  SINCE DEC 1     10.8                       3.8             7.0
  SINCE JUL 1     10.8                       3.9             7.0
  SNOW DEPTH       0

DEGREE DAYS
 HEATING
  YESTERDAY       19                        28     -9       15
  MONTH TO DATE  723                       588    135      421
  SINCE DEC 1   1481                      1382     99     1128
  SINCE JUL 1   2199                      2249    -50     1699

 COOLING
  YESTERDAY        0                         0      0        0
  MONTH TO DATE    0                         0      0        0
  SINCE DEC 1      0                         0      0        0
  SINCE JAN 1      0                         0      0        0
..................................................................


WIND (MPH)
  HIGHEST WIND SPEED     8   HIGHEST WIND DIRECTION     S (170)
  HIGHEST GUST SPEED    10   HIGHEST GUST DIRECTION     S (170)
  AVERAGE WIND SPEED     1.1


SKY COVER
  POSSIBLE SUNSHINE  MM
  AVERAGE SKY COVER 0.3


WEATHER CONDITIONS
 THE FOLLOWING WEATHER WAS RECORDED YESTERDAY.
  FOG


RELATIVE HUMIDITY (PERCENT)
 HIGHEST    92           300 AM
 LOWEST     48           300 PM
 AVERAGE    70

..........................................................


THE ASHEVILLE NC CLIMATE NORMALS FOR TODAY
                         NORMAL    RECORD    YEAR
 MAXIMUM TEMPERATURE (F)   48        73      1932
 MINIMUM TEMPERATURE (F)   27         0      1970


SUNRISE AND SUNSET
JANUARY 22 2018.......SUNRISE   736 AM EST   SUNSET   548 PM EST
JANUARY 23 2018.......SUNRISE   736 AM EST   SUNSET   549 PM EST


-  INDICATES NEGATIVE NUMBERS.
R  INDICATES RECORD WAS SET OR TIED.
MM INDICATES DATA IS MISSING.
T  INDICATES TRACE AMOUNT.




$$
