000
CDUS42 KGSP 250632
CLIAVL

CLIMATE REPORT
NATIONAL WEATHER SERVICE GREENVILLE-SPARTANBURG SC
232 AM EDT MON SEP 25 2017


...................................

...THE ASHEVILLE NC CLIMATE SUMMARY FOR SEPTEMBER 24 2017...

CLIMATE NORMAL PERIOD 1981 TO 2010
CLIMATE RECORD PERIOD 1869 TO 2017


WEATHER ITEM   OBSERVED TIME   RECORD YEAR NORMAL DEPARTURE LAST
                VALUE   (LST)  VALUE       VALUE  FROM      YEAR
                                                  NORMAL
..................................................................
TEMPERATURE (F)
 YESTERDAY
  MAXIMUM         83    418 PM  90    2016  74      9       90
  MINIMUM         61    752 AM  35    1896  53      8       57
  AVERAGE         72                        64      8       74

PRECIPITATION (IN)
  YESTERDAY        0.00          2.61 1997   0.12  -0.12     0.00
  MONTH TO DATE    3.75                      3.10   0.65     0.05
  SINCE SEP 1      3.75                      3.10   0.65     0.05
  SINCE JAN 1     40.36                     34.71   5.65    28.50

SNOWFALL (IN)
  YESTERDAY        0.0           0.0    MM   0.0             0.0
  MONTH TO DATE    0.0                       0.0             0.0
  SINCE SEP 1      0.0                       0.0             0.0
  SINCE JUL 1      0.0                       0.0             0.0
  SNOW DEPTH       0

DEGREE DAYS
 HEATING
  YESTERDAY        0                         3     -3        0
  MONTH TO DATE   37                        29      8        0
  SINCE SEP 1     37                        29      8        0
  SINCE JUL 1     37                        31      6        0

 COOLING
  YESTERDAY        7                         2      5        9
  MONTH TO DATE   76                        88    -12      191
  SINCE SEP 1     76                        88    -12      191
  SINCE JAN 1    942                       845     97     1274
..................................................................


WIND (MPH)
  HIGHEST WIND SPEED     9   HIGHEST WIND DIRECTION     N (20)
  HIGHEST GUST SPEED    14   HIGHEST GUST DIRECTION     N (10)
  AVERAGE WIND SPEED     2.4


SKY COVER
  POSSIBLE SUNSHINE  MM
  AVERAGE SKY COVER 0.2


WEATHER CONDITIONS
 THE FOLLOWING WEATHER WAS RECORDED YESTERDAY.
  FOG
  FOG W/VISIBILITY <= 1/4 MILE


RELATIVE HUMIDITY (PERCENT)
 HIGHEST   100           400 AM
 LOWEST     40           200 PM
 AVERAGE    70

..........................................................


THE ASHEVILLE NC CLIMATE NORMALS FOR TODAY
                         NORMAL    RECORD    YEAR
 MAXIMUM TEMPERATURE (F)   74        89      1895
 MINIMUM TEMPERATURE (F)   52        36      1990
                                             1983


SUNRISE AND SUNSET
SEPTEMBER 25 2017.....SUNRISE   721 AM EDT   SUNSET   722 PM EDT
SEPTEMBER 26 2017.....SUNRISE   721 AM EDT   SUNSET   721 PM EDT


-  INDICATES NEGATIVE NUMBERS.
R  INDICATES RECORD WAS SET OR TIED.
MM INDICATES DATA IS MISSING.
T  INDICATES TRACE AMOUNT.




$$
