000
CDUS42 KGSP 050631
CLIAVL

CLIMATE REPORT
NATIONAL WEATHER SERVICE GREENVILLE-SPARTANBURG SC
129 AM EST THU MAR 5 2015


...................................

...THE ASHEVILLE NC CLIMATE SUMMARY FOR MARCH 4 2015...

CLIMATE NORMAL PERIOD 1981 TO 2010
CLIMATE RECORD PERIOD 1869 TO 2015


WEATHER ITEM   OBSERVED TIME   RECORD YEAR NORMAL DEPARTURE LAST
                VALUE   (LST)  VALUE       VALUE  FROM      YEAR
                                                  NORMAL
..................................................................
TEMPERATURE (F)
 YESTERDAY
  MAXIMUM         75    322 PM  79    1976  55     20       42
  MINIMUM         49   1224 AM   7    1943  33     16       27
  AVERAGE         62                        44     18       35

PRECIPITATION (IN)
  YESTERDAY        0.12          2.20 1979   0.11   0.01      T
  MONTH TO DATE    0.18                      0.48  -0.30     0.18
  SINCE MAR 1      0.18                      0.48  -0.30     0.18
  SINCE JAN 1      6.02                      7.91  -1.89     5.53

SNOWFALL (IN)
  YESTERDAY        0.0           1.7  1925   0.1              T
  MONTH TO DATE    0.0                       0.3              T
  SINCE MAR 1      0.0                       0.3              T
  SINCE JUL 1     13.3                       7.6             9.4
  SNOW DEPTH       0

DEGREE DAYS
 HEATING
  YESTERDAY        3                        21    -18       30
  MONTH TO DATE   65                        85    -20       89
  SINCE MAR 1     65                        85    -20       89
  SINCE JUL 1   3374                      3302     72     3408

 COOLING
  YESTERDAY        0                         0      0        0
  MONTH TO DATE    0                         0      0        0
  SINCE MAR 1      0                         0      0        0
  SINCE JAN 1      0                         0      0        0
..................................................................


WIND (MPH)
  HIGHEST WIND SPEED    23   HIGHEST WIND DIRECTION     S (190)
  HIGHEST GUST SPEED    30   HIGHEST GUST DIRECTION     S (200)
  AVERAGE WIND SPEED    12.8


SKY COVER
  POSSIBLE SUNSHINE  MM
  AVERAGE SKY COVER 0.6


WEATHER CONDITIONS
 THE FOLLOWING WEATHER WAS RECORDED YESTERDAY.
  RAIN
  LIGHT RAIN
  FOG


RELATIVE HUMIDITY (PERCENT)
 HIGHEST    93          1200 AM
 LOWEST     43          1200 PM
 AVERAGE    68

..........................................................


THE ASHEVILLE NC CLIMATE NORMALS FOR TODAY
                         NORMAL    RECORD    YEAR
 MAXIMUM TEMPERATURE (F)   55        78      1955
 MINIMUM TEMPERATURE (F)   33         5      1960


SUNRISE AND SUNSET
MARCH  5 2015.........SUNRISE   655 AM EST   SUNSET   629 PM EST
MARCH  6 2015.........SUNRISE   654 AM EST   SUNSET   630 PM EST


-  INDICATES NEGATIVE NUMBERS.
R  INDICATES RECORD WAS SET OR TIED.
MM INDICATES DATA IS MISSING.
T  INDICATES TRACE AMOUNT.

$$
07
