265
CDUS42 KGSP 170643 RRA
CLIAVL

CLIMATE REPORT
NATIONAL WEATHER SERVICE GREENVILLE-SPARTANBURG SC
142 AM EST TUE JAN 17 2017


...................................

...THE ASHEVILLE NC CLIMATE SUMMARY FOR JANUARY 16 2017...

CLIMATE NORMAL PERIOD 1981 TO 2010
CLIMATE RECORD PERIOD 1869 TO 2017


WEATHER ITEM   OBSERVED TIME   RECORD YEAR NORMAL DEPARTURE LAST
                VALUE   (LST)  VALUE       VALUE  FROM      YEAR
                                                  NORMAL
..................................................................
TEMPERATURE (F)
 YESTERDAY
  MAXIMUM         58    342 PM  73    1974  47     11       49
  MINIMUM         49    202 AM  -9    1893  26     23       29
  AVERAGE         54                        37     17       39

PRECIPITATION (IN)
  YESTERDAY        0.03          1.57 1924   0.12  -0.09     0.00
  MONTH TO DATE    1.46                      1.84  -0.38     1.69
  SINCE DEC 1      3.77                      5.43  -1.66    10.45
  SINCE JAN 1      1.46                      1.84  -0.38     1.69

SNOWFALL (IN)
  YESTERDAY        0.0           7.0  1891   0.2             0.0
  MONTH TO DATE    7.0                       2.1              T
  SINCE DEC 1      7.0                       3.0              T
  SINCE JUL 1      7.0                       3.1              T
  SNOW DEPTH       0

DEGREE DAYS
 HEATING
  YESTERDAY       11                        28    -17       26
  MONTH TO DATE  364                       448    -84      452
  SINCE DEC 1   1071                      1242   -171      873
  SINCE JUL 1   1642                      2109   -467     1548

 COOLING
  YESTERDAY        0                         0      0        0
  MONTH TO DATE    0                         0      0        0
  SINCE DEC 1      0                         0      0        0
  SINCE JAN 1      0                         0      0        0
..................................................................


WIND (MPH)
  HIGHEST WIND SPEED    12   HIGHEST WIND DIRECTION     S (170)
  HIGHEST GUST SPEED    16   HIGHEST GUST DIRECTION     S (160)
  AVERAGE WIND SPEED     5.2


SKY COVER
  POSSIBLE SUNSHINE  MM
  AVERAGE SKY COVER 0.9


WEATHER CONDITIONS
 THE FOLLOWING WEATHER WAS RECORDED YESTERDAY.
  LIGHT RAIN
  FOG
  HAZE


RELATIVE HUMIDITY (PERCENT)
 HIGHEST    93           100 AM
 LOWEST     72           100 PM
 AVERAGE    83

..........................................................


THE ASHEVILLE NC CLIMATE NORMALS FOR TODAY
                         NORMAL    RECORD    YEAR
 MAXIMUM TEMPERATURE (F)   47        73      1943
 MINIMUM TEMPERATURE (F)   26        -6      1982


SUNRISE AND SUNSET
JANUARY 17 2017.......SUNRISE   738 AM EST   SUNSET   543 PM EST
JANUARY 18 2017.......SUNRISE   738 AM EST   SUNSET   544 PM EST


-  INDICATES NEGATIVE NUMBERS.
R  INDICATES RECORD WAS SET OR TIED.
MM INDICATES DATA IS MISSING.
T  INDICATES TRACE AMOUNT.




$$
