000
CDUS42 KGSP 260627 RRA
CLIAVL

CLIMATE REPORT
NATIONAL WEATHER SERVICE GREENVILLE-SPARTANBURG SC
126 AM EST FRI DEC 26 2014


...................................

...THE ASHEVILLE NC CLIMATE SUMMARY FOR DECEMBER 25 2014...

CLIMATE NORMAL PERIOD 1981 TO 2010
CLIMATE RECORD PERIOD 1869 TO 2014


WEATHER ITEM   OBSERVED TIME   RECORD YEAR NORMAL DEPARTURE LAST
                VALUE   (LST)  VALUE       VALUE  FROM      YEAR
                                                  NORMAL
..................................................................
TEMPERATURE (F)
 YESTERDAY
  MAXIMUM         48    338 PM  67    1955  48      0       38
                                      1944
                                      1904
  MINIMUM         31   1159 PM  -7    1983  28      3       18
  AVERAGE         40                        38      2       28

PRECIPITATION (IN)
  YESTERDAY        T             2.46 2009   0.11  -0.11     0.00
  MONTH TO DATE    2.02                      2.97  -0.95     6.67
  SINCE DEC 1      2.02                      2.97  -0.95     6.67
  SINCE JAN 1     46.53                     44.95   1.58    74.22

SNOWFALL (IN)
  YESTERDAY        0.0           6.5  2010   0.0             0.0
  MONTH TO DATE    T                         0.5             0.0
  SINCE DEC 1      T                         0.5             0.0
  SINCE JUL 1      3.2                       0.6             0.2
  SNOW DEPTH       0

DEGREE DAYS
 HEATING
  YESTERDAY       25                        27     -2       37
  MONTH TO DATE  523                       628   -105      530
  SINCE DEC 1    523                       628   -105      530
  SINCE JUL 1   1438                      1495    -57     1413

 COOLING
  YESTERDAY        0                         0      0        0
  MONTH TO DATE    0                         0      0        0
  SINCE DEC 1      0                         0      0        0
  SINCE JAN 1    919                       863     56      860
..................................................................


WIND (MPH)
  HIGHEST WIND SPEED    25   HIGHEST WIND DIRECTION     N (340)
  HIGHEST GUST SPEED    30   HIGHEST GUST DIRECTION    NW (330)
  AVERAGE WIND SPEED    10.3


SKY COVER
  POSSIBLE SUNSHINE  MM
  AVERAGE SKY COVER 0.1


WEATHER CONDITIONS
 THE FOLLOWING WEATHER WAS RECORDED YESTERDAY.
  LIGHT RAIN


RELATIVE HUMIDITY (PERCENT)
 HIGHEST    83          1200 AM
 LOWEST     49           200 PM
 AVERAGE    66

..........................................................


THE ASHEVILLE NC CLIMATE NORMALS FOR TODAY
                         NORMAL    RECORD    YEAR
 MAXIMUM TEMPERATURE (F)   48        78      1971
 MINIMUM TEMPERATURE (F)   28         0      1983


SUNRISE AND SUNSET
DECEMBER 26 2014......SUNRISE   738 AM EST   SUNSET   524 PM EST
DECEMBER 27 2014......SUNRISE   738 AM EST   SUNSET   525 PM EST


-  INDICATES NEGATIVE NUMBERS.
R  INDICATES RECORD WAS SET OR TIED.
MM INDICATES DATA IS MISSING.
T  INDICATES TRACE AMOUNT.

$$
