000
CDUS42 KGSP 270631
CLIAVL

CLIMATE REPORT
NATIONAL WEATHER SERVICE GREENVILLE-SPARTANBURG SC
230 AM EDT WED AUG 27 2014


...................................

...THE ASHEVILLE NC CLIMATE SUMMARY FOR AUGUST 26 2014...

CLIMATE NORMAL PERIOD 1981 TO 2010
CLIMATE RECORD PERIOD 1869 TO 2014


WEATHER ITEM   OBSERVED TIME   RECORD YEAR NORMAL DEPARTURE LAST
                VALUE   (LST)  VALUE       VALUE  FROM      YEAR
                                                  NORMAL
..................................................................
TEMPERATURE (F)
 YESTERDAY
  MAXIMUM         84    324 PM  93    1943  82      2       80
  MINIMUM         53    642 AM  49    1952  62     -9       55
                                      1917
  AVERAGE         69                        72     -3       68

PRECIPITATION (IN)
  YESTERDAY        0.00          4.01 2008   0.14  -0.14     0.00
  MONTH TO DATE    3.16                      3.70  -0.54     6.90
  SINCE JUN 1     13.48                     12.66   0.82    29.56
  SINCE JAN 1     29.99                     30.91  -0.92    58.68

SNOWFALL (IN)
  YESTERDAY        0.0           0.0    MM   0.0             0.0
  MONTH TO DATE    0.0                       0.0             0.0
  SINCE JUN 1      0.0                       0.0             0.0
  SINCE JUL 1      0.0                       0.0             0.0
  SNOW DEPTH       0

DEGREE DAYS
 HEATING
  YESTERDAY        0                         0      0        0
  MONTH TO DATE    0                         0      0        5
  SINCE JUN 1      2                        14    -12        5
  SINCE JUL 1      2                         0      2        5

 COOLING
  YESTERDAY        4                         7     -3        3
  MONTH TO DATE  191                       215    -24      165
  SINCE JUN 1    625                       667    -42      637
  SINCE JAN 1    706                       725    -19      688
..................................................................


WIND (MPH)
  HIGHEST WIND SPEED    16   HIGHEST WIND DIRECTION     N (350)
  HIGHEST GUST SPEED    21   HIGHEST GUST DIRECTION     N (340)
  AVERAGE WIND SPEED     4.1


SKY COVER
  POSSIBLE SUNSHINE  MM
  AVERAGE SKY COVER 0.3


WEATHER CONDITIONS
 THE FOLLOWING WEATHER WAS RECORDED YESTERDAY.
  FOG


RELATIVE HUMIDITY (PERCENT)
 HIGHEST   100           300 AM
 LOWEST     43           200 PM
 AVERAGE    72

..........................................................


THE ASHEVILLE NC CLIMATE NORMALS FOR TODAY
                         NORMAL    RECORD    YEAR
 MAXIMUM TEMPERATURE (F)   82        93      1943
 MINIMUM TEMPERATURE (F)   62        49      1945


SUNRISE AND SUNSET
AUGUST 27 2014........SUNRISE   659 AM EDT   SUNSET   804 PM EDT
AUGUST 28 2014........SUNRISE   659 AM EDT   SUNSET   803 PM EDT


-  INDICATES NEGATIVE NUMBERS.
R  INDICATES RECORD WAS SET OR TIED.
MM INDICATES DATA IS MISSING.
T  INDICATES TRACE AMOUNT.




$$
