000
CDUS41 KBGM 290531
CLIAVP


CLIMATE REPORT
NATIONAL WEATHER SERVICE BINGHAMTON NY
130 AM EDT FRI AUG 29 2014


...................................

...THE AVOCA PA CLIMATE SUMMARY FOR AUGUST 28 2014...

CLIMATE NORMAL PERIOD 1981 TO 2010
CLIMATE RECORD PERIOD 1901 TO 2014


WEATHER ITEM   OBSERVED TIME   RECORD YEAR NORMAL DEPARTURE LAST
                VALUE   (LST)  VALUE       VALUE  FROM      YEAR
                                                  NORMAL
..................................................................
TEMPERATURE (F)
 YESTERDAY
  MAXIMUM         75    400 PM  95    1948  78     -3       81
  MINIMUM         54   1159 PM  44    1957  58     -4       67
  AVERAGE         65                        68     -3       74

PRECIPITATION (IN)
  YESTERDAY        0.00          3.23 2011   0.10  -0.10     0.05
  MONTH TO DATE    3.80                      3.10   0.70     1.35
  SINCE JUN 1      8.45                     10.92  -2.47     8.50
  SINCE JAN 1     21.16                     24.72  -3.56    18.27

SNOWFALL (IN)
  YESTERDAY        0.0           T    1993   0.0    0.0      0.0
  MONTH TO DATE    0.0                       0.0    0.0      0.0
  SINCE JUN 1      0.0                       0.0    0.0      0.0
  SINCE JUL 1      0.0                       0.0    0.0      0.0

DEGREE DAYS
 HEATING
  YESTERDAY        0                         1     -1        0
  MONTH TO DATE    7                        11     -4        8
  SINCE JUN 1     20                        73    -53       30
  SINCE JUL 1      9                        19    -10        9

 COOLING
  YESTERDAY        0                         4     -4        9
  MONTH TO DATE  143                       151     -8      137
  SINCE JUN 1    537                       474     63      602
  SINCE JAN 1    578                       511     67      666
..................................................................


WIND (MPH)
  HIGHEST WIND SPEED    18   HIGHEST WIND DIRECTION    NW (320)
  HIGHEST GUST SPEED    28   HIGHEST GUST DIRECTION     N (340)
  AVERAGE WIND SPEED     8.1


SKY COVER
  AVERAGE SKY COVER 0.4



RELATIVE HUMIDITY (PERCENT)
 HIGHEST    78           300 AM
 LOWEST     41           200 PM
 AVERAGE    60

..........................................................


THE AVOCA PA CLIMATE NORMALS FOR TODAY
                         NORMAL    RECORD    YEAR
 MAXIMUM TEMPERATURE (F)   78        95      1953
 MINIMUM TEMPERATURE (F)   58        38      1982


SUNRISE AND SUNSET
AUGUST 29 2014........SUNRISE   626 AM EDT   SUNSET   741 PM EDT
AUGUST 30 2014........SUNRISE   627 AM EDT   SUNSET   739 PM EDT


-  INDICATES NEGATIVE NUMBERS.
R  INDICATES RECORD WAS SET OR TIED.
MM INDICATES DATA IS MISSING.
T  INDICATES TRACE AMOUNT.




$$
