000
CDUS41 KBGM 280554
CLIAVP


CLIMATE REPORT
NATIONAL WEATHER SERVICE BINGHAMTON NY
153 AM EDT THU MAY 28 2015


...................................

...THE AVOCA PA CLIMATE SUMMARY FOR MAY 27 2015...

CLIMATE NORMAL PERIOD 1981 TO 2010
CLIMATE RECORD PERIOD 1901 TO 2015


WEATHER ITEM   OBSERVED TIME   RECORD YEAR NORMAL DEPARTURE LAST
                VALUE   (LST)  VALUE       VALUE  FROM      YEAR
                                                  NORMAL
..................................................................
TEMPERATURE (F)
 YESTERDAY
  MAXIMUM         87   1255 PM  90    1914  73     14       81
  MINIMUM         65   1159 PM  35    1969  51     14       59
  AVERAGE         76                        62     14       70

PRECIPITATION (IN)
  YESTERDAY        0.82          2.00 1946   0.12   0.70     0.04
  MONTH TO DATE    1.25                      3.03  -1.78     2.75
  SINCE MAR 1      6.09                      8.91  -2.82     7.83
  SINCE JAN 1      9.09                     13.31  -4.22    12.71

SNOWFALL (IN)
  YESTERDAY        0.0           0.0    MM   0.0    0.0      0.0
  MONTH TO DATE    0.0                       0.3   -0.3      0.0
  SINCE MAR 1      9.0                      12.6   -3.6      3.1
  SINCE JUL 1     51.4                      46.5    4.9     58.9

DEGREE DAYS
 HEATING
  YESTERDAY        0                         5     -5        0
  MONTH TO DATE  100                       211   -111      134
  SINCE MAR 1   1547                      1578    -31     1675
  SINCE JUL 1   6244                      6184     60     6498

 COOLING
  YESTERDAY       11                         2      9        5
  MONTH TO DATE  116                        23     93       33
  SINCE MAR 1    116                        29     87       40
  SINCE JAN 1    116                        29     87       40
..................................................................


WIND (MPH)
  HIGHEST WIND SPEED    32   HIGHEST WIND DIRECTION     W (260)
  HIGHEST GUST SPEED    45   HIGHEST GUST DIRECTION     W (250)
  AVERAGE WIND SPEED     3.9


SKY COVER
  AVERAGE SKY COVER 0.3



RELATIVE HUMIDITY (PERCENT)
 HIGHEST    90           200 PM
 LOWEST     46           100 PM
 AVERAGE    68

..........................................................


THE AVOCA PA CLIMATE NORMALS FOR TODAY
                         NORMAL    RECORD    YEAR
 MAXIMUM TEMPERATURE (F)   73        91      1908
 MINIMUM TEMPERATURE (F)   51        36      1994


SUNRISE AND SUNSET
MAY 28 2015...........SUNRISE   534 AM EDT   SUNSET   827 PM EDT
MAY 29 2015...........SUNRISE   534 AM EDT   SUNSET   827 PM EDT


-  INDICATES NEGATIVE NUMBERS.
R  INDICATES RECORD WAS SET OR TIED.
MM INDICATES DATA IS MISSING.
T  INDICATES TRACE AMOUNT.




$$
