000
CDUS41 KBGM 011406
CLIAVP


CLIMATE REPORT
NATIONAL WEATHER SERVICE BINGHAMTON NY
1005 AM EDT WED OCT 1 2014


...................................

...THE AVOCA PA CLIMATE SUMMARY FOR SEPTEMBER 30 2014...

CLIMATE NORMAL PERIOD 1981 TO 2010
CLIMATE RECORD PERIOD 1901 TO 2014


WEATHER ITEM   OBSERVED TIME   RECORD YEAR NORMAL DEPARTURE LAST
                VALUE   (LST)  VALUE       VALUE  FROM      YEAR
                                                  NORMAL
..................................................................
TEMPERATURE (F)
 YESTERDAY
  MAXIMUM         74   1222 PM  87    1953  67      7       75
  MINIMUM         57    541 AM  32    1991  47     10       48
                                      1951
                                      1932
  AVERAGE         66                        56     10       62

PRECIPITATION (IN)
  YESTERDAY        0.01          3.69 2010   0.14  -0.13     0.00
  MONTH TO DATE    0.69                      4.07  -3.38     1.57
  SINCE SEP 1      0.69                      4.07  -3.38     1.57
  SINCE JAN 1     22.25                     29.10  -6.85    19.92

SNOWFALL (IN)
  YESTERDAY        0.0           0.0    MM   0.0    0.0      0.0
  MONTH TO DATE    0.0                       0.0    0.0      0.0
  SINCE SEP 1      0.0                       0.0    0.0      0.0
  SINCE JUL 1      0.0                       0.0    0.0      0.0

DEGREE DAYS
 HEATING
  YESTERDAY        0                         9     -9        3
  MONTH TO DATE  102                       136    -34      153
  SINCE SEP 1    102                       136    -34      153
  SINCE JUL 1    113                       162    -49      162

 COOLING
  YESTERDAY        1                         0      1        0
  MONTH TO DATE   89                        52     37       69
  SINCE SEP 1     89                        52     37       69
  SINCE JAN 1    675                       576     99      771
..................................................................


WIND (MPH)
  HIGHEST WIND SPEED     8   HIGHEST WIND DIRECTION     S (180)
  HIGHEST GUST SPEED    14   HIGHEST GUST DIRECTION     S (190)
  AVERAGE WIND SPEED     3.8


SKY COVER
  AVERAGE SKY COVER 0.5



RELATIVE HUMIDITY (PERCENT)
 HIGHEST    87           300 AM
 LOWEST     53           500 PM
 AVERAGE    70

..........................................................


THE AVOCA PA CLIMATE NORMALS FOR TODAY
                         NORMAL    RECORD    YEAR
 MAXIMUM TEMPERATURE (F)   66        87      1905
 MINIMUM TEMPERATURE (F)   46        30      1993


SUNRISE AND SUNSET
OCTOBER  1 2014.......SUNRISE   700 AM EDT   SUNSET   645 PM EDT
OCTOBER  2 2014.......SUNRISE   701 AM EDT   SUNSET   643 PM EDT


-  INDICATES NEGATIVE NUMBERS.
R  INDICATES RECORD WAS SET OR TIED.
MM INDICATES DATA IS MISSING.
T  INDICATES TRACE AMOUNT.




$$
