000
CDUS41 KBGM 302117
CLIAVP


CLIMATE REPORT
NATIONAL WEATHER SERVICE BINGHAMTON NY
517 PM EDT MON MAR 30 2015


...................................

...THE AVOCA PA CLIMATE SUMMARY FOR MARCH 30 2015...
VALID TODAY AS OF 0500 PM LOCAL TIME.

CLIMATE NORMAL PERIOD 1981 TO 2010
CLIMATE RECORD PERIOD 1901 TO 2015


WEATHER ITEM   OBSERVED TIME   RECORD YEAR NORMAL DEPARTURE LAST
                VALUE   (LST)  VALUE       VALUE  FROM      YEAR
                                                  NORMAL
..................................................................
TEMPERATURE (F)
 TODAY
  MAXIMUM         51    359 PM  84    1998  52     -1       44
  MINIMUM         33    421 AM   6    1970  32      1       32
  AVERAGE         42                        42      0       38

PRECIPITATION (IN)
  TODAY            T             3.14 1940   0.10  -0.10     0.94
  MONTH TO DATE    1.66                      2.46  -0.80     2.03
  SINCE MAR 1      1.66                      2.46  -0.80     2.03
  SINCE JAN 1      4.66                      6.86  -2.20     6.91

SNOWFALL (IN)
  TODAY           MM             2.0  1974   0.2   MM        1.5
  MONTH TO DATE    6.4                       8.9   -2.5      1.7
  SINCE MAR 1      6.4                       8.9   -2.5      1.7
  SINCE JUL 1     48.5                      42.8    5.7     57.5

DEGREE DAYS
 HEATING
  TODAY           23                        23      0       27
  MONTH TO DATE  965                       849    116     1018
  SINCE MAR 1    965                       849    116     1018
  SINCE JUL 1   5662                      5455    207     5841

 COOLING
  TODAY            0                         0      0        0
  MONTH TO DATE    0                         0      0        0
  SINCE MAR 1      0                         0      0        0
  SINCE JAN 1      0                         0      0        0
..................................................................


WIND (MPH)
  HIGHEST WIND SPEED    23   HIGHEST WIND DIRECTION     W (260)
  HIGHEST GUST SPEED    33   HIGHEST GUST DIRECTION     S (190)
  AVERAGE WIND SPEED    12.7


SKY COVER
  AVERAGE SKY COVER 1.0


WEATHER CONDITIONS
 THE FOLLOWING WEATHER WAS RECORDED TODAY.
  HAZE


RELATIVE HUMIDITY (PERCENT)
 HIGHEST    75           400 AM
 LOWEST     27          1200 AM
 AVERAGE    51

..........................................................


THE AVOCA PA CLIMATE NORMALS FOR TOMORROW
                         NORMAL    RECORD    YEAR
 MAXIMUM TEMPERATURE (F)   52        85      1998
 MINIMUM TEMPERATURE (F)   33        12      1923


SUNRISE AND SUNSET
MARCH 30 2015.........SUNRISE   650 AM EDT   SUNSET   726 PM EDT
MARCH 31 2015.........SUNRISE   648 AM EDT   SUNSET   727 PM EDT


-  INDICATES NEGATIVE NUMBERS.
R  INDICATES RECORD WAS SET OR TIED.
MM INDICATES DATA IS MISSING.
T  INDICATES TRACE AMOUNT.




$$
