000
CDUS41 KBGM 210522
CLIAVP


CLIMATE REPORT
NATIONAL WEATHER SERVICE BINGHAMTON NY
121 AM EDT SAT OCT 21 2017


...................................

...THE AVOCA PA CLIMATE SUMMARY FOR OCTOBER 20 2017...

CLIMATE NORMAL PERIOD 1981 TO 2010
CLIMATE RECORD PERIOD 1901 TO 2017


WEATHER ITEM   OBSERVED TIME   RECORD YEAR NORMAL DEPARTURE LAST
                VALUE   (LST)  VALUE       VALUE  FROM      YEAR
                                                  NORMAL
..................................................................
TEMPERATURE (F)
 YESTERDAY
  MAXIMUM         71    303 PM  79    1963  59     12       75
  MINIMUM         46    704 AM  19    1972  40      6       55
  AVERAGE         59                        50      9       65

PRECIPITATION (IN)
  YESTERDAY        0.00          1.97 1976   0.10  -0.10     0.01
  MONTH TO DATE    1.49                      2.24  -0.75     0.77
  SINCE SEP 1      3.21                      6.31  -3.10     3.77
  SINCE JAN 1     33.33                     31.34   1.99    25.33

SNOWFALL (IN)
  YESTERDAY        0.0           T    1992   0.0    0.0      0.0
                                      1974
  MONTH TO DATE    0.0                       0.0    0.0      0.0
  SINCE SEP 1      0.0                       0.0    0.0      0.0
  SINCE JUL 1      0.0                       0.0    0.0      0.0

DEGREE DAYS
 HEATING
  YESTERDAY        6                        16    -10        0
  MONTH TO DATE  108                       250   -142      139
  SINCE SEP 1    200                       386   -186      198
  SINCE JUL 1    217                       412   -195      199

 COOLING
  YESTERDAY        0                         0      0        0
  MONTH TO DATE   37                         0     37        5
  SINCE SEP 1    165                        52    113      132
  SINCE JAN 1    804                       576    228      998
..................................................................


WIND (MPH)
  HIGHEST WIND SPEED    17   HIGHEST WIND DIRECTION     N (350)
  HIGHEST GUST SPEED    22   HIGHEST GUST DIRECTION    NW (330)
  AVERAGE WIND SPEED     6.1


SKY COVER
  AVERAGE SKY COVER 0.0



RELATIVE HUMIDITY (PERCENT)
 HIGHEST    93           700 AM
 LOWEST     23           200 PM
 AVERAGE    58

..........................................................


THE AVOCA PA CLIMATE NORMALS FOR TODAY
                         NORMAL    RECORD    YEAR
 MAXIMUM TEMPERATURE (F)   59        81      1979
                                             1920
 MINIMUM TEMPERATURE (F)   39        22      1972


SUNRISE AND SUNSET
OCTOBER 21 2017.......SUNRISE   722 AM EDT   SUNSET   613 PM EDT
OCTOBER 22 2017.......SUNRISE   723 AM EDT   SUNSET   611 PM EDT


-  INDICATES NEGATIVE NUMBERS.
R  INDICATES RECORD WAS SET OR TIED.
MM INDICATES DATA IS MISSING.
T  INDICATES TRACE AMOUNT.




$$
