000
CDUS41 KBGM 230544
CLIAVP


CLIMATE REPORT
NATIONAL WEATHER SERVICE BINGHAMTON NY
144 AM EDT WED APR 23 2014


...................................

...THE AVOCA PA CLIMATE SUMMARY FOR APRIL 22 2014...

CLIMATE NORMAL PERIOD 1981 TO 2010
CLIMATE RECORD PERIOD 1901 TO 2014


WEATHER ITEM   OBSERVED TIME   RECORD YEAR NORMAL DEPARTURE LAST
                VALUE   (LST)  VALUE       VALUE  FROM      YEAR
                                                  NORMAL
..................................................................
TEMPERATURE (F)
 YESTERDAY
  MAXIMUM         65   1202 PM  87    1902  62      3       56
  MINIMUM         48    424 AM  25    1904  41      7       34
  AVERAGE         57                        51      6       45

PRECIPITATION (IN)
  YESTERDAY        0.03          1.27 2012   0.11  -0.08     0.00
  MONTH TO DATE    1.91                      2.43  -0.52     1.60
  SINCE MAR 1      3.98                      4.98  -1.00     3.22
  SINCE JAN 1      8.86                      9.38  -0.52     6.55

SNOWFALL (IN)
  YESTERDAY        0.0           2.4  1986   0.0    0.0      0.0
  MONTH TO DATE    0.7                       2.6   -1.9       T
  SINCE MAR 1      3.1                      11.6   -8.5      6.5
  SINCE JUL 1     58.9                      45.5   13.4     33.9

DEGREE DAYS
 HEATING
  YESTERDAY        8                        14     -6       20
  MONTH TO DATE  362                       396    -34      366
  SINCE MAR 1   1405                      1267    138     1292
  SINCE JUL 1   6228                      5873    355     5516

 COOLING
  YESTERDAY        0                         0      0        0
  MONTH TO DATE    7                         0      7        4
  SINCE MAR 1      7                         0      7        4
  SINCE JAN 1      7                         0      7        4
..................................................................


WIND (MPH)
  HIGHEST WIND SPEED    22   HIGHEST WIND DIRECTION    NW (300)
  HIGHEST GUST SPEED    26   HIGHEST GUST DIRECTION    NW (300)
  AVERAGE WIND SPEED     7.2


SKY COVER
  AVERAGE SKY COVER 0.5



RELATIVE HUMIDITY (PERCENT)
 HIGHEST    83          1000 PM
 LOWEST     26          1200 AM
 AVERAGE    55

..........................................................


THE AVOCA PA CLIMATE NORMALS FOR TODAY
                         NORMAL    RECORD    YEAR
 MAXIMUM TEMPERATURE (F)   62        86      2001
 MINIMUM TEMPERATURE (F)   41        24      1930


SUNRISE AND SUNSET
APRIL 23 2014.........SUNRISE   611 AM EDT   SUNSET   752 PM EDT
APRIL 24 2014.........SUNRISE   610 AM EDT   SUNSET   753 PM EDT


-  INDICATES NEGATIVE NUMBERS.
R  INDICATES RECORD WAS SET OR TIED.
MM INDICATES DATA IS MISSING.
T  INDICATES TRACE AMOUNT.




$$
