235
CDUS43 KGRR 261354
CLIAZO


CLIMATE REPORT
NATIONAL WEATHER SERVICE GRAND RAPIDS, MI
954 AM EDT FRI MAY 26 2017


...................................

...THE KALAMAZOO MI CLIMATE SUMMARY FOR MAY 26 2017...
VALID AS OF 0900 AM LOCAL TIME.

CLIMATE NORMAL PERIOD 1981 TO 2010
CLIMATE RECORD PERIOD 1998 TO 2017


WEATHER ITEM   OBSERVED TIME   NORMAL DEPARTURE LAST
                VALUE   (LST)  VALUE  FROM      YEAR
                                      NORMAL
......................................................
TEMPERATURE (F)
 TODAY
  MAXIMUM         53    759 AM  73    -20       85
  MINIMUM         51    712 AM  51      0       64
  AVERAGE         52            62    -10       75

PRECIPITATION (IN)
  TODAY            0.00          0.11  -0.11     0.25
  MONTH TO DATE    3.58          3.27   0.31     3.28
  SINCE MAR 1     10.37          8.60   1.77     9.37
  SINCE JAN 1     15.09         11.84   3.25    10.93

DEGREE DAYS
 HEATING
  TODAY           13             5      8        0
  MONTH TO DATE  236           203     33      229
  SINCE MAR 1   1474          1573    -99     1439
  SINCE JUL 1   5370          6346   -976     5487

 COOLING
  TODAY            0             2     -2       10
  MONTH TO DATE   23            26     -3       21
  SINCE MAR 1     34            30      4       23
  SINCE JAN 1     34            30      4       23
......................................................


WIND (MPH)
  RESULTANT WIND SPEED   5   RESULTANT WIND DIRECTION   W (280)
  HIGHEST WIND SPEED     8   HIGHEST WIND DIRECTION     W (280)
  HIGHEST GUST SPEED    13   HIGHEST GUST DIRECTION     W (290)
  AVERAGE WIND SPEED     4.6


SKY COVER
  AVERAGE SKY COVER 0.8


WEATHER CONDITIONS
 THE FOLLOWING WEATHER WAS RECORDED TODAY.
  FOG
  FOG W/VISIBILITY <= 1/4 MILE


RELATIVE HUMIDITY (PERCENT)
 HIGHEST    96           700 AM
 LOWEST     83          1200 AM
 AVERAGE    90

..........................................................


THE KALAMAZOO MI CLIMATE NORMALS FOR TOMORROW
                         NORMAL
 MAXIMUM TEMPERATURE (F)   73
 MINIMUM TEMPERATURE (F)   51


SUNRISE AND SUNSET
MAY 26 2017...........SUNRISE   612 AM EDT   SUNSET   907 PM EDT
MAY 27 2017...........SUNRISE   611 AM EDT   SUNSET   908 PM EDT


-  INDICATES NEGATIVE NUMBERS.
R  INDICATES RECORD WAS SET OR TIED.
MM INDICATES DATA IS MISSING.
T  INDICATES TRACE AMOUNT.




$$
