000
CDUS43 KGRR 260520
CLIAZO


CLIMATE REPORT
NATIONAL WEATHER SERVICE GRAND RAPIDS, MI
119 AM EDT TUE SEP 26 2017


...................................

...THE KALAMAZOO MI CLIMATE SUMMARY FOR SEPTEMBER 25 2017...

CLIMATE NORMAL PERIOD 1981 TO 2010
CLIMATE RECORD PERIOD 1998 TO 2017


WEATHER ITEM   OBSERVED TIME   NORMAL DEPARTURE LAST
                VALUE   (LST)  VALUE  FROM      YEAR
                                      NORMAL
......................................................
TEMPERATURE (F)
 YESTERDAY
  MAXIMUM         90    431 PM  69     21       79
  MINIMUM         63    722 AM  48     15       54
  AVERAGE         77            58     19       67

PRECIPITATION (IN)
  YESTERDAY        0.00          0.12  -0.12     0.00
  MONTH TO DATE    1.78          3.28  -1.50     1.87
  SINCE SEP 1      1.78          3.28  -1.50     1.87
  SINCE JAN 1     22.81         26.87  -4.06    29.58

DEGREE DAYS
 HEATING
  YESTERDAY        0             7     -7        0
  MONTH TO DATE   59            87    -28        7
  SINCE SEP 1     59            87    -28        7
  SINCE JUL 1     77           103    -26        8

 COOLING
  YESTERDAY       12             1     11        2
  MONTH TO DATE  121            53     68      101
  SINCE SEP 1    121            53     68      101
  SINCE JAN 1    737           664     73      895
......................................................


WIND (MPH)
  RESULTANT WIND SPEED   1   RESULTANT WIND DIRECTION   S (180)
  HIGHEST WIND SPEED     8   HIGHEST WIND DIRECTION    SE (150)
  HIGHEST GUST SPEED    11   HIGHEST GUST DIRECTION    SE (140)
  AVERAGE WIND SPEED     1.0


SKY COVER
  AVERAGE SKY COVER 0.0


WEATHER CONDITIONS
 THE FOLLOWING WEATHER WAS RECORDED YESTERDAY.
  FOG
  HAZE


RELATIVE HUMIDITY (PERCENT)
 HIGHEST    93           700 AM
 LOWEST     23           300 PM
 AVERAGE    58

..........................................................


THE KALAMAZOO MI CLIMATE NORMALS FOR TODAY
                         NORMAL
 MAXIMUM TEMPERATURE (F)   69
 MINIMUM TEMPERATURE (F)   48


SUNRISE AND SUNSET
SEPTEMBER 26 2017.....SUNRISE   734 AM EDT   SUNSET   732 PM EDT
SEPTEMBER 27 2017.....SUNRISE   735 AM EDT   SUNSET   730 PM EDT


-  INDICATES NEGATIVE NUMBERS.
R  INDICATES RECORD WAS SET OR TIED.
MM INDICATES DATA IS MISSING.
T  INDICATES TRACE AMOUNT.




$$
