000
CDUS43 KGRR 020519
CLIAZO


CLIMATE REPORT
NATIONAL WEATHER SERVICE GRAND RAPIDS, MI
118 AM EDT THU JUL 2 2015


...................................

...THE KALAMAZOO MI CLIMATE SUMMARY FOR JULY 1 2015...

CLIMATE NORMAL PERIOD 1981 TO 2010
CLIMATE RECORD PERIOD 1998 TO 2015


WEATHER ITEM   OBSERVED TIME   NORMAL DEPARTURE LAST
                VALUE   (LST)  VALUE  FROM      YEAR
                                      NORMAL
......................................................
TEMPERATURE (F)
 YESTERDAY
  MAXIMUM         71    202 PM  83    -12       83
  MINIMUM         54   1159 PM  61     -7       64
  AVERAGE         63            72     -9       74

PRECIPITATION (IN)
  YESTERDAY        0.00          0.09  -0.09     1.31
  MONTH TO DATE    0.00          0.09  -0.09     1.31
  SINCE JUN 1      3.75          3.67   0.08     5.18
  SINCE JAN 1     13.46         16.11  -2.65    13.60

DEGREE DAYS
 HEATING
  YESTERDAY        2             0      2        0
  MONTH TO DATE    2             0      2        0
  SINCE JUN 1     23            48    -25       19
  SINCE JUL 1      2             0      2        0

 COOLING
  YESTERDAY        0             7     -7        9
  MONTH TO DATE    0             7     -7        9
  SINCE JUN 1     80           152    -72      189
  SINCE JAN 1    147           193    -46      243
......................................................


WIND (MPH)
  RESULTANT WIND SPEED   7   RESULTANT WIND DIRECTION  NW (310)
  HIGHEST WIND SPEED    15   HIGHEST WIND DIRECTION    NW (320)
  HIGHEST GUST SPEED    20   HIGHEST GUST DIRECTION    NW (330)
  AVERAGE WIND SPEED     7.9


SKY COVER
  AVERAGE SKY COVER 0.5


WEATHER CONDITIONS
 THE FOLLOWING WEATHER WAS RECORDED YESTERDAY.
  FOG


RELATIVE HUMIDITY (PERCENT)
 HIGHEST    93           700 AM
 LOWEST     51           200 PM
 AVERAGE    72

..........................................................


THE KALAMAZOO MI CLIMATE NORMALS FOR TODAY
                         NORMAL
 MAXIMUM TEMPERATURE (F)   83
 MINIMUM TEMPERATURE (F)   61


SUNRISE AND SUNSET
JULY  2 2015..........SUNRISE   610 AM EDT   SUNSET   922 PM EDT
JULY  3 2015..........SUNRISE   611 AM EDT   SUNSET   922 PM EDT


-  INDICATES NEGATIVE NUMBERS.
R  INDICATES RECORD WAS SET OR TIED.
MM INDICATES DATA IS MISSING.
T  INDICATES TRACE AMOUNT.




$$
