000
CDUS43 KGRR 170520
CLIAZO


CLIMATE REPORT
NATIONAL WEATHER SERVICE GRAND RAPIDS, MI
1220 AM EST WED JAN 17 2018


...................................

...THE KALAMAZOO MI CLIMATE SUMMARY FOR JANUARY 16 2018...

CLIMATE NORMAL PERIOD 1981 TO 2010
CLIMATE RECORD PERIOD 1998 TO 2018


WEATHER ITEM   OBSERVED TIME   NORMAL DEPARTURE LAST
                VALUE   (LST)  VALUE  FROM      YEAR
                                      NORMAL
......................................................
TEMPERATURE (F)
 YESTERDAY
  MAXIMUM         15   1202 AM  31    -16       36
  MINIMUM          2   1145 PM  18    -16       21
  AVERAGE          9            24    -15       29

PRECIPITATION (IN)
  YESTERDAY        T             0.05  -0.05     0.37
  MONTH TO DATE    0.36          0.91  -0.55     1.49
  SINCE DEC 1      1.05          2.89  -1.84     2.54
  SINCE JAN 1      0.36          0.91  -0.55     1.49

DEGREE DAYS
 HEATING
  YESTERDAY       56            41     15       36
  MONTH TO DATE  746           648     98      627
  SINCE DEC 1   1946          1772    174     1780
  SINCE JUL 1   3109          3099     10     2680

 COOLING
  YESTERDAY        0             0      0        0
  MONTH TO DATE    0             0      0        0
  SINCE DEC 1      0             0      0        0
  SINCE JAN 1      0             0      0        0
......................................................


WIND (MPH)
  RESULTANT WIND SPEED   7   RESULTANT WIND DIRECTION  SW (210)
  HIGHEST WIND SPEED    15   HIGHEST WIND DIRECTION    SW (210)
  HIGHEST GUST SPEED    17   HIGHEST GUST DIRECTION    SW (210)
  AVERAGE WIND SPEED     7.0


SKY COVER
  AVERAGE SKY COVER 0.7


WEATHER CONDITIONS
 THE FOLLOWING WEATHER WAS RECORDED YESTERDAY.
  SNOW
  LIGHT SNOW
  FOG
  HAZE


RELATIVE HUMIDITY (PERCENT)
 HIGHEST    95          1100 PM
 LOWEST     67           600 PM
 AVERAGE    81

..........................................................


THE KALAMAZOO MI CLIMATE NORMALS FOR TODAY
                         NORMAL
 MAXIMUM TEMPERATURE (F)   31
 MINIMUM TEMPERATURE (F)   18


SUNRISE AND SUNSET
JANUARY 17 2018.......SUNRISE   807 AM EST   SUNSET   538 PM EST
JANUARY 18 2018.......SUNRISE   807 AM EST   SUNSET   539 PM EST


-  INDICATES NEGATIVE NUMBERS.
R  INDICATES RECORD WAS SET OR TIED.
MM INDICATES DATA IS MISSING.
T  INDICATES TRACE AMOUNT.




$$
