000
CDUS43 KGRR 260520
CLIAZO


CLIMATE REPORT
NATIONAL WEATHER SERVICE GRAND RAPIDS, MI
120 AM EDT SUN MAR 26 2017


...................................

...THE KALAMAZOO MI CLIMATE SUMMARY FOR MARCH 25 2017...

CLIMATE NORMAL PERIOD 1981 TO 2010
CLIMATE RECORD PERIOD 1998 TO 2017


WEATHER ITEM   OBSERVED TIME   NORMAL DEPARTURE LAST
                VALUE   (LST)  VALUE  FROM      YEAR
                                      NORMAL
......................................................
TEMPERATURE (F)
 YESTERDAY
  MAXIMUM         51   1233 AM  50      1       46
  MINIMUM         42   1144 AM  31     11       28
  AVERAGE         47            40      7       37

PRECIPITATION (IN)
  YESTERDAY        0.58          0.08   0.50     0.00
  MONTH TO DATE    2.62          1.80   0.82     1.75
  SINCE MAR 1      2.62          1.80   0.82     1.75
  SINCE JAN 1      7.34          5.04   2.30     3.31

DEGREE DAYS
 HEATING
  YESTERDAY       18            25     -7       28
  MONTH TO DATE  760           744     16      590
  SINCE MAR 1    760           744     16      590
  SINCE JUL 1   4656          5517   -861     4638

 COOLING
  YESTERDAY        0             0      0        0
  MONTH TO DATE    0             0      0        0
  SINCE MAR 1      0             0      0        0
  SINCE JAN 1      0             0      0        0
......................................................


WIND (MPH)
  RESULTANT WIND SPEED   8   RESULTANT WIND DIRECTION   E (70)
  HIGHEST WIND SPEED    17   HIGHEST WIND DIRECTION     S (190)
  HIGHEST GUST SPEED    22   HIGHEST GUST DIRECTION     E (80)
  AVERAGE WIND SPEED     8.1


SKY COVER
  AVERAGE SKY COVER 1.0


WEATHER CONDITIONS
 THE FOLLOWING WEATHER WAS RECORDED YESTERDAY.
  HEAVY RAIN
  RAIN
  LIGHT RAIN
  FOG
  HAZE


RELATIVE HUMIDITY (PERCENT)
 HIGHEST    93           200 AM
 LOWEST     82           300 PM
 AVERAGE    88

..........................................................


THE KALAMAZOO MI CLIMATE NORMALS FOR TODAY
                         NORMAL
 MAXIMUM TEMPERATURE (F)   50
 MINIMUM TEMPERATURE (F)   31


SUNRISE AND SUNSET
MARCH 26 2017.........SUNRISE   735 AM EDT   SUNSET   802 PM EDT
MARCH 27 2017.........SUNRISE   733 AM EDT   SUNSET   803 PM EDT


-  INDICATES NEGATIVE NUMBERS.
R  INDICATES RECORD WAS SET OR TIED.
MM INDICATES DATA IS MISSING.
T  INDICATES TRACE AMOUNT.




$$
