000
CDUS41 KBOX 240548
CLIBDL


CLIMATE REPORT
NATIONAL WEATHER SERVICE TAUNTON MA
138 AM EDT TUE MAY 24 2016


...................................

...THE HARTFORD CT CLIMATE SUMMARY FOR MAY 23 2016...

CLIMATE NORMAL PERIOD 1981 TO 2010
CLIMATE RECORD PERIOD 1904 TO 2016


WEATHER ITEM   OBSERVED TIME   RECORD YEAR NORMAL DEPARTURE LAST
                VALUE   (LST)  VALUE       VALUE  FROM      YEAR
                                                  NORMAL
..................................................................
TEMPERATURE (F)
 YESTERDAY
  MAXIMUM         83    305 PM  96    1964  73     10       68
  MINIMUM         47    435 AM  37    1976  50     -3       43
  AVERAGE         65                        61      4       56

PRECIPITATION (IN)
  YESTERDAY        T             2.07 1931   0.16  -0.16     0.00
  MONTH TO DATE    1.77                      3.06  -1.29     0.60
  SINCE MAR 1      6.41                     10.40  -3.99     6.66
  SINCE JAN 1     13.24                     16.52  -3.28    12.84

SNOWFALL (IN)
  YESTERDAY        0.0           0.0  2002   0.0    0.0      0.0
                                      2001
                                      2000
  MONTH TO DATE    0.0                       0.0    0.0      0.0
  SINCE MAR 1      9.8                       7.8    2.0      9.0
  SINCE JUL 1     26.9                      40.5  -13.6     63.8
  SNOW DEPTH       0

DEGREE DAYS
 HEATING
  YESTERDAY        0                         5     -5        9
  MONTH TO DATE  204                       171     33       74
  SINCE MAR 1   1364                      1486   -122     1532
  SINCE JUL 1   5040                      5924   -884     6177

 COOLING
  YESTERDAY        0                         1     -1        0
  MONTH TO DATE    0                        16    -16       66
  SINCE MAR 1      2                        22    -20       66
  SINCE JAN 1      2                        22    -20       66
..................................................................


WIND (MPH)
  RESULTANT WIND SPEED   1   RESULTANT WIND DIRECTION   E (70)
  HIGHEST WIND SPEED    14   HIGHEST WIND DIRECTION    SW (210)
  HIGHEST GUST SPEED    18   HIGHEST GUST DIRECTION     N (10)
  AVERAGE WIND SPEED     6.2


SKY COVER
  POSSIBLE SUNSHINE  MM
  AVERAGE SKY COVER 0.5


WEATHER CONDITIONS
 THE FOLLOWING WEATHER WAS RECORDED YESTERDAY.
  LIGHT RAIN
  FOG


RELATIVE HUMIDITY (PERCENT)
 HIGHEST    93           500 AM
 LOWEST     28           300 PM
 AVERAGE    61

..........................................................


THE HARTFORD CT CLIMATE NORMALS FOR TODAY
                         NORMAL    RECORD    YEAR
 MAXIMUM TEMPERATURE (F)   74        95      1964
 MINIMUM TEMPERATURE (F)   50        35      1963
                                             1956


SUNRISE AND SUNSET
MAY 24 2016...........SUNRISE   522 AM EDT   SUNSET   813 PM EDT
MAY 25 2016...........SUNRISE   522 AM EDT   SUNSET   814 PM EDT


-  INDICATES NEGATIVE NUMBERS.
R  INDICATES RECORD WAS SET OR TIED.
MM INDICATES DATA IS MISSING.
T  INDICATES TRACE AMOUNT.




$$
