000
CDUS41 KBOX 160538
CLIBDL


CLIMATE REPORT
NATIONAL WEATHER SERVICE TAUNTON MA
1238 AM EST MON JAN 16 2017


...................................

...THE HARTFORD CT CLIMATE SUMMARY FOR JANUARY 15 2017...

CLIMATE NORMAL PERIOD 1981 TO 2010
CLIMATE RECORD PERIOD 1904 TO 2017


WEATHER ITEM   OBSERVED TIME   RECORD YEAR NORMAL DEPARTURE LAST
                VALUE   (LST)  VALUE       VALUE  FROM      YEAR
                                                  NORMAL
..................................................................
TEMPERATURE (F)
 YESTERDAY
  MAXIMUM         40    253 PM  63    1995  34      6       42
  MINIMUM         19    411 AM -15    1957  17      2       23
  AVERAGE         30                        26      4       33

PRECIPITATION (IN)
  YESTERDAY        0.00          1.78 1940   0.11  -0.11     0.00
  MONTH TO DATE    1.66                      1.54   0.12     1.51
  SINCE DEC 1      4.39                      4.98  -0.59     5.76
  SINCE JAN 1      1.66                      1.54   0.12     1.51

SNOWFALL (IN)
  YESTERDAY        0.0           6.8  1983   0.4   -0.4      0.0
  MONTH TO DATE    4.1                       5.9   -1.8      0.3
  SINCE DEC 1     14.3                      13.3    1.0      1.3
  SINCE JUL 1     15.8                      15.3    0.5      1.3
  SNOW DEPTH       0

DEGREE DAYS
 HEATING
  YESTERDAY       35                        39     -4       32
  MONTH TO DATE  530                       582    -52      525
  SINCE DEC 1   1540                      1619    -79     1195
  SINCE JUL 1   2577                      2826   -249     2179

 COOLING
  YESTERDAY        0                         0      0        0
  MONTH TO DATE    0                         0      0        0
  SINCE DEC 1      0                         0      0        0
  SINCE JAN 1      0                         0      0        0
..................................................................


WIND (MPH)
  RESULTANT WIND SPEED   5   RESULTANT WIND DIRECTION  NW (320)
  HIGHEST WIND SPEED    15   HIGHEST WIND DIRECTION     N (340)
  HIGHEST GUST SPEED    20   HIGHEST GUST DIRECTION    NW (330)
  AVERAGE WIND SPEED     6.2


SKY COVER
  POSSIBLE SUNSHINE  MM
  AVERAGE SKY COVER 0.1


WEATHER CONDITIONS
 THE FOLLOWING WEATHER WAS RECORDED YESTERDAY.
  NO SIGNIFICANT WEATHER WAS OBSERVED.


RELATIVE HUMIDITY (PERCENT)
 HIGHEST   100           400 AM
 LOWEST     34           200 PM
 AVERAGE    67

..........................................................


THE HARTFORD CT CLIMATE NORMALS FOR TODAY
                         NORMAL    RECORD    YEAR
 MAXIMUM TEMPERATURE (F)   34        62      1995
 MINIMUM TEMPERATURE (F)   17        -8      1994
                                             1984


SUNRISE AND SUNSET
JANUARY 16 2017.......SUNRISE   715 AM EST   SUNSET   446 PM EST
JANUARY 17 2017.......SUNRISE   715 AM EST   SUNSET   447 PM EST


-  INDICATES NEGATIVE NUMBERS.
R  INDICATES RECORD WAS SET OR TIED.
MM INDICATES DATA IS MISSING.
T  INDICATES TRACE AMOUNT.




$$
