655
CDAK48 PAFC 240041
CLIBET


CLIMATE REPORT
NATIONAL WEATHER SERVICE ANCHORAGE, AK
341 PM AKST THU FEB 23 2017


...................................

...THE BETHEL CLIMATE SUMMARY FOR FEBRUARY 23 2017...
VALID TODAY AS OF 0300 PM LOCAL TIME.

CLIMATE NORMAL PERIOD 1981 TO 2010
CLIMATE RECORD PERIOD 1948 TO 2017


WEATHER ITEM   OBSERVED TIME   RECORD YEAR NORMAL DEPARTURE LAST
                VALUE   (LST)  VALUE       VALUE  FROM      YEAR
                                                  NORMAL
..................................................................
TEMPERATURE (F)
 TODAY
  MAXIMUM         38        MM  43    1934  20     18       32
  MINIMUM         34   1200 PM -29    1926   6     28       13
  AVERAGE         36                        13     23       23

PRECIPITATION (IN)
  TODAY            T             0.44 1943   0.02  -0.02     0.00
  MONTH TO DATE    0.54                      0.59  -0.05     0.16
  SINCE DEC 1      2.51                      2.49   0.02     1.63
  SINCE JAN 1      1.75                      1.37   0.38     0.39

SNOWFALL (IN)
  TODAY            T             4.6  1989   0.2   -0.2      0.0
  MONTH TO DATE    4.1                       5.5   -1.4      1.3
  SINCE DEC 1     21.4                      26.5   -5.1     17.6
  SINCE JUL 1     25.0                      44.4  -19.4     27.0
  SNOW DEPTH       8

DEGREE DAYS
 HEATING
  TODAY           29                        52    -23       42
  MONTH TO DATE 1485                      1250    235     1046
  SINCE DEC 1   4822                      4754     68     3846
  SINCE JUL 1   8050                      8477   -427     7058

 COOLING
  TODAY            0                         0      0        0
  MONTH TO DATE    0                         0      0        0
  SINCE DEC 1      0                         0      0        0
  SINCE JAN 1      0                         0      0        0
..................................................................


WIND (MPH)
  RESULTANT WIND SPEED  24   RESULTANT WIND DIRECTION   S (160)
  HIGHEST WIND SPEED    30   HIGHEST WIND DIRECTION    SE (150)
  HIGHEST GUST SPEED    41   HIGHEST GUST DIRECTION    SE (150)
  AVERAGE WIND SPEED    23.7



WEATHER CONDITIONS
 THE FOLLOWING WEATHER WAS RECORDED TODAY.
  LIGHT RAIN
  SNOW
  LIGHT SNOW
  FOG


RELATIVE HUMIDITY (PERCENT)
 HIGHEST    89
 LOWEST     70
 AVERAGE    80

..........................................................


THE BETHEL CLIMATE NORMALS FOR TOMORROW
                         NORMAL    RECORD    YEAR
 MAXIMUM TEMPERATURE (F)   20        44      1947
 MINIMUM TEMPERATURE (F)    6       -29      1976
                                             1926


SUNRISE AND SUNSET
FEBRUARY 23 2017......SUNRISE   903 AM AKST  SUNSET   659 PM AKST
FEBRUARY 24 2017......SUNRISE   900 AM AKST  SUNSET   701 PM AKST


-  INDICATES NEGATIVE NUMBERS.
R  INDICATES RECORD WAS SET OR TIED.
MM INDICATES DATA IS MISSING.
T  INDICATES TRACE AMOUNT.




$$
