000
CDAK48 PAFC 280038
CLIBET

CLIMATE REPORT
NATIONAL WEATHER SERVICE ANCHORAGE, AK
437 PM AKDT TUE SEP 27 2016


...................................

...THE BETHEL CLIMATE SUMMARY FOR SEPTEMBER 27 2016...
VALID TODAY AS OF 0400 PM LOCAL TIME.

CLIMATE NORMAL PERIOD 1981 TO 2010
CLIMATE RECORD PERIOD 1948 TO 2016


WEATHER ITEM   OBSERVED TIME   RECORD YEAR NORMAL DEPARTURE LAST
                VALUE   (LST)  VALUE       VALUE  FROM      YEAR
                                                  NORMAL
..................................................................
TEMPERATURE (F)
 TODAY
  MAXIMUM         53        MM  62    1966  47      6       51
  MINIMUM         42        MM  18    1957  34      8       36
  AVERAGE         48                        40      8       44

PRECIPITATION (IN)
  TODAY            T             1.63 2015   0.09  -0.09     1.63
  MONTH TO DATE    3.07                      2.51   0.56     5.66
  SINCE SEP 1      3.07                      2.51   0.56     5.66
  SINCE JAN 1     13.99                     13.93   0.06    15.22

SNOWFALL (IN)
  TODAY            0.0          MM      MM   0.0    0.0     MM
  MONTH TO DATE    0.0                       0.4   -0.4      0.0
  SINCE SEP 1      0.0                       0.4   -0.4      0.0
  SINCE JUL 1      0.0                       0.4   -0.4      0.0
  SNOW DEPTH       0

DEGREE DAYS
 HEATING
  TODAY           17                        25     -8       21
  MONTH TO DATE  433                       507    -74      522
  SINCE SEP 1    433                       507    -74      522
  SINCE JUL 1    795                      1143   -348     1124

 COOLING
  TODAY            0                         0      0        0
  MONTH TO DATE    0                         0      0        0
  SINCE SEP 1      0                         0      0        0
  SINCE JAN 1     13                         4      9       11
..................................................................


WIND (MPH)
  RESULTANT WIND SPEED   7   RESULTANT WIND DIRECTION   S (200)
  HIGHEST WIND SPEED    17   HIGHEST WIND DIRECTION     S (180)
  HIGHEST GUST SPEED    24   HIGHEST GUST DIRECTION     S (190)
  AVERAGE WIND SPEED     9.0



WEATHER CONDITIONS
 THE FOLLOWING WEATHER WAS RECORDED TODAY.
  LIGHT RAIN


RELATIVE HUMIDITY (PERCENT)
 HIGHEST   100
 LOWEST     63
 AVERAGE    82

..........................................................


THE BETHEL CLIMATE NORMALS FOR TOMORROW
                         NORMAL    RECORD    YEAR
 MAXIMUM TEMPERATURE (F)   46        58      1966
                                             1936
 MINIMUM TEMPERATURE (F)   34        18      1970
                                             1927


SUNRISE AND SUNSET
SEPTEMBER 27 2016.....SUNRISE   845 AM AKDT  SUNSET   829 PM AKDT
SEPTEMBER 28 2016.....SUNRISE   848 AM AKDT  SUNSET   826 PM AKDT

CIVIL TWILIGHT
SEPTEMBER 27 2016       START   716 AM AKDT     END   825 PM AKDT
SEPTEMBER 28 2016       START   718 AM AKDT     END   822 PM AKDT



-  INDICATES NEGATIVE NUMBERS.
R  INDICATES RECORD WAS SET OR TIED.
MM INDICATES DATA IS MISSING.
T  INDICATES TRACE AMOUNT.




$$
&&
------------------------------------------------------
AMOUNT OF DAYLIGHT TODAY  (HOUR:MIN)........11:44
GAIN/LOSS SINCE YESTERDAY (HOUR:MIN:SEC)....-0:05:39
