000
CDAK48 PABE 171004
CLIBET

CLIMATE REPORT
NATIONAL WEATHER SERVICE BETHEL, AK
204 AM AKDT WED SEP 17 2014

...................................
...THE BETHEL AP CLIMATE SUMMARY FOR SEPTEMBER 16 2014...

CLIMATE NORMAL PERIOD  1981 TO  2010
CLIMATE RECORD PERIOD  1923 TO  2014

WEATHER ITEM   OBSERVED TIME    RECORD YEAR NORMAL DEPARTURE LAST
               VALUE    (LST)   VALUE       VALUE  FROM      YEAR
                                                   NORMAL
...................................................................
TEMPERATURE
YESTERDAY
 MAXIMUM            58  0449 PM    66  1957     53       5     54
 MINIMUM            41  0816 AM    25  1928     39       2     39
 AVERAGE            50                          46       4     47

PRECIPITATION
(INCHES)
 YESTERDAY        0.01           0.80  1923   0.10   -0.09   0.00
 MONTH TO DATE    0.91                        1.54   -0.63   2.20
 SINCE SEP 1      0.91                        1.54   -0.63   2.20
 SINCE JAN 1     10.22                       12.96   -2.74  12.68

SNOWFALL
(INCHES)
 YESTERDAY         0.0            0.1  1992    0.0     0.0    0.0
 MONTH TO DATE     0.0                         0.1    -0.1    0.0
 SINCE SEP 1       0.0                         0.1    -0.1    0.0
 SINCE JUL 1       0.0                         0.1    -0.1    0.0
 SNOW DEPTH (IN)     0                                          0

DEGREE DAYS
 HEATING
  YESTERDAY         15                          19      -4     18
  MONTH TO DATE    211                         262     -51    234
  SINCE SEP 1      211                         262     -51    234
  SINCE JUL 1      732                         904    -172    818

 COOLING
  YESTERDAY          0                           0       0      0
  MONTH TO DATE      0                           0       0      0
  SINCE SEP 1        0                           0       0      0
  SINCE JAN 1        0                           0       0     18
...................................................................

WIND (MPH)
 HIGHEST WIND SPEED    13     HIGHEST WIND DIRECTION    160
 HIGHEST GUST SPEED    17     HIGHEST GUST DIRECTION    190
 AVERAGE WIND SPEED   7.4

SKY COVER
  POSSIBLE SUNSHINE    MM          AVERAGE SKY COVER     MM

WEATHER CONDITIONS
 THE FOLLOWING WEATHER WAS RECORDED YESTERDAY.
  FOG
RAIN


RELATIVE HUMIDITY
 HIGHEST RH     MM PERCENT       MM
 LOWEST  RH     MM PERCENT       MM
 AVERAGE RH     MM PERCENT       MM
...................................................................

THE BETHEL CLIMATE NORMALS FOR TODAY
                           NORMAL    RECORD   YEAR
 MAXIMUM TEMPERATURE (F)     52        64     1995
 MINIMUM TEMPERATURE (F)     39        28     1979

SUNRISE AND SUNSET
 SEP 17 2014..........SUNRISE  8:20 AM      SUNSET  9:03 PM
 SEP 18 2014..........SUNRISE  8:23 AM      SUNSET  8:59 PM

-  INDICATES NEGATIVE NUMBERS.
R  INDICATES RECORD HAS BEEN SET OR TIED.
MM INDICATES DATA IS MISSING.
T  INDICATES TRACE OF PRECIPITATION.

&&
-------------------------------------------------------------------

AMOUNT OF DAYLIGHT TODAY  (HOUR:MIN)........12 HOURS 43 MINUTES
GAIN/LOSS SINCE YESTERDAY (HOUR:MIN:SEC)....-0:05:33

DPA SEP 14
