000
CDAK48 PABE 312345
CLIBET

CLIMATE REPORT
NATIONAL WEATHER SERVICE BETHEL, AK
345 PM AKDT TUE MAY 31 2016

...................................
...THE BETHEL AP CLIMATE SUMMARY FOR MAY 31 2016...
VALID TODAY AS OF 2:00 PM LOCAL TIME

CLIMATE NORMAL PERIOD  1981 TO  2010
CLIMATE RECORD PERIOD  1923 TO  2016

WEATHER ITEM   OBSERVED TIME    RECORD YEAR NORMAL DEPARTURE LAST
               VALUE    (LST)   VALUE       VALUE  FROM      YEAR
                                                   NORMAL
...................................................................
TEMPERATURE
TODAY
 MAXIMUM            66  0159 PM    80  1993     57       9     70
 MINIMUM            40  0535 AM    28  1933     39       1     49
 AVERAGE            53                          48       5     60

PRECIPITATION
(INCHES)
 TODAY            0.00           0.47  1957   0.04   -0.04      T
 MONTH TO DATE    1.45                        1.14    0.31   1.80
 SINCE MAR 1      2.87                        2.59    0.28   3.36
 SINCE JAN 1      3.26                        4.09   -0.83   4.40

SNOWFALL
(INCHES)
 TODAY             0.0            0.2  1968    0.0     0.0    0.0
 MONTH TO DATE     0.0                         2.1    -2.1      T
 SINCE MAR 1       2.9                        16.0   -13.1   16.6
 SINCE JUL 1      29.4                        61.8   -32.4   42.1
 SNOW DEPTH (IN)     0                                          0

DEGREE DAYS
 HEATING
  TODAY             12                          17      -5      5
  MONTH TO DATE    491                         716    -225    562
  SINCE MAR 1     2542                        3402    -860   2966
  SINCE JUL 1     9991                       12148   -2157  10752

 COOLING
  TODAY              0                           0       0      0
  MONTH TO DATE      0                           0       0      0
  SINCE MAR 1        0                           0       0      0
  SINCE JAN 1        0                           0       0      0
...................................................................

WIND (MPH)
 HIGHEST WIND SPEED    25     HIGHEST WIND DIRECTION     60
 HIGHEST GUST SPEED    34     HIGHEST GUST DIRECTION     70
 AVERAGE WIND SPEED    MM

SKY COVER
  POSSIBLE SUNSHINE  MM            AVERAGE SKY COVER MM

WEATHER CONDITIONS
 THE FOLLOWING WEATHER WAS RECORDED TODAY.
 NO SIGNIFICANT WEATHER WAS OBSERVED.

RELATIVE HUMIDITY
 HIGHEST RH     MM PERCENT       MM
 LOWEST  RH     MM PERCENT       MM
 AVERAGE RH     MM PERCENT       MM
...................................................................

THE BETHEL CLIMATE NORMALS FOR TOMORROW
                        NORMAL    RECORD   YEAR
 MAXIMUM TEMPERATURE      57        72     1993
 MINIMUM TEMPERATURE      39        28     1960

SUNRISE AND SUNSET
 MAY 31 2016..........SUNRISE  5:29 AM      SUNSET 12:03 AM
 JUN 1 2016..........SUNRISE  5:28 AM      SUNSET 12:05 AM

-  INDICATES NEGATIVE NUMBERS.
R  INDICATES RECORD HAS BEEN SET OR TIED.
MM INDICATES DATA IS MISSING.
T  INDICATES TRACE OF PRECIPITATION.

&&
-------------------------------------------------------------------

AMOUNT OF DAYLIGHT TODAY  (HOUR:MIN)........18 HOURS 34 MINUTES
GAIN/LOSS SINCE YESTERDAY (HOUR:MIN:SEC)....+0:02:32

$$
JML MAY 16
