000
CDAK48 PAFC 060047
CLIBET


CLIMATE REPORT
NATIONAL WEATHER SERVICE ANCHORAGE, AK
347 PM AKST MON DEC 5 2016


...................................

...THE BETHEL CLIMATE SUMMARY FOR DECEMBER 5 2016...
VALID TODAY AS OF 0300 PM LOCAL TIME.

CLIMATE NORMAL PERIOD 1981 TO 2010
CLIMATE RECORD PERIOD 1948 TO 2016


WEATHER ITEM   OBSERVED TIME   RECORD YEAR NORMAL DEPARTURE LAST
                VALUE   (LST)  VALUE       VALUE  FROM      YEAR
                                                  NORMAL
..................................................................
TEMPERATURE (F)
 TODAY
  MAXIMUM         -3        MM  41    2013  19    -22        0
                                      1972
  MINIMUM         -6   1200 AM -30    1987   6    -12       -7
  AVERAGE         -4                        13    -17       -3

PRECIPITATION (IN)
  TODAY            0.00          0.35 2005   0.04  -0.04     0.00
  MONTH TO DATE    T                         0.21  -0.21      T
  SINCE DEC 1      T                         0.21  -0.21      T
  SINCE JAN 1     15.30                     17.63  -2.33    17.77

SNOWFALL (IN)
  TODAY            0.0           4.1  2005   0.4   -0.4      0.0
  MONTH TO DATE    T                         2.0   -2.0       T
  SINCE DEC 1      T                         2.0   -2.0       T
  SINCE JUL 1      3.6                      19.9  -16.3      9.4
  SNOW DEPTH       2

DEGREE DAYS
 HEATING
  TODAY           69                        52     17       68
  MONTH TO DATE  363                       260    103      310
  SINCE DEC 1    363                       260    103      310
  SINCE JUL 1   3591                      3983   -392     3522

 COOLING
  TODAY            0                         0      0        0
  MONTH TO DATE    0                         0      0        0
  SINCE DEC 1      0                         0      0        0
  SINCE JAN 1     13                         4      9       11
..................................................................


WIND (MPH)
  RESULTANT WIND SPEED  19   RESULTANT WIND DIRECTION  NE (40)
  HIGHEST WIND SPEED    23   HIGHEST WIND DIRECTION    NE (30)
  HIGHEST GUST SPEED    31   HIGHEST GUST DIRECTION    NE (40)
  AVERAGE WIND SPEED    18.8



WEATHER CONDITIONS
 THE FOLLOWING WEATHER WAS RECORDED TODAY.
  NO SIGNIFICANT WEATHER WAS OBSERVED.


RELATIVE HUMIDITY (PERCENT)
 HIGHEST    82
 LOWEST     71
 AVERAGE    77

..........................................................


THE BETHEL CLIMATE NORMALS FOR TOMORROW
                         NORMAL    RECORD    YEAR
 MAXIMUM TEMPERATURE (F)   19        48      2013
 MINIMUM TEMPERATURE (F)    6       -27      1975


SUNRISE AND SUNSET
DECEMBER  5 2016......SUNRISE  1038 AM AKST  SUNSET   438 PM AKST
DECEMBER  6 2016......SUNRISE  1040 AM AKST  SUNSET   437 PM AKST


-  INDICATES NEGATIVE NUMBERS.
R  INDICATES RECORD WAS SET OR TIED.
MM INDICATES DATA IS MISSING.
T  INDICATES TRACE AMOUNT.




$$
