088
CDAK48 PAFC 241256
CLIBET


CLIMATE REPORT
NATIONAL WEATHER SERVICE ANCHORAGE, AK
355 AM AKST FRI NOV 24 2017


...................................

...THE BETHEL CLIMATE SUMMARY FOR NOVEMBER 23 2017...

CLIMATE NORMAL PERIOD 1981 TO 2010
CLIMATE RECORD PERIOD 1948 TO 2017


WEATHER ITEM   OBSERVED TIME   RECORD YEAR NORMAL DEPARTURE LAST
                VALUE   (LST)  VALUE       VALUE  FROM      YEAR
                                                  NORMAL
..................................................................
TEMPERATURE (F)
 YESTERDAY
  MAXIMUM         33        MM  45    1947  21     12       10
  MINIMUM         16        MM -26    2008   9      7        2
  AVERAGE         25                        15     10        6

PRECIPITATION (IN)
  YESTERDAY        0.02          0.55 2003   0.05  -0.03     0.00
  MONTH TO DATE    1.88                      1.26   0.62     0.25
  SINCE SEP 1      8.65                      5.66   2.99     4.16
  SINCE JAN 1     23.58                     17.08   6.50    15.08

SNOWFALL (IN)
  YESTERDAY        0.2           4.5  1981   0.5   -0.3      0.0
  MONTH TO DATE    5.4                       9.7   -4.3      0.9
  SINCE SEP 1      6.6                      14.7   -8.1      0.9
  SINCE JUL 1      6.6                      14.7   -8.1      0.9
  SNOW DEPTH       5

DEGREE DAYS
 HEATING
  YESTERDAY       40                        50    -10       59
  MONTH TO DATE  826                      1073   -247     1079
  SINCE SEP 1   2266                      2732   -466     2405
  SINCE JUL 1   2817                      3368   -551     2767

 COOLING
  YESTERDAY        0                         0      0        0
  MONTH TO DATE    0                         0      0        0
  SINCE SEP 1      0                         0      0        0
  SINCE JAN 1      6                         4      2       13
..................................................................


WIND (MPH)
  RESULTANT WIND SPEED   9   RESULTANT WIND DIRECTION   N (0)
  HIGHEST WIND SPEED    30   HIGHEST WIND DIRECTION    NE (40)
  HIGHEST GUST SPEED    46   HIGHEST GUST DIRECTION     N (20)
  AVERAGE WIND SPEED    17.6



WEATHER CONDITIONS
 THE FOLLOWING WEATHER WAS RECORDED YESTERDAY.
  LIGHT SNOW
  FOG


RELATIVE HUMIDITY (PERCENT)
 HIGHEST   100
 LOWEST     73
 AVERAGE    87

..........................................................


THE BETHEL CLIMATE NORMALS FOR TODAY
                         NORMAL    RECORD    YEAR
 MAXIMUM TEMPERATURE (F)   21        41      1947
 MINIMUM TEMPERATURE (F)    9       -23      1994


SUNRISE AND SUNSET
NOVEMBER 24 2017......SUNRISE  1014 AM AKST  SUNSET   453 PM AKST
NOVEMBER 25 2017......SUNRISE  1017 AM AKST  SUNSET   452 PM AKST


-  INDICATES NEGATIVE NUMBERS.
R  INDICATES RECORD WAS SET OR TIED.
MM INDICATES DATA IS MISSING.
T  INDICATES TRACE AMOUNT.




$$
