000
CDAK48 PABE 100005
CLIBET

CLIMATE REPORT
NATIONAL WEATHER SERVICE BETHEL, AK
305 PM AKST TUE FEB 9 2016

...................................
...THE BETHEL AP CLIMATE SUMMARY FOR FEBRUARY 9 2016...
VALID TODAY AS OF 2:00 PM LOCAL TIME

CLIMATE NORMAL PERIOD  1981 TO  2010
CLIMATE RECORD PERIOD  1923 TO  2016

WEATHER ITEM   OBSERVED TIME    RECORD YEAR NORMAL DEPARTURE LAST
               VALUE    (LST)   VALUE       VALUE  FROM      YEAR
                                                   NORMAL
...................................................................
TEMPERATURE
TODAY
 MAXIMUM            37  0159 PM    43  1947     17      20      0
 MINIMUM            26  0843 AM   -40  1925      4      22     -8
 AVERAGE            32                          10      22     -4

PRECIPITATION
(INCHES)
 TODAY            0.00           0.46  1952   0.03   -0.03   0.00
 MONTH TO DATE    0.03                        0.23   -0.20   0.02
 SINCE DEC 1      1.50                        2.13   -0.63   2.12
 SINCE JAN 1      0.26                        1.01   -0.75   0.53

SNOWFALL
(INCHES)
 TODAY             0.0            4.4  1952    0.2    -0.2    0.0
 MONTH TO DATE     0.3                         2.1    -1.8    0.6
 SINCE DEC 1      16.1                        23.1    -7.0    8.3
 SINCE JUL 1      25.5                        41.0   -15.5   20.5
 SNOW DEPTH (IN)     2                                          1

DEGREE DAYS
 HEATING
  TODAY             33                          55     -22     69
  MONTH TO DATE    377                         503    -126    570
  SINCE DEC 1     3293                        4009    -716   3734
  SINCE JUL 1     6581                        7739   -1158   7016

 COOLING
  TODAY              0                           0       0      0
  MONTH TO DATE      0                           0       0      0
  SINCE DEC 1        0                           0       0      0
  SINCE JAN 1        0                           0       0      0
...................................................................

WIND (MPH)
 HIGHEST WIND SPEED    18     HIGHEST WIND DIRECTION     70
 HIGHEST GUST SPEED    24     HIGHEST GUST DIRECTION     60
 AVERAGE WIND SPEED    MM

SKY COVER
  POSSIBLE SUNSHINE  MM            AVERAGE SKY COVER MM

WEATHER CONDITIONS
 THE FOLLOWING WEATHER WAS RECORDED TODAY.
NO SIGNIFICANT WEATHER WAS OBSERVED.

RELATIVE HUMIDITY
 HIGHEST RH     MM PERCENT       MM
 LOWEST  RH     MM PERCENT       MM
 AVERAGE RH     MM PERCENT       MM
...................................................................

THE BETHEL CLIMATE NORMALS FOR TOMORROW
                        NORMAL    RECORD   YEAR
 MAXIMUM TEMPERATURE      17        40     1980
 MINIMUM TEMPERATURE       4       -35     1964

SUNRISE AND SUNSET
 FEB 9 2016..........SUNRISE  9:46 AM      SUNSET  6:19 PM
 FEB 10 2016..........SUNRISE  9:43 AM      SUNSET  6:22 PM

-  INDICATES NEGATIVE NUMBERS.
R  INDICATES RECORD HAS BEEN SET OR TIED.
MM INDICATES DATA IS MISSING.
T  INDICATES TRACE OF PRECIPITATION.

&&
-------------------------------------------------------------------

AMOUNT OF DAYLIGHT TODAY  (HOUR:MIN)........8 HOURS 33 MINUTES
GAIN/LOSS SINCE YESTERDAY (HOUR:MIN:SEC)....+0:05:25

$$
RD FEB 16
