351
CDAK48 PAFC 261235
CLIBET


CLIMATE REPORT
NATIONAL WEATHER SERVICE ANCHORAGE, AK
435 AM AKDT WED APR 26 2017


...................................

...THE BETHEL CLIMATE SUMMARY FOR APRIL 25 2017...

CLIMATE NORMAL PERIOD 1981 TO 2010
CLIMATE RECORD PERIOD 1948 TO 2017


WEATHER ITEM   OBSERVED TIME   RECORD YEAR NORMAL DEPARTURE LAST
                VALUE   (LST)  VALUE       VALUE  FROM      YEAR
                                                  NORMAL
..................................................................
TEMPERATURE (F)
 YESTERDAY
  MAXIMUM         50   1247 PM  56    1998  40     10       59
                                      1997
                                      1926
  MINIMUM         31    509 AM  -3    1964  25      6       40
                                      1960
  AVERAGE         41                        32      9       50

PRECIPITATION (IN)
  YESTERDAY        0.18          0.35 1948   0.03   0.15      T
  MONTH TO DATE    0.35                      0.60  -0.25     0.56
  SINCE MAR 1      0.65                      1.31  -0.66     1.29
  SINCE JAN 1      2.54                      2.81  -0.27     1.68

SNOWFALL (IN)
  YESTERDAY        0.0           1.0  1962   0.2   -0.2      0.0
  MONTH TO DATE    0.9                       5.1   -4.2      0.4
  SINCE MAR 1      3.8                      13.3   -9.5      2.9
  SINCE JUL 1     31.2                      59.1  -27.9     29.9
  SNOW DEPTH       0

DEGREE DAYS
 HEATING
  YESTERDAY       24                        33     -9       15
  MONTH TO DATE  743                       986   -243      598
  SINCE MAR 1   2568                      2530     38     1910
  SINCE JUL 1  10828                     11268   -440     9167

 COOLING
  YESTERDAY        0                         0      0        0
  MONTH TO DATE    0                         0      0        0
  SINCE MAR 1      0                         0      0        0
  SINCE JAN 1      0                         0      0        0
..................................................................


WIND (MPH)
  RESULTANT WIND SPEED   2   RESULTANT WIND DIRECTION  SW (220)
  HIGHEST WIND SPEED    13   HIGHEST WIND DIRECTION     N (340)
  HIGHEST GUST SPEED    20   HIGHEST GUST DIRECTION    SE (150)
  AVERAGE WIND SPEED     6.5



WEATHER CONDITIONS
 THE FOLLOWING WEATHER WAS RECORDED YESTERDAY.
  RAIN
  LIGHT RAIN
  FOG
  FOG W/VISIBILITY <= 1/4 MILE


RELATIVE HUMIDITY (PERCENT)
 HIGHEST   100
 LOWEST     71
 AVERAGE    86

..........................................................


THE BETHEL CLIMATE NORMALS FOR TODAY
                         NORMAL    RECORD    YEAR
 MAXIMUM TEMPERATURE (F)   41        58      1958
 MINIMUM TEMPERATURE (F)   25        -4      1964


SUNRISE AND SUNSET
APRIL 26 2017.........SUNRISE   654 AM AKDT  SUNSET  1038 PM AKDT
APRIL 27 2017.........SUNRISE   651 AM AKDT  SUNSET  1040 PM AKDT


-  INDICATES NEGATIVE NUMBERS.
R  INDICATES RECORD WAS SET OR TIED.
MM INDICATES DATA IS MISSING.
T  INDICATES TRACE AMOUNT.




$$
