000
CDAK48 PABE 011016
CLIBET

CLIMATE REPORT
NATIONAL WEATHER SERVICE BETHEL, AK
216 AM AKDT SAT NOV 1 2014

...................................
...THE BETHEL AP CLIMATE SUMMARY FOR OCTOBER 31 2014...

CLIMATE NORMAL PERIOD  1981 TO  2010
CLIMATE RECORD PERIOD  1923 TO  2014

WEATHER ITEM   OBSERVED TIME    RECORD YEAR NORMAL DEPARTURE LAST
               VALUE    (LST)   VALUE       VALUE  FROM      YEAR
                                                   NORMAL
...................................................................
TEMPERATURE
YESTERDAY
 MAXIMUM            22  1159 PM    48  1936     28      -6     29
 MINIMUM            11  0644 AM    -5  1931     18      -7     24
 AVERAGE            17                          23      -6     27

PRECIPITATION
(INCHES)
 YESTERDAY           T           0.52  1951   0.05   -0.05      T
 MONTH TO DATE    2.09                        1.65    0.44   4.22
 SINCE SEP 1      3.35                        4.40   -1.05   6.74
 SINCE JAN 1     12.66                       15.82   -3.16  17.22

SNOWFALL
(INCHES)
 YESTERDAY           T            2.7  1987    0.3    -0.3      T
 MONTH TO DATE     6.8                         4.4     2.4      T
 SINCE SEP 1       6.8                         5.0     1.8    0.0
 SINCE JUL 1       6.8                         5.0     1.8      T
 SNOW DEPTH (IN)     T                                          0

DEGREE DAYS
 HEATING
  YESTERDAY         48                          42       6     38
  MONTH TO DATE   1130                        1076      54    821
  SINCE SEP 1     1633                        1660     -27   1432
  SINCE JUL 1     2154                        2302    -148   2016

 COOLING
  YESTERDAY          0                           0       0      0
  MONTH TO DATE      0                           0       0      0
  SINCE SEP 1        0                           0       0      0
  SINCE JAN 1        0                           0       0     18
...................................................................

WIND (MPH)
 HIGHEST WIND SPEED    26     HIGHEST WIND DIRECTION     40
 HIGHEST GUST SPEED    33     HIGHEST GUST DIRECTION     30
 AVERAGE WIND SPEED  19.3

SKY COVER
  POSSIBLE SUNSHINE    MM          AVERAGE SKY COVER     MM

WEATHER CONDITIONS
 THE FOLLOWING WEATHER WAS RECORDED YESTERDAY.
  SNOW


RELATIVE HUMIDITY
 HIGHEST RH     MM PERCENT       MM
 LOWEST  RH     MM PERCENT       MM
 AVERAGE RH     MM PERCENT       MM
...................................................................

THE BETHEL CLIMATE NORMALS FOR TODAY
                           NORMAL    RECORD   YEAR
 MAXIMUM TEMPERATURE (F)     28        60     1936
 MINIMUM TEMPERATURE (F)     17        -8     1985

SUNRISE AND SUNSET
 NOV 1 2014..........SUNRISE 10:14 AM      SUNSET  6:48 PM
 NOV 2 2014..........SUNRISE  9:17 AM      SUNSET  5:45 PM

-  INDICATES NEGATIVE NUMBERS.
R  INDICATES RECORD HAS BEEN SET OR TIED.
MM INDICATES DATA IS MISSING.
T  INDICATES TRACE OF PRECIPITATION.

&&
-------------------------------------------------------------------

AMOUNT OF DAYLIGHT TODAY  (HOUR:MIN)........8 HOURS 34 MINUTES
GAIN/LOSS SINCE YESTERDAY (HOUR:MIN:SEC)....-0:05:22

$$
FONTENOT
