000
CDAK48 PAFC 260047
CLIBET


CLIMATE REPORT
NATIONAL WEATHER SERVICE ANCHORAGE, AK
447 PM AKDT MON SEP 25 2017


...................................

...THE BETHEL CLIMATE SUMMARY FOR SEPTEMBER 25 2017...
VALID TODAY AS OF 0400 PM LOCAL TIME.

CLIMATE NORMAL PERIOD 1981 TO 2010
CLIMATE RECORD PERIOD 1948 TO 2017


WEATHER ITEM   OBSERVED TIME   RECORD YEAR NORMAL DEPARTURE LAST
                VALUE   (LST)  VALUE       VALUE  FROM      YEAR
                                                  NORMAL
..................................................................
TEMPERATURE (F)
 TODAY
  MAXIMUM         52        MM  63    1926  48      4       47
  MINIMUM         41        MM  21    1983  35      6       31
  AVERAGE         47                        42      5       39

PRECIPITATION (IN)
  TODAY            0.02          0.69 2015   0.09  -0.07      T
  MONTH TO DATE    2.68                      2.34   0.34     3.11
  SINCE SEP 1      2.68                      2.34   0.34     3.11
  SINCE JAN 1     17.61                     13.76   3.85    14.03

SNOWFALL (IN)
  TODAY            0.0          MM      MM   0.1   -0.1      0.0
  MONTH TO DATE    0.0                       0.4   -0.4      0.0
  SINCE SEP 1      0.0                       0.4   -0.4      0.0
  SINCE JUL 1      0.0                       0.4   -0.4      0.0
  SNOW DEPTH       0

DEGREE DAYS
 HEATING
  TODAY           18                        24     -6       26
  MONTH TO DATE  452                       458     -6      397
  SINCE SEP 1    452                       458     -6      397
  SINCE JUL 1   1003                      1094    -91      759

 COOLING
  TODAY            0                         0      0        0
  MONTH TO DATE    0                         0      0        0
  SINCE SEP 1      0                         0      0        0
  SINCE JAN 1      6                         4      2       13
..................................................................


WIND (MPH)
  RESULTANT WIND SPEED   3   RESULTANT WIND DIRECTION   S (200)
  HIGHEST WIND SPEED     9   HIGHEST WIND DIRECTION     S (190)
  HIGHEST GUST SPEED    MM   HIGHEST GUST DIRECTION    MM
  AVERAGE WIND SPEED     4.5



WEATHER CONDITIONS
 THE FOLLOWING WEATHER WAS RECORDED TODAY.
  LIGHT RAIN
  FOG
  FOG W/VISIBILITY <= 1/4 MILE


RELATIVE HUMIDITY (PERCENT)
 HIGHEST   100
 LOWEST     61
 AVERAGE    81

..........................................................


THE BETHEL CLIMATE NORMALS FOR TOMORROW
                         NORMAL    RECORD    YEAR
 MAXIMUM TEMPERATURE (F)   47        56      1935
                                             1929
 MINIMUM TEMPERATURE (F)   35        20      1983


SUNRISE AND SUNSET
SEPTEMBER 25 2017.....SUNRISE   840 AM AKDT  SUNSET   836 PM AKDT
SEPTEMBER 26 2017.....SUNRISE   842 AM AKDT  SUNSET   833 PM AKDT


-  INDICATES NEGATIVE NUMBERS.
R  INDICATES RECORD WAS SET OR TIED.
MM INDICATES DATA IS MISSING.
T  INDICATES TRACE AMOUNT.




$$
