000
CDAK48 PABE 302207
CLIBET

CLIMATE REPORT
NATIONAL WEATHER SERVICE BETHEL, AK
207 PM AKDT SAT AUG 30 2014

...................................
...THE BETHEL AP CLIMATE SUMMARY FOR AUGUST 30 2014...
VALID TODAY AS OF 2:00 PM LOCAL TIME

CLIMATE NORMAL PERIOD  1981 TO  2010
CLIMATE RECORD PERIOD  1923 TO  2014

WEATHER ITEM   OBSERVED TIME    RECORD YEAR NORMAL DEPARTURE LAST
               VALUE    (LST)   VALUE       VALUE  FROM      YEAR
                                                   NORMAL
...................................................................
TEMPERATURE
TODAY
 MAXIMUM            53  0105 PM    68  1923     58      -5     53
 MINIMUM            35  0546 AM    30  1927     45     -10     42
 AVERAGE            44                          52      -8     48

PRECIPITATION
(INCHES)
 TODAY            0.00           1.28  1944   0.10   -0.10      T
 MONTH TO DATE    2.02                        3.15   -1.13   3.16
 SINCE JUN 1      6.27                        7.23   -0.96   7.06
 SINCE JAN 1      9.31                       11.32   -2.01  10.36

SNOWFALL
(INCHES)
 TODAY             0.0            0.0  2014    0.0     0.0    0.0
 MONTH TO DATE     0.0                         0.0     0.0    0.0
 SINCE JUN 1       0.0                         0.0     0.0    0.0
 SINCE JUL 1       0.0                         0.0     0.0    0.0
 SNOW DEPTH (IN)     0                                          0

DEGREE DAYS
 HEATING
  TODAY             21                          14       7     17
  MONTH TO DATE    233                         344    -111    305
  SINCE JUN 1      926                        1005     -79    858
  SINCE JUL 1      506                         628    -122    570

 COOLING
  TODAY              0                           0       0      0
  MONTH TO DATE      0                           0       0      0
  SINCE JUN 1        0                           0       0     18
  SINCE JAN 1        0                           0       0     18
...................................................................

WIND (MPH)
 HIGHEST WIND SPEED    20     HIGHEST WIND DIRECTION     30
 HIGHEST GUST SPEED    24     HIGHEST GUST DIRECTION     30
 AVERAGE WIND SPEED    MM

SKY COVER
  POSSIBLE SUNSHINE  MM            AVERAGE SKY COVER MM

WEATHER CONDITIONS
 THE FOLLOWING WEATHER WAS RECORDED TODAY.
NO SIGNIFICANT WEATHER WAS OBSERVED.

RELATIVE HUMIDITY
 HIGHEST RH     MM PERCENT       MM
 LOWEST  RH     MM PERCENT       MM
 AVERAGE RH     MM PERCENT       MM
...................................................................

THE BETHEL CLIMATE NORMALS FOR TOMORROW
                        NORMAL    RECORD   YEAR
 MAXIMUM TEMPERATURE      58        70     1926
 MINIMUM TEMPERATURE      45        35     1959

SUNRISE AND SUNSET
 AUG 30 2014..........SUNRISE  7:36 AM      SUNSET  9:59 PM
 AUG 31 2014..........SUNRISE  7:39 AM      SUNSET  9:56 PM

-  INDICATES NEGATIVE NUMBERS.
R  INDICATES RECORD HAS BEEN SET OR TIED.
MM INDICATES DATA IS MISSING.
T  INDICATES TRACE OF PRECIPITATION.

&&
-------------------------------------------------------------------

AMOUNT OF DAYLIGHT TODAY  (HOUR:MIN)........14 HOURS 23 MINUTES
GAIN/LOSS SINCE YESTERDAY (HOUR:MIN:SEC)....-0:05:32

$$
BW AUG 14
