234
CDUS41 KCTP 030620
CLIBFD


CLIMATE REPORT
NATIONAL WEATHER SERVICE STATE COLLEGE PA
220 AM EDT TUE MAY 3 2016


...................................

...THE BRADFORD CLIMATE SUMMARY FOR MAY 2 2016...

CLIMATE NORMAL PERIOD 1981 TO 2010
CLIMATE RECORD PERIOD 1957 TO 2016


WEATHER ITEM   OBSERVED TIME   RECORD YEAR NORMAL DEPARTURE LAST
                VALUE   (LST)  VALUE       VALUE  FROM      YEAR
                                                  NORMAL
..................................................................
TEMPERATURE (F)
 YESTERDAY
  MAXIMUM         56    142 PM  80    2001  62     -6       70
  MINIMUM         44   1159 PM  22    1979  37      7       33
  AVERAGE         50                        49      1       52

PRECIPITATION (IN)
  YESTERDAY        0.42          1.02 1983   0.12   0.30     0.00
  MONTH TO DATE    1.00                      0.24   0.76     0.00
  SINCE MAR 1      7.61                      7.16   0.45     6.57
  SINCE JAN 1     12.22                     12.80  -0.58     9.41

DEGREE DAYS
 HEATING
  YESTERDAY       15                        11      4       13
  MONTH TO DATE   26                        22      4       28
  SINCE MAR 1   1461                      1703   -242     1817
  SINCE JUL 1   6161                      7273  -1112     7716

 COOLING
  YESTERDAY        0                         0      0        0
  MONTH TO DATE    0                         0      0        0
  SINCE MAR 1      0                         2     -2        0
  SINCE JAN 1      0                         2     -2        0
..................................................................


WIND (MPH)
  HIGHEST WIND SPEED    14   HIGHEST WIND DIRECTION    NW (330)
  HIGHEST GUST SPEED    17   HIGHEST GUST DIRECTION    NW (320)
  AVERAGE WIND SPEED     6.1


SKY COVER
  POSSIBLE SUNSHINE  MM
  AVERAGE SKY COVER 1.0


WEATHER CONDITIONS
 THE FOLLOWING WEATHER WAS RECORDED YESTERDAY.
  THUNDERSTORM
  HEAVY RAIN
  RAIN
  LIGHT RAIN
  FOG
  FOG W/VISIBILITY <= 1/4 MILE


RELATIVE HUMIDITY (PERCENT)
 HIGHEST   100          1200 AM
 LOWEST     77           300 PM
 AVERAGE    89

..........................................................


THE BRADFORD CLIMATE NORMALS FOR TODAY
                         NORMAL    RECORD    YEAR
 MAXIMUM TEMPERATURE (F)   62        83      2012
 MINIMUM TEMPERATURE (F)   37        22      1978


SUNRISE AND SUNSET
MAY  3 2016...........SUNRISE   608 AM EDT   SUNSET   816 PM EDT
MAY  4 2016...........SUNRISE   606 AM EDT   SUNSET   817 PM EDT


-  INDICATES NEGATIVE NUMBERS.
R  INDICATES RECORD WAS SET OR TIED.
MM INDICATES DATA IS MISSING.
T  INDICATES TRACE AMOUNT.




$$
