000
CDUS41 KCTP 270627
CLIBFD


CLIMATE REPORT
NATIONAL WEATHER SERVICE STATE COLLEGE PA
127 AM EST TUE JAN 27 2015


...................................

...THE BRADFORD CLIMATE SUMMARY FOR JANUARY 26 2015...

CLIMATE NORMAL PERIOD 1981 TO 2010
CLIMATE RECORD PERIOD 1957 TO 2015


WEATHER ITEM   OBSERVED TIME   RECORD YEAR NORMAL DEPARTURE LAST
                VALUE   (LST)  VALUE       VALUE  FROM      YEAR
                                                  NORMAL
..................................................................
TEMPERATURE (F)
 YESTERDAY
  MAXIMUM         20    422 PM  53    1973  29     -9       29
  MINIMUM         12    854 AM  -8    1991  14     -2       -1
  AVERAGE         16                        21     -5       14

PRECIPITATION (IN)
  YESTERDAY        0.14          0.82 1989   0.11   0.03      T
  MONTH TO DATE    1.67                      2.80  -1.13     1.94
  SINCE DEC 1      3.87                      6.20  -2.33     4.76
  SINCE JAN 1      1.67                      2.80  -1.13     1.94

DEGREE DAYS
 HEATING
  YESTERDAY       49                        38     11       51
  MONTH TO DATE 1231                       988    243     1173
  SINCE DEC 1   2303                      2209     94     2321
  SINCE JUL 1   4121                      4044     77     4109

 COOLING
  YESTERDAY        0                         0      0        0
  MONTH TO DATE    0                         0      0        0
  SINCE DEC 1      0                         0      0        0
  SINCE JAN 1      0                         0      0        0
..................................................................


WIND (MPH)
  HIGHEST WIND SPEED    13   HIGHEST WIND DIRECTION     E (70)
  HIGHEST GUST SPEED    18   HIGHEST GUST DIRECTION     E (70)
  AVERAGE WIND SPEED     7.6


SKY COVER
  POSSIBLE SUNSHINE  MM
  AVERAGE SKY COVER 1.0


WEATHER CONDITIONS
 THE FOLLOWING WEATHER WAS RECORDED YESTERDAY.
  SNOW
  LIGHT SNOW
  HAZE


RELATIVE HUMIDITY (PERCENT)
 HIGHEST    80          1000 AM
 LOWEST     73           100 PM
 AVERAGE    77

..........................................................


THE BRADFORD CLIMATE NORMALS FOR TODAY
                         NORMAL    RECORD    YEAR
 MAXIMUM TEMPERATURE (F)   29        55      2002
 MINIMUM TEMPERATURE (F)   14       -10      2003


SUNRISE AND SUNSET
JANUARY 27 2015.......SUNRISE   732 AM EST   SUNSET   523 PM EST
JANUARY 28 2015.......SUNRISE   731 AM EST   SUNSET   524 PM EST


-  INDICATES NEGATIVE NUMBERS.
R  INDICATES RECORD WAS SET OR TIED.
MM INDICATES DATA IS MISSING.
T  INDICATES TRACE AMOUNT.




$$
