000
CDUS41 KCTP 030613
CLIBFD


CLIMATE REPORT
NATIONAL WEATHER SERVICE STATE COLLEGE PA
213 AM EDT FRI JUL 3 2015


...................................

...THE BRADFORD CLIMATE SUMMARY FOR JULY 2 2015...

CLIMATE NORMAL PERIOD 1981 TO 2010
CLIMATE RECORD PERIOD 1957 TO 2015


WEATHER ITEM   OBSERVED TIME   RECORD YEAR NORMAL DEPARTURE LAST
                VALUE   (LST)  VALUE       VALUE  FROM      YEAR
                                                  NORMAL
..................................................................
TEMPERATURE (F)
 YESTERDAY
  MAXIMUM         72    403 PM  90    1966  77     -5       81
  MINIMUM         50    522 AM  35    1957  53     -3       62
  AVERAGE         61                        65     -4       72

PRECIPITATION (IN)
  YESTERDAY        0.00          1.30 1987   0.13  -0.13     0.39
  MONTH TO DATE    0.02                      0.27  -0.25     0.60
  SINCE JUN 1      7.49                      5.18   2.31     6.64
  SINCE JAN 1     19.92                     21.92  -2.00    22.59

DEGREE DAYS
 HEATING
  YESTERDAY        4                         0      4        0
  MONTH TO DATE    8                         1      7        0
  SINCE JUN 1    115                       146    -31       85
  SINCE JUL 1      8                         1      7        0

 COOLING
  YESTERDAY        0                         2     -2        7
  MONTH TO DATE    0                         4     -4       19
  SINCE JUN 1     38                        44     -6       75
  SINCE JAN 1     82                        54     28       93
..................................................................


WIND (MPH)
  HIGHEST WIND SPEED    10   HIGHEST WIND DIRECTION     N (350)
  HIGHEST GUST SPEED    14   HIGHEST GUST DIRECTION    NW (320)
  AVERAGE WIND SPEED     2.7


SKY COVER
  POSSIBLE SUNSHINE  MM
  AVERAGE SKY COVER 0.5


WEATHER CONDITIONS
 THE FOLLOWING WEATHER WAS RECORDED YESTERDAY.
  FOG
  FOG W/VISIBILITY <= 1/4 MILE


RELATIVE HUMIDITY (PERCENT)
 HIGHEST   100           600 AM
 LOWEST     47           200 PM
 AVERAGE    74

..........................................................


THE BRADFORD CLIMATE NORMALS FOR TODAY
                         NORMAL    RECORD    YEAR
 MAXIMUM TEMPERATURE (F)   77        91      1966
 MINIMUM TEMPERATURE (F)   53        37      1971


SUNRISE AND SUNSET
JULY  3 2015..........SUNRISE   544 AM EDT   SUNSET   853 PM EDT
JULY  4 2015..........SUNRISE   545 AM EDT   SUNSET   853 PM EDT


-  INDICATES NEGATIVE NUMBERS.
R  INDICATES RECORD WAS SET OR TIED.
MM INDICATES DATA IS MISSING.
T  INDICATES TRACE AMOUNT.




$$
