303
CDUS41 KCTP 182238
CLIBFD


CLIMATE REPORT
NATIONAL WEATHER SERVICE STATE COLLEGE PA
537 PM EST THU JAN 18 2018


...................................

...THE BRADFORD CLIMATE SUMMARY FOR JANUARY 18 2018...
VALID TODAY AS OF 0500 PM LOCAL TIME.

CLIMATE NORMAL PERIOD 1981 TO 2010
CLIMATE RECORD PERIOD 1957 TO 2018


WEATHER ITEM   OBSERVED TIME   RECORD YEAR NORMAL DEPARTURE LAST
                VALUE   (LST)  VALUE       VALUE  FROM      YEAR
                                                  NORMAL
..................................................................
TEMPERATURE (F)
 TODAY
  MAXIMUM         21    317 PM  56    1973  29     -8       44
  MINIMUM          5    609 AM -19    1976  13     -8       33
  AVERAGE         13                        21     -8       39

PRECIPITATION (IN)
  TODAY            T             1.21 1999   0.10  -0.10     0.02
  MONTH TO DATE    2.77                      1.96   0.81     3.34
  SINCE DEC 1      4.89                      5.36  -0.47     6.58
  SINCE JAN 1      2.77                      1.96   0.81     3.34

DEGREE DAYS
 HEATING
  TODAY           52                        38     14       26
  MONTH TO DATE  913                       684    229      719
  SINCE DEC 1   2201                      1905    296     1887
  SINCE JUL 1   3735                      3740     -5     3275

 COOLING
  TODAY            0                         0      0        0
  MONTH TO DATE    0                         0      0        0
  SINCE DEC 1      0                         0      0        0
  SINCE JAN 1      0                         0      0        0
..................................................................


WIND (MPH)
  HIGHEST WIND SPEED    14   HIGHEST WIND DIRECTION    SW (240)
  HIGHEST GUST SPEED    23   HIGHEST GUST DIRECTION    SW (230)
  AVERAGE WIND SPEED     8.8


SKY COVER
  POSSIBLE SUNSHINE  MM
  AVERAGE SKY COVER 0.4


WEATHER CONDITIONS
 THE FOLLOWING WEATHER WAS RECORDED TODAY.
  LIGHT SNOW
  FOG
  HAZE


RELATIVE HUMIDITY (PERCENT)
 HIGHEST    88           100 AM
 LOWEST     67           300 PM
 AVERAGE    78

..........................................................


THE BRADFORD CLIMATE NORMALS FOR TOMORROW
                         NORMAL    RECORD    YEAR
 MAXIMUM TEMPERATURE (F)   29        47      1973
 MINIMUM TEMPERATURE (F)   13       -26      1994


SUNRISE AND SUNSET
JANUARY 18 2018.......SUNRISE   738 AM EST   SUNSET   512 PM EST
JANUARY 19 2018.......SUNRISE   737 AM EST   SUNSET   514 PM EST


-  INDICATES NEGATIVE NUMBERS.
R  INDICATES RECORD WAS SET OR TIED.
MM INDICATES DATA IS MISSING.
T  INDICATES TRACE AMOUNT.




$$
