000
CDUS41 KCTP 220621
CLIBFD


CLIMATE REPORT
NATIONAL WEATHER SERVICE STATE COLLEGE PA
221 AM EDT MON SEP 22 2014


...................................

...THE BRADFORD CLIMATE SUMMARY FOR SEPTEMBER 21 2014...

CLIMATE NORMAL PERIOD 1981 TO 2010
CLIMATE RECORD PERIOD 1957 TO 2014


WEATHER ITEM   OBSERVED TIME   RECORD YEAR NORMAL DEPARTURE LAST
                VALUE   (LST)  VALUE       VALUE  FROM      YEAR
                                                  NORMAL
..................................................................
TEMPERATURE (F)
 YESTERDAY
  MAXIMUM         71   1241 PM  82    1980  66      5       68
  MINIMUM         52   1159 PM  28    1962  43      9       54
  AVERAGE         62                        55      7       61

PRECIPITATION (IN)
  YESTERDAY        0.18          2.52 1992   0.13   0.05     1.11
  MONTH TO DATE    2.22                      2.74  -0.52     2.53
  SINCE SEP 1      2.22                      2.74  -0.52     2.53
  SINCE JAN 1     33.56                     32.69   0.87    23.94

DEGREE DAYS
 HEATING
  YESTERDAY        3                         6     -3        4
  MONTH TO DATE  133                        75     58      145
  SINCE SEP 1    133                        75     58      145
  SINCE JUL 1    317                       228     89      281

 COOLING
  YESTERDAY        0                         0      0        0
  MONTH TO DATE   25                        13     12       30
  SINCE SEP 1     25                        13     12       30
  SINCE JAN 1    195                       190      5      325
..................................................................


WIND (MPH)
  HIGHEST WIND SPEED    20   HIGHEST WIND DIRECTION     W (280)
  HIGHEST GUST SPEED    29   HIGHEST GUST DIRECTION     W (280)
  AVERAGE WIND SPEED     9.2


SKY COVER
  POSSIBLE SUNSHINE  MM
  AVERAGE SKY COVER 0.8


WEATHER CONDITIONS
 THE FOLLOWING WEATHER WAS RECORDED YESTERDAY.
  HEAVY RAIN
  RAIN
  LIGHT RAIN
  FOG
  HAZE


RELATIVE HUMIDITY (PERCENT)
 HIGHEST    93           600 AM
 LOWEST     67           700 PM
 AVERAGE    80

..........................................................


THE BRADFORD CLIMATE NORMALS FOR TODAY
                         NORMAL    RECORD    YEAR
 MAXIMUM TEMPERATURE (F)   66        82      1980
 MINIMUM TEMPERATURE (F)   43        26      1963


SUNRISE AND SUNSET
SEPTEMBER 22 2014.....SUNRISE   702 AM EDT   SUNSET   712 PM EDT
SEPTEMBER 23 2014.....SUNRISE   703 AM EDT   SUNSET   710 PM EDT


-  INDICATES NEGATIVE NUMBERS.
R  INDICATES RECORD WAS SET OR TIED.
MM INDICATES DATA IS MISSING.
T  INDICATES TRACE AMOUNT.




$$
