000
CDUS41 KCTP 190629
CLIBFD


CLIMATE REPORT
NATIONAL WEATHER SERVICE STATE COLLEGE PA
129 AM EST THU JAN 19 2017


...................................

...THE BRADFORD CLIMATE SUMMARY FOR JANUARY 18 2017...

CLIMATE NORMAL PERIOD 1981 TO 2010
CLIMATE RECORD PERIOD 1957 TO 2017


WEATHER ITEM   OBSERVED TIME   RECORD YEAR NORMAL DEPARTURE LAST
                VALUE   (LST)  VALUE       VALUE  FROM      YEAR
                                                  NORMAL
..................................................................
TEMPERATURE (F)
 YESTERDAY
  MAXIMUM         44    102 AM  56    1973  29     15       10
  MINIMUM         33   1011 PM -19    1976  13     20        2
  AVERAGE         39                        21     18        6

PRECIPITATION (IN)
  YESTERDAY        0.02          1.21 1999   0.10  -0.08      T
  MONTH TO DATE    3.34                      1.96   1.38     1.06
  SINCE DEC 1      6.58                      5.36   1.22     5.86
  SINCE JAN 1      3.34                      1.96   1.38     1.06

DEGREE DAYS
 HEATING
  YESTERDAY       26                        38    -12       59
  MONTH TO DATE  719                       684     35      775
  SINCE DEC 1   1887                      1905    -18     1572
  SINCE JUL 1   3275                      3740   -465     3052

 COOLING
  YESTERDAY        0                         0      0        0
  MONTH TO DATE    0                         0      0        0
  SINCE DEC 1      0                         0      0        0
  SINCE JAN 1      0                         0      0        0
..................................................................


WIND (MPH)
  HIGHEST WIND SPEED    18   HIGHEST WIND DIRECTION     W (280)
  HIGHEST GUST SPEED    24   HIGHEST GUST DIRECTION     W (280)
  AVERAGE WIND SPEED     9.2


SKY COVER
  POSSIBLE SUNSHINE  MM
  AVERAGE SKY COVER 1.0


WEATHER CONDITIONS
 THE FOLLOWING WEATHER WAS RECORDED YESTERDAY.
  LIGHT RAIN
  FOG


RELATIVE HUMIDITY (PERCENT)
 HIGHEST   100          1200 AM
 LOWEST     92           900 AM
 AVERAGE    96

..........................................................


THE BRADFORD CLIMATE NORMALS FOR TODAY
                         NORMAL    RECORD    YEAR
 MAXIMUM TEMPERATURE (F)   29        47      1973
 MINIMUM TEMPERATURE (F)   13       -26      1994


SUNRISE AND SUNSET
JANUARY 19 2017.......SUNRISE   737 AM EST   SUNSET   514 PM EST
JANUARY 20 2017.......SUNRISE   737 AM EST   SUNSET   515 PM EST


-  INDICATES NEGATIVE NUMBERS.
R  INDICATES RECORD WAS SET OR TIED.
MM INDICATES DATA IS MISSING.
T  INDICATES TRACE AMOUNT.




$$
