000
CDUS41 KCTP 282129
CLIBFD


CLIMATE REPORT
NATIONAL WEATHER SERVICE STATE COLLEGE PA
529 PM EDT SUN MAY 28 2017


...................................

...THE BRADFORD CLIMATE SUMMARY FOR MAY 28 2017...
VALID TODAY AS OF 0500 PM LOCAL TIME.

CLIMATE NORMAL PERIOD 1981 TO 2010
CLIMATE RECORD PERIOD 1957 TO 2017


WEATHER ITEM   OBSERVED TIME   RECORD YEAR NORMAL DEPARTURE LAST
                VALUE   (LST)  VALUE       VALUE  FROM      YEAR
                                                  NORMAL
..................................................................
TEMPERATURE (F)
 TODAY
  MAXIMUM         71    205 PM  86    2012  69      2       85
  MINIMUM         45    514 AM  27    1983  44      1       56
  AVERAGE         58                        57      1       71

PRECIPITATION (IN)
  TODAY            0.00          2.31 1984   0.14  -0.14      T
  MONTH TO DATE    4.86                      3.74   1.12     3.21
  SINCE MAR 1     13.41                     10.66   2.75     9.82
  SINCE JAN 1     20.49                     16.30   4.19    14.43

DEGREE DAYS
 HEATING
  TODAY            7                         5      2        0
  MONTH TO DATE  345                       228    117      366
  SINCE MAR 1   1830                      1909    -79     1801
  SINCE JUL 1   6413                      7479  -1066     6501

 COOLING
  TODAY            0                         0      0        6
  MONTH TO DATE   18                         0     18       13
  SINCE MAR 1     19                         2     17       13
  SINCE JAN 1     19                         2     17       13
..................................................................


WIND (MPH)
  HIGHEST WIND SPEED    15   HIGHEST WIND DIRECTION    SE (130)
  HIGHEST GUST SPEED    21   HIGHEST GUST DIRECTION    SE (140)
  AVERAGE WIND SPEED     5.7


SKY COVER
  POSSIBLE SUNSHINE  MM
  AVERAGE SKY COVER 0.5


WEATHER CONDITIONS
 THE FOLLOWING WEATHER WAS RECORDED TODAY.
  FOG
  FOG W/VISIBILITY <= 1/4 MILE


RELATIVE HUMIDITY (PERCENT)
 HIGHEST   100           100 AM
 LOWEST     73           100 PM
 AVERAGE    87

..........................................................


THE BRADFORD CLIMATE NORMALS FOR TOMORROW
                         NORMAL    RECORD    YEAR
 MAXIMUM TEMPERATURE (F)   69        87      2006
 MINIMUM TEMPERATURE (F)   45        29      2008


SUNRISE AND SUNSET
MAY 28 2017...........SUNRISE   544 AM EDT   SUNSET   840 PM EDT
MAY 29 2017...........SUNRISE   544 AM EDT   SUNSET   841 PM EDT


-  INDICATES NEGATIVE NUMBERS.
R  INDICATES RECORD WAS SET OR TIED.
MM INDICATES DATA IS MISSING.
T  INDICATES TRACE AMOUNT.




$$
