000
CDUS41 KCTP 270632
CLIBFD


CLIMATE REPORT
NATIONAL WEATHER SERVICE STATE COLLEGE PA
232 AM EDT TUE SEP 27 2016


...................................

...THE BRADFORD CLIMATE SUMMARY FOR SEPTEMBER 26 2016...

CLIMATE NORMAL PERIOD 1981 TO 2010
CLIMATE RECORD PERIOD 1957 TO 2016


WEATHER ITEM   OBSERVED TIME   RECORD YEAR NORMAL DEPARTURE LAST
                VALUE   (LST)  VALUE       VALUE  FROM      YEAR
                                                  NORMAL
..................................................................
TEMPERATURE (F)
 YESTERDAY
  MAXIMUM         71   1256 PM  79    1998  64      7       69
  MINIMUM         41    235 AM  27    1957  42     -1       48
  AVERAGE         56                        53      3       59

PRECIPITATION (IN)
  YESTERDAY        0.20          1.81 2005   0.14   0.06     0.00
  MONTH TO DATE    2.06                      3.41  -1.35     1.56
  SINCE SEP 1      2.06                      3.41  -1.35     1.56
  SINCE JAN 1     31.06                     33.36  -2.30    25.40

DEGREE DAYS
 HEATING
  YESTERDAY        9                         8      1        6
  MONTH TO DATE  100                       112    -12      110
  SINCE SEP 1    100                       112    -12      110
  SINCE JUL 1    143                       265   -122      236

 COOLING
  YESTERDAY        0                         0      0        0
  MONTH TO DATE   42                        13     29       52
  SINCE SEP 1     42                        13     29       52
  SINCE JAN 1    367                       190    177      260
..................................................................


WIND (MPH)
  HIGHEST WIND SPEED    15   HIGHEST WIND DIRECTION    SE (150)
  HIGHEST GUST SPEED    21   HIGHEST GUST DIRECTION    SE (140)
  AVERAGE WIND SPEED     6.1


SKY COVER
  POSSIBLE SUNSHINE  MM
  AVERAGE SKY COVER 0.5


WEATHER CONDITIONS
 THE FOLLOWING WEATHER WAS RECORDED YESTERDAY.
  HEAVY RAIN
  RAIN
  LIGHT RAIN
  FOG


RELATIVE HUMIDITY (PERCENT)
 HIGHEST   100           100 AM
 LOWEST     66           100 PM
 AVERAGE    83

..........................................................


THE BRADFORD CLIMATE NORMALS FOR TODAY
                         NORMAL    RECORD    YEAR
 MAXIMUM TEMPERATURE (F)   64        80      1973
 MINIMUM TEMPERATURE (F)   41        19      1957


SUNRISE AND SUNSET
SEPTEMBER 27 2016.....SUNRISE   708 AM EDT   SUNSET   702 PM EDT
SEPTEMBER 28 2016.....SUNRISE   709 AM EDT   SUNSET   700 PM EDT


-  INDICATES NEGATIVE NUMBERS.
R  INDICATES RECORD WAS SET OR TIED.
MM INDICATES DATA IS MISSING.
T  INDICATES TRACE AMOUNT.




$$
