108
CDUS41 KCTP 270635
CLIBFD


CLIMATE REPORT
NATIONAL WEATHER SERVICE STATE COLLEGE PA
235 AM EDT THU JUL 27 2017


...................................

...THE BRADFORD CLIMATE SUMMARY FOR JULY 26 2017...

CLIMATE NORMAL PERIOD 1981 TO 2010
CLIMATE RECORD PERIOD 1957 TO 2017


WEATHER ITEM   OBSERVED TIME   RECORD YEAR NORMAL DEPARTURE LAST
                VALUE   (LST)  VALUE       VALUE  FROM      YEAR
                                                  NORMAL
..................................................................
TEMPERATURE (F)
 YESTERDAY
  MAXIMUM         76    305 PM  86    2005  77     -1       81
  MINIMUM         47    539 AM  34    1976  54     -7       58
  AVERAGE         62                        65     -3       70

PRECIPITATION (IN)
  YESTERDAY        0.00          1.82 1973   0.14  -0.14     0.00
  MONTH TO DATE    5.07                      3.52   1.55     3.86
  SINCE JUN 1     11.58                      8.43   3.15     6.88
  SINCE JAN 1     32.78                     25.17   7.61    21.31

DEGREE DAYS
 HEATING
  YESTERDAY        3                         0      3        0
  MONTH TO DATE   22                         1     21       31
  SINCE JUN 1    154                       146      8      123
  SINCE JUL 1     22                         1     21       31

 COOLING
  YESTERDAY        0                         2     -2        5
  MONTH TO DATE   84                        60     24      101
  SINCE JUN 1    155                       100     55      133
  SINCE JAN 1    174                       110     64      152
..................................................................


WIND (MPH)
  HIGHEST WIND SPEED    12   HIGHEST WIND DIRECTION     S (170)
  HIGHEST GUST SPEED    17   HIGHEST GUST DIRECTION    SW (220)
  AVERAGE WIND SPEED     4.0


SKY COVER
  POSSIBLE SUNSHINE  MM
  AVERAGE SKY COVER 0.4


WEATHER CONDITIONS
 THE FOLLOWING WEATHER WAS RECORDED YESTERDAY.
  FOG
  FOG W/VISIBILITY <= 1/4 MILE


RELATIVE HUMIDITY (PERCENT)
 HIGHEST   100          1200 AM
 LOWEST     58           300 PM
 AVERAGE    79

..........................................................


THE BRADFORD CLIMATE NORMALS FOR TODAY
                         NORMAL    RECORD    YEAR
 MAXIMUM TEMPERATURE (F)   77        85      1983
 MINIMUM TEMPERATURE (F)   53        38      2001


SUNRISE AND SUNSET
JULY 27 2017..........SUNRISE   604 AM EDT   SUNSET   838 PM EDT
JULY 28 2017..........SUNRISE   605 AM EDT   SUNSET   837 PM EDT


-  INDICATES NEGATIVE NUMBERS.
R  INDICATES RECORD WAS SET OR TIED.
MM INDICATES DATA IS MISSING.
T  INDICATES TRACE AMOUNT.




$$
