000
CDUS45 KCYS 250326
CLIBFF


CLIMATE REPORT
NATIONAL WEATHER SERVICE CHEYENNE WY
925 PM MDT TUE MAY 24 2016


...................................

...THE SCOTTSBLUFF NE AIRPORT CLIMATE SUMMARY FOR MAY 24 2016...
VALID TODAY AS OF 0900 PM LOCAL TIME.

CLIMATE NORMAL PERIOD 1981 TO 2010
CLIMATE RECORD PERIOD 1871 TO 2016


WEATHER ITEM   OBSERVED TIME   RECORD YEAR NORMAL DEPARTURE LAST
                VALUE   (LST)  VALUE       VALUE  FROM      YEAR
                                                  NORMAL
..................................................................
TEMPERATURE (F)
 TODAY
  MAXIMUM         78    303 PM  94    1896  74      4       69
  MINIMUM         37    439 AM  32    2001  46     -9       51
                                      1893
  AVERAGE         58                        60     -2       60

PRECIPITATION (IN)
  TODAY            0.01          1.93 1997   0.09  -0.08     0.12
  MONTH TO DATE    1.60                      1.79  -0.19     5.71
  SINCE MAR 1      8.33                      4.62   3.71     9.08
  SINCE JAN 1      9.10                      5.63   3.47     9.92

SNOWFALL (IN)
  TODAY           MM            MM      MM   0.0   MM        0.0
  MONTH TO DATE    0.0                       0.5   -0.5      8.0
  SINCE JUL 1     34.6                      42.1   -7.5     51.7
  SNOW DEPTH       0

DEGREE DAYS
 HEATING
  TODAY            7                         6      1        5
  MONTH TO DATE  254                       228     26      310
  SINCE MAR 1   1446                      1609   -163     1399
  SINCE JUL 1   5876                      6521   -645     6114

 COOLING
  TODAY            0                         1     -1        0
  MONTH TO DATE    4                        13     -9        0
  SINCE MAR 1      4                        15    -11        0
  SINCE JAN 1      4                        15    -11        0
..................................................................


WIND (MPH)
  HIGHEST WIND SPEED    48   HIGHEST WIND DIRECTION    SE (140)
  HIGHEST GUST SPEED    57   HIGHEST GUST DIRECTION    SE (140)
  AVERAGE WIND SPEED     8.8


SKY COVER
  AVERAGE SKY COVER 0.1


WEATHER CONDITIONS
 THE FOLLOWING WEATHER WAS RECORDED TODAY.
  THUNDERSTORM
  LIGHT RAIN


RELATIVE HUMIDITY (PERCENT)
 HIGHEST    93           100 AM
 LOWEST     33           300 PM
 AVERAGE    63

..........................................................


THE SCOTTSBLUFF NE AIRPORT CLIMATE NORMALS FOR TOMORROW
                         NORMAL    RECORD    YEAR
 MAXIMUM TEMPERATURE (F)   74        96      1931
 MINIMUM TEMPERATURE (F)   46        30      1893


SUNRISE AND SUNSET
MAY 24 2016...........SUNRISE   526 AM MDT   SUNSET   817 PM MDT
MAY 25 2016...........SUNRISE   525 AM MDT   SUNSET   818 PM MDT


-  INDICATES NEGATIVE NUMBERS.
R  INDICATES RECORD WAS SET OR TIED.
MM INDICATES DATA IS MISSING.
T  INDICATES TRACE AMOUNT.




$$
