000
CDUS45 KCYS 230740
CLIBFF


CLIMATE REPORT
NATIONAL WEATHER SERVICE CHEYENNE WY
1239 AM MST SUN NOV 23 2014


...................................

...THE SCOTTSBLUFF NEBRASKA AIRPORT CLIMATE SUMMARY FOR NOVEMBER 22 2014...

CLIMATE NORMAL PERIOD 1981 TO 2010
CLIMATE RECORD PERIOD 1871 TO 2014


WEATHER ITEM   OBSERVED TIME   RECORD YEAR NORMAL DEPARTURE LAST
                VALUE   (LST)  VALUE       VALUE  FROM      YEAR
                                                  NORMAL
..................................................................
TEMPERATURE (F)
 YESTERDAY
  MAXIMUM         59   1235 PM  72    2002  47     12       18
  MINIMUM         20    407 AM -13    1947  19      1      -10
                                      1942
  AVERAGE         40                        33      7        4

PRECIPITATION (IN)
  YESTERDAY        T             0.28 1980   0.02  -0.02     0.00
  MONTH TO DATE    0.73                      0.51   0.22     0.85
  SINCE JAN 1     17.62                     15.13   2.49    12.74

SNOWFALL (IN)
  YESTERDAY        0.0           5.0  2003   0.2   -0.2      0.0
  MONTH TO DATE    3.1                       4.0   -0.9      6.3
  SINCE JUL 1      3.1                       7.2   -4.1     12.9
  SNOW DEPTH       0

DEGREE DAYS
 HEATING
  YESTERDAY       25                        32     -7       61
  MONTH TO DATE  711                       597    114      590
  SINCE SEP 1   1176                      1268    -92     1244
  SINCE JUL 1   1189                      1288    -99     1246

 COOLING
  YESTERDAY        0                         0      0        0
  MONTH TO DATE    0                         0      0        0
  SINCE SEP 1     76                        59     17      155
  SINCE JAN 1    719                       724     -5     1047
..................................................................


WIND (MPH)
  HIGHEST WIND SPEED    31   HIGHEST WIND DIRECTION    NW (310)
  HIGHEST GUST SPEED    42   HIGHEST GUST DIRECTION    NW (310)
  AVERAGE WIND SPEED    10.3


SKY COVER
  AVERAGE SKY COVER 0.1


WEATHER CONDITIONS
 THE FOLLOWING WEATHER WAS RECORDED YESTERDAY.
  NO SIGNIFICANT WEATHER WAS OBSERVED.


RELATIVE HUMIDITY (PERCENT)
 HIGHEST    84           200 AM
 LOWEST     23          1000 AM
 AVERAGE    54

..........................................................


THE SCOTTSBLUFF NEBRASKA AIRPORT CLIMATE NORMALS FOR TODAY
                         NORMAL    RECORD    YEAR
 MAXIMUM TEMPERATURE (F)   46        73      1915
 MINIMUM TEMPERATURE (F)   18       -14      1941


SUNRISE AND SUNSET
NOVEMBER 23 2014......SUNRISE   654 AM MST   SUNSET   428 PM MST
NOVEMBER 24 2014......SUNRISE   655 AM MST   SUNSET   427 PM MST


-  INDICATES NEGATIVE NUMBERS.
R  INDICATES RECORD WAS SET OR TIED.
MM INDICATES DATA IS MISSING.
T  INDICATES TRACE AMOUNT.




$$
