000
CDUS45 KCYS 290729
CLIBFF


CLIMATE REPORT
NATIONAL WEATHER SERVICE CHEYENNE WY
1228 AM MST SAT NOV 29 2014


...................................

...THE SCOTTSBLUFF NEBRASKA AIRPORT CLIMATE SUMMARY FOR NOVEMBER 28 2014...

CLIMATE NORMAL PERIOD 1981 TO 2010
CLIMATE RECORD PERIOD 1871 TO 2014


WEATHER ITEM   OBSERVED TIME   RECORD YEAR NORMAL DEPARTURE LAST
                VALUE   (LST)  VALUE       VALUE  FROM      YEAR
                                                  NORMAL
..................................................................
TEMPERATURE (F)
 YESTERDAY
  MAXIMUM         66    133 PM  71    1932  44     22       47
  MINIMUM         29    205 AM -18    1896  16     13       21
  AVERAGE         48                        30     18       34

PRECIPITATION (IN)
  YESTERDAY        0.00          0.89 2004   0.02  -0.02     0.00
  MONTH TO DATE    0.90                      0.63   0.27     0.85
  SINCE JAN 1     17.79                     15.25   2.54    12.74

SNOWFALL (IN)
  YESTERDAY        0.0          11.0  2004   0.2   -0.2      0.0
  MONTH TO DATE    4.8                       5.3   -0.5      6.3
  SINCE JUL 1      4.8                       8.5   -3.7     12.9
  SNOW DEPTH       0

DEGREE DAYS
 HEATING
  YESTERDAY       17                        35    -18       31
  MONTH TO DATE  896                       801     95      799
  SINCE SEP 1   1361                      1472   -111     1453
  SINCE JUL 1   1374                      1492   -118     1455

 COOLING
  YESTERDAY        0                         0      0        0
  MONTH TO DATE    0                         0      0        0
  SINCE SEP 1     76                        59     17      155
  SINCE JAN 1    719                       724     -5     1047
..................................................................


WIND (MPH)
  HIGHEST WIND SPEED    23   HIGHEST WIND DIRECTION     W (260)
  HIGHEST GUST SPEED    30   HIGHEST GUST DIRECTION     W (270)
  AVERAGE WIND SPEED     9.3


SKY COVER
  AVERAGE SKY COVER 0.0


WEATHER CONDITIONS
 THE FOLLOWING WEATHER WAS RECORDED YESTERDAY.
  NO SIGNIFICANT WEATHER WAS OBSERVED.


RELATIVE HUMIDITY (PERCENT)
 HIGHEST    78           100 AM
 LOWEST     20           300 PM
 AVERAGE    49

..........................................................


THE SCOTTSBLUFF NEBRASKA AIRPORT CLIMATE NORMALS FOR TODAY
                         NORMAL    RECORD    YEAR
 MAXIMUM TEMPERATURE (F)   43        70      1932
 MINIMUM TEMPERATURE (F)   16       -14      1896


SUNRISE AND SUNSET
NOVEMBER 29 2014......SUNRISE   700 AM MST   SUNSET   425 PM MST
NOVEMBER 30 2014......SUNRISE   701 AM MST   SUNSET   425 PM MST


-  INDICATES NEGATIVE NUMBERS.
R  INDICATES RECORD WAS SET OR TIED.
MM INDICATES DATA IS MISSING.
T  INDICATES TRACE AMOUNT.




$$
