000
CDUS45 KCYS 260755
CLIBFF


CLIMATE REPORT
NATIONAL WEATHER SERVICE CHEYENNE WY
155 AM MDT THU MAR 26 2015


...................................

...THE SCOTTSBLUFF NE AIRPORT CLIMATE SUMMARY FOR MARCH 25 2015...

CLIMATE NORMAL PERIOD 1981 TO 2010
CLIMATE RECORD PERIOD 1871 TO 2015


WEATHER ITEM   OBSERVED TIME   RECORD YEAR NORMAL DEPARTURE LAST
                VALUE   (LST)  VALUE       VALUE  FROM      YEAR
                                                  NORMAL
..................................................................
TEMPERATURE (F)
 YESTERDAY
  MAXIMUM         54    209 PM  81    1985  55     -1       60
  MINIMUM         26   1159 PM  -4    1965  26      0       21
                                      1955
  AVERAGE         40                        41     -1       41

PRECIPITATION (IN)
  YESTERDAY        0.03          0.83 1959   0.03   0.00     0.00
  MONTH TO DATE    0.26                      0.75  -0.49     0.66
  SINCE JAN 1      1.10                      1.76  -0.66     2.26

SNOWFALL (IN)
  YESTERDAY       MM            12.0  1959   0.3   MM        0.0
  MONTH TO DATE    0.9                       6.3   -5.4      7.3
  SINCE JUL 1     43.2                      34.7    8.5     58.6
  SNOW DEPTH       0

DEGREE DAYS
 HEATING
  YESTERDAY       25                        24      1       24
  MONTH TO DATE  541                       689   -148      709
  SINCE MAR 1    541                       689   -148      709
  SINCE JUL 1   5256                      5601   -345     5742

 COOLING
  YESTERDAY        0                         0      0        0
  MONTH TO DATE    0                         0      0        0
  SINCE MAR 1      0                         0      0        0
  SINCE JAN 1      0                         0      0        0
..................................................................


WIND (MPH)
  HIGHEST WIND SPEED    22   HIGHEST WIND DIRECTION    NW (330)
  HIGHEST GUST SPEED    30   HIGHEST GUST DIRECTION     N (340)
  AVERAGE WIND SPEED     8.6


SKY COVER
  AVERAGE SKY COVER 0.6


WEATHER CONDITIONS
 THE FOLLOWING WEATHER WAS RECORDED YESTERDAY.
  LIGHT RAIN
  LIGHT SNOW
  FOG


RELATIVE HUMIDITY (PERCENT)
 HIGHEST    92           700 AM
 LOWEST     29           200 PM
 AVERAGE    61

..........................................................


THE SCOTTSBLUFF NE AIRPORT CLIMATE NORMALS FOR TODAY
                         NORMAL    RECORD    YEAR
 MAXIMUM TEMPERATURE (F)   55        85      2012
 MINIMUM TEMPERATURE (F)   27        -6      1899


SUNRISE AND SUNSET
MARCH 26 2015.........SUNRISE   648 AM MDT   SUNSET   713 PM MDT
MARCH 27 2015.........SUNRISE   646 AM MDT   SUNSET   714 PM MDT


-  INDICATES NEGATIVE NUMBERS.
R  INDICATES RECORD WAS SET OR TIED.
MM INDICATES DATA IS MISSING.
T  INDICATES TRACE AMOUNT.




$$
