000
CDUS45 KCYS 270730
CLIBFF


CLIMATE REPORT
NATIONAL WEATHER SERVICE CHEYENNE WY
129 AM MDT WED MAY 27 2015


...................................

...THE SCOTTSBLUFF NE AIRPORT CLIMATE SUMMARY FOR MAY 26 2015...

CLIMATE NORMAL PERIOD 1981 TO 2010
CLIMATE RECORD PERIOD 1871 TO 2015


WEATHER ITEM   OBSERVED TIME   RECORD YEAR NORMAL DEPARTURE LAST
                VALUE   (LST)  VALUE       VALUE  FROM      YEAR
                                                  NORMAL
..................................................................
TEMPERATURE (F)
 YESTERDAY
  MAXIMUM         70    401 PM  95    1931  75     -5       81
  MINIMUM         45    449 AM  34    1992  47     -2       52
                                      1975
  AVERAGE         58                        61     -3       67

PRECIPITATION (IN)
  YESTERDAY        T             2.00 1898   0.10  -0.10     0.03
  MONTH TO DATE    6.43                      1.98   4.45     3.63
  SINCE JAN 1     10.64                      5.82   4.82     6.70

SNOWFALL (IN)
  YESTERDAY        0.0          MM      MM   0.0    0.0      0.0
  MONTH TO DATE    8.0                       0.5    7.5      5.0
  SINCE JUL 1     51.7                      42.1    9.6     66.5
  SNOW DEPTH       0

DEGREE DAYS
 HEATING
  YESTERDAY        7                         5      2        0
  MONTH TO DATE  329                       239     90      259
  SINCE MAR 1   1418                      1620   -202     1586
  SINCE JUL 1   6133                      6532   -399     6619

 COOLING
  YESTERDAY        0                         1     -1        2
  MONTH TO DATE    0                        15    -15        2
  SINCE MAR 1      0                        17    -17        2
  SINCE JAN 1      0                        17    -17        2
..................................................................


WIND (MPH)
  HIGHEST WIND SPEED    14   HIGHEST WIND DIRECTION    SE (130)
  HIGHEST GUST SPEED    23   HIGHEST GUST DIRECTION    SE (120)
  AVERAGE WIND SPEED     6.5


SKY COVER
  AVERAGE SKY COVER 0.5


WEATHER CONDITIONS
 THE FOLLOWING WEATHER WAS RECORDED YESTERDAY.
  FOG
  FOG W/VISIBILITY <= 1/4 MILE


RELATIVE HUMIDITY (PERCENT)
 HIGHEST   100          1200 AM
 LOWEST     47           400 PM
 AVERAGE    74

..........................................................


THE SCOTTSBLUFF NE AIRPORT CLIMATE NORMALS FOR TODAY
                         NORMAL    RECORD    YEAR
 MAXIMUM TEMPERATURE (F)   75        96      2006
 MINIMUM TEMPERATURE (F)   47        29      1907


SUNRISE AND SUNSET
MAY 27 2015...........SUNRISE   525 AM MDT   SUNSET   819 PM MDT
MAY 28 2015...........SUNRISE   524 AM MDT   SUNSET   820 PM MDT


-  INDICATES NEGATIVE NUMBERS.
R  INDICATES RECORD WAS SET OR TIED.
MM INDICATES DATA IS MISSING.
T  INDICATES TRACE AMOUNT.




$$
