000
CDUS45 KCYS 170731
CLIBFF


CLIMATE REPORT
NATIONAL WEATHER SERVICE CHEYENNE WY
130 AM MDT THU APR 17 2014


...................................

...THE SCOTTSBLUFF NEBRASKA AIRPORT CLIMATE SUMMARY FOR APRIL 16 2014...

CLIMATE NORMAL PERIOD 1981 TO 2010
CLIMATE RECORD PERIOD 1871 TO 2014


WEATHER ITEM   OBSERVED TIME   RECORD YEAR NORMAL DEPARTURE LAST
                VALUE   (LST)  VALUE       VALUE  FROM      YEAR
                                                  NORMAL
..................................................................
TEMPERATURE (F)
 YESTERDAY
  MAXIMUM         55    330 PM  87    1926  61     -6       31
  MINIMUM         33    919 PM  10    1951  32      1       27
  AVERAGE         44                        47     -3       29

PRECIPITATION (IN)
  YESTERDAY        T             0.90 1976   0.06  -0.06     0.27
  MONTH TO DATE    0.09                      0.91  -0.82     1.74
  SINCE JAN 1      2.54                      2.92  -0.38     2.49

SNOWFALL (IN)
  YESTERDAY        0.0           3.8  2013   0.2   -0.2      3.8
  MONTH TO DATE    1.1                       3.6   -2.5     16.0
  SINCE JUL 1     61.5                      39.8   21.7     38.9
  SNOW DEPTH       0

DEGREE DAYS
 HEATING
  YESTERDAY       21                        18      3       36
  MONTH TO DATE  327                       330     -3      416
  SINCE MAR 1   1157                      1159     -2     1233
  SINCE JUL 1   6190                      6071    119     5754

 COOLING
  YESTERDAY        0                         0      0        0
  MONTH TO DATE    0                         0      0        0
  SINCE MAR 1      0                         0      0        0
  SINCE JAN 1      0                         0      0        0
..................................................................


WIND (MPH)
  HIGHEST WIND SPEED    33   HIGHEST WIND DIRECTION     W (250)
  HIGHEST GUST SPEED    50   HIGHEST GUST DIRECTION    NW (330)
  AVERAGE WIND SPEED    19.0


SKY COVER
  AVERAGE SKY COVER 0.5


WEATHER CONDITIONS
 THE FOLLOWING WEATHER WAS RECORDED YESTERDAY.
  LIGHT RAIN


RELATIVE HUMIDITY (PERCENT)
 HIGHEST    82           800 PM
 LOWEST     26           100 PM
 AVERAGE    54

..........................................................


THE SCOTTSBLUFF NEBRASKA AIRPORT CLIMATE NORMALS FOR TODAY
                         NORMAL    RECORD    YEAR
 MAXIMUM TEMPERATURE (F)   62        87      1948
 MINIMUM TEMPERATURE (F)   32         7      1896


SUNRISE AND SUNSET
APRIL 17 2014.........SUNRISE   611 AM MDT   SUNSET   738 PM MDT
APRIL 18 2014.........SUNRISE   609 AM MDT   SUNSET   739 PM MDT


-  INDICATES NEGATIVE NUMBERS.
R  INDICATES RECORD WAS SET OR TIED.
MM INDICATES DATA IS MISSING.
T  INDICATES TRACE AMOUNT.




$$
