000
CDUS46 KHNX 300947
CLIBFL


CLIMATE REPORT
NATIONAL WEATHER SERVICE SAN JOAQUIN VALLEY, CA
146 AM PST FRI JAN 30 2015


...................................

...THE BAKERSFIELD CLIMATE SUMMARY FOR JANUARY 29 2015...

CLIMATE NORMAL PERIOD 1981 TO 2010
CLIMATE RECORD PERIOD 1889 TO 2015


WEATHER ITEM   OBSERVED TIME   RECORD YEAR NORMAL DEPARTURE
                VALUE   (LST)  VALUE       VALUE  FROM
                                                  NORMAL
...............................................................
TEMPERATURE (F)
 YESTERDAY
  MAXIMUM         65    240 PM  74    1986  59      6
                                      1960
                                      1928
  MINIMUM         51    737 AM  27    1903  40     11
                                      1902
  AVERAGE         58                        49      9

PRECIPITATION (IN)
  YESTERDAY        0.00          0.58 1981   0.04  -0.04
  MONTH TO DATE    0.69                      1.07  -0.38
  SINCE OCT 1      3.36                      3.03   0.33
  SINCE JAN 1      0.69                      1.07  -0.38

SNOWFALL (IN)
  YESTERDAY        0.0
  MONTH TO DATE    0.0
  SINCE DEC 1      0.0
  SINCE JUL 1      0.0
  SNOW DEPTH       0

DEGREE DAYS
 HEATING
  YESTERDAY        7                               -9
  MONTH TO DATE  428                              -75
  SINCE DEC 1    773                             -263
  SINCE JUL 1    947                             -447

 COOLING
  YESTERDAY        0                                0
  MONTH TO DATE    0                                0
  SINCE DEC 1      0                                0
  SINCE JAN 1      0                                0
...............................................................


WIND (MPH)
  HIGHEST WIND SPEED     9   HIGHEST WIND DIRECTION     N (360)
  HIGHEST GUST SPEED    11   HIGHEST GUST DIRECTION     N (360)
  AVERAGE WIND SPEED     2.1




RELATIVE HUMIDITY (PERCENT)
 HIGHEST    96
 LOWEST     63
 AVERAGE    80

..........................................................


THE BAKERSFIELD CLIMATE NORMALS FOR TODAY
                         NORMAL    RECORD    YEAR
 MAXIMUM TEMPERATURE (F)   59        77      1911
 MINIMUM TEMPERATURE (F)   40        23      1902


SUNRISE AND SUNSET
JANUARY 30 2015.......SUNRISE   657 AM PST   SUNSET   522 PM PST
JANUARY 31 2015.......SUNRISE   657 AM PST   SUNSET   523 PM PST


-  INDICATES NEGATIVE NUMBERS.
R  INDICATES RECORD WAS SET OR TIED.
MM INDICATES DATA IS MISSING.
T  INDICATES TRACE AMOUNT.




$$
