000
CDUS46 KHNX 250824
CLIBFL


CLIMATE REPORT
NATIONAL WEATHER SERVICE SAN JOAQUIN VALLEY, CA
123 AM PDT SAT MAR 25 2017


...................................

...THE BAKERSFIELD CLIMATE SUMMARY FOR MARCH 24 2017...

CLIMATE NORMAL PERIOD 1981 TO 2010
CLIMATE RECORD PERIOD 1889 TO 2017


WEATHER ITEM   OBSERVED TIME   RECORD YEAR NORMAL DEPARTURE
                VALUE   (LST)  VALUE       VALUE  FROM
                                                  NORMAL
...............................................................
TEMPERATURE (F)
 YESTERDAY
  MAXIMUM         76    138 PM  87    1926  70      6
  MINIMUM         43    234 AM  32    1904  47     -4
  AVERAGE         60                        58      2

PRECIPITATION (IN)
  YESTERDAY        0.02          0.50 1935   0.03  -0.01
  MONTH TO DATE    0.13                      0.98  -0.85
  SINCE OCT 1      7.38                      5.34   2.04
  SINCE JAN 1      4.35                      3.38   0.97

SNOWFALL (IN)
  YESTERDAY        0.0
  MONTH TO DATE    0.0
  SINCE MAR 1      0.0
  SINCE JUL 1      0.0
  SNOW DEPTH       0

DEGREE DAYS
 HEATING
  YESTERDAY        5                               -2
  MONTH TO DATE  135                              -57
  SINCE MAR 1    135                              -57
  SINCE JUL 1   1503                             -463

 COOLING
  YESTERDAY        0                                0
  MONTH TO DATE   24                               24
  SINCE MAR 1     24                               24
  SINCE JAN 1     26                               26
...............................................................


WIND (MPH)
  HIGHEST WIND SPEED    16   HIGHEST WIND DIRECTION     N (360)
  HIGHEST GUST SPEED    21   HIGHEST GUST DIRECTION     N (360)
  AVERAGE WIND SPEED     5.8




RELATIVE HUMIDITY (PERCENT)
 HIGHEST    83
 LOWEST     20
 AVERAGE    52

..........................................................


THE BAKERSFIELD CLIMATE NORMALS FOR TODAY
                         NORMAL    RECORD    YEAR
 MAXIMUM TEMPERATURE (F)   70        90      1997
 MINIMUM TEMPERATURE (F)   47        32      1907
                                             1904
                                             1902


SUNRISE AND SUNSET
MARCH 25 2017.........SUNRISE   652 AM PDT   SUNSET   712 PM PDT
MARCH 26 2017.........SUNRISE   651 AM PDT   SUNSET   713 PM PDT


-  INDICATES NEGATIVE NUMBERS.
R  INDICATES RECORD WAS SET OR TIED.
MM INDICATES DATA IS MISSING.
T  INDICATES TRACE AMOUNT.




$$
