000
CDUS46 KHNX 040022
CLIBFL


CLIMATE REPORT
NATIONAL WEATHER SERVICE SAN JOAQUIN VALLEY, CA
522 PM PDT THU SEP 3 2015


...................................

...THE BAKERSFIELD CLIMATE SUMMARY FOR SEPTEMBER 3 2015...
VALID AS OF 0500 PM LOCAL TIME.

CLIMATE NORMAL PERIOD 1981 TO 2010
CLIMATE RECORD PERIOD 1889 TO 2015


WEATHER ITEM   OBSERVED TIME   RECORD YEAR NORMAL DEPARTURE LAST
                VALUE   (LST)  VALUE       VALUE  FROM      YEAR
                                                  NORMAL
..................................................................
TEMPERATURE (F)
 TODAY
  MAXIMUM         87    337 PM 112    1955  93     -6       98
  MINIMUM         66    514 AM  50    1913  67     -1       72
  AVERAGE         77                        80     -3       85

PRECIPITATION (IN)
  TODAY            0.00          0.04 1998   0.00   0.00     0.00
  MONTH TO DATE    0.00                      0.00   0.00     0.00
  SINCE OCT 1      5.33                      6.39  -1.06     2.41
  SINCE JAN 1      2.66                      4.43  -1.77     1.34

SNOWFALL (IN)
  TODAY            0.0
  MONTH TO DATE    0.0
  SINCE SEP 1      0.0
  SINCE JUL 1      0.0
  SNOW DEPTH       0

DEGREE DAYS
 HEATING
  TODAY            0                         0      0        0
  MONTH TO DATE    0                         0      0        0
  SINCE SEP 1      0                         0      0        0
  SINCE JUL 1      0                         0      0        0

 COOLING
  TODAY           12                        15     -3       20
  MONTH TO DATE   43                        45     -2       62
  SINCE SEP 1     43                        45     -2       62
  SINCE JAN 1   2150                      1813    337     2343
..................................................................


WIND (MPH)
  HIGHEST WIND SPEED    15   HIGHEST WIND DIRECTION    NW (310)
  HIGHEST GUST SPEED    28   HIGHEST GUST DIRECTION    NW (310)
  AVERAGE WIND SPEED     6.8




RELATIVE HUMIDITY (PERCENT)
 HIGHEST    56
 LOWEST     27
 AVERAGE    42

..........................................................


THE BAKERSFIELD CLIMATE NORMALS FOR TOMORROW
                         NORMAL    RECORD    YEAR
 MAXIMUM TEMPERATURE (F)   93       109      1988
                                             1955
 MINIMUM TEMPERATURE (F)   66        49      1915


SUNRISE AND SUNSET
SEPTEMBER  3 2015.....SUNRISE   630 AM PDT   SUNSET   721 PM PDT
SEPTEMBER  4 2015.....SUNRISE   631 AM PDT   SUNSET   719 PM PDT


-  INDICATES NEGATIVE NUMBERS.
R  INDICATES RECORD WAS SET OR TIED.
MM INDICATES DATA IS MISSING.
T  INDICATES TRACE AMOUNT.




$$
