000
CDUS46 KHNX 250022
CLIBFL


CLIMATE REPORT
NATIONAL WEATHER SERVICE SAN JOAQUIN VALLEY, CA
421 PM PST WED DEC 24 2014


...................................

...THE BAKERSFIELD CLIMATE SUMMARY FOR DECEMBER 24 2014...
VALID AS OF 0400 PM LOCAL TIME.

CLIMATE NORMAL PERIOD 1981 TO 2010
CLIMATE RECORD PERIOD 1889 TO 2014


WEATHER ITEM   OBSERVED TIME   RECORD YEAR NORMAL DEPARTURE LAST
                VALUE   (LST)  VALUE       VALUE  FROM      YEAR
                                                  NORMAL
..................................................................
TEMPERATURE (F)
 TODAY
  MAXIMUM         65    258 PM  75    1964  55     10       64
  MINIMUM         47    720 AM  13    1905  39      8       37
  AVERAGE         56                        47      9       51

PRECIPITATION (IN)
  TODAY            0.00          0.75 1994   0.04  -0.04     0.00
  MONTH TO DATE    1.87                      0.75   1.12     0.10
  SINCE JUL 1      2.53                      1.81   0.72     1.07
  SINCE JAN 1      3.87                      6.20  -2.33     3.43

SNOWFALL (IN)
  TODAY            0.0
  MONTH TO DATE    0.0
  SINCE DEC 1      0.0
  SINCE JUL 1      0.0
  SNOW DEPTH       0

DEGREE DAYS
 HEATING
  TODAY            9                        18     -9       14
  MONTH TO DATE  195                       406   -211      434
  SINCE DEC 1    195                       406   -211      434
  SINCE JUL 1    369                       764   -395      678

 COOLING
  TODAY            0                         0      0        0
  MONTH TO DATE    0                         0      0        0
  SINCE DEC 1      0                         0      0        0
  SINCE JAN 1   2983                      2258    725     2557
..................................................................


WIND (MPH)
  HIGHEST WIND SPEED     9   HIGHEST WIND DIRECTION     W (280)
  HIGHEST GUST SPEED    10   HIGHEST GUST DIRECTION     W (280)
  AVERAGE WIND SPEED     2.5




RELATIVE HUMIDITY (PERCENT)
 HIGHEST    93
 LOWEST     67
 AVERAGE    80

..........................................................


THE BAKERSFIELD CLIMATE NORMALS FOR TOMORROW
                         NORMAL    RECORD    YEAR
 MAXIMUM TEMPERATURE (F)   55        76      1902
 MINIMUM TEMPERATURE (F)   39        21      1899


SUNRISE AND SUNSET
DECEMBER 24 2014......SUNRISE   703 AM PST   SUNSET   449 PM PST
DECEMBER 25 2014......SUNRISE   703 AM PST   SUNSET   450 PM PST


-  INDICATES NEGATIVE NUMBERS.
R  INDICATES RECORD WAS SET OR TIED.
MM INDICATES DATA IS MISSING.
T  INDICATES TRACE AMOUNT.




$$
