000
CDUS44 KAMA 310634
CLIBGD


CLIMATE REPORT
NATIONAL WEATHER SERVICE AMARILLO TX
134 AM CDT FRI JUL 31 2015


...................................

...THE BORGER CLIMATE SUMMARY FOR JULY 30 2015...

CLIMATE NORMAL PERIOD 1981 TO 2013
CLIMATE RECORD PERIOD 1949 TO 2015


WEATHER ITEM   OBSERVED TIME   RECORD YEAR NORMAL DEPARTURE LAST
                VALUE   (LST)  VALUE       VALUE  FROM      YEAR
                                                  NORMAL
..................................................................
TEMPERATURE (F)
 YESTERDAY
  MAXIMUM         87    616 PM 106    2012  94     -7       78
  MINIMUM         69    610 AM  56    1971  70     -1       65
  AVERAGE         78                        82     -4       72

PRECIPITATION (IN)
  YESTERDAY        0.00          3.66 1982   0.14  -0.14     0.01
  MONTH TO DATE    8.29                      2.47   5.82     3.17
  SINCE JUN 1     13.44                      5.64   7.80     4.91
  SINCE JAN 1     28.96                     12.69  16.27     7.03

SNOWFALL (IN)
  YESTERDAY        0.0           0.0  2013                   0.0
                                      2012
                                      2011
  MONTH TO DATE    0.0                                       0.0
  SINCE JUN 1      0.0                                       0.0
  SINCE JUL 1      0.0                                       0.0
  SNOW DEPTH       0

DEGREE DAYS
 HEATING
  YESTERDAY        0                         0      0        0
  MONTH TO DATE    0                         0      0        1
  SINCE JUN 1      0                         3     -3        4
  SINCE JUL 1      0                         0      0        1

 COOLING
  YESTERDAY       13                        17     -4        7
  MONTH TO DATE  492                       505    -13      465
  SINCE JUN 1    905                       863     42      872
  SINCE JAN 1   1029                      1060    -31     1186
..................................................................


WIND (MPH)
  RESULTANT WIND SPEED   5   RESULTANT WIND DIRECTION  NE (30)
  HIGHEST WIND SPEED    17   HIGHEST WIND DIRECTION     N (10)
  HIGHEST GUST SPEED    23   HIGHEST GUST DIRECTION     N (360)
  AVERAGE WIND SPEED     7.3


SKY COVER
  AVERAGE SKY COVER 0.5


WEATHER CONDITIONS
 THE FOLLOWING WEATHER WAS RECORDED YESTERDAY.
  NO SIGNIFICANT WEATHER WAS OBSERVED.


RELATIVE HUMIDITY (PERCENT)
 HIGHEST    93           100 AM
 LOWEST     57           600 PM
 AVERAGE    75

..........................................................


THE BORGER CLIMATE NORMALS FOR TODAY
                         NORMAL    RECORD    YEAR
 MAXIMUM TEMPERATURE (F)   94       105      2012
 MINIMUM TEMPERATURE (F)   70        55      1971


SUNRISE AND SUNSET
JULY 31 2015..........SUNRISE   653 AM CDT   SUNSET   851 PM CDT
AUGUST  1 2015........SUNRISE   653 AM CDT   SUNSET   850 PM CDT


-  INDICATES NEGATIVE NUMBERS.
R  INDICATES RECORD WAS SET OR TIED.
MM INDICATES DATA IS MISSING.
T  INDICATES TRACE AMOUNT.




$$
