000
CDUS44 KAMA 182240
CLIBGD


CLIMATE REPORT
NATIONAL WEATHER SERVICE AMARILLO TX
439 PM CST WED JAN 18 2017


...................................

...THE BORGER CLIMATE SUMMARY FOR JANUARY 18 2017...
VALID TODAY AS OF 0400 PM LOCAL TIME.

CLIMATE NORMAL PERIOD 1981 TO 2010
CLIMATE RECORD PERIOD 1949 TO 2017


WEATHER ITEM   OBSERVED TIME   RECORD YEAR NORMAL DEPARTURE LAST
                VALUE   (LST)  VALUE       VALUE  FROM      YEAR
                                                  NORMAL
..................................................................
TEMPERATURE (F)
 TODAY
  MAXIMUM         60    259 PM  71    1982  52      8       50
  MINIMUM         38    746 AM  -3    1984  26     12       20
  AVERAGE         49                        39     10       35

PRECIPITATION (IN)
  TODAY            0.04          0.46 1990   0.02   0.02      T
  MONTH TO DATE    2.60                      0.29   2.31     0.28
  SINCE DEC 1      2.82                      1.06   1.76     1.42
  SINCE JAN 1      2.60                      0.29   2.31     0.28

SNOWFALL (IN)
  TODAY           MM             6.0  1987                    T
  MONTH TO DATE    0.0                                       2.5
  SINCE DEC 1      0.1                                       5.4
  SINCE JUL 1      0.1                                       6.2
  SNOW DEPTH       0

DEGREE DAYS
 HEATING
  TODAY           16                        26    -10       30
  MONTH TO DATE  493                       486      7      520
  SINCE DEC 1   1264                      1306    -42     1200
  SINCE JUL 1   1637                      2023   -386     1772

 COOLING
  TODAY            0                         0      0        0
  MONTH TO DATE    0                         0      0        0
  SINCE DEC 1      0                         0      0        0
  SINCE JAN 1      0                         0      0        0
..................................................................


WIND (MPH)
  RESULTANT WIND SPEED  10   RESULTANT WIND DIRECTION  SW (210)
  HIGHEST WIND SPEED    20   HIGHEST WIND DIRECTION    SW (210)
  HIGHEST GUST SPEED    27   HIGHEST GUST DIRECTION    SW (210)
  AVERAGE WIND SPEED    10.7


SKY COVER
  AVERAGE SKY COVER 0.4


WEATHER CONDITIONS
 THE FOLLOWING WEATHER WAS RECORDED TODAY.
  LIGHT RAIN
  FOG


RELATIVE HUMIDITY (PERCENT)
 HIGHEST   100           500 AM
 LOWEST     46           300 PM
 AVERAGE    73

..........................................................


THE BORGER CLIMATE NORMALS FOR TOMORROW
                         NORMAL    RECORD    YEAR
 MAXIMUM TEMPERATURE (F)   52        76      1986
 MINIMUM TEMPERATURE (F)   26        -3      1984


SUNRISE AND SUNSET
JANUARY 18 2017.......SUNRISE   754 AM CST   SUNSET   559 PM CST
JANUARY 19 2017.......SUNRISE   753 AM CST   SUNSET   600 PM CST


-  INDICATES NEGATIVE NUMBERS.
R  INDICATES RECORD WAS SET OR TIED.
MM INDICATES DATA IS MISSING.
T  INDICATES TRACE AMOUNT.




$$
