000
CDUS44 KAMA 300633
CLIBGD


CLIMATE REPORT
NATIONAL WEATHER SERVICE AMARILLO TX
130 AM CDT THU OCT 30 2014


...................................

...THE BORGER CLIMATE SUMMARY FOR OCTOBER 29 2014...

CLIMATE NORMAL PERIOD 1981 TO 2013
CLIMATE RECORD PERIOD 1949 TO 2014


WEATHER ITEM   OBSERVED TIME   RECORD YEAR NORMAL DEPARTURE LAST
                VALUE   (LST)  VALUE       VALUE  FROM      YEAR
                                                  NORMAL
..................................................................
TEMPERATURE (F)
 YESTERDAY
  MAXIMUM         73    405 PM  90    1950  69      4       71
  MINIMUM         40    523 AM  20    1991  43     -3       46
  AVERAGE         57                        56      1       59

PRECIPITATION (IN)
  YESTERDAY        0.00          0.47 1971   0.04  -0.04     0.00
  MONTH TO DATE    0.85                      1.62  -0.77     0.26
  SINCE SEP 1      2.67                      4.00  -1.33     2.52
  SINCE JAN 1     10.41                     20.01  -9.60    14.08

SNOWFALL (IN)
  YESTERDAY        0.0           0.7  1993                   0.0
  MONTH TO DATE    0.0                                       0.0
  SINCE SEP 1      0.0                                       0.0
  SINCE JUL 1      0.0                                       0.0
  SNOW DEPTH       0

DEGREE DAYS
 HEATING
  YESTERDAY        8                        10     -2        6
  MONTH TO DATE   80                       172    -92      179
  SINCE SEP 1     97                       199   -102      182
  SINCE JUL 1     98                       200   -102      182

 COOLING
  YESTERDAY        0                         1     -1        0
  MONTH TO DATE   79                        53     26       53
  SINCE SEP 1    318                       288     30      404
  SINCE JAN 1   2052                      1838    214     2215
..................................................................


WIND (MPH)
  RESULTANT WIND SPEED   8   RESULTANT WIND DIRECTION   S (190)
  HIGHEST WIND SPEED    18   HIGHEST WIND DIRECTION     S (190)
  HIGHEST GUST SPEED    25   HIGHEST GUST DIRECTION    SW (220)
  AVERAGE WIND SPEED     9.0


SKY COVER
  AVERAGE SKY COVER 0.0


WEATHER CONDITIONS
 THE FOLLOWING WEATHER WAS RECORDED YESTERDAY.
  NO SIGNIFICANT WEATHER WAS OBSERVED.


RELATIVE HUMIDITY (PERCENT)
 HIGHEST    67           600 AM
 LOWEST     29           200 PM
 AVERAGE    48

..........................................................


THE BORGER CLIMATE NORMALS FOR TODAY
                         NORMAL    RECORD    YEAR
 MAXIMUM TEMPERATURE (F)   68        88      1968
 MINIMUM TEMPERATURE (F)   42        13      1993


SUNRISE AND SUNSET
OCTOBER 30 2014.......SUNRISE   806 AM CDT   SUNSET   652 PM CDT
OCTOBER 31 2014.......SUNRISE   807 AM CDT   SUNSET   651 PM CDT


-  INDICATES NEGATIVE NUMBERS.
R  INDICATES RECORD WAS SET OR TIED.
MM INDICATES DATA IS MISSING.
T  INDICATES TRACE AMOUNT.




$$
