547
CDUS44 KAMA 261405
CLIBGD


CLIMATE REPORT
NATIONAL WEATHER SERVICE AMARILLO TX
905 AM CDT WED JUL 26 2017


...................................

...THE BORGER CLIMATE SUMMARY FOR JULY 26 2017...
VALID AS OF 0900 AM LOCAL TIME.

CLIMATE NORMAL PERIOD 1981 TO 2010
CLIMATE RECORD PERIOD 1949 TO 2017


WEATHER ITEM   OBSERVED TIME   RECORD YEAR NORMAL DEPARTURE LAST
                VALUE   (LST)  VALUE       VALUE  FROM      YEAR
                                                  NORMAL
..................................................................
TEMPERATURE (F)
 TODAY
  MINIMUM         79    636 AM  57    2004  70      9       71
                                      1959

PRECIPITATION (IN)
  TODAY            0.00          1.56 1977   0.09  -0.09     0.00
  MONTH TO DATE    1.39                      2.01  -0.62     0.74
  SINCE JUN 1      1.83                      5.18  -3.35     2.09
  SINCE JAN 1     12.98                     12.23   0.75    10.96

SNOWFALL (IN)
  TODAY            0.0           0.0  2013                   0.0
                                      2012
                                      2011
  MONTH TO DATE    0.0                                       0.0
  SINCE JUN 1      0.0                                       0.0
  SINCE JUL 1      0.0                                       0.0
  SNOW DEPTH       0

..................................................................


WIND (MPH)
  RESULTANT WIND SPEED  13   RESULTANT WIND DIRECTION   S (190)
  HIGHEST WIND SPEED    21   HIGHEST WIND DIRECTION    SW (220)
  HIGHEST GUST SPEED    30   HIGHEST GUST DIRECTION    SW (230)
  AVERAGE WIND SPEED    13.7


SKY COVER
  AVERAGE SKY COVER 0.1


WEATHER CONDITIONS
 THE FOLLOWING WEATHER WAS RECORDED TODAY.
  NO SIGNIFICANT WEATHER WAS OBSERVED.


RELATIVE HUMIDITY (PERCENT)
 HIGHEST    54           300 AM
 LOWEST     48          1200 AM
 AVERAGE    51

..........................................................


THE BORGER CLIMATE NORMALS FOR TOMORROW
                         NORMAL    RECORD    YEAR
 MAXIMUM TEMPERATURE (F)   95       105      2011
 MINIMUM TEMPERATURE (F)   70        55      1994


SUNRISE AND SUNSET
JULY 26 2017..........SUNRISE   649 AM CDT   SUNSET   855 PM CDT
JULY 27 2017..........SUNRISE   650 AM CDT   SUNSET   854 PM CDT


-  INDICATES NEGATIVE NUMBERS.
R  INDICATES RECORD WAS SET OR TIED.
MM INDICATES DATA IS MISSING.
T  INDICATES TRACE AMOUNT.




$$
