000
CDUS44 KAMA 210626
CLIBGD


CLIMATE REPORT
NATIONAL WEATHER SERVICE AMARILLO TX
125 AM CDT THU SEP 21 2017


...................................

...THE BORGER CLIMATE SUMMARY FOR SEPTEMBER 20 2017...

CLIMATE NORMAL PERIOD 1981 TO 2010
CLIMATE RECORD PERIOD 1949 TO 2017


WEATHER ITEM   OBSERVED TIME   RECORD YEAR NORMAL DEPARTURE LAST
                VALUE   (LST)  VALUE       VALUE  FROM      YEAR
                                                  NORMAL
..................................................................
TEMPERATURE (F)
 YESTERDAY
  MAXIMUM         83    455 PM  98    1956  82      1       94
  MINIMUM         57    654 AM  40    1991  59     -2       63
  AVERAGE         70                        70      0       79

PRECIPITATION (IN)
  YESTERDAY        0.00          3.05 1978   0.07  -0.07     0.00
  MONTH TO DATE    0.55                      1.64  -1.09     1.02
  SINCE SEP 1      0.55                      1.64  -1.09     1.02
  SINCE JAN 1     21.55                     17.65   3.90    15.36

SNOWFALL (IN)
  YESTERDAY        0.0           0.0  2013                   0.0
                                      2012
                                      2011
  MONTH TO DATE    0.0                                       0.0
  SINCE SEP 1      0.0                                       0.0
  SINCE JUL 1      0.0                                       0.0
  SNOW DEPTH       0

DEGREE DAYS
 HEATING
  YESTERDAY        0                         1     -1        0
  MONTH TO DATE    0                         6     -6        0
  SINCE SEP 1      0                         6     -6        0
  SINCE JUL 1      0                         7     -7        0

 COOLING
  YESTERDAY        5                         7     -2       14
  MONTH TO DATE  214                       184     30      226
  SINCE SEP 1    214                       184     30      226
  SINCE JAN 1   1877                      1734    143     1944
..................................................................


WIND (MPH)
  RESULTANT WIND SPEED   1   RESULTANT WIND DIRECTION  NE (40)
  HIGHEST WIND SPEED    17   HIGHEST WIND DIRECTION     N (20)
  HIGHEST GUST SPEED    25   HIGHEST GUST DIRECTION    NW (320)
  AVERAGE WIND SPEED     6.2


SKY COVER
  AVERAGE SKY COVER 0.0


WEATHER CONDITIONS
 THE FOLLOWING WEATHER WAS RECORDED YESTERDAY.
  NO SIGNIFICANT WEATHER WAS OBSERVED.


RELATIVE HUMIDITY (PERCENT)
 HIGHEST    56           400 AM
 LOWEST     24           500 PM
 AVERAGE    40

..........................................................


THE BORGER CLIMATE NORMALS FOR TODAY
                         NORMAL    RECORD    YEAR
 MAXIMUM TEMPERATURE (F)   82       100      1980
 MINIMUM TEMPERATURE (F)   58        33      1983


SUNRISE AND SUNSET
SEPTEMBER 21 2017.....SUNRISE   733 AM CDT   SUNSET   743 PM CDT
SEPTEMBER 22 2017.....SUNRISE   734 AM CDT   SUNSET   742 PM CDT


-  INDICATES NEGATIVE NUMBERS.
R  INDICATES RECORD WAS SET OR TIED.
MM INDICATES DATA IS MISSING.
T  INDICATES TRACE AMOUNT.




$$
