000
CDUS44 KAMA 300655
CLIBGD


CLIMATE REPORT
NATIONAL WEATHER SERVICE AMARILLO TX
147 AM CDT SAT JUL 30 2016


...................................

...THE BORGER CLIMATE SUMMARY FOR JULY 29 2016...

CLIMATE NORMAL PERIOD 1981 TO 2010
CLIMATE RECORD PERIOD 1949 TO 2016


WEATHER ITEM   OBSERVED TIME   RECORD YEAR NORMAL DEPARTURE LAST
                VALUE   (LST)  VALUE       VALUE  FROM      YEAR
                                                  NORMAL
..................................................................
TEMPERATURE (F)
 YESTERDAY
  MAXIMUM         91    436 PM 105    2012  94     -3       89
  MINIMUM         68    628 AM  59    1991  70     -2       69
  AVERAGE         80                        82     -2       79

PRECIPITATION (IN)
  YESTERDAY        0.02          1.18 2008   0.12  -0.10     0.00
  MONTH TO DATE    1.33                      2.33  -1.00     8.29
  SINCE JUN 1      2.68                      5.50  -2.82    13.44
  SINCE JAN 1     11.55                     12.55  -1.00    28.96

SNOWFALL (IN)
  YESTERDAY        0.0           0.0  2013                   0.0
                                      2012
                                      2011
  MONTH TO DATE    0.0                                       0.0
  SINCE JUN 1      0.0                                       0.0
  SINCE JUL 1      0.0                                       0.0
  SNOW DEPTH       0

DEGREE DAYS
 HEATING
  YESTERDAY        0                         0      0        0
  MONTH TO DATE    0                         0      0        0
  SINCE JUN 1      0                         3     -3        0
  SINCE JUL 1      0                         0      0        0

 COOLING
  YESTERDAY       15                        17     -2       14
  MONTH TO DATE  597                       488    109      479
  SINCE JUN 1   1050                       846    204      892
  SINCE JAN 1   1237                      1043    194     1016
..................................................................


WIND (MPH)
  RESULTANT WIND SPEED   6   RESULTANT WIND DIRECTION  SE (140)
  HIGHEST WIND SPEED    28   HIGHEST WIND DIRECTION     W (270)
  HIGHEST GUST SPEED    39   HIGHEST GUST DIRECTION     W (270)
  AVERAGE WIND SPEED    10.2


SKY COVER
  AVERAGE SKY COVER 0.2


WEATHER CONDITIONS
 THE FOLLOWING WEATHER WAS RECORDED YESTERDAY.
  THUNDERSTORM
  LIGHT RAIN


RELATIVE HUMIDITY (PERCENT)
 HIGHEST    79          1000 PM
 LOWEST     41           400 PM
 AVERAGE    60

..........................................................


THE BORGER CLIMATE NORMALS FOR TODAY
                         NORMAL    RECORD    YEAR
 MAXIMUM TEMPERATURE (F)   94       106      2012
 MINIMUM TEMPERATURE (F)   70        56      1971


SUNRISE AND SUNSET
JULY 30 2016..........SUNRISE   652 AM CDT   SUNSET   851 PM CDT
JULY 31 2016..........SUNRISE   653 AM CDT   SUNSET   850 PM CDT


-  INDICATES NEGATIVE NUMBERS.
R  INDICATES RECORD WAS SET OR TIED.
MM INDICATES DATA IS MISSING.
T  INDICATES TRACE AMOUNT.




$$
