000
CDUS44 KAMA 022131
CLIBGD


CLIMATE REPORT
NATIONAL WEATHER SERVICE AMARILLO TX
431 PM CDT TUE SEP 2 2014


...................................

...THE BORGER CLIMATE SUMMARY FOR SEPTEMBER 2 2014...
VALID TODAY AS OF 0400 PM LOCAL TIME.

CLIMATE NORMAL PERIOD 1981 TO 2013
CLIMATE RECORD PERIOD 1949 TO 2014


WEATHER ITEM   OBSERVED TIME   RECORD YEAR NORMAL DEPARTURE LAST
                VALUE   (LST)  VALUE       VALUE  FROM      YEAR
                                                  NORMAL
..................................................................
TEMPERATURE (F)
 TODAY
  MAXIMUM         94    258 PM 102    2000  89      5       93
  MINIMUM         69    744 AM  48    1974  65      4       69
  AVERAGE         82                        77      5       81

PRECIPITATION (IN)
  TODAY            0.00          1.71 2009   0.07  -0.07     0.00
  MONTH TO DATE    0.00                      0.15  -0.15      T
  SINCE SEP 1      0.00                      0.15  -0.15      T
  SINCE JAN 1      7.74                     16.16  -8.42    11.56

SNOWFALL (IN)
  TODAY            0.0           0.0  2013                   0.0
                                      2012
                                      2011
  MONTH TO DATE    0.0                                       0.0
  SINCE SEP 1      0.0                                       0.0
  SINCE JUL 1      0.0                                       0.0
  SNOW DEPTH       0

DEGREE DAYS
 HEATING
  TODAY            0                         0      0        0
  MONTH TO DATE    0                         0      0        0
  SINCE SEP 1      0                         0      0        0
  SINCE JUL 1      1                         1      0        0

 COOLING
  TODAY           17                        12      5       16
  MONTH TO DATE   32                        24      8       31
  SINCE SEP 1     32                        24      8       31
  SINCE JAN 1   1766                      1574    192     1842
..................................................................


WIND (MPH)
  RESULTANT WIND SPEED   8   RESULTANT WIND DIRECTION  NE (50)
  HIGHEST WIND SPEED    16   HIGHEST WIND DIRECTION    NE (60)
  HIGHEST GUST SPEED    21   HIGHEST GUST DIRECTION    NE (60)
  AVERAGE WIND SPEED     9.0


SKY COVER
  AVERAGE SKY COVER 0.3


WEATHER CONDITIONS
 THE FOLLOWING WEATHER WAS RECORDED TODAY.
  NO SIGNIFICANT WEATHER WAS OBSERVED.


RELATIVE HUMIDITY (PERCENT)
 HIGHEST    90           300 AM
 LOWEST     33           300 PM
 AVERAGE    62

..........................................................


THE BORGER CLIMATE NORMALS FOR TOMORROW
                         NORMAL    RECORD    YEAR
 MAXIMUM TEMPERATURE (F)   88       103      2000
 MINIMUM TEMPERATURE (F)   64        44      1974


SUNRISE AND SUNSET
SEPTEMBER  2 2014.....SUNRISE   718 AM CDT   SUNSET   811 PM CDT
SEPTEMBER  3 2014.....SUNRISE   719 AM CDT   SUNSET   810 PM CDT


-  INDICATES NEGATIVE NUMBERS.
R  INDICATES RECORD WAS SET OR TIED.
MM INDICATES DATA IS MISSING.
T  INDICATES TRACE AMOUNT.




$$
