000
CDUS44 KAMA 192127
CLIBGD


CLIMATE REPORT
NATIONAL WEATHER SERVICE AMARILLO TX
426 PM CDT FRI SEP 19 2014


...................................

...THE BORGER CLIMATE SUMMARY FOR SEPTEMBER 19 2014...
VALID TODAY AS OF 0400 PM LOCAL TIME.

CLIMATE NORMAL PERIOD 1981 TO 2013
CLIMATE RECORD PERIOD 1949 TO 2014


WEATHER ITEM   OBSERVED TIME   RECORD YEAR NORMAL DEPARTURE LAST
                VALUE   (LST)  VALUE       VALUE  FROM      YEAR
                                                  NORMAL
..................................................................
TEMPERATURE (F)
 TODAY
  MAXIMUM         83    315 PM  98    1983  83      0       87
  MINIMUM         63    650 AM  42    1971  59      4       64
  AVERAGE         73                        71      2       76

PRECIPITATION (IN)
  TODAY            0.00          0.93 2002   0.07  -0.07     0.46
  MONTH TO DATE    1.79                      1.57   0.22     2.01
  SINCE SEP 1      1.79                      1.57   0.22     2.01
  SINCE JAN 1      9.53                     17.58  -8.05    13.57

SNOWFALL (IN)
  TODAY            0.0           0.0                         0.0
  MONTH TO DATE    0.0                                       0.0
  SINCE SEP 1      0.0                                       0.0
  SINCE JUL 1      0.0                                       0.0
  SNOW DEPTH       0

DEGREE DAYS
 HEATING
  TODAY            0                         1     -1        0
  MONTH TO DATE   17                         5     12        0
  SINCE SEP 1     17                         5     12        0
  SINCE JUL 1     18                         6     12        0

 COOLING
  TODAY            8                         7      1       11
  MONTH TO DATE  160                       177    -17      282
  SINCE SEP 1    160                       177    -17      282
  SINCE JAN 1   1894                      1727    167     2093
..................................................................


WIND (MPH)
  RESULTANT WIND SPEED   7   RESULTANT WIND DIRECTION   S (190)
  HIGHEST WIND SPEED    17   HIGHEST WIND DIRECTION     S (180)
  HIGHEST GUST SPEED    24   HIGHEST GUST DIRECTION     S (200)
  AVERAGE WIND SPEED     7.4


SKY COVER
  AVERAGE SKY COVER 0.5


WEATHER CONDITIONS
 THE FOLLOWING WEATHER WAS RECORDED TODAY.
  NO SIGNIFICANT WEATHER WAS OBSERVED.


RELATIVE HUMIDITY (PERCENT)
 HIGHEST    87           300 AM
 LOWEST     51           100 PM
 AVERAGE    69

..........................................................


THE BORGER CLIMATE NORMALS FOR TOMORROW
                         NORMAL    RECORD    YEAR
 MAXIMUM TEMPERATURE (F)   82        98      1956
 MINIMUM TEMPERATURE (F)   59        40      1991


SUNRISE AND SUNSET
SEPTEMBER 19 2014.....SUNRISE   731 AM CDT   SUNSET   747 PM CDT
SEPTEMBER 20 2014.....SUNRISE   732 AM CDT   SUNSET   745 PM CDT


-  INDICATES NEGATIVE NUMBERS.
R  INDICATES RECORD WAS SET OR TIED.
MM INDICATES DATA IS MISSING.
T  INDICATES TRACE AMOUNT.




$$
