000
CDUS44 KAMA 280639
CLIBGD


CLIMATE REPORT
NATIONAL WEATHER SERVICE AMARILLO TX
139 AM CDT WED SEP 28 2016


...................................

...THE BORGER CLIMATE SUMMARY FOR SEPTEMBER 27 2016...

CLIMATE NORMAL PERIOD 1981 TO 2010
CLIMATE RECORD PERIOD 1949 TO 2016


WEATHER ITEM   OBSERVED TIME   RECORD YEAR NORMAL DEPARTURE LAST
                VALUE   (LST)  VALUE       VALUE  FROM      YEAR
                                                  NORMAL
..................................................................
TEMPERATURE (F)
 YESTERDAY
  MAXIMUM         84    506 PM  97    2009  80      4       86
                                      1953
  MINIMUM         51    549 AM  39    1996  56     -5       57
  AVERAGE         68                        68      0       72

PRECIPITATION (IN)
  YESTERDAY        0.00          1.18 1976   0.07  -0.07     0.00
  MONTH TO DATE    1.02                      2.15  -1.13     0.59
  SINCE SEP 1      1.02                      2.15  -1.13     0.59
  SINCE JAN 1     15.36                     18.16  -2.80    35.55

SNOWFALL (IN)
  YESTERDAY        0.0           0.0  2013                   0.0
                                      2012
                                      2011
  MONTH TO DATE    0.0                                       0.0
  SINCE SEP 1      0.0                                       0.0
  SINCE JUL 1      0.0                                       0.0
  SNOW DEPTH       0

DEGREE DAYS
 HEATING
  YESTERDAY        0                         2     -2        0
  MONTH TO DATE    3                        17    -14        0
  SINCE SEP 1      3                        17    -14        0
  SINCE JUL 1      3                        18    -15        0

 COOLING
  YESTERDAY        3                         5     -2        7
  MONTH TO DATE  284                       222     62      360
  SINCE SEP 1    284                       222     62      360
  SINCE JAN 1   2002                      1772    230     1858
..................................................................


WIND (MPH)
  RESULTANT WIND SPEED   6   RESULTANT WIND DIRECTION  SW (230)
  HIGHEST WIND SPEED    13   HIGHEST WIND DIRECTION     S (190)
  HIGHEST GUST SPEED    17   HIGHEST GUST DIRECTION     S (180)
  AVERAGE WIND SPEED     7.3


SKY COVER
  AVERAGE SKY COVER 0.0


WEATHER CONDITIONS
 THE FOLLOWING WEATHER WAS RECORDED YESTERDAY.
  NO SIGNIFICANT WEATHER WAS OBSERVED.


RELATIVE HUMIDITY (PERCENT)
 HIGHEST    63           100 AM
 LOWEST     17           300 PM
 AVERAGE    40

..........................................................


THE BORGER CLIMATE NORMALS FOR TODAY
                         NORMAL    RECORD    YEAR
 MAXIMUM TEMPERATURE (F)   79        97      1994
 MINIMUM TEMPERATURE (F)   55        37      1984


SUNRISE AND SUNSET
SEPTEMBER 28 2016.....SUNRISE   739 AM CDT   SUNSET   733 PM CDT
SEPTEMBER 29 2016.....SUNRISE   739 AM CDT   SUNSET   731 PM CDT


-  INDICATES NEGATIVE NUMBERS.
R  INDICATES RECORD WAS SET OR TIED.
MM INDICATES DATA IS MISSING.
T  INDICATES TRACE AMOUNT.




$$
