000
CDUS44 KAMA 092135
CLIBGD


CLIMATE REPORT
NATIONAL WEATHER SERVICE AMARILLO TX
435 PM CDT WED JUL 9 2014


...................................

...THE BORGER CLIMATE SUMMARY FOR JULY 9 2014...
VALID TODAY AS OF 0400 PM LOCAL TIME.

CLIMATE NORMAL PERIOD 1981 TO 2013
CLIMATE RECORD PERIOD 1949 TO 2014


WEATHER ITEM   OBSERVED TIME   RECORD YEAR NORMAL DEPARTURE LAST
                VALUE   (LST)  VALUE       VALUE  FROM      YEAR
                                                  NORMAL
..................................................................
TEMPERATURE (F)
 TODAY
  MAXIMUM         97    251 PM 109    2009  94      3      101
  MINIMUM         67    545 AM  54    1952  69     -2       79
  AVERAGE         82                        82      0       90

PRECIPITATION (IN)
  TODAY            0.00          1.66 1961   0.07  -0.07     0.00
  MONTH TO DATE    0.90                      0.86   0.04     0.09
  SINCE JUN 1      2.64                      4.03  -1.39     2.26
  SINCE JAN 1      4.76                     11.08  -6.32     6.73

SNOWFALL (IN)
  TODAY            0.0           0.0  2013                   0.0
                                      2012
                                      2011
  MONTH TO DATE    0.0                                       0.0
  SINCE JUN 1      0.0                                       0.0
  SINCE JUL 1      0.0                                       0.0
  SNOW DEPTH       0

DEGREE DAYS
 HEATING
  TODAY            0                         0      0        0
  MONTH TO DATE    0                         0      0        0
  SINCE JUN 1      3                         3      0        0
  SINCE JUL 1      0                         0      0        0

 COOLING
  TODAY           17                        17      0       25
  MONTH TO DATE  135                       145    -10      150
  SINCE JUN 1    542                       503     39      643
  SINCE JAN 1    856                       700    156      931
..................................................................


WIND (MPH)
  RESULTANT WIND SPEED   8   RESULTANT WIND DIRECTION  SE (140)
  HIGHEST WIND SPEED    18   HIGHEST WIND DIRECTION     S (180)
  HIGHEST GUST SPEED    26   HIGHEST GUST DIRECTION     S (160)
  AVERAGE WIND SPEED    10.2


SKY COVER
  AVERAGE SKY COVER 0.1


WEATHER CONDITIONS
 THE FOLLOWING WEATHER WAS RECORDED TODAY.
  NO SIGNIFICANT WEATHER WAS OBSERVED.


RELATIVE HUMIDITY (PERCENT)
 HIGHEST    66           700 AM
 LOWEST     27           300 PM
 AVERAGE    47

..........................................................


THE BORGER CLIMATE NORMALS FOR TOMORROW
                         NORMAL    RECORD    YEAR
 MAXIMUM TEMPERATURE (F)   94       108      2009
 MINIMUM TEMPERATURE (F)   70        58      1996


SUNRISE AND SUNSET
JULY  9 2014..........SUNRISE   637 AM CDT   SUNSET   904 PM CDT
JULY 10 2014..........SUNRISE   638 AM CDT   SUNSET   904 PM CDT


-  INDICATES NEGATIVE NUMBERS.
R  INDICATES RECORD WAS SET OR TIED.
MM INDICATES DATA IS MISSING.
T  INDICATES TRACE AMOUNT.




$$
