000
CDUS41 KBGM 220528
CLIBGM


CLIMATE REPORT
NATIONAL WEATHER SERVICE BINGHAMTON NY
126 AM EDT SUN OCT 22 2017


...................................

...THE BINGHAMTON NY CLIMATE SUMMARY FOR OCTOBER 21 2017...

CLIMATE NORMAL PERIOD 1981 TO 2010
CLIMATE RECORD PERIOD 1951 TO 2017


WEATHER ITEM   OBSERVED TIME   RECORD YEAR NORMAL DEPARTURE LAST
                VALUE   (LST)  VALUE       VALUE  FROM      YEAR
                                                  NORMAL
..................................................................
TEMPERATURE (F)
 YESTERDAY
  MAXIMUM         71    302 PM  80    1979  55     16       62
  MINIMUM         42    618 AM  21    1974  39      3       42
  AVERAGE         57                        47     10       52

PRECIPITATION (IN)
  YESTERDAY        0.00          2.74 2016   0.11  -0.11     2.74
  MONTH TO DATE    1.55                      2.29  -0.74     4.11
  SINCE SEP 1      2.81                      5.92  -3.11     5.14
  SINCE JAN 1     42.55                     32.13  10.42    28.69

SNOWFALL (IN)
  YESTERDAY        0.0           0.2  1992   0.1   -0.1      0.0
  MONTH TO DATE    0.0                       0.4   -0.4      0.0
  SINCE SEP 1      0.0                       0.4   -0.4      0.0
  SINCE JUL 1      0.0                       0.4   -0.4      0.0
  SNOW DEPTH       0

DEGREE DAYS
 HEATING
  YESTERDAY        8                        18    -10       13
  MONTH TO DATE  170                       315   -145      236
  SINCE SEP 1    325                       509   -184      350
  SINCE JUL 1    406                       572   -166      359

 COOLING
  YESTERDAY        0                         0      0        0
  MONTH TO DATE    9                         0      9        4
  SINCE SEP 1     78                        31     47       52
  SINCE JAN 1    349                       379    -30      563
..................................................................


WIND (MPH)
  HIGHEST WIND SPEED    10   HIGHEST WIND DIRECTION    SW (240)
  HIGHEST GUST SPEED    13   HIGHEST GUST DIRECTION    SW (220)
  AVERAGE WIND SPEED     4.1


SKY COVER
  AVERAGE SKY COVER 0.0


WEATHER CONDITIONS
 THE FOLLOWING WEATHER WAS RECORDED YESTERDAY.
  NO SIGNIFICANT WEATHER WAS OBSERVED.


RELATIVE HUMIDITY (PERCENT)
 HIGHEST    70           500 AM
 LOWEST     28           100 PM
 AVERAGE    49

..........................................................


THE BINGHAMTON NY CLIMATE NORMALS FOR TODAY
                         NORMAL    RECORD    YEAR
 MAXIMUM TEMPERATURE (F)   55        81      1979
 MINIMUM TEMPERATURE (F)   38        26      1969


SUNRISE AND SUNSET
OCTOBER 22 2017.......SUNRISE   725 AM EDT   SUNSET   611 PM EDT
OCTOBER 23 2017.......SUNRISE   726 AM EDT   SUNSET   609 PM EDT


-  INDICATES NEGATIVE NUMBERS.
R  INDICATES RECORD WAS SET OR TIED.
MM INDICATES DATA IS MISSING.
T  INDICATES TRACE AMOUNT.

$$
