000
CDUS41 KBGM 162121
CLIBGM


CLIMATE REPORT
NATIONAL WEATHER SERVICE BINGHAMTON NY
521 PM EDT WED APR 16 2014


...................................

...THE BINGHAMTON NY CLIMATE SUMMARY FOR APRIL 16 2014...
VALID TODAY AS OF 0500 PM LOCAL TIME.

CLIMATE NORMAL PERIOD 1981 TO 2010
CLIMATE RECORD PERIOD 1951 TO 2014


WEATHER ITEM   OBSERVED TIME   RECORD YEAR NORMAL DEPARTURE LAST
                VALUE   (LST)  VALUE       VALUE  FROM      YEAR
                                                  NORMAL
..................................................................
TEMPERATURE (F)
 TODAY
  MAXIMUM         35    353 PM  85    2002  55    -20       58
  MINIMUM         19R   539 AM  24    1980  36    -17       47
                                      1962
  AVERAGE         27                        45    -18       53

PRECIPITATION (IN)
  TODAY            T             1.09 2011   0.11  -0.11     0.76
  MONTH TO DATE    1.67                      1.88  -0.21     2.43
  SINCE MAR 1      4.35                      4.87  -0.52     4.33
  SINCE JAN 1     10.04                      9.63   0.41     8.88

SNOWFALL (IN)
  TODAY            0.1          11.7  2007   0.1    0.0      0.0
  MONTH TO DATE    1.0                       3.0   -2.0      0.9
  SINCE MAR 1      2.9                      18.1  -15.2     15.3
  SINCE JUL 1     85.4                      82.0    3.4     69.1
  SNOW DEPTH       0

DEGREE DAYS
 HEATING
  TODAY           38                        20     18       12
  MONTH TO DATE  327                       366    -39      377
  SINCE MAR 1   1527                      1363    164     1448
  SINCE JUL 1   6998                      6562    436     6332

 COOLING
  TODAY            0                         0      0        0
  MONTH TO DATE    2                         0      2        0
  SINCE MAR 1      2                         0      2        0
  SINCE JAN 1      2                         0      2        0
..................................................................


WIND (MPH)
  HIGHEST WIND SPEED    21   HIGHEST WIND DIRECTION     N (340)
  HIGHEST GUST SPEED    29   HIGHEST GUST DIRECTION     N (340)
  AVERAGE WIND SPEED    11.3


SKY COVER
  AVERAGE SKY COVER 0.5


WEATHER CONDITIONS
 THE FOLLOWING WEATHER WAS RECORDED TODAY.
  LIGHT SNOW
  FOG
  HAZE


RELATIVE HUMIDITY (PERCENT)
 HIGHEST    84           600 AM
 LOWEST     44           400 PM
 AVERAGE    64

..........................................................


THE BINGHAMTON NY CLIMATE NORMALS FOR TOMORROW
                         NORMAL    RECORD    YEAR
 MAXIMUM TEMPERATURE (F)   55        86      2002
 MINIMUM TEMPERATURE (F)   37        22      1980


SUNRISE AND SUNSET
APRIL 16 2014.........SUNRISE   622 AM EDT   SUNSET   746 PM EDT
APRIL 17 2014.........SUNRISE   620 AM EDT   SUNSET   748 PM EDT


-  INDICATES NEGATIVE NUMBERS.
R  INDICATES RECORD WAS SET OR TIED.
MM INDICATES DATA IS MISSING.
T  INDICATES TRACE AMOUNT.




$$
