000
CDUS41 KCAR 180531
CLIBGR


CLIMATE REPORT
NATIONAL WEATHER SERVICE CARIBOU, ME
1231 AM EST SAT NOV 18 2017


...................................

...THE BANGOR ME CLIMATE SUMMARY FOR NOVEMBER 17 2017...

CLIMATE NORMAL PERIOD 1981 TO 2010
CLIMATE RECORD PERIOD 1925 TO 2017


WEATHER ITEM   OBSERVED TIME   RECORD YEAR NORMAL DEPARTURE LAST
                VALUE   (LST)  VALUE       VALUE  FROM      YEAR
                                                  NORMAL
..................................................................
TEMPERATURE (F)
 YESTERDAY
  MAXIMUM         41   1014 AM  64    2006  45     -4       55
  MINIMUM         27   1159 PM   8    1933  28     -1       45
  AVERAGE         34                        36     -2       50

PRECIPITATION (IN)
  YESTERDAY        0.04          1.24 2006   0.14  -0.10     0.00
  MONTH TO DATE    1.44                      2.35  -0.91     1.98
  SINCE SEP 1      9.72                     10.35  -0.63     6.41
  SINCE JAN 1     35.89                     36.60  -0.71    28.40

SNOWFALL (IN)
  YESTERDAY        0.0           8.0  2002   0.1             0.0
  MONTH TO DATE    T                         0.5             0.0
  SINCE SEP 1      T                         0.6             0.0
  SINCE JUL 1      T                         0.6             0.0
  SNOW DEPTH       0

DEGREE DAYS
 HEATING
  YESTERDAY       31                        28      3       15
  MONTH TO DATE  452                       436     16      384
  SINCE SEP 1    814                      1199   -385     1023
  SINCE JUL 1    861                      1262   -401     1050

 COOLING
  YESTERDAY        0                         0      0        0
  MONTH TO DATE    0                         0      0        0
  SINCE SEP 1     86                        24     62       59
  SINCE JAN 1    368                       318     50      448
..................................................................


WIND (MPH)
  RESULTANT WIND SPEED  12   RESULTANT WIND DIRECTION  NW (300)
  HIGHEST WIND SPEED    25   HIGHEST WIND DIRECTION    NW (300)
  HIGHEST GUST SPEED    38   HIGHEST GUST DIRECTION    NW (320)


SKY COVER
  POSSIBLE SUNSHINE  MM
  AVERAGE SKY COVER 0.6


WEATHER CONDITIONS
 THE FOLLOWING WEATHER WAS RECORDED YESTERDAY.
  LIGHT RAIN
  FOG


RELATIVE HUMIDITY (PERCENT)
 HIGHEST   100
 LOWEST     58
 AVERAGE    79

..........................................................


THE BANGOR ME CLIMATE NORMALS FOR TODAY
                         NORMAL    RECORD    YEAR
 MAXIMUM TEMPERATURE (F)   44        69      1987
 MINIMUM TEMPERATURE (F)   28         8      1943


SUNRISE AND SUNSET
NOVEMBER 18 2017......SUNRISE   637 AM EST   SUNSET   404 PM EST
NOVEMBER 19 2017......SUNRISE   638 AM EST   SUNSET   403 PM EST


-  INDICATES NEGATIVE NUMBERS.
R  INDICATES RECORD WAS SET OR TIED.
MM INDICATES DATA IS MISSING.
T  INDICATES TRACE AMOUNT.




$$
