463
CDUS41 KCAR 110533
CLIBGR


CLIMATE REPORT
NATIONAL WEATHER SERVICE CARIBOU, ME
1232 AM EST THU FEB 11 2016


...................................

...THE BANGOR ME CLIMATE SUMMARY FOR FEBRUARY 10 2016...

CLIMATE NORMAL PERIOD 1981 TO 2010
CLIMATE RECORD PERIOD 1925 TO 2016


WEATHER ITEM   OBSERVED TIME   RECORD YEAR NORMAL DEPARTURE LAST
                VALUE   (LST)  VALUE       VALUE  FROM      YEAR
                                                  NORMAL
..................................................................
TEMPERATURE (F)
 YESTERDAY
  MAXIMUM         31    317 PM  48    2001  30      1       19
  MINIMUM          2    753 AM -32    1948   9     -7        0
  AVERAGE         17                        19     -2       10

PRECIPITATION (IN)
  YESTERDAY        T             1.48 1969   0.08  -0.08      T
  MONTH TO DATE    1.23                      0.87   0.36     1.22
  SINCE DEC 1      7.67                      7.24   0.43     9.14
  SINCE JAN 1      3.61                      3.76  -0.15     3.91

SNOWFALL (IN)
  YESTERDAY        T            13.0  2005   0.5              T
  MONTH TO DATE   14.2                       5.3            21.9
  SINCE DEC 1     30.7                      38.9            70.7
  SINCE JUL 1     33.2                      41.3            96.6
  SNOW DEPTH      13

DEGREE DAYS
 HEATING
  YESTERDAY       48                        46      2       55
  MONTH TO DATE  379                       465    -86      594
  SINCE DEC 1   2645                      3203   -558     3260
  SINCE JUL 1   4146                      4872   -726     4844

 COOLING
  YESTERDAY        0                         0      0        0
  MONTH TO DATE    0                         0      0        0
  SINCE DEC 1      0                         0      0        0
  SINCE JAN 1      0                         0      0        0
..................................................................


WIND (MPH)
  RESULTANT WIND SPEED   3   RESULTANT WIND DIRECTION   S (190)
  HIGHEST WIND SPEED    12   HIGHEST WIND DIRECTION     S (180)
  HIGHEST GUST SPEED    13   HIGHEST GUST DIRECTION     S (200)


SKY COVER
  POSSIBLE SUNSHINE  MM
  AVERAGE SKY COVER 0.8


WEATHER CONDITIONS
 THE FOLLOWING WEATHER WAS RECORDED YESTERDAY.
  LIGHT SNOW
  FOG


RELATIVE HUMIDITY (PERCENT)
 HIGHEST   100
 LOWEST     69
 AVERAGE    85

..........................................................


THE BANGOR ME CLIMATE NORMALS FOR TODAY
                         NORMAL    RECORD    YEAR
 MAXIMUM TEMPERATURE (F)   30        54      1966
 MINIMUM TEMPERATURE (F)    9       -29      1948


SUNRISE AND SUNSET
FEBRUARY 11 2016......SUNRISE   642 AM EST   SUNSET   457 PM EST
FEBRUARY 12 2016......SUNRISE   641 AM EST   SUNSET   459 PM EST


-  INDICATES NEGATIVE NUMBERS.
R  INDICATES RECORD WAS SET OR TIED.
MM INDICATES DATA IS MISSING.
T  INDICATES TRACE AMOUNT.




$$
