000
CDUS41 KCAR 230528
CLIBGR


CLIMATE REPORT
NATIONAL WEATHER SERVICE CARIBOU, ME
127 AM EDT WED AUG 23 2017


...................................

...THE BANGOR ME CLIMATE SUMMARY FOR AUGUST 22 2017...

CLIMATE NORMAL PERIOD 1981 TO 2010
CLIMATE RECORD PERIOD 1925 TO 2017


WEATHER ITEM   OBSERVED TIME   RECORD YEAR NORMAL DEPARTURE LAST
                VALUE   (LST)  VALUE       VALUE  FROM      YEAR
                                                  NORMAL
..................................................................
TEMPERATURE (F)
 YESTERDAY
  MAXIMUM         86   1246 PM 103    1948  78      8       73
  MINIMUM         61    421 AM  39    1940  55      6       55
  AVERAGE         74                        66      8       64

PRECIPITATION (IN)
  YESTERDAY        0.00          1.71 2011   0.10  -0.10     0.78
  MONTH TO DATE    1.63                      2.18  -0.55     2.22
  SINCE JUN 1      7.86                      9.40  -1.54     7.76
  SINCE JAN 1     26.16                     25.45   0.71    21.97

SNOWFALL (IN)
  YESTERDAY        0.0           0.0  2002   0.0             0.0
                                      2001
  MONTH TO DATE    0.0                       0.0             0.0
  SINCE JUN 1      T                         0.0             0.0
  SINCE JUL 1      0.0                       0.0             0.0
  SNOW DEPTH       0

DEGREE DAYS
 HEATING
  YESTERDAY        0                         2     -2        1
  MONTH TO DATE    6                        23    -17        4
  SINCE JUN 1    111                       153    -42      130
  SINCE JUL 1     20                        46    -26       27

 COOLING
  YESTERDAY        9                         3      6        0
  MONTH TO DATE  106                        80     26      119
  SINCE JUN 1    270                       264      6      339
  SINCE JAN 1    277                       270      7      349
..................................................................


WIND (MPH)
  RESULTANT WIND SPEED   9   RESULTANT WIND DIRECTION   S (180)
  HIGHEST WIND SPEED    23   HIGHEST WIND DIRECTION     S (170)
  HIGHEST GUST SPEED    30   HIGHEST GUST DIRECTION     S (170)


SKY COVER
  POSSIBLE SUNSHINE  MM
  AVERAGE SKY COVER 0.5


WEATHER CONDITIONS
 THE FOLLOWING WEATHER WAS RECORDED YESTERDAY.
  FOG
  HAZE


RELATIVE HUMIDITY (PERCENT)
 HIGHEST    93
 LOWEST     42
 AVERAGE    68

..........................................................


THE BANGOR ME CLIMATE NORMALS FOR TODAY
                         NORMAL    RECORD    YEAR
 MAXIMUM TEMPERATURE (F)   77        92      1933
 MINIMUM TEMPERATURE (F)   55        37      1940


SUNRISE AND SUNSET
AUGUST 23 2017........SUNRISE   547 AM EDT   SUNSET   728 PM EDT
AUGUST 24 2017........SUNRISE   548 AM EDT   SUNSET   726 PM EDT


-  INDICATES NEGATIVE NUMBERS.
R  INDICATES RECORD WAS SET OR TIED.
MM INDICATES DATA IS MISSING.
T  INDICATES TRACE AMOUNT.




$$
