000
CDUS41 KCAR 250534
CLIBGR


CLIMATE REPORT
NATIONAL WEATHER SERVICE CARIBOU, ME
1233 AM EST SUN JAN 25 2015


...................................

...THE BANGOR ME CLIMATE SUMMARY FOR JANUARY 24 2015...

CLIMATE NORMAL PERIOD 1981 TO 2010
CLIMATE RECORD PERIOD 1925 TO 2015


WEATHER ITEM   OBSERVED TIME   RECORD YEAR NORMAL DEPARTURE LAST
                VALUE   (LST)  VALUE       VALUE  FROM      YEAR
                                                  NORMAL
..................................................................
TEMPERATURE (F)
 YESTERDAY
  MAXIMUM         30    112 PM  54    1999  27      3       13
  MINIMUM         15    617 AM -23    1948   6      9       -2
  AVERAGE         23                        17      6        6

PRECIPITATION (IN)
  YESTERDAY        0.14          1.72 1935   0.09   0.05     0.00
  MONTH TO DATE    1.19                      2.25  -1.06     2.92
  SINCE DEC 1      6.42                      5.73   0.69     5.85
  SINCE JAN 1      1.19                      2.25  -1.06     2.92

SNOWFALL (IN)
  YESTERDAY        3.5           8.9  1966   0.6             0.0
  MONTH TO DATE   13.9                      14.9             6.8
  SINCE DEC 1     20.9                      29.3            35.4
  SINCE JUL 1     46.8                      31.7            36.1
  SNOW DEPTH       0

DEGREE DAYS
 HEATING
  YESTERDAY       42                        48     -6       59
  MONTH TO DATE 1188                      1150     38     1105
  SINCE DEC 1   2299                      2402   -103     2532
  SINCE JUL 1   3883                      4071   -188     4117

 COOLING
  YESTERDAY        0                         0      0        0
  MONTH TO DATE    0                         0      0        0
  SINCE DEC 1      0                         0      0        0
  SINCE JAN 1      0                         0      0        0
..................................................................


WIND (MPH)
  RESULTANT WIND SPEED   2   RESULTANT WIND DIRECTION   N (340)
  HIGHEST WIND SPEED    21   HIGHEST WIND DIRECTION     N (340)
  HIGHEST GUST SPEED    24   HIGHEST GUST DIRECTION     N (350)


SKY COVER
  POSSIBLE SUNSHINE  MM
  AVERAGE SKY COVER 0.9


WEATHER CONDITIONS
 THE FOLLOWING WEATHER WAS RECORDED YESTERDAY.
  SNOW
  LIGHT SNOW
  FOG


RELATIVE HUMIDITY (PERCENT)
 HIGHEST    92
 LOWEST     53
 AVERAGE    73

..........................................................


THE BANGOR ME CLIMATE NORMALS FOR TODAY
                         NORMAL    RECORD    YEAR
 MAXIMUM TEMPERATURE (F)   27        51      2010
 MINIMUM TEMPERATURE (F)    6       -19      2009


SUNRISE AND SUNSET
JANUARY 25 2015.......SUNRISE   702 AM EST   SUNSET   433 PM EST
JANUARY 26 2015.......SUNRISE   701 AM EST   SUNSET   435 PM EST


-  INDICATES NEGATIVE NUMBERS.
R  INDICATES RECORD WAS SET OR TIED.
MM INDICATES DATA IS MISSING.
T  INDICATES TRACE AMOUNT.




$$
