000
CDUS41 KCAR 030545
CLIBGR


CLIMATE REPORT
NATIONAL WEATHER SERVICE CARIBOU, ME
141 AM EDT TUE MAY 3 2016


...................................

...THE BANGOR ME CLIMATE SUMMARY FOR MAY 2 2016...

CLIMATE NORMAL PERIOD 1981 TO 2010
CLIMATE RECORD PERIOD 1925 TO 2016


WEATHER ITEM   OBSERVED TIME   RECORD YEAR NORMAL DEPARTURE LAST
                VALUE   (LST)  VALUE       VALUE  FROM      YEAR
                                                  NORMAL
..................................................................
TEMPERATURE (F)
 YESTERDAY
  MAXIMUM         52    145 PM  90    2001  60     -8       62
  MINIMUM         43    519 AM  23    1943  38      5       29
  AVERAGE         48                        49     -1       46

PRECIPITATION (IN)
  YESTERDAY        0.58          1.29 1989   0.11   0.47     0.00
  MONTH TO DATE    0.58                      0.23   0.35     0.00
  SINCE MAR 1      6.43                      7.23  -0.80     3.84
  SINCE JAN 1     12.70                     12.64   0.06     8.73

SNOWFALL (IN)
  YESTERDAY        0.0           0.5  1961   0.0             0.0
  MONTH TO DATE    0.0                       0.0             0.0
  SINCE MAR 1      6.0                      15.4            21.9
  SINCE JUL 1     44.6                      66.1           139.0
  SNOW DEPTH       0

DEGREE DAYS
 HEATING
  YESTERDAY       17                        16      1       19
  MONTH TO DATE   33                        32      1       36
  SINCE MAR 1   1746                      1784    -38     2011
  SINCE JUL 1   6661                      7430   -769     7901

 COOLING
  YESTERDAY        0                         0      0        0
  MONTH TO DATE    0                         0      0        0
  SINCE MAR 1      0                         0      0        0
  SINCE JAN 1      0                         0      0        0
..................................................................


WIND (MPH)
  RESULTANT WIND SPEED   5   RESULTANT WIND DIRECTION   E (70)
  HIGHEST WIND SPEED    20   HIGHEST WIND DIRECTION     E (110)
  HIGHEST GUST SPEED    26   HIGHEST GUST DIRECTION    SE (120)


SKY COVER
  POSSIBLE SUNSHINE  MM
  AVERAGE SKY COVER 1.0


WEATHER CONDITIONS
 THE FOLLOWING WEATHER WAS RECORDED YESTERDAY.
  RAIN
  LIGHT RAIN
  FOG


RELATIVE HUMIDITY (PERCENT)
 HIGHEST    89
 LOWEST     50
 AVERAGE    70

..........................................................


THE BANGOR ME CLIMATE NORMALS FOR TODAY
                         NORMAL    RECORD    YEAR
 MAXIMUM TEMPERATURE (F)   61        91      2001
 MINIMUM TEMPERATURE (F)   38        23      1946


SUNRISE AND SUNSET
MAY  3 2016...........SUNRISE   522 AM EDT   SUNSET   743 PM EDT
MAY  4 2016...........SUNRISE   520 AM EDT   SUNSET   745 PM EDT


-  INDICATES NEGATIVE NUMBERS.
R  INDICATES RECORD WAS SET OR TIED.
MM INDICATES DATA IS MISSING.
T  INDICATES TRACE AMOUNT.




$$
