455
CDUS41 KCAR 070549
CLIBGR


CLIMATE REPORT
NATIONAL WEATHER SERVICE CARIBOU, ME
1248 AM EST WED DEC 7 2016


...................................

...THE BANGOR ME CLIMATE SUMMARY FOR DECEMBER 6 2016...

CLIMATE NORMAL PERIOD 1981 TO 2010
CLIMATE RECORD PERIOD 1925 TO 2016


WEATHER ITEM   OBSERVED TIME   RECORD YEAR NORMAL DEPARTURE LAST
                VALUE   (LST)  VALUE       VALUE  FROM      YEAR
                                                  NORMAL
..................................................................
TEMPERATURE (F)
 YESTERDAY
  MAXIMUM         30    241 PM  63    2001  37     -7       49
  MINIMUM         11    409 AM -10    1963  20     -9       21
  AVERAGE         21                        29     -8       35

PRECIPITATION (IN)
  YESTERDAY        T             1.56 1983   0.13  -0.13     0.00
  MONTH TO DATE    0.95                      0.79   0.16     0.80
  SINCE DEC 1      0.95                      0.79   0.16     0.80
  SINCE JAN 1     31.53                     39.24  -7.71    32.27

SNOWFALL (IN)
  YESTERDAY        T            10.0  2003   0.3             0.0
  MONTH TO DATE    1.8                       2.1              T
  SINCE DEC 1      1.8                       2.1              T
  SINCE JUL 1      3.3                       4.5             2.5
  SNOW DEPTH       2

DEGREE DAYS
 HEATING
  YESTERDAY       44                        36      8       30
  MONTH TO DATE  216                       210      6      183
  SINCE DEC 1    216                       210      6      183
  SINCE JUL 1   1635                      1879   -244     1684

 COOLING
  YESTERDAY        0                         0      0        0
  MONTH TO DATE    0                         0      0        0
  SINCE DEC 1      0                         0      0        0
  SINCE JAN 1    448                       318    130      406
..................................................................


WIND (MPH)
  RESULTANT WIND SPEED   4   RESULTANT WIND DIRECTION  NW (320)
  HIGHEST WIND SPEED    15   HIGHEST WIND DIRECTION    NW (330)
  HIGHEST GUST SPEED    19   HIGHEST GUST DIRECTION    NW (320)


SKY COVER
  POSSIBLE SUNSHINE  MM
  AVERAGE SKY COVER 0.5


WEATHER CONDITIONS
 THE FOLLOWING WEATHER WAS RECORDED YESTERDAY.
  LIGHT SNOW
  FOG


RELATIVE HUMIDITY (PERCENT)
 HIGHEST   100
 LOWEST     75
 AVERAGE    88

..........................................................


THE BANGOR ME CLIMATE NORMALS FOR TODAY
                         NORMAL    RECORD    YEAR
 MAXIMUM TEMPERATURE (F)   37        65      1998
 MINIMUM TEMPERATURE (F)   20       -15      1964


SUNRISE AND SUNSET
DECEMBER  7 2016......SUNRISE   659 AM EST   SUNSET   354 PM EST
DECEMBER  8 2016......SUNRISE   700 AM EST   SUNSET   354 PM EST


-  INDICATES NEGATIVE NUMBERS.
R  INDICATES RECORD WAS SET OR TIED.
MM INDICATES DATA IS MISSING.
T  INDICATES TRACE AMOUNT.




$$
