000
CDUS41 KCAR 010536
CLIBGR


CLIMATE REPORT
NATIONAL WEATHER SERVICE CARIBOU, ME
133 AM EDT MON SEP 1 2014


...................................

...THE BANGOR ME CLIMATE SUMMARY FOR AUGUST 31 2014...

CLIMATE NORMAL PERIOD 1981 TO 2010
CLIMATE RECORD PERIOD 1925 TO 2014


WEATHER ITEM   OBSERVED TIME   RECORD YEAR NORMAL DEPARTURE LAST
                VALUE   (LST)  VALUE       VALUE  FROM      YEAR
                                                  NORMAL
..................................................................
TEMPERATURE (F)
 YESTERDAY
  MAXIMUM         80   1254 PM  97    2010  75      5       79
  MINIMUM         60    304 AM  35    1938  53      7       65
  AVERAGE         70                        64      6       72

PRECIPITATION (IN)
  YESTERDAY        0.15          1.03 1954   0.08   0.07     0.32
  MONTH TO DATE    2.96                      2.98  -0.02     4.69
  SINCE JUN 1     13.33                     10.20   3.13    13.89
  SINCE JAN 1     27.74                     26.25   1.49    25.18

SNOWFALL (IN)
  YESTERDAY        0.0           0.0  2002   0.0             0.0
                                      2001
  MONTH TO DATE    0.0                       0.0             0.0
  SINCE JUN 1      0.0                       0.0             0.0
  SINCE JUL 1      0.0                       0.0             0.0
  SNOW DEPTH       0

DEGREE DAYS
 HEATING
  YESTERDAY        0                         3     -3        0
  MONTH TO DATE   16                        44    -28       24
  SINCE JUN 1     92                       170    -78      132
  SINCE JUL 1     21                        63    -42       32

 COOLING
  YESTERDAY        5                         2      3        7
  MONTH TO DATE   95                       104     -9       72
  SINCE JUN 1    314                       288     26      314
  SINCE JAN 1    314                       294     20      322
..................................................................


WIND (MPH)
  RESULTANT WIND SPEED   8   RESULTANT WIND DIRECTION   S (190)
  HIGHEST WIND SPEED    13   HIGHEST WIND DIRECTION     S (190)
  HIGHEST GUST SPEED    17   HIGHEST GUST DIRECTION     S (180)


SKY COVER
  POSSIBLE SUNSHINE  MM
  AVERAGE SKY COVER 0.9


WEATHER CONDITIONS
 THE FOLLOWING WEATHER WAS RECORDED YESTERDAY.
  LIGHT RAIN
  FOG


RELATIVE HUMIDITY (PERCENT)
 HIGHEST    97
 LOWEST     62
 AVERAGE    80

..........................................................


THE BANGOR ME CLIMATE NORMALS FOR TODAY
                         NORMAL    RECORD    YEAR
 MAXIMUM TEMPERATURE (F)   75        95      2010
                                             1937
 MINIMUM TEMPERATURE (F)   53        37      2002


SUNRISE AND SUNSET
SEPTEMBER  1 2014.....SUNRISE   557 AM EDT   SUNSET   712 PM EDT
SEPTEMBER  2 2014.....SUNRISE   559 AM EDT   SUNSET   710 PM EDT


-  INDICATES NEGATIVE NUMBERS.
R  INDICATES RECORD WAS SET OR TIED.
MM INDICATES DATA IS MISSING.
T  INDICATES TRACE AMOUNT.




$$
