000
CDUS44 KBMX 072108
CLIBHM


CLIMATE REPORT
NATIONAL WEATHER SERVICE BIRMINGHAM, AL
408 PM CDT TUE JUL 7 2015


...................................

...THE BIRMINGHAM CLIMATE SUMMARY FOR JULY 7 2015...
VALID AS OF 0400 PM LOCAL TIME.

CLIMATE NORMAL PERIOD 1981 TO 2010
CLIMATE RECORD PERIOD 2014 TO 2015


WEATHER ITEM   OBSERVED TIME   RECORD YEAR NORMAL DEPARTURE LAST
                VALUE   (LST)  VALUE       VALUE  FROM      YEAR
                                                  NORMAL
..................................................................
TEMPERATURE (F)
 TODAY
  MAXIMUM         92    151 PM 105    1977  91      1       92
  MINIMUM         72    458 AM  54    1972  71      1       67
  AVERAGE         82                        81      1       80

PRECIPITATION (IN)
  TODAY            0.00          7.02 1916   0.15  -0.15     0.00
  MONTH TO DATE    3.58                      1.11   2.47      T
  SINCE JUN 1      5.28                      5.49  -0.21     4.81
  SINCE JAN 1     31.01                     29.46   1.55    27.67

DEGREE DAYS
 COOLING
  TODAY           17                        16      1       15
  MONTH TO DATE   95                       109    -14       95
  SINCE JUN 1    561                       491     70      501
  SINCE JAN 1    896                       773    123      794
..................................................................


WIND (MPH)
  HIGHEST WIND SPEED    15   HIGHEST WIND DIRECTION     W (280)
  HIGHEST GUST SPEED    19   HIGHEST GUST DIRECTION     W (250)
  AVERAGE WIND SPEED     6.1


SKY COVER
  AVERAGE SKY COVER 0.3


WEATHER CONDITIONS
 THE FOLLOWING WEATHER WAS RECORDED TODAY.
  NO SIGNIFICANT WEATHER WAS OBSERVED.


RELATIVE HUMIDITY (PERCENT)
 HIGHEST   100           500 AM
 LOWEST     49           200 PM
 AVERAGE    75

..........................................................


THE BIRMINGHAM CLIMATE NORMALS FOR TOMORROW
                         NORMAL    RECORD    YEAR
 MAXIMUM TEMPERATURE (F)   91       104      1977
 MINIMUM TEMPERATURE (F)   71        60      1947


SUNRISE AND SUNSET
JULY  7 2015..........SUNRISE   543 AM CDT   SUNSET   800 PM CDT
JULY  8 2015..........SUNRISE   544 AM CDT   SUNSET   800 PM CDT


-  INDICATES NEGATIVE NUMBERS.
R  INDICATES RECORD WAS SET OR TIED.
MM INDICATES DATA IS MISSING.
T  INDICATES TRACE AMOUNT.




$$
