000
CDUS44 KBMX 310708
CLIBHM


CLIMATE REPORT
NATIONAL WEATHER SERVICE BIRMINGHAM, AL
207 AM CDT FRI JUL 31 2015


...................................

...THE BIRMINGHAM CLIMATE SUMMARY FOR JULY 30 2015...

CLIMATE NORMAL PERIOD 1981 TO 2010
CLIMATE RECORD PERIOD 2014 TO 2015


WEATHER ITEM   OBSERVED TIME   RECORD YEAR NORMAL DEPARTURE LAST
                VALUE   (LST)  VALUE       VALUE  FROM      YEAR
                                                  NORMAL
..................................................................
TEMPERATURE (F)
 YESTERDAY
  MAXIMUM         95    217 PM 101    1986  91      4       87
  MINIMUM         74   1159 PM  57    2014  72      2       57
  AVERAGE         85                        81      4       72

PRECIPITATION (IN)
  YESTERDAY        0.00          2.33 1984   0.14  -0.14     0.00
  MONTH TO DATE    7.41                      4.65   2.76     0.92
  SINCE JUN 1      9.11                      9.03   0.08     5.73
  SINCE JAN 1     34.84                     33.00   1.84    28.59

DEGREE DAYS
 COOLING
  YESTERDAY       20                        16      4        7
  MONTH TO DATE  542                       477     65      421
  SINCE JUN 1   1008                       859    149      827
  SINCE JAN 1   1343                      1141    202     1120
..................................................................


WIND (MPH)
  HIGHEST WIND SPEED    20   HIGHEST WIND DIRECTION     N (350)
  HIGHEST GUST SPEED    25   HIGHEST GUST DIRECTION     N (10)
  AVERAGE WIND SPEED     7.4


SKY COVER
  AVERAGE SKY COVER 0.2


WEATHER CONDITIONS
 THE FOLLOWING WEATHER WAS RECORDED YESTERDAY.
  FOG


RELATIVE HUMIDITY (PERCENT)
 HIGHEST   100           200 AM
 LOWEST     52           200 PM
 AVERAGE    76

..........................................................


THE BIRMINGHAM CLIMATE NORMALS FOR TODAY
                         NORMAL    RECORD    YEAR
 MAXIMUM TEMPERATURE (F)   91       101      1987
                                             1986
                                             1896
 MINIMUM TEMPERATURE (F)   72        59      1965


SUNRISE AND SUNSET
JULY 31 2015..........SUNRISE   558 AM CDT   SUNSET   748 PM CDT
AUGUST  1 2015........SUNRISE   559 AM CDT   SUNSET   747 PM CDT


-  INDICATES NEGATIVE NUMBERS.
R  INDICATES RECORD WAS SET OR TIED.
MM INDICATES DATA IS MISSING.
T  INDICATES TRACE AMOUNT.




$$
