000
CDUS44 KBMX 280741
CLIBHM


CLIMATE REPORT
NATIONAL WEATHER SERVICE BIRMINGHAM, AL
240 AM CDT FRI JUL 28 2017


...................................

...THE BIRMINGHAM CLIMATE SUMMARY FOR JULY 27 2017...

CLIMATE NORMAL PERIOD 1981 TO 2010
CLIMATE RECORD PERIOD 1895 TO 2017


WEATHER ITEM   OBSERVED TIME   RECORD YEAR NORMAL DEPARTURE LAST
                VALUE   (LST)  VALUE       VALUE  FROM      YEAR
                                                  NORMAL
..................................................................
TEMPERATURE (F)
 YESTERDAY
  MAXIMUM         93    351 PM 102    1952  91      2       89
  MINIMUM         75    509 AM  59    1911  72      3       76
  AVERAGE         84                        81      3       83

PRECIPITATION (IN)
  YESTERDAY        0.00          5.47 1985   0.14  -0.14      T
  MONTH TO DATE    9.34                      4.22   5.12     5.75
  SINCE JUN 1     20.14                      8.60  11.54     9.71
  SINCE JAN 1     47.80                     32.57  15.23    31.32

DEGREE DAYS
 COOLING
  YESTERDAY       19                        16      3       18
  MONTH TO DATE  471                       429     42      521
  SINCE JUN 1    831                       811     20     1000
  SINCE JAN 1   1293                      1093    200     1323
..................................................................


WIND (MPH)
  HIGHEST WIND SPEED    15   HIGHEST WIND DIRECTION     W (270)
  HIGHEST GUST SPEED    19   HIGHEST GUST DIRECTION    NW (300)
  AVERAGE WIND SPEED     3.6


SKY COVER
  AVERAGE SKY COVER 0.3


WEATHER CONDITIONS
 THE FOLLOWING WEATHER WAS RECORDED YESTERDAY.
  FOG


RELATIVE HUMIDITY (PERCENT)
 HIGHEST    94          1200 AM
 LOWEST     47           400 PM
 AVERAGE    71

..........................................................


THE BIRMINGHAM CLIMATE NORMALS FOR TODAY
                         NORMAL    RECORD    YEAR
 MAXIMUM TEMPERATURE (F)   91       105      1952
 MINIMUM TEMPERATURE (F)   72        60      1911


SUNRISE AND SUNSET
JULY 28 2017..........SUNRISE   557 AM CDT   SUNSET   750 PM CDT
JULY 29 2017..........SUNRISE   557 AM CDT   SUNSET   749 PM CDT


-  INDICATES NEGATIVE NUMBERS.
R  INDICATES RECORD WAS SET OR TIED.
MM INDICATES DATA IS MISSING.
T  INDICATES TRACE AMOUNT.




$$
