000
CDUS44 KBMX 300736
CLIBHM


CLIMATE REPORT
NATIONAL WEATHER SERVICE BIRMINGHAM, AL
235 AM CDT THU MAR 30 2017


...................................

...THE BIRMINGHAM CLIMATE SUMMARY FOR MARCH 29 2017...

CLIMATE NORMAL PERIOD 1981 TO 2010
CLIMATE RECORD PERIOD 1895 TO 2017


WEATHER ITEM   OBSERVED TIME   RECORD YEAR NORMAL DEPARTURE LAST
                VALUE   (LST)  VALUE       VALUE  FROM      YEAR
                                                  NORMAL
..................................................................
TEMPERATURE (F)
 YESTERDAY
  MAXIMUM         84    258 PM  87    2007  70     14       74
  MINIMUM         63    633 AM  25    1955  46     17       43
  AVERAGE         74                        58     16       59

PRECIPITATION (IN)
  YESTERDAY        0.00          2.16 1944   0.16  -0.16     0.00
  MONTH TO DATE    5.23                      4.91   0.32     4.80
  SINCE MAR 1      5.23                      4.91   0.32     4.80
  SINCE JAN 1     14.89                     14.28   0.61    15.54

SNOWFALL (IN)
  YESTERDAY        0.0                       0.0    0.0      0.0
  MONTH TO DATE    0.0                       0.6   -0.6      0.0
  SINCE MAR 1      0.0                       0.6   -0.6      0.0
  SINCE JUL 1      0.3                       1.4   -1.1       T
  SNOW DEPTH       0

DEGREE DAYS
 HEATING
  YESTERDAY        0                         8     -8        6
  MONTH TO DATE  250                       308    -58      191
  SINCE MAR 1    250                       308    -58      191
  SINCE JUL 1   1622                      2498   -876     1861

 COOLING
  YESTERDAY        9                         1      8        0
  MONTH TO DATE   48                        19     29       37
  SINCE MAR 1     48                        19     29       37
  SINCE JAN 1     63                        23     40       44
..................................................................


WIND (MPH)
  HIGHEST WIND SPEED    16   HIGHEST WIND DIRECTION    SW (230)
  HIGHEST GUST SPEED    20   HIGHEST GUST DIRECTION    SW (240)
  AVERAGE WIND SPEED     6.9


SKY COVER
  AVERAGE SKY COVER 0.4


WEATHER CONDITIONS
 THE FOLLOWING WEATHER WAS RECORDED YESTERDAY.
  NO SIGNIFICANT WEATHER WAS OBSERVED.


RELATIVE HUMIDITY (PERCENT)
 HIGHEST    78           600 AM
 LOWEST     43           300 PM
 AVERAGE    61

..........................................................


THE BIRMINGHAM CLIMATE NORMALS FOR TODAY
                         NORMAL    RECORD    YEAR
 MAXIMUM TEMPERATURE (F)   70        86      1946
 MINIMUM TEMPERATURE (F)   46        25      1964


SUNRISE AND SUNSET
MARCH 30 2017.........SUNRISE   637 AM CDT   SUNSET   706 PM CDT
MARCH 31 2017.........SUNRISE   636 AM CDT   SUNSET   707 PM CDT


-  INDICATES NEGATIVE NUMBERS.
R  INDICATES RECORD WAS SET OR TIED.
MM INDICATES DATA IS MISSING.
T  INDICATES TRACE AMOUNT.




$$
