000
CDUS44 KBMX 260735
CLIBHM


CLIMATE REPORT
NATIONAL WEATHER SERVICE BIRMINGHAM, AL
235 AM CDT TUE SEP 26 2017


...................................

...THE BIRMINGHAM CLIMATE SUMMARY FOR SEPTEMBER 25 2017...

CLIMATE NORMAL PERIOD 1981 TO 2010
CLIMATE RECORD PERIOD 1895 TO 2017


WEATHER ITEM   OBSERVED TIME   RECORD YEAR NORMAL DEPARTURE LAST
                VALUE   (LST)  VALUE       VALUE  FROM      YEAR
                                                  NORMAL
..................................................................
TEMPERATURE (F)
 YESTERDAY
  MAXIMUM         87    327 PM  98    2016  82      5       98
  MINIMUM         69   1159 PM  43    1990  61      8       72
                                      1965
  AVERAGE         78                        72      6       85

PRECIPITATION (IN)
  YESTERDAY        0.00          2.50 1921   0.13  -0.13     0.00
  MONTH TO DATE    2.48                      3.23  -0.75     0.68
  SINCE SEP 1      2.48                      3.23  -0.75     0.68
  SINCE JAN 1     58.04                     40.31  17.73    35.85

DEGREE DAYS
 HEATING
  YESTERDAY        0                         1     -1        0
  MONTH TO DATE    9                         3      6        0
  SINCE SEP 1      9                         3      6        0
  SINCE JUL 1      9                         3      6        0

 COOLING
  YESTERDAY       13                         7      6       20
  MONTH TO DATE  226                       269    -43      429
  SINCE SEP 1    226                       269    -43      429
  SINCE JAN 1   2039                      1919    120     2395
..................................................................


WIND (MPH)
  HIGHEST WIND SPEED    12   HIGHEST WIND DIRECTION    NE (50)
  HIGHEST GUST SPEED    15   HIGHEST GUST DIRECTION     N (20)
  AVERAGE WIND SPEED     3.9


SKY COVER
  AVERAGE SKY COVER 0.3


WEATHER CONDITIONS
 THE FOLLOWING WEATHER WAS RECORDED YESTERDAY.
  NO SIGNIFICANT WEATHER WAS OBSERVED.


RELATIVE HUMIDITY (PERCENT)
 HIGHEST    84           500 AM
 LOWEST     48           300 PM
 AVERAGE    66

..........................................................


THE BIRMINGHAM CLIMATE NORMALS FOR TODAY
                         NORMAL    RECORD    YEAR
 MAXIMUM TEMPERATURE (F)   82        95      1897
 MINIMUM TEMPERATURE (F)   60        41      2001


SUNRISE AND SUNSET
SEPTEMBER 26 2017.....SUNRISE   638 AM CDT   SUNSET   638 PM CDT
SEPTEMBER 27 2017.....SUNRISE   639 AM CDT   SUNSET   636 PM CDT


-  INDICATES NEGATIVE NUMBERS.
R  INDICATES RECORD WAS SET OR TIED.
MM INDICATES DATA IS MISSING.
T  INDICATES TRACE AMOUNT.




$$
