000
CDUS44 KBMX 102112
CLIBHM


CLIMATE REPORT
NATIONAL WEATHER SERVICE BIRMINGHAM, AL
412 PM CDT THU JUL 10 2014


...................................

...THE BIRMINGHAM CLIMATE SUMMARY FOR JULY 10 2014...
VALID AS OF 0400 PM LOCAL TIME.

CLIMATE NORMAL PERIOD 1981 TO 2010
CLIMATE RECORD PERIOD 1895 TO 2014


WEATHER ITEM   OBSERVED TIME   RECORD YEAR NORMAL DEPARTURE LAST
                VALUE   (LST)  VALUE       VALUE  FROM      YEAR
                                                  NORMAL
..................................................................
TEMPERATURE (F)
 TODAY
  MAXIMUM         89    252 PM 105    1930  91     -2       92
  MINIMUM         74    612 AM  56    1952  71      3       72
  AVERAGE         82                        81      1       82

PRECIPITATION (IN)
  TODAY            0.00          3.01 1979   0.16  -0.16      T
  MONTH TO DATE    T                         1.58  -1.58     2.04
  SINCE JUN 1      4.81                      5.96  -1.15    10.70
  SINCE JAN 1     27.67                     29.93  -2.26    41.21

DEGREE DAYS
 COOLING
  TODAY           17                        16      1       17
  MONTH TO DATE  148                       157     -9      121
  SINCE JUN 1    554                       539     15      542
  SINCE JAN 1    847                       821     26      807
..................................................................


WIND (MPH)
  HIGHEST WIND SPEED    13   HIGHEST WIND DIRECTION     W (290)
  HIGHEST GUST SPEED    17   HIGHEST GUST DIRECTION     W (270)
  AVERAGE WIND SPEED     5.1


SKY COVER
  AVERAGE SKY COVER 0.8


WEATHER CONDITIONS
 THE FOLLOWING WEATHER WAS RECORDED TODAY.
  FOG


RELATIVE HUMIDITY (PERCENT)
 HIGHEST    93           400 AM
 LOWEST     46           200 PM
 AVERAGE    70

..........................................................


THE BIRMINGHAM CLIMATE NORMALS FOR TOMORROW
                         NORMAL    RECORD    YEAR
 MAXIMUM TEMPERATURE (F)   91       103      1901
 MINIMUM TEMPERATURE (F)   71        58      1963
                                             1956


SUNRISE AND SUNSET
JULY 10 2014..........SUNRISE   545 AM CDT   SUNSET   800 PM CDT
JULY 11 2014..........SUNRISE   546 AM CDT   SUNSET   759 PM CDT


-  INDICATES NEGATIVE NUMBERS.
R  INDICATES RECORD WAS SET OR TIED.
MM INDICATES DATA IS MISSING.
T  INDICATES TRACE AMOUNT.




$$
