000
CDUS44 KBMX 212332
CLIBHM


CLIMATE REPORT
NATIONAL WEATHER SERVICE BIRMINGHAM, AL
532 PM CST SAT JAN 21 2017


...................................

...THE BIRMINGHAM CLIMATE SUMMARY FOR JANUARY 21 2017...
VALID TODAY AS OF 0500 PM LOCAL TIME.

CLIMATE NORMAL PERIOD 1981 TO 2010
CLIMATE RECORD PERIOD 1895 TO 2017


WEATHER ITEM   OBSERVED TIME   RECORD YEAR NORMAL DEPARTURE LAST
                VALUE   (LST)  VALUE       VALUE  FROM      YEAR
                                                  NORMAL
..................................................................
TEMPERATURE (F)
 TODAY
  MAXIMUM         68    259 PM  77    1937  54     14       53
  MINIMUM         57    949 AM  -6    1985  34     23       41
  AVERAGE         63                        44     19       47

PRECIPITATION (IN)
  TODAY            0.80          1.68 1973   0.17   0.63     0.99
  MONTH TO DATE    4.63                      3.20   1.43     1.90
  SINCE DEC 1      7.02                      7.65  -0.63    12.43
  SINCE JAN 1      4.63                      3.20   1.43     1.90

SNOWFALL (IN)
  TODAY            0.0                       0.0    0.0      0.0
  MONTH TO DATE    0.3                       0.4   -0.1      0.0
  SINCE DEC 1      0.3                       0.5   -0.2      0.0
  SINCE JUL 1      0.3                       0.5   -0.2      0.0
  SNOW DEPTH       0

..................................................................


WIND (MPH)
  HIGHEST WIND SPEED    21   HIGHEST WIND DIRECTION     E (80)
  HIGHEST GUST SPEED    28   HIGHEST GUST DIRECTION    NE (60)
  AVERAGE WIND SPEED     4.2


SKY COVER
  AVERAGE SKY COVER 0.8


WEATHER CONDITIONS
 THE FOLLOWING WEATHER WAS RECORDED TODAY.
  THUNDERSTORM
  HEAVY RAIN
  RAIN
  LIGHT RAIN
  FOG


RELATIVE HUMIDITY (PERCENT)
 HIGHEST   100           300 AM
 LOWEST     59           300 PM
 AVERAGE    80

..........................................................


THE BIRMINGHAM CLIMATE NORMALS FOR TOMORROW
                         NORMAL    RECORD    YEAR
 MAXIMUM TEMPERATURE (F)   54        78      1937
 MINIMUM TEMPERATURE (F)   34        10      1985


SUNRISE AND SUNSET
JANUARY 21 2017.......SUNRISE   649 AM CST   SUNSET   508 PM CST
JANUARY 22 2017.......SUNRISE   649 AM CST   SUNSET   509 PM CST


-  INDICATES NEGATIVE NUMBERS.
R  INDICATES RECORD WAS SET OR TIED.
MM INDICATES DATA IS MISSING.
T  INDICATES TRACE AMOUNT.




$$
