434
CDUS44 KBMX 260735
CLIBHM


CLIMATE REPORT
NATIONAL WEATHER SERVICE BIRMINGHAM, AL
234 AM CDT FRI MAY 26 2017


...................................

...THE BIRMINGHAM CLIMATE SUMMARY FOR MAY 25 2017...

CLIMATE NORMAL PERIOD 1981 TO 2010
CLIMATE RECORD PERIOD 1895 TO 2017


WEATHER ITEM   OBSERVED TIME   RECORD YEAR NORMAL DEPARTURE LAST
                VALUE   (LST)  VALUE       VALUE  FROM      YEAR
                                                  NORMAL
..................................................................
TEMPERATURE (F)
 YESTERDAY
  MAXIMUM         74    418 PM  95    1962  84    -10       89
  MINIMUM         55    625 AM  45    1979  62     -7       65
  AVERAGE         65                        73     -8       77

PRECIPITATION (IN)
  YESTERDAY        T             1.73 1987   0.16  -0.16     0.00
  MONTH TO DATE    6.43                      4.07   2.36     1.38
  SINCE MAR 1     17.76                     13.68   4.08    10.83
  SINCE JAN 1     27.42                     23.05   4.37    21.57

DEGREE DAYS
 COOLING
  YESTERDAY        0                         8     -8       12
  MONTH TO DATE  159                       145     14      124
  SINCE MAR 1    383                       225    158      232
  SINCE JAN 1    398                       229    169      239
..................................................................


WIND (MPH)
  HIGHEST WIND SPEED    17   HIGHEST WIND DIRECTION     W (250)
  HIGHEST GUST SPEED    22   HIGHEST GUST DIRECTION     W (250)
  AVERAGE WIND SPEED     8.1


SKY COVER
  AVERAGE SKY COVER 0.5


WEATHER CONDITIONS
 THE FOLLOWING WEATHER WAS RECORDED YESTERDAY.
  NO SIGNIFICANT WEATHER WAS OBSERVED.


RELATIVE HUMIDITY (PERCENT)
 HIGHEST    93           100 AM
 LOWEST     41           400 PM
 AVERAGE    67

..........................................................


THE BIRMINGHAM CLIMATE NORMALS FOR TODAY
                         NORMAL    RECORD    YEAR
 MAXIMUM TEMPERATURE (F)   84        97      1962
 MINIMUM TEMPERATURE (F)   63        41      1979


SUNRISE AND SUNSET
MAY 26 2017...........SUNRISE   540 AM CDT   SUNSET   748 PM CDT
MAY 27 2017...........SUNRISE   540 AM CDT   SUNSET   749 PM CDT


-  INDICATES NEGATIVE NUMBERS.
R  INDICATES RECORD WAS SET OR TIED.
MM INDICATES DATA IS MISSING.
T  INDICATES TRACE AMOUNT.




$$
