000
CDUS44 KBMX 050839
CLIBHM


CLIMATE REPORT
NATIONAL WEATHER SERVICE BIRMINGHAM, AL
339 AM CDT THU MAY 5 2016


...................................

...THE BIRMINGHAM CLIMATE SUMMARY FOR MAY 4 2016...

CLIMATE NORMAL PERIOD 1981 TO 2010
CLIMATE RECORD PERIOD 1895 TO 2016


WEATHER ITEM   OBSERVED TIME   RECORD YEAR NORMAL DEPARTURE LAST
                VALUE   (LST)  VALUE       VALUE  FROM      YEAR
                                                  NORMAL
..................................................................
TEMPERATURE (F)
 YESTERDAY
  MAXIMUM         73    437 PM  92    1902  79     -6       83
  MINIMUM         52    526 AM  36    1971  56     -4       57
  AVERAGE         63                        67     -4       70

PRECIPITATION (IN)
  YESTERDAY        0.07          2.04 1906   0.16  -0.09     0.00
  MONTH TO DATE    0.89                      0.65   0.24     0.00
  SINCE MAR 1     10.34                     10.26   0.08    14.47
  SINCE JAN 1     21.08                     19.63   1.45    23.17

DEGREE DAYS
 COOLING
  YESTERDAY        0                         4     -4        5
  MONTH TO DATE   13                        16     -3        6
  SINCE MAR 1    121                        96     25       88
  SINCE JAN 1    128                       100     28       88
..................................................................


WIND (MPH)
  HIGHEST WIND SPEED    33   HIGHEST WIND DIRECTION     N (350)
  HIGHEST GUST SPEED    42   HIGHEST GUST DIRECTION     N (350)
  AVERAGE WIND SPEED     6.9


SKY COVER
  AVERAGE SKY COVER 0.3


WEATHER CONDITIONS
 THE FOLLOWING WEATHER WAS RECORDED YESTERDAY.
  HEAVY RAIN
  RAIN
  LIGHT RAIN
  FOG


RELATIVE HUMIDITY (PERCENT)
 HIGHEST   100          1000 PM
 LOWEST     37          1100 AM
 AVERAGE    69

..........................................................


THE BIRMINGHAM CLIMATE NORMALS FOR TODAY
                         NORMAL    RECORD    YEAR
 MAXIMUM TEMPERATURE (F)   79        92      1902
 MINIMUM TEMPERATURE (F)   56        38      1957


SUNRISE AND SUNSET
MAY  5 2016...........SUNRISE   554 AM CDT   SUNSET   733 PM CDT
MAY  6 2016...........SUNRISE   553 AM CDT   SUNSET   734 PM CDT


-  INDICATES NEGATIVE NUMBERS.
R  INDICATES RECORD WAS SET OR TIED.
MM INDICATES DATA IS MISSING.
T  INDICATES TRACE AMOUNT.




$$
